
CREATE TABLE `pharmacy` (
  `id` int NOT NULL AUTO_INCREMENT,
  `medicine_name` varchar(200) DEFAULT NULL,
  `medicine_category_id` int DEFAULT NULL,
  `medicine_image` text CHARACTER SET utf8mb3 COLLATE utf8mb3_general_ci NOT NULL,
  `medicine_company` varchar(100) DEFAULT NULL,
  `medicine_composition` varchar(100) DEFAULT NULL,
  `medicine_group` varchar(100) DEFAULT NULL,
  `unit` varchar(50) DEFAULT NULL,
  `min_level` varchar(50) DEFAULT NULL,
  `reorder_level` varchar(50) DEFAULT NULL,
  `vat` float DEFAULT NULL,
  `unit_packing` varchar(50) DEFAULT NULL,
  `vat_ac` varchar(50) DEFAULT NULL,
  `rack_number` varchar(255) NOT NULL,
  `note` text,
  `is_active` varchar(10) NOT NULL,
  `created_at` timestamp NOT NULL DEFAULT CURRENT_TIMESTAMP,
  PRIMARY KEY (`id`),
  KEY `medicine_category_id` (`medicine_category_id`),
  KEY `idx_medicine_name` (`medicine_name`),
  KEY `index_medicine_name` (`medicine_name`),
  KEY `index_medicine_company` (`medicine_company`),
  KEY `index_medicine_composition` (`medicine_composition`),
  KEY `index_medicine_group` (`medicine_group`),
  KEY `index_unit` (`unit`),
  KEY `index_min_level` (`min_level`),
  KEY `index_reorder_level` (`reorder_level`),
  KEY `index_vat` (`vat`),
  KEY `index_unit_packing` (`unit_packing`),
  KEY `index_vat_ac` (`vat_ac`),
  KEY `index_rack_number` (`rack_number`),
  CONSTRAINT `pharmacy_ibfk_1` FOREIGN KEY (`medicine_category_id`) REFERENCES `medicine_category` (`id`) ON DELETE CASCADE
) ENGINE=InnoDB AUTO_INCREMENT=99 DEFAULT CHARSET=utf8mb3;

INSERT INTO `pharmacy` (`id`, `medicine_name`, `medicine_category_id`, `medicine_image`, `medicine_company`, `medicine_composition`, `medicine_group`, `unit`, `min_level`, `reorder_level`, `vat`, `unit_packing`, `vat_ac`, `rack_number`, `note`, `is_active`, `created_at`) VALUES (1, 'Alprovit', 1, 'uploads/medicine_images/1.jpg', '3', 'vitamin and iron', '2', '16', '20', '100', '5', '2', '10', '', '', '', '2019-10-09 12:39:22');
INSERT INTO `pharmacy` (`id`, `medicine_name`, `medicine_category_id`, `medicine_image`, `medicine_company`, `medicine_composition`, `medicine_group`, `unit`, `min_level`, `reorder_level`, `vat`, `unit_packing`, `vat_ac`, `rack_number`, `note`, `is_active`, `created_at`) VALUES (2, 'BICASOL', 3, 'uploads/medicine_images/2.jpg', '2', 'vitamin B3 (nicotinamide), 45 mg. vitamin B5 (calcium pantothenate), 50 mg. vitamin B6 (pyridoxine),', '1', '17', '20', '100', '5', '2', '5', '', '', '', '2019-10-10 07:10:31');
INSERT INTO `pharmacy` (`id`, `medicine_name`, `medicine_category_id`, `medicine_image`, `medicine_company`, `medicine_composition`, `medicine_group`, `unit`, `min_level`, `reorder_level`, `vat`, `unit_packing`, `vat_ac`, `rack_number`, `note`, `is_active`, `created_at`) VALUES (3, 'neorobion fort', 7, 'uploads/medicine_images/3.jpg', '1', 'vitamin B5 (calcium pantothenate), 50 mg. vitamin B6 (pyridoxine), 3 mg. vitamin B12 (cobalamin), 15', '2', '15', '10', '30', '2', '1', '2', '', 'injection for multivitamin', '', '2019-10-11 06:56:59');
INSERT INTO `pharmacy` (`id`, `medicine_name`, `medicine_category_id`, `medicine_image`, `medicine_company`, `medicine_composition`, `medicine_group`, `unit`, `min_level`, `reorder_level`, `vat`, `unit_packing`, `vat_ac`, `rack_number`, `note`, `is_active`, `created_at`) VALUES (4, 'Erovit plus', 6, 'uploads/medicine_images/4.jpg', '2', 'vitamin b2,b12 and iron folic', '2', '15', '20', '50', '2', '2', '2', '', 'multivitamin', '', '2019-10-11 07:14:59');
INSERT INTO `pharmacy` (`id`, `medicine_name`, `medicine_category_id`, `medicine_image`, `medicine_company`, `medicine_composition`, `medicine_group`, `unit`, `min_level`, `reorder_level`, `vat`, `unit_packing`, `vat_ac`, `rack_number`, `note`, `is_active`, `created_at`) VALUES (5, 'A-LENNON FLUOXETINE', 11, '', '3', 'A-LENNON FLUOXETINE', '2', '16', '3', '33', '10', '3', '', '', '', '', '2019-10-12 07:58:17');
INSERT INTO `pharmacy` (`id`, `medicine_name`, `medicine_category_id`, `medicine_image`, `medicine_company`, `medicine_composition`, `medicine_group`, `unit`, `min_level`, `reorder_level`, `vat`, `unit_packing`, `vat_ac`, `rack_number`, `note`, `is_active`, `created_at`) VALUES (6, 'ACCORD ESCITALOPRAM', 17, '', 'ACCORD ESCITALOPRAM Pvt Ltd', 'Non drowsy Formula', 'Non drowsy Formula', '10', '20', '50', '0', '3', '', '', '', '', '2019-10-12 07:59:23');
INSERT INTO `pharmacy` (`id`, `medicine_name`, `medicine_category_id`, `medicine_image`, `medicine_company`, `medicine_composition`, `medicine_group`, `unit`, `min_level`, `reorder_level`, `vat`, `unit_packing`, `vat_ac`, `rack_number`, `note`, `is_active`, `created_at`) VALUES (7, 'ACICLOVIR SANDOZ', 18, '', 'Medicine And Health Care Pvt Ltd', 'Medicine And Health', 'Medicine And Health', '20', '15', '25', '0', '10', '', '', '', '', '2019-10-12 08:01:26');
INSERT INTO `pharmacy` (`id`, `medicine_name`, `medicine_category_id`, `medicine_image`, `medicine_company`, `medicine_composition`, `medicine_group`, `unit`, `min_level`, `reorder_level`, `vat`, `unit_packing`, `vat_ac`, `rack_number`, `note`, `is_active`, `created_at`) VALUES (8, 'ACYCLOVIR BIOTECH', 18, '', 'Medicine And Health Care Pvt Ltd', '	Medicine And Health', '	Medicine And Health', '5', '15', '25', '0', '2', '', '', '', '', '2019-10-12 08:02:18');
INSERT INTO `pharmacy` (`id`, `medicine_name`, `medicine_category_id`, `medicine_image`, `medicine_company`, `medicine_composition`, `medicine_group`, `unit`, `min_level`, `reorder_level`, `vat`, `unit_packing`, `vat_ac`, `rack_number`, `note`, `is_active`, `created_at`) VALUES (9, 'ADCO-AMOCLAV', 14, '', 'ADCO-AMOCLAV Pvt Ltd', '	Non drowsy Formula', '	Non drowsy Formula', '2', '5', '10', '0', '1', '', '', '', '', '2019-10-12 08:03:10');
INSERT INTO `pharmacy` (`id`, `medicine_name`, `medicine_category_id`, `medicine_image`, `medicine_company`, `medicine_composition`, `medicine_group`, `unit`, `min_level`, `reorder_level`, `vat`, `unit_packing`, `vat_ac`, `rack_number`, `note`, `is_active`, `created_at`) VALUES (11, 'ADCO-CONTROMET', 18, '', 'METOCLOPRAMIDE HCL Pvt Ltd', 'METOCLOPRAMIDE', 'METOCLOPRAMIDE', '90', '20', '25', '0', '10', '', '', '', '', '2019-10-12 08:05:07');
INSERT INTO `pharmacy` (`id`, `medicine_name`, `medicine_category_id`, `medicine_image`, `medicine_company`, `medicine_composition`, `medicine_group`, `unit`, `min_level`, `reorder_level`, `vat`, `unit_packing`, `vat_ac`, `rack_number`, `note`, `is_active`, `created_at`) VALUES (13, 'AMOCLAN FORTE', 14, '', 'AMOCLAN FORTE Pvt Ltd', 'Non drowsy Formula', 'Non drowsy Formula', '100', '10', '25', '0', '10', '', '', '', '', '2019-10-12 08:07:14');
INSERT INTO `pharmacy` (`id`, `medicine_name`, `medicine_category_id`, `medicine_image`, `medicine_company`, `medicine_composition`, `medicine_group`, `unit`, `min_level`, `reorder_level`, `vat`, `unit_packing`, `vat_ac`, `rack_number`, `note`, `is_active`, `created_at`) VALUES (14, 'AMOXIL', 13, '', '3', 'AMOXIL', '2', '17', '12', '15', '0', '20', '', '', '', '', '2019-10-12 08:08:03');
INSERT INTO `pharmacy` (`id`, `medicine_name`, `medicine_category_id`, `medicine_image`, `medicine_company`, `medicine_composition`, `medicine_group`, `unit`, `min_level`, `reorder_level`, `vat`, `unit_packing`, `vat_ac`, `rack_number`, `note`, `is_active`, `created_at`) VALUES (15, 'AMOXIL SF', 13, '', '3', 'AMOXIL SF', '2', '17', '20', '20', '0', '3', '', '', '', '', '2019-10-12 08:08:51');
INSERT INTO `pharmacy` (`id`, `medicine_name`, `medicine_category_id`, `medicine_image`, `medicine_company`, `medicine_composition`, `medicine_group`, `unit`, `min_level`, `reorder_level`, `vat`, `unit_packing`, `vat_ac`, `rack_number`, `note`, `is_active`, `created_at`) VALUES (17, 'ANNIN (WAS AURO LOSARTAN)', 15, '', 'ANNIN (WAS AURO LOSARTAN) Pvt Ltd', 'Non drowsy Formula', 'Non drowsy Formula', '100', '10', '25', '0', '10', '', '', '', '', '2019-10-12 08:10:38');
INSERT INTO `pharmacy` (`id`, `medicine_name`, `medicine_category_id`, `medicine_image`, `medicine_company`, `medicine_composition`, `medicine_group`, `unit`, `min_level`, `reorder_level`, `vat`, `unit_packing`, `vat_ac`, `rack_number`, `note`, `is_active`, `created_at`) VALUES (18, 'APEX-CLAVUTIN', 14, '', 'APEX-CLAVUTIN Pvt Ltd', 'Non drowsy Formula', 'Non drowsy Formula', '100', '10', '25', '0', '10', '', '', '', '', '2019-10-12 08:11:39');
INSERT INTO `pharmacy` (`id`, `medicine_name`, `medicine_category_id`, `medicine_image`, `medicine_company`, `medicine_composition`, `medicine_group`, `unit`, `min_level`, `reorder_level`, `vat`, `unit_packing`, `vat_ac`, `rack_number`, `note`, `is_active`, `created_at`) VALUES (19, 'ASPEN ESCITALOPRAM', 17, '', 'ASPEN ESCITALOPRAM Pvt Ltd', 'Non drowsy Formula', 'Non drowsy Formula', '100', '10', '25', '0', '10', '', '', '', '', '2019-10-12 08:12:30');
INSERT INTO `pharmacy` (`id`, `medicine_name`, `medicine_category_id`, `medicine_image`, `medicine_company`, `medicine_composition`, `medicine_group`, `unit`, `min_level`, `reorder_level`, `vat`, `unit_packing`, `vat_ac`, `rack_number`, `note`, `is_active`, `created_at`) VALUES (20, 'AUGMAXCIL', 14, '', 'AUGMAXCIL Pvt Ltd', 'Non drowsy Formula', 'Non drowsy Formula', '100', '10', '25', '0', '10', '', '', '', '', '2019-10-12 08:13:12');
INSERT INTO `pharmacy` (`id`, `medicine_name`, `medicine_category_id`, `medicine_image`, `medicine_company`, `medicine_composition`, `medicine_group`, `unit`, `min_level`, `reorder_level`, `vat`, `unit_packing`, `vat_ac`, `rack_number`, `note`, `is_active`, `created_at`) VALUES (21, 'AURO-AMOXICLAV', 14, '', 'AURO-AMOXICLAV Pvt Ltd', 'Non drowsy Formula', 'Non drowsy Formula', '100', '10', '25', '0', '10', '', '', '', '', '2019-10-12 08:14:02');
INSERT INTO `pharmacy` (`id`, `medicine_name`, `medicine_category_id`, `medicine_image`, `medicine_company`, `medicine_composition`, `medicine_group`, `unit`, `min_level`, `reorder_level`, `vat`, `unit_packing`, `vat_ac`, `rack_number`, `note`, `is_active`, `created_at`) VALUES (22, 'AUSTELL LOSARTAN', 15, '', 'AUSTELL LOSARTAN Pvt Ltd', 'Non drowsy Formula', 'Non drowsy Formula', '100', '10', '25', '0', '10', '', '', '', '', '2019-10-12 08:15:29');
INSERT INTO `pharmacy` (`id`, `medicine_name`, `medicine_category_id`, `medicine_image`, `medicine_company`, `medicine_composition`, `medicine_group`, `unit`, `min_level`, `reorder_level`, `vat`, `unit_packing`, `vat_ac`, `rack_number`, `note`, `is_active`, `created_at`) VALUES (23, 'AUSTELL-PARACETAMOL', 13, '', '2', 'AUSTELL-PARACETAMOL', '2', '16', '10', '15', '10', '2', '', '', '', '', '2019-10-12 08:22:05');
INSERT INTO `pharmacy` (`id`, `medicine_name`, `medicine_category_id`, `medicine_image`, `medicine_company`, `medicine_composition`, `medicine_group`, `unit`, `min_level`, `reorder_level`, `vat`, `unit_packing`, `vat_ac`, `rack_number`, `note`, `is_active`, `created_at`) VALUES (24, 'BEMETRAZOLE', 12, '', '3', 'BEMETRAZOLE', '2', '17', '20', '20', '10', '2', '', '', '', '', '2019-10-12 08:23:13');
INSERT INTO `pharmacy` (`id`, `medicine_name`, `medicine_category_id`, `medicine_image`, `medicine_company`, `medicine_composition`, `medicine_group`, `unit`, `min_level`, `reorder_level`, `vat`, `unit_packing`, `vat_ac`, `rack_number`, `note`, `is_active`, `created_at`) VALUES (25, 'Benadryl', 18, '', 'Medicine And Health Care Pvt Ltd', 'Nasal Decongestant', 'Nasal Decongestant', '80', '20', '20', '0', '10', '', '', '', '', '2019-10-12 08:24:27');
INSERT INTO `pharmacy` (`id`, `medicine_name`, `medicine_category_id`, `medicine_image`, `medicine_company`, `medicine_composition`, `medicine_group`, `unit`, `min_level`, `reorder_level`, `vat`, `unit_packing`, `vat_ac`, `rack_number`, `note`, `is_active`, `created_at`) VALUES (26, 'BETACLOPRAMIDE', 6, '', '1', 'BETACLOPRAMIDE', '3', '16', '20', '25', '10', '2', '', '', '', '', '2019-10-12 08:25:15');
INSERT INTO `pharmacy` (`id`, `medicine_name`, `medicine_category_id`, `medicine_image`, `medicine_company`, `medicine_composition`, `medicine_group`, `unit`, `min_level`, `reorder_level`, `vat`, `unit_packing`, `vat_ac`, `rack_number`, `note`, `is_active`, `created_at`) VALUES (27, 'BETAMOX SF', 13, '', '2', 'BETAMOX SF', '2', '18', '20', '25', '10', '2', '', '', '', '', '2019-10-12 08:26:48');
INSERT INTO `pharmacy` (`id`, `medicine_name`, `medicine_category_id`, `medicine_image`, `medicine_company`, `medicine_composition`, `medicine_group`, `unit`, `min_level`, `reorder_level`, `vat`, `unit_packing`, `vat_ac`, `rack_number`, `note`, `is_active`, `created_at`) VALUES (28, 'BINDOCLAV', 14, '', 'BINDOCLAV Pvt Ltd', 'Non drowsy Formula', 'Non drowsy Formula', '100', '10', '25', '0', '10', '', '', '', '', '2019-10-12 08:27:37');
INSERT INTO `pharmacy` (`id`, `medicine_name`, `medicine_category_id`, `medicine_image`, `medicine_company`, `medicine_composition`, `medicine_group`, `unit`, `min_level`, `reorder_level`, `vat`, `unit_packing`, `vat_ac`, `rack_number`, `note`, `is_active`, `created_at`) VALUES (29, 'BIO-AMOKSIKLAV', 14, '', 'BIO-AMOKSIKLAV Pvt Ltd', 'Non drowsy Formula', 'Non drowsy Formula', '100', '10', '25', '0', '10', '', '', '', '', '2019-10-12 08:28:27');
INSERT INTO `pharmacy` (`id`, `medicine_name`, `medicine_category_id`, `medicine_image`, `medicine_company`, `medicine_composition`, `medicine_group`, `unit`, `min_level`, `reorder_level`, `vat`, `unit_packing`, `vat_ac`, `rack_number`, `note`, `is_active`, `created_at`) VALUES (30, 'BIO-METRONIDAZOLE', 12, '', '4', 'BIO-METRONIDAZOLE', '3', '15', '22', '25', '10', '22', '', '', '', '', '2019-10-12 08:30:56');
INSERT INTO `pharmacy` (`id`, `medicine_name`, `medicine_category_id`, `medicine_image`, `medicine_company`, `medicine_composition`, `medicine_group`, `unit`, `min_level`, `reorder_level`, `vat`, `unit_packing`, `vat_ac`, `rack_number`, `note`, `is_active`, `created_at`) VALUES (31, 'BUCINE (WAS IBUMAX)', 6, '', '3', 'WAS IBUMAX', '3', '15', '20', '25', '10', '20', '', '', '', '', '2019-10-12 08:31:53');
INSERT INTO `pharmacy` (`id`, `medicine_name`, `medicine_category_id`, `medicine_image`, `medicine_company`, `medicine_composition`, `medicine_group`, `unit`, `min_level`, `reorder_level`, `vat`, `unit_packing`, `vat_ac`, `rack_number`, `note`, `is_active`, `created_at`) VALUES (32, 'Beauty Lip', 10, '', 'Beauty Lip', 'Beauty', 'Beauty ', '30', '3', '33', '0', '30', '', '', '', '', '2019-10-12 08:33:11');
INSERT INTO `pharmacy` (`id`, `medicine_name`, `medicine_category_id`, `medicine_image`, `medicine_company`, `medicine_composition`, `medicine_group`, `unit`, `min_level`, `reorder_level`, `vat`, `unit_packing`, `vat_ac`, `rack_number`, `note`, `is_active`, `created_at`) VALUES (33, 'CIPLA-LOSARTAN', 15, '', 'CIPLA-LOSARTAN Pvt Ltd', 'Non drowsy Formula', 'Non drowsy Formula', '100', '10', '25', '0', '10', '', '', '', '', '2019-10-12 08:34:34');
INSERT INTO `pharmacy` (`id`, `medicine_name`, `medicine_category_id`, `medicine_image`, `medicine_company`, `medicine_composition`, `medicine_group`, `unit`, `min_level`, `reorder_level`, `vat`, `unit_packing`, `vat_ac`, `rack_number`, `note`, `is_active`, `created_at`) VALUES (34, 'CIPLAZAR', 15, '', 'CIPLAZAR Pvt Ltd', 'Non drowsy Formula', 'Non drowsy Formula', '100', '10', '25', '0', '10', '', '', '', '', '2019-10-12 08:35:35');
INSERT INTO `pharmacy` (`id`, `medicine_name`, `medicine_category_id`, `medicine_image`, `medicine_company`, `medicine_composition`, `medicine_group`, `unit`, `min_level`, `reorder_level`, `vat`, `unit_packing`, `vat_ac`, `rack_number`, `note`, `is_active`, `created_at`) VALUES (35, 'CIPRALEX', 17, '', 'CIPRALEX Pvt Ltd', 'Non drowsy Formula', 'Non drowsy Formula', '100', '10', '25', '0', '10', '', '', '', '', '2019-10-12 08:37:00');
INSERT INTO `pharmacy` (`id`, `medicine_name`, `medicine_category_id`, `medicine_image`, `medicine_company`, `medicine_composition`, `medicine_group`, `unit`, `min_level`, `reorder_level`, `vat`, `unit_packing`, `vat_ac`, `rack_number`, `note`, `is_active`, `created_at`) VALUES (36, 'CLAMENTIN', 14, '', 'CLAMENTIN Pvt Ltd', 'Non drowsy Formula', 'Non drowsy Formula', '100', '10', '25', '0', '10', '', '', '', '', '2019-10-12 08:38:03');
INSERT INTO `pharmacy` (`id`, `medicine_name`, `medicine_category_id`, `medicine_image`, `medicine_company`, `medicine_composition`, `medicine_group`, `unit`, `min_level`, `reorder_level`, `vat`, `unit_packing`, `vat_ac`, `rack_number`, `note`, `is_active`, `created_at`) VALUES (37, 'Codral', 6, '', '3', 'New Formula', '3', '17', '20', '20', '10', '2', '', '', '', '', '2019-10-12 08:38:55');
INSERT INTO `pharmacy` (`id`, `medicine_name`, `medicine_category_id`, `medicine_image`, `medicine_company`, `medicine_composition`, `medicine_group`, `unit`, `min_level`, `reorder_level`, `vat`, `unit_packing`, `vat_ac`, `rack_number`, `note`, `is_active`, `created_at`) VALUES (38, 'COZAAR', 15, '', 'COZAAR Pvt Ltd', 'Non drowsy Formula', 'Non drowsy Formula', '100', '10', '25', '0', '10', '', '', '', '', '2019-10-12 08:39:53');
INSERT INTO `pharmacy` (`id`, `medicine_name`, `medicine_category_id`, `medicine_image`, `medicine_company`, `medicine_composition`, `medicine_group`, `unit`, `min_level`, `reorder_level`, `vat`, `unit_packing`, `vat_ac`, `rack_number`, `note`, `is_active`, `created_at`) VALUES (39, 'D\' cold Total', 18, '', 'Medicine And Health Care Pvt Ltd', 'Non drowsy Formula', 'Non drowsy Formula', '100', '10', '25', '0', '10', '', '', '', '', '2019-10-12 08:40:50');
INSERT INTO `pharmacy` (`id`, `medicine_name`, `medicine_category_id`, `medicine_image`, `medicine_company`, `medicine_composition`, `medicine_group`, `unit`, `min_level`, `reorder_level`, `vat`, `unit_packing`, `vat_ac`, `rack_number`, `note`, `is_active`, `created_at`) VALUES (40, 'DEPROZAN', 11, '', '4', 'DEPROZAN', '3', '17', '30', '30', '10', '3', '', '', '', '', '2019-10-12 08:41:55');
INSERT INTO `pharmacy` (`id`, `medicine_name`, `medicine_category_id`, `medicine_image`, `medicine_company`, `medicine_composition`, `medicine_group`, `unit`, `min_level`, `reorder_level`, `vat`, `unit_packing`, `vat_ac`, `rack_number`, `note`, `is_active`, `created_at`) VALUES (41, 'DIAFORMIN FORTE', 5, '', '4', 'DIAFORMIN FORTE', '3', '19', '20', '20', '0', '2', '', '', '', '', '2019-10-12 09:05:35');
INSERT INTO `pharmacy` (`id`, `medicine_name`, `medicine_category_id`, `medicine_image`, `medicine_company`, `medicine_composition`, `medicine_group`, `unit`, `min_level`, `reorder_level`, `vat`, `unit_packing`, `vat_ac`, `rack_number`, `note`, `is_active`, `created_at`) VALUES (42, 'DOLOROL FORTE', 5, '', '2', 'DOLOROL FORTE', '2', '17', '10', '1', '10', '2', '', '', '', '', '2019-10-12 09:06:30');
INSERT INTO `pharmacy` (`id`, `medicine_name`, `medicine_category_id`, `medicine_image`, `medicine_company`, `medicine_composition`, `medicine_group`, `unit`, `min_level`, `reorder_level`, `vat`, `unit_packing`, `vat_ac`, `rack_number`, `note`, `is_active`, `created_at`) VALUES (43, 'Face Magic', 10, '', '2', 'Face Magic', '4', '15', '20', '26', '0', '20', '', '', '', '', '2019-10-12 09:07:41');
INSERT INTO `pharmacy` (`id`, `medicine_name`, `medicine_category_id`, `medicine_image`, `medicine_company`, `medicine_composition`, `medicine_group`, `unit`, `min_level`, `reorder_level`, `vat`, `unit_packing`, `vat_ac`, `rack_number`, `note`, `is_active`, `created_at`) VALUES (44, 'FLAGYL', 5, '', '4', 'FLAGYL', '2', '17', '2', '2', '10', '2', '', '', '', '', '2019-10-12 09:08:38');
INSERT INTO `pharmacy` (`id`, `medicine_name`, `medicine_category_id`, `medicine_image`, `medicine_company`, `medicine_composition`, `medicine_group`, `unit`, `min_level`, `reorder_level`, `vat`, `unit_packing`, `vat_ac`, `rack_number`, `note`, `is_active`, `created_at`) VALUES (45, 'FLUOXETINE ACTOR', 11, '', '2', 'FLUOXETINE ACTOR', '2', '17', '2', '22', '10', '22', '', '', '', '', '2019-10-12 09:09:26');
INSERT INTO `pharmacy` (`id`, `medicine_name`, `medicine_category_id`, `medicine_image`, `medicine_company`, `medicine_composition`, `medicine_group`, `unit`, `min_level`, `reorder_level`, `vat`, `unit_packing`, `vat_ac`, `rack_number`, `note`, `is_active`, `created_at`) VALUES (46, 'GASTRON', 5, '', '1', 'GASTRON', '2', '16', '2', '2', '10', '10', '', '', '', '', '2019-10-12 09:10:22');
INSERT INTO `pharmacy` (`id`, `medicine_name`, `medicine_category_id`, `medicine_image`, `medicine_company`, `medicine_composition`, `medicine_group`, `unit`, `min_level`, `reorder_level`, `vat`, `unit_packing`, `vat_ac`, `rack_number`, `note`, `is_active`, `created_at`) VALUES (47, 'GULF AMITRIPTYLINE', 11, '', '4', 'GULF AMITRIPTYLINE', '3', '17', '20', '20', '0', '2', '', '', '', '', '2019-10-12 09:11:43');
INSERT INTO `pharmacy` (`id`, `medicine_name`, `medicine_category_id`, `medicine_image`, `medicine_company`, `medicine_composition`, `medicine_group`, `unit`, `min_level`, `reorder_level`, `vat`, `unit_packing`, `vat_ac`, `rack_number`, `note`, `is_active`, `created_at`) VALUES (48, 'GULF INDOMETHACIN', 18, '', 'GSK (GlaxoSmithKline)', 'GSK develops a broad range of products in pharmaceuticals, vaccines and consumer healthcare.', 'GSK (GlaxoSmithKline)', '50', '20', '25', '0', '10', '', '', '', '', '2019-10-12 09:13:06');
INSERT INTO `pharmacy` (`id`, `medicine_name`, `medicine_category_id`, `medicine_image`, `medicine_company`, `medicine_composition`, `medicine_group`, `unit`, `min_level`, `reorder_level`, `vat`, `unit_packing`, `vat_ac`, `rack_number`, `note`, `is_active`, `created_at`) VALUES (49, 'Herbolax', 18, '', 'Himalaya Wellnes', 'Herbol', 'herbal product', '75', '20', '50', '0', '10', '', '', '', '', '2019-10-12 09:15:14');
INSERT INTO `pharmacy` (`id`, `medicine_name`, `medicine_category_id`, `medicine_image`, `medicine_company`, `medicine_composition`, `medicine_group`, `unit`, `min_level`, `reorder_level`, `vat`, `unit_packing`, `vat_ac`, `rack_number`, `note`, `is_active`, `created_at`) VALUES (50, 'HYTENZA', 15, '', 'HYTENZA FORTE Pvt Ltd', 'Non drowsy Formula', 'Non drowsy Formula', '100', '10', '25', '0', '10', '', '', '', '', '2019-10-12 09:16:20');
INSERT INTO `pharmacy` (`id`, `medicine_name`, `medicine_category_id`, `medicine_image`, `medicine_company`, `medicine_composition`, `medicine_group`, `unit`, `min_level`, `reorder_level`, `vat`, `unit_packing`, `vat_ac`, `rack_number`, `note`, `is_active`, `created_at`) VALUES (51, 'IMDUR', 16, '', 'IMDUR Pvt Ltd', 'Non drowsy Formula', 'Non drowsy Formula', '100', '10', '25', '0', '10', '', '', '', '', '2019-10-12 09:17:25');
INSERT INTO `pharmacy` (`id`, `medicine_name`, `medicine_category_id`, `medicine_image`, `medicine_company`, `medicine_composition`, `medicine_group`, `unit`, `min_level`, `reorder_level`, `vat`, `unit_packing`, `vat_ac`, `rack_number`, `note`, `is_active`, `created_at`) VALUES (52, 'LILLY-FLUOXETINE', 13, '', '2', 'LILLY-FLUOXETINE', '1', '16', '2', '2', '10', '2', '', '', '', '', '2019-10-12 09:18:24');
INSERT INTO `pharmacy` (`id`, `medicine_name`, `medicine_category_id`, `medicine_image`, `medicine_company`, `medicine_composition`, `medicine_group`, `unit`, `min_level`, `reorder_level`, `vat`, `unit_packing`, `vat_ac`, `rack_number`, `note`, `is_active`, `created_at`) VALUES (53, 'LORIEN', 11, '', '2', 'LORIEN', '2', '15', '20', '22', '10', '2', '', '', '', '', '2019-10-12 09:19:06');
INSERT INTO `pharmacy` (`id`, `medicine_name`, `medicine_category_id`, `medicine_image`, `medicine_company`, `medicine_composition`, `medicine_group`, `unit`, `min_level`, `reorder_level`, `vat`, `unit_packing`, `vat_ac`, `rack_number`, `note`, `is_active`, `created_at`) VALUES (54, 'LOSARTAN UNICORN', 15, '', 'LOSARTAN UNICORN Pvt Ltd', '	Non drowsy Formula', '	Non drowsy Formula', '100', '10', '25', '0', '10', '', '', '', '', '2019-10-12 09:20:15');
INSERT INTO `pharmacy` (`id`, `medicine_name`, `medicine_category_id`, `medicine_image`, `medicine_company`, `medicine_composition`, `medicine_group`, `unit`, `min_level`, `reorder_level`, `vat`, `unit_packing`, `vat_ac`, `rack_number`, `note`, `is_active`, `created_at`) VALUES (55, 'LOZAAN', 15, '', 'LOZAAN Pvt Ltd', 'Non drowsy Formula', 'Non drowsy Formula', '100', '10', '25', '0', '10', '', '', '', '', '2019-10-12 09:20:59');
INSERT INTO `pharmacy` (`id`, `medicine_name`, `medicine_category_id`, `medicine_image`, `medicine_company`, `medicine_composition`, `medicine_group`, `unit`, `min_level`, `reorder_level`, `vat`, `unit_packing`, `vat_ac`, `rack_number`, `note`, `is_active`, `created_at`) VALUES (56, 'Lubiark', 12, '', '2', 'Lubiark', '2', '17', '30', '30', '10', '2', '', '', '', '', '2019-10-12 09:21:51');
INSERT INTO `pharmacy` (`id`, `medicine_name`, `medicine_category_id`, `medicine_image`, `medicine_company`, `medicine_composition`, `medicine_group`, `unit`, `min_level`, `reorder_level`, `vat`, `unit_packing`, `vat_ac`, `rack_number`, `note`, `is_active`, `created_at`) VALUES (57, 'MEDAMET', 12, '', '3', 'MEDAMET', '3', '18', '30', '35', '10', '33', '', '', '', '', '2019-10-12 09:22:34');
INSERT INTO `pharmacy` (`id`, `medicine_name`, `medicine_category_id`, `medicine_image`, `medicine_company`, `medicine_composition`, `medicine_group`, `unit`, `min_level`, `reorder_level`, `vat`, `unit_packing`, `vat_ac`, `rack_number`, `note`, `is_active`, `created_at`) VALUES (58, 'METAZOL', 12, '', '3', 'METAZOL', '4', '16', '30', '36', '10', '50', '', '', '', '', '2019-10-12 09:23:25');
INSERT INTO `pharmacy` (`id`, `medicine_name`, `medicine_category_id`, `medicine_image`, `medicine_company`, `medicine_composition`, `medicine_group`, `unit`, `min_level`, `reorder_level`, `vat`, `unit_packing`, `vat_ac`, `rack_number`, `note`, `is_active`, `created_at`) VALUES (59, 'METHYLPHENIDATE HCL-DOUGLAS', 11, '', '3', '	METHYLPHENIDATE HCL-DOUGLAS', '2', '16', '2', '22', '10', '30', '', '', '', '', '2019-10-12 09:24:05');
INSERT INTO `pharmacy` (`id`, `medicine_name`, `medicine_category_id`, `medicine_image`, `medicine_company`, `medicine_composition`, `medicine_group`, `unit`, `min_level`, `reorder_level`, `vat`, `unit_packing`, `vat_ac`, `rack_number`, `note`, `is_active`, `created_at`) VALUES (60, 'MONICOR', 16, '', 'MONICOR FORTE Pvt Ltd', 'Non drowsy Formula', 'Non drowsy Formula', '100', '10', '25', '0', '10', '', '', '', '', '2019-10-12 09:25:16');
INSERT INTO `pharmacy` (`id`, `medicine_name`, `medicine_category_id`, `medicine_image`, `medicine_company`, `medicine_composition`, `medicine_group`, `unit`, `min_level`, `reorder_level`, `vat`, `unit_packing`, `vat_ac`, `rack_number`, `note`, `is_active`, `created_at`) VALUES (61, 'MOXYMAX SF', 13, '', '2', 'MOXYMAX SF Pvt Ltd', '1', '17', '20', '25', '0', '22', '', '', '', '', '2019-10-12 09:26:29');
INSERT INTO `pharmacy` (`id`, `medicine_name`, `medicine_category_id`, `medicine_image`, `medicine_company`, `medicine_composition`, `medicine_group`, `unit`, `min_level`, `reorder_level`, `vat`, `unit_packing`, `vat_ac`, `rack_number`, `note`, `is_active`, `created_at`) VALUES (62, 'MYLAN ALPRAZOLAM', 5, '', '2', 'MYLAN ALPRAZOLAM', '2', '16', '22', '25', '0', '10', '', '', '', '', '2019-10-12 09:27:24');
INSERT INTO `pharmacy` (`id`, `medicine_name`, `medicine_category_id`, `medicine_image`, `medicine_company`, `medicine_composition`, `medicine_group`, `unit`, `min_level`, `reorder_level`, `vat`, `unit_packing`, `vat_ac`, `rack_number`, `note`, `is_active`, `created_at`) VALUES (63, 'NORMOTEN', 15, '', 'NORMOTEN Pvt Ltd', '	Non drowsy Formula', '	Non drowsy Formula', '100', '10', '25', '0', '10', '', '', '', '', '2019-10-12 09:28:14');
INSERT INTO `pharmacy` (`id`, `medicine_name`, `medicine_category_id`, `medicine_image`, `medicine_company`, `medicine_composition`, `medicine_group`, `unit`, `min_level`, `reorder_level`, `vat`, `unit_packing`, `vat_ac`, `rack_number`, `note`, `is_active`, `created_at`) VALUES (64, 'PONSTEL FORTE', 6, '', '2', 'PONSTEL FORTE', '3', '17', '20', '20', '10', '22', '', '', '', '', '2019-10-12 09:29:10');
INSERT INTO `pharmacy` (`id`, `medicine_name`, `medicine_category_id`, `medicine_image`, `medicine_company`, `medicine_composition`, `medicine_group`, `unit`, `min_level`, `reorder_level`, `vat`, `unit_packing`, `vat_ac`, `rack_number`, `note`, `is_active`, `created_at`) VALUES (65, 'PROHEXAL', 7, '', '1', 'PROHEXAL', '5', '17', '20', '22', '10', '2', '', '', '', '', '2019-10-12 09:30:04');
INSERT INTO `pharmacy` (`id`, `medicine_name`, `medicine_category_id`, `medicine_image`, `medicine_company`, `medicine_composition`, `medicine_group`, `unit`, `min_level`, `reorder_level`, `vat`, `unit_packing`, `vat_ac`, `rack_number`, `note`, `is_active`, `created_at`) VALUES (66, 'PROLAX', 7, '', '4', 'PROLAX', '2', '15', '2', '22', '10', '22', '', '', '', '', '2019-10-12 09:30:57');
INSERT INTO `pharmacy` (`id`, `medicine_name`, `medicine_category_id`, `medicine_image`, `medicine_company`, `medicine_composition`, `medicine_group`, `unit`, `min_level`, `reorder_level`, `vat`, `unit_packing`, `vat_ac`, `rack_number`, `note`, `is_active`, `created_at`) VALUES (67, 'PROMOXIL SF', 14, '', 'PROMOXIL SF Pvt Ltd', 'PROMOXIL SF Pvt Ltd', 'PROMOXIL SF Pvt Ltd', '20', '22', '36', '0', '33', '', '', '', '', '2019-10-12 09:32:16');
INSERT INTO `pharmacy` (`id`, `medicine_name`, `medicine_category_id`, `medicine_image`, `medicine_company`, `medicine_composition`, `medicine_group`, `unit`, `min_level`, `reorder_level`, `vat`, `unit_packing`, `vat_ac`, `rack_number`, `note`, `is_active`, `created_at`) VALUES (68, 'PROTHIADEN', 7, '', '1', 'PROTHIADEN', '3', '19', '6', '10', '0', '2', '', '', '', '', '2019-10-12 09:33:00');
INSERT INTO `pharmacy` (`id`, `medicine_name`, `medicine_category_id`, `medicine_image`, `medicine_company`, `medicine_composition`, `medicine_group`, `unit`, `min_level`, `reorder_level`, `vat`, `unit_packing`, `vat_ac`, `rack_number`, `note`, `is_active`, `created_at`) VALUES (69, 'PROZAC', 7, '', '4', 'PROZAC ', '2', '18', '2', '2', '10', '2', '', '', '', '', '2019-10-12 09:33:53');
INSERT INTO `pharmacy` (`id`, `medicine_name`, `medicine_category_id`, `medicine_image`, `medicine_company`, `medicine_composition`, `medicine_group`, `unit`, `min_level`, `reorder_level`, `vat`, `unit_packing`, `vat_ac`, `rack_number`, `note`, `is_active`, `created_at`) VALUES (70, 'RANCLAV', 14, '', 'RANCLAV Pvt Ltd', 'Non drowsy Formula', 'Non drowsy Formula', '100', '10', '25', '0', '10', '', '', '', '', '2019-10-12 09:34:44');
INSERT INTO `pharmacy` (`id`, `medicine_name`, `medicine_category_id`, `medicine_image`, `medicine_company`, `medicine_composition`, `medicine_group`, `unit`, `min_level`, `reorder_level`, `vat`, `unit_packing`, `vat_ac`, `rack_number`, `note`, `is_active`, `created_at`) VALUES (71, 'RANFLOCS', 7, '', '1', 'RANFLOCS ', '2', '18', '2', '22', '0', '22', '', '', '', '', '2019-10-12 09:35:38');
INSERT INTO `pharmacy` (`id`, `medicine_name`, `medicine_category_id`, `medicine_image`, `medicine_company`, `medicine_composition`, `medicine_group`, `unit`, `min_level`, `reorder_level`, `vat`, `unit_packing`, `vat_ac`, `rack_number`, `note`, `is_active`, `created_at`) VALUES (72, 'SANDOZ AMITRIPTYLINE', 7, '', '2', 'SANDOZ AMITRIPTYLINE', '1', '16', '3', '3', '10', '20', '', '', '', '', '2019-10-12 09:36:56');
INSERT INTO `pharmacy` (`id`, `medicine_name`, `medicine_category_id`, `medicine_image`, `medicine_company`, `medicine_composition`, `medicine_group`, `unit`, `min_level`, `reorder_level`, `vat`, `unit_packing`, `vat_ac`, `rack_number`, `note`, `is_active`, `created_at`) VALUES (73, 'SANDOZ CINNARIZINE', 7, '', '4', 'SANDOZ CINNARIZINE', '4', '18', '30', '33', '0', '33', '', '', '', '', '2019-10-12 09:37:51');
INSERT INTO `pharmacy` (`id`, `medicine_name`, `medicine_category_id`, `medicine_image`, `medicine_company`, `medicine_composition`, `medicine_group`, `unit`, `min_level`, `reorder_level`, `vat`, `unit_packing`, `vat_ac`, `rack_number`, `note`, `is_active`, `created_at`) VALUES (74, 'SANDOZ CO-AMOXYCLAV', 14, '', 'SANDOZ CO-AMOXYCLAV Pvt Ltd', 'Non drowsy Formula', 'Non drowsy Formula', '100', '10', '25', '0', '10', '', '', '', '', '2019-10-12 09:38:57');
INSERT INTO `pharmacy` (`id`, `medicine_name`, `medicine_category_id`, `medicine_image`, `medicine_company`, `medicine_composition`, `medicine_group`, `unit`, `min_level`, `reorder_level`, `vat`, `unit_packing`, `vat_ac`, `rack_number`, `note`, `is_active`, `created_at`) VALUES (75, 'SANDOZ KETOCONAZOLE', 18, '', 'Medicine And Health Care Pvt Ltd', 'Medicine And Health', 'Medicine And Health', '60', '20', '30', '0', '20', '', '', '', '', '2019-10-12 09:40:10');
INSERT INTO `pharmacy` (`id`, `medicine_name`, `medicine_category_id`, `medicine_image`, `medicine_company`, `medicine_composition`, `medicine_group`, `unit`, `min_level`, `reorder_level`, `vat`, `unit_packing`, `vat_ac`, `rack_number`, `note`, `is_active`, `created_at`) VALUES (76, 'SANDOZ ZOPICLONE', 10, '', '3', 'SANDOZ ZOPICLONE Pvt', '2', '15', '20', '20', '10', '20', '', '', '', '', '2019-10-12 09:41:00');
INSERT INTO `pharmacy` (`id`, `medicine_name`, `medicine_category_id`, `medicine_image`, `medicine_company`, `medicine_composition`, `medicine_group`, `unit`, `min_level`, `reorder_level`, `vat`, `unit_packing`, `vat_ac`, `rack_number`, `note`, `is_active`, `created_at`) VALUES (77, 'SEREPAX FORTE', 18, '', 'SEREPAX FORTE Pvt Ltd', 'FORTE', 'FORTE', '20', '10', '15', '0', '22', '', '', '', '', '2019-10-12 09:41:55');
INSERT INTO `pharmacy` (`id`, `medicine_name`, `medicine_category_id`, `medicine_image`, `medicine_company`, `medicine_composition`, `medicine_group`, `unit`, `min_level`, `reorder_level`, `vat`, `unit_packing`, `vat_ac`, `rack_number`, `note`, `is_active`, `created_at`) VALUES (78, 'SONKE-EFAVIRENZ', 16, '', 'SONKE-EFAVIRENZ Pvt Ltd', 'Non drowsy Formula', 'Non drowsy Formula', '100', '10', '25', '0', '10', '', '', '', '', '2019-10-12 09:42:44');
INSERT INTO `pharmacy` (`id`, `medicine_name`, `medicine_category_id`, `medicine_image`, `medicine_company`, `medicine_composition`, `medicine_group`, `unit`, `min_level`, `reorder_level`, `vat`, `unit_packing`, `vat_ac`, `rack_number`, `note`, `is_active`, `created_at`) VALUES (79, 'STOCRIN', 16, '', 'STOCRIN Pvt Ltd', '	Non drowsy Formula', 'Non drowsy Formula', '100', '10', '25', '0', '10', '', '', '', '', '2019-10-12 09:43:35');
INSERT INTO `pharmacy` (`id`, `medicine_name`, `medicine_category_id`, `medicine_image`, `medicine_company`, `medicine_composition`, `medicine_group`, `unit`, `min_level`, `reorder_level`, `vat`, `unit_packing`, `vat_ac`, `rack_number`, `note`, `is_active`, `created_at`) VALUES (80, 'TRANQIPAM', 18, '', 'TRANQIPAM Pvt Ltd', 'TRANQIPAM', 'TRANQIPAM', '20', '22', '25', '0', '2', '', '', '', '', '2019-10-12 09:44:18');
INSERT INTO `pharmacy` (`id`, `medicine_name`, `medicine_category_id`, `medicine_image`, `medicine_company`, `medicine_composition`, `medicine_group`, `unit`, `min_level`, `reorder_level`, `vat`, `unit_packing`, `vat_ac`, `rack_number`, `note`, `is_active`, `created_at`) VALUES (81, 'TREPILINE', 7, '', '5', 'TREPILINE', '4', '15', '3', '65', '0', '2', '', '', '', '', '2019-10-12 09:45:04');
INSERT INTO `pharmacy` (`id`, `medicine_name`, `medicine_category_id`, `medicine_image`, `medicine_company`, `medicine_composition`, `medicine_group`, `unit`, `min_level`, `reorder_level`, `vat`, `unit_packing`, `vat_ac`, `rack_number`, `note`, `is_active`, `created_at`) VALUES (82, 'VIREF', 16, '', 'VIREF Pvt Ltd', 'Non drowsy Formula', 'Non drowsy Formula', '100', '10', '25', '0', '10', '', '', '', '', '2019-10-12 09:46:01');
INSERT INTO `pharmacy` (`id`, `medicine_name`, `medicine_category_id`, `medicine_image`, `medicine_company`, `medicine_composition`, `medicine_group`, `unit`, `min_level`, `reorder_level`, `vat`, `unit_packing`, `vat_ac`, `rack_number`, `note`, `is_active`, `created_at`) VALUES (83, 'WOODWARD\'S PARACETAMOL', 5, '', '4', 'WOODWARD\'S PARACETAMOL', '3', '15', '15', '400', '0', '10', '', '', '', '', '2019-10-12 09:46:53');
INSERT INTO `pharmacy` (`id`, `medicine_name`, `medicine_category_id`, `medicine_image`, `medicine_company`, `medicine_composition`, `medicine_group`, `unit`, `min_level`, `reorder_level`, `vat`, `unit_packing`, `vat_ac`, `rack_number`, `note`, `is_active`, `created_at`) VALUES (84, 'WORMSTOP', 2, '', '2', 'WORMSTOP', '5', '18', '2', '2', '0', '10', '', '', '', '', '2019-10-12 09:47:35');
INSERT INTO `pharmacy` (`id`, `medicine_name`, `medicine_category_id`, `medicine_image`, `medicine_company`, `medicine_composition`, `medicine_group`, `unit`, `min_level`, `reorder_level`, `vat`, `unit_packing`, `vat_ac`, `rack_number`, `note`, `is_active`, `created_at`) VALUES (85, 'XANOR', 10, '', '3', 'XANOR', '1', '15', '15', '20', '0', '2', '', '', '', '', '2019-10-12 09:48:26');
INSERT INTO `pharmacy` (`id`, `medicine_name`, `medicine_category_id`, `medicine_image`, `medicine_company`, `medicine_composition`, `medicine_group`, `unit`, `min_level`, `reorder_level`, `vat`, `unit_packing`, `vat_ac`, `rack_number`, `note`, `is_active`, `created_at`) VALUES (86, 'ZALOXY', 13, '', '3', 'ZALOXY', '3', '17', '11', '15', '10', '22', '', '', '', '', '2019-10-12 09:49:25');
INSERT INTO `pharmacy` (`id`, `medicine_name`, `medicine_category_id`, `medicine_image`, `medicine_company`, `medicine_composition`, `medicine_group`, `unit`, `min_level`, `reorder_level`, `vat`, `unit_packing`, `vat_ac`, `rack_number`, `note`, `is_active`, `created_at`) VALUES (87, 'ZENFAR', 16, '', 'ZENFAR Pvt Ltd', 'Non drowsy Formula', 'Non drowsy Formula', '100', '10', '25', '0', '10', '', '', '', '', '2019-10-12 09:50:32');
INSERT INTO `pharmacy` (`id`, `medicine_name`, `medicine_category_id`, `medicine_image`, `medicine_company`, `medicine_composition`, `medicine_group`, `unit`, `min_level`, `reorder_level`, `vat`, `unit_packing`, `vat_ac`, `rack_number`, `note`, `is_active`, `created_at`) VALUES (88, 'ZOPIGEN', 10, '', '2', 'ZOPIGEN', '1', '18', '20', '20', '0', '20', '', '', '', '', '2019-10-12 09:51:16');
INSERT INTO `pharmacy` (`id`, `medicine_name`, `medicine_category_id`, `medicine_image`, `medicine_company`, `medicine_composition`, `medicine_group`, `unit`, `min_level`, `reorder_level`, `vat`, `unit_packing`, `vat_ac`, `rack_number`, `note`, `is_active`, `created_at`) VALUES (89, 'ZOPIVANE', 10, '', '4', 'ZOPIVANE', '3', '15', '20', '20', '10', '30', '', '', '', '', '2019-10-12 09:51:56');
INSERT INTO `pharmacy` (`id`, `medicine_name`, `medicine_category_id`, `medicine_image`, `medicine_company`, `medicine_composition`, `medicine_group`, `unit`, `min_level`, `reorder_level`, `vat`, `unit_packing`, `vat_ac`, `rack_number`, `note`, `is_active`, `created_at`) VALUES (90, 'ZOXIL S', 13, '', '3', 'ZOXIL S', '2', '18', '10', '10', '0', '2', '', '', '', '', '2019-10-12 09:52:42');
INSERT INTO `pharmacy` (`id`, `medicine_name`, `medicine_category_id`, `medicine_image`, `medicine_company`, `medicine_composition`, `medicine_group`, `unit`, `min_level`, `reorder_level`, `vat`, `unit_packing`, `vat_ac`, `rack_number`, `note`, `is_active`, `created_at`) VALUES (91, 'Zukolite Wen', 5, 'uploads/medicine_images/91.jpg', '2', 'Multivitamin', '1', '18', '100', '200', '2', '1', '', '', 'Zukolite Wen', '', '2020-10-15 12:46:01');
INSERT INTO `pharmacy` (`id`, `medicine_name`, `medicine_category_id`, `medicine_image`, `medicine_company`, `medicine_composition`, `medicine_group`, `unit`, `min_level`, `reorder_level`, `vat`, `unit_packing`, `vat_ac`, `rack_number`, `note`, `is_active`, `created_at`) VALUES (92, 'Mometasone', 4, '', '4', 'Mometasone', '4', '18', '1000', '1500', '10', '1600', '', '', '', '', '2021-10-29 07:17:28');
INSERT INTO `pharmacy` (`id`, `medicine_name`, `medicine_category_id`, `medicine_image`, `medicine_company`, `medicine_composition`, `medicine_group`, `unit`, `min_level`, `reorder_level`, `vat`, `unit_packing`, `vat_ac`, `rack_number`, `note`, `is_active`, `created_at`) VALUES (93, 'Inhalers', 3, '', '5', 'MDIs ', '1', '15', '500', '500', '10', '200', '', '', '', '', '2021-10-29 07:30:18');
INSERT INTO `pharmacy` (`id`, `medicine_name`, `medicine_category_id`, `medicine_image`, `medicine_company`, `medicine_composition`, `medicine_group`, `unit`, `min_level`, `reorder_level`, `vat`, `unit_packing`, `vat_ac`, `rack_number`, `note`, `is_active`, `created_at`) VALUES (94, 'Elixirs', 10, '', '4', 'elixirs', '3', '17', '500', '500', '10', '500', '', '', '', '', '2021-10-29 07:39:00');
INSERT INTO `pharmacy` (`id`, `medicine_name`, `medicine_category_id`, `medicine_image`, `medicine_company`, `medicine_composition`, `medicine_group`, `unit`, `min_level`, `reorder_level`, `vat`, `unit_packing`, `vat_ac`, `rack_number`, `note`, `is_active`, `created_at`) VALUES (95, 'Syrup', 1, '', '5', 'Dextromethorphan 15 mg	', '5', '19', '', '', '10', '500', '', '', '', '', '2021-10-29 07:40:39');
INSERT INTO `pharmacy` (`id`, `medicine_name`, `medicine_category_id`, `medicine_image`, `medicine_company`, `medicine_composition`, `medicine_group`, `unit`, `min_level`, `reorder_level`, `vat`, `unit_packing`, `vat_ac`, `rack_number`, `note`, `is_active`, `created_at`) VALUES (96, 'Ftox-DX', 1, '', '4', '5 mg', '4', '18', '500', '500', '10', '500', '', '', '', '', '2021-10-29 07:41:32');
INSERT INTO `pharmacy` (`id`, `medicine_name`, `medicine_category_id`, `medicine_image`, `medicine_company`, `medicine_composition`, `medicine_group`, `unit`, `min_level`, `reorder_level`, `vat`, `unit_packing`, `vat_ac`, `rack_number`, `note`, `is_active`, `created_at`) VALUES (97, 'VARICELLA', 3, '', '3', 'Injection', '3', '17', '100', '250', '10', '500', '200', '', '', '', '2022-03-03 05:09:45');
INSERT INTO `pharmacy` (`id`, `medicine_name`, `medicine_category_id`, `medicine_image`, `medicine_company`, `medicine_composition`, `medicine_group`, `unit`, `min_level`, `reorder_level`, `vat`, `unit_packing`, `vat_ac`, `rack_number`, `note`, `is_active`, `created_at`) VALUES (98, 'Amlodipine', 13, '', '1', 'Amlodipine ', '2', '15', '50', '200', '10', '500', '', '', '', '', '2022-07-02 07:26:22');


#
# TABLE STRUCTURE FOR: pharmacy_bill_basic
#


CREATE TABLE `pharmacy_bill_basic` (
  `id` int NOT NULL AUTO_INCREMENT,
  `date` datetime DEFAULT NULL,
  `patient_id` int DEFAULT NULL,
  `ipd_prescription_basic_id` int DEFAULT NULL,
  `case_reference_id` int DEFAULT NULL,
  `customer_name` varchar(50) DEFAULT NULL,
  `customer_type` varchar(50) DEFAULT NULL,
  `doctor_name` varchar(50) DEFAULT NULL,
  `file` varchar(200) NOT NULL,
  `total` float(10,2) DEFAULT '0.00',
  `discount_percentage` float(10,2) DEFAULT '0.00',
  `discount` float(10,2) DEFAULT '0.00',
  `tax_percentage` float(10,2) DEFAULT '0.00',
  `tax` float(10,2) DEFAULT '0.00',
  `net_amount` float(10,2) DEFAULT '0.00',
  `note` text,
  `generated_by` int DEFAULT NULL,
  `created_at` timestamp NOT NULL DEFAULT CURRENT_TIMESTAMP,
  PRIMARY KEY (`id`),
  KEY `patient_id` (`patient_id`),
  KEY `case_reference_id` (`case_reference_id`),
  KEY `generated_by` (`generated_by`),
  KEY `ipd_prescription_basic_id` (`ipd_prescription_basic_id`),
  KEY `index_customer_name` (`customer_name`),
  KEY `index_customer_type` (`customer_type`),
  KEY `index_doctor_name` (`doctor_name`),
  KEY `index_total` (`total`),
  KEY `index_discount_percentage` (`discount_percentage`),
  KEY `index_discount` (`discount`),
  KEY `index_tax_percentage` (`tax_percentage`),
  KEY `index_tax` (`tax`),
  KEY `index_net_amount` (`net_amount`),
  CONSTRAINT `pharmacy_bill_basic_ibfk_1` FOREIGN KEY (`patient_id`) REFERENCES `patients` (`id`) ON DELETE CASCADE,
  CONSTRAINT `pharmacy_bill_basic_ibfk_2` FOREIGN KEY (`case_reference_id`) REFERENCES `case_references` (`id`) ON DELETE CASCADE,
  CONSTRAINT `pharmacy_bill_basic_ibfk_3` FOREIGN KEY (`generated_by`) REFERENCES `staff` (`id`) ON DELETE CASCADE,
  CONSTRAINT `pharmacy_bill_basic_ibfk_4` FOREIGN KEY (`ipd_prescription_basic_id`) REFERENCES `ipd_prescription_basic` (`id`) ON DELETE CASCADE
) ENGINE=InnoDB AUTO_INCREMENT=431 DEFAULT CHARSET=utf8mb3;

INSERT INTO `pharmacy_bill_basic` (`id`, `date`, `patient_id`, `ipd_prescription_basic_id`, `case_reference_id`, `customer_name`, `customer_type`, `doctor_name`, `file`, `total`, `discount_percentage`, `discount`, `tax_percentage`, `tax`, `net_amount`, `note`, `generated_by`, `created_at`) VALUES (294, '2023-09-11 12:38:00', 868, 245, 4723, '', NULL, 'Amit  Singh (9009)', '', '400.00', '0.00', '0.00', NULL, '0.00', '400.00', '', 1, '2023-09-04 07:08:24');
INSERT INTO `pharmacy_bill_basic` (`id`, `date`, `patient_id`, `ipd_prescription_basic_id`, `case_reference_id`, `customer_name`, `customer_type`, `doctor_name`, `file`, `total`, `discount_percentage`, `discount`, `tax_percentage`, `tax`, `net_amount`, `note`, `generated_by`, `created_at`) VALUES (296, '2023-09-28 13:11:00', 873, 249, 4747, '', NULL, 'Amit  Singh (9009)', '', '500.00', '10.00', '50.00', NULL, '0.00', '450.00', '', 1, '2023-09-04 07:42:11');
INSERT INTO `pharmacy_bill_basic` (`id`, `date`, `patient_id`, `ipd_prescription_basic_id`, `case_reference_id`, `customer_name`, `customer_type`, `doctor_name`, `file`, `total`, `discount_percentage`, `discount`, `tax_percentage`, `tax`, `net_amount`, `note`, `generated_by`, `created_at`) VALUES (298, '2023-10-05 13:30:00', 628, 184, 2869, '', NULL, 'Amit  Singh (9009)', '', '400.00', '0.00', '0.00', NULL, '40.00', '440.00', '', 1, '2023-10-04 12:38:07');
INSERT INTO `pharmacy_bill_basic` (`id`, `date`, `patient_id`, `ipd_prescription_basic_id`, `case_reference_id`, `customer_name`, `customer_type`, `doctor_name`, `file`, `total`, `discount_percentage`, `discount`, `tax_percentage`, `tax`, `net_amount`, `note`, `generated_by`, `created_at`) VALUES (299, '2023-10-10 13:30:00', 781, 229, 4131, '', NULL, 'Amit  Singh (9009)', '', '520.00', '5.00', '26.00', NULL, '22.00', '516.00', '', 1, '2023-10-04 12:38:38');
INSERT INTO `pharmacy_bill_basic` (`id`, `date`, `patient_id`, `ipd_prescription_basic_id`, `case_reference_id`, `customer_name`, `customer_type`, `doctor_name`, `file`, `total`, `discount_percentage`, `discount`, `tax_percentage`, `tax`, `net_amount`, `note`, `generated_by`, `created_at`) VALUES (300, '2023-10-15 14:30:00', 872, 247, 4743, '', NULL, 'Sansa Gomez (9008)', '', '300.00', '0.00', '0.00', NULL, '0.00', '300.00', '', 1, '2023-10-04 12:39:21');
INSERT INTO `pharmacy_bill_basic` (`id`, `date`, `patient_id`, `ipd_prescription_basic_id`, `case_reference_id`, `customer_name`, `customer_type`, `doctor_name`, `file`, `total`, `discount_percentage`, `discount`, `tax_percentage`, `tax`, `net_amount`, `note`, `generated_by`, `created_at`) VALUES (303, '2023-10-31 18:10:00', 363, NULL, NULL, '', NULL, 'Reyan Jain (9011)', '', '900.00', '5.00', '45.00', NULL, '45.00', '900.00', '', 1, '2023-10-04 12:41:28');
INSERT INTO `pharmacy_bill_basic` (`id`, `date`, `patient_id`, `ipd_prescription_basic_id`, `case_reference_id`, `customer_name`, `customer_type`, `doctor_name`, `file`, `total`, `discount_percentage`, `discount`, `tax_percentage`, `tax`, `net_amount`, `note`, `generated_by`, `created_at`) VALUES (304, '2023-10-18 10:21:00', 886, 255, 4896, '', NULL, 'Reyan Jain (9011)', '', '500.00', '5.00', '25.00', NULL, '0.00', '475.00', '', 1, '2023-10-05 04:51:51');
INSERT INTO `pharmacy_bill_basic` (`id`, `date`, `patient_id`, `ipd_prescription_basic_id`, `case_reference_id`, `customer_name`, `customer_type`, `doctor_name`, `file`, `total`, `discount_percentage`, `discount`, `tax_percentage`, `tax`, `net_amount`, `note`, `generated_by`, `created_at`) VALUES (306, '2023-10-27 12:39:00', 896, 257, 4991, '', NULL, 'Amit  Singh (9009)', '', '650.00', '5.00', '32.50', NULL, '32.50', '650.00', '', 1, '2023-10-05 07:10:16');
INSERT INTO `pharmacy_bill_basic` (`id`, `date`, `patient_id`, `ipd_prescription_basic_id`, `case_reference_id`, `customer_name`, `customer_type`, `doctor_name`, `file`, `total`, `discount_percentage`, `discount`, `tax_percentage`, `tax`, `net_amount`, `note`, `generated_by`, `created_at`) VALUES (309, '2023-11-05 12:41:00', 1, 259, 5074, '', NULL, 'Amit  Singh (9009)', '', '520.00', '4.00', '20.80', NULL, '52.00', '551.20', '', 1, '2023-11-03 07:16:42');
INSERT INTO `pharmacy_bill_basic` (`id`, `date`, `patient_id`, `ipd_prescription_basic_id`, `case_reference_id`, `customer_name`, `customer_type`, `doctor_name`, `file`, `total`, `discount_percentage`, `discount`, `tax_percentage`, `tax`, `net_amount`, `note`, `generated_by`, `created_at`) VALUES (313, '2023-11-25 12:49:00', 872, 247, 4743, '', NULL, 'Sansa Gomez (9008)', '', '500.00', '0.00', '0.00', NULL, '0.00', '500.00', '', 1, '2023-11-03 07:19:44');
INSERT INTO `pharmacy_bill_basic` (`id`, `date`, `patient_id`, `ipd_prescription_basic_id`, `case_reference_id`, `customer_name`, `customer_type`, `doctor_name`, `file`, `total`, `discount_percentage`, `discount`, `tax_percentage`, `tax`, `net_amount`, `note`, `generated_by`, `created_at`) VALUES (314, '2023-11-30 12:49:00', 830, 242, 4479, '', NULL, 'Reyan Jain (9011)', '', '400.00', '0.00', '0.00', NULL, '20.00', '420.00', '', 1, '2023-11-03 07:20:01');
INSERT INTO `pharmacy_bill_basic` (`id`, `date`, `patient_id`, `ipd_prescription_basic_id`, `case_reference_id`, `customer_name`, `customer_type`, `doctor_name`, `file`, `total`, `discount_percentage`, `discount`, `tax_percentage`, `tax`, `net_amount`, `note`, `generated_by`, `created_at`) VALUES (315, '2023-11-08 13:28:00', 121, 261, 5085, '', NULL, 'Reyan Jain (9011)', '', '400.00', '5.00', '20.00', NULL, '40.00', '420.00', '', 1, '2023-11-03 07:58:44');
INSERT INTO `pharmacy_bill_basic` (`id`, `date`, `patient_id`, `ipd_prescription_basic_id`, `case_reference_id`, `customer_name`, `customer_type`, `doctor_name`, `file`, `total`, `discount_percentage`, `discount`, `tax_percentage`, `tax`, `net_amount`, `note`, `generated_by`, `created_at`) VALUES (320, '2023-12-10 16:30:00', 830, 242, 4479, '', NULL, 'Reyan Jain (9011)', '', '200.00', '0.00', '0.00', NULL, '10.00', '210.00', '', 1, '2023-12-04 05:59:44');
INSERT INTO `pharmacy_bill_basic` (`id`, `date`, `patient_id`, `ipd_prescription_basic_id`, `case_reference_id`, `customer_name`, `customer_type`, `doctor_name`, `file`, `total`, `discount_percentage`, `discount`, `tax_percentage`, `tax`, `net_amount`, `note`, `generated_by`, `created_at`) VALUES (325, '2023-12-12 16:59:00', 937, 269, 5304, '', NULL, 'Amit  Singh (9009)', '', '250.00', '0.00', '0.00', NULL, '12.50', '262.50', '', 1, '2023-12-04 07:30:44');
INSERT INTO `pharmacy_bill_basic` (`id`, `date`, `patient_id`, `ipd_prescription_basic_id`, `case_reference_id`, `customer_name`, `customer_type`, `doctor_name`, `file`, `total`, `discount_percentage`, `discount`, `tax_percentage`, `tax`, `net_amount`, `note`, `generated_by`, `created_at`) VALUES (326, '2023-12-18 15:15:00', 939, 272, 5307, '', NULL, 'Reyan Jain (9011)', '', '500.00', '0.00', '0.00', NULL, '50.00', '550.00', '', 1, '2023-12-04 07:46:25');
INSERT INTO `pharmacy_bill_basic` (`id`, `date`, `patient_id`, `ipd_prescription_basic_id`, `case_reference_id`, `customer_name`, `customer_type`, `doctor_name`, `file`, `total`, `discount_percentage`, `discount`, `tax_percentage`, `tax`, `net_amount`, `note`, `generated_by`, `created_at`) VALUES (327, '2023-12-22 17:30:00', 1, 273, 115, '', NULL, 'Reyan Jain (9011)', '', '500.00', '10.00', '50.00', NULL, '50.00', '500.00', '', 1, '2023-12-04 07:58:11');
INSERT INTO `pharmacy_bill_basic` (`id`, `date`, `patient_id`, `ipd_prescription_basic_id`, `case_reference_id`, `customer_name`, `customer_type`, `doctor_name`, `file`, `total`, `discount_percentage`, `discount`, `tax_percentage`, `tax`, `net_amount`, `note`, `generated_by`, `created_at`) VALUES (328, '2024-01-01 17:31:00', 827, 240, 4468, '', NULL, 'Reyan Jain (9011)', '', '500.00', '0.00', '0.00', NULL, '50.00', '550.00', '', 1, '2024-01-03 12:06:15');
INSERT INTO `pharmacy_bill_basic` (`id`, `date`, `patient_id`, `ipd_prescription_basic_id`, `case_reference_id`, `customer_name`, `customer_type`, `doctor_name`, `file`, `total`, `discount_percentage`, `discount`, `tax_percentage`, `tax`, `net_amount`, `note`, `generated_by`, `created_at`) VALUES (329, '2024-01-05 17:40:00', 1, 273, 115, '', NULL, 'Reyan Jain (9011)', '', '500.00', '10.00', '50.00', NULL, '50.00', '500.00', '', 1, '2024-01-03 12:12:58');
INSERT INTO `pharmacy_bill_basic` (`id`, `date`, `patient_id`, `ipd_prescription_basic_id`, `case_reference_id`, `customer_name`, `customer_type`, `doctor_name`, `file`, `total`, `discount_percentage`, `discount`, `tax_percentage`, `tax`, `net_amount`, `note`, `generated_by`, `created_at`) VALUES (331, '2024-01-15 17:45:00', 539, NULL, NULL, '', NULL, 'Reyan Jain (9011)', '', '500.00', '0.00', '0.00', NULL, '50.00', '550.00', '', 1, '2024-01-03 12:16:52');
INSERT INTO `pharmacy_bill_basic` (`id`, `date`, `patient_id`, `ipd_prescription_basic_id`, `case_reference_id`, `customer_name`, `customer_type`, `doctor_name`, `file`, `total`, `discount_percentage`, `discount`, `tax_percentage`, `tax`, `net_amount`, `note`, `generated_by`, `created_at`) VALUES (333, '2024-01-25 19:30:00', 896, 257, 4991, '', NULL, 'Sansa Gomez (9008)', '', '500.00', '10.00', '50.00', NULL, '25.00', '475.00', '', 1, '2024-01-03 12:20:23');
INSERT INTO `pharmacy_bill_basic` (`id`, `date`, `patient_id`, `ipd_prescription_basic_id`, `case_reference_id`, `customer_name`, `customer_type`, `doctor_name`, `file`, `total`, `discount_percentage`, `discount`, `tax_percentage`, `tax`, `net_amount`, `note`, `generated_by`, `created_at`) VALUES (334, '2024-01-30 13:30:00', 643, 193, 3009, '', NULL, 'Sansa Gomez (9008)', '', '400.00', '0.00', '0.00', NULL, '20.00', '420.00', '', 1, '2024-01-03 12:20:57');
INSERT INTO `pharmacy_bill_basic` (`id`, `date`, `patient_id`, `ipd_prescription_basic_id`, `case_reference_id`, `customer_name`, `customer_type`, `doctor_name`, `file`, `total`, `discount_percentage`, `discount`, `tax_percentage`, `tax`, `net_amount`, `note`, `generated_by`, `created_at`) VALUES (335, '2024-01-12 10:05:00', 493, 275, 5456, '', NULL, 'Amit  Singh (9009)', '', '300.00', '0.00', '0.00', NULL, '15.00', '315.00', '', 1, '2024-01-04 04:35:34');
INSERT INTO `pharmacy_bill_basic` (`id`, `date`, `patient_id`, `ipd_prescription_basic_id`, `case_reference_id`, `customer_name`, `customer_type`, `doctor_name`, `file`, `total`, `discount_percentage`, `discount`, `tax_percentage`, `tax`, `net_amount`, `note`, `generated_by`, `created_at`) VALUES (338, '2024-02-10 14:30:00', 886, 255, 4896, '', NULL, 'Reyan Jain (9011)', '', '500.00', '0.00', '0.00', NULL, '50.00', '550.00', '', 1, '2024-02-01 08:12:32');
INSERT INTO `pharmacy_bill_basic` (`id`, `date`, `patient_id`, `ipd_prescription_basic_id`, `case_reference_id`, `customer_name`, `customer_type`, `doctor_name`, `file`, `total`, `discount_percentage`, `discount`, `tax_percentage`, `tax`, `net_amount`, `note`, `generated_by`, `created_at`) VALUES (339, '2024-02-15 16:43:00', 363, NULL, NULL, '', NULL, 'Amit  Singh (9009)', '', '105.00', '0.00', '0.00', NULL, '5.25', '110.25', '', 1, '2024-02-01 08:13:31');
INSERT INTO `pharmacy_bill_basic` (`id`, `date`, `patient_id`, `ipd_prescription_basic_id`, `case_reference_id`, `customer_name`, `customer_type`, `doctor_name`, `file`, `total`, `discount_percentage`, `discount`, `tax_percentage`, `tax`, `net_amount`, `note`, `generated_by`, `created_at`) VALUES (341, '2024-02-25 21:30:00', 896, 257, 4991, '', NULL, 'Amit  Singh (9009)', '', '500.00', '0.00', '0.00', NULL, '25.00', '525.00', '', 1, '2024-02-01 08:14:31');
INSERT INTO `pharmacy_bill_basic` (`id`, `date`, `patient_id`, `ipd_prescription_basic_id`, `case_reference_id`, `customer_name`, `customer_type`, `doctor_name`, `file`, `total`, `discount_percentage`, `discount`, `tax_percentage`, `tax`, `net_amount`, `note`, `generated_by`, `created_at`) VALUES (343, '2024-02-08 15:16:00', 990, 279, 5709, '', NULL, 'Amit  Singh (9009)', '', '500.00', '10.00', '50.00', NULL, '25.00', '475.00', '', 1, '2024-02-01 09:47:10');
INSERT INTO `pharmacy_bill_basic` (`id`, `date`, `patient_id`, `ipd_prescription_basic_id`, `case_reference_id`, `customer_name`, `customer_type`, `doctor_name`, `file`, `total`, `discount_percentage`, `discount`, `tax_percentage`, `tax`, `net_amount`, `note`, `generated_by`, `created_at`) VALUES (345, '2024-03-01 13:01:00', 1005, 281, 5827, '', NULL, 'Amit  Singh (9009)', '', '500.00', '0.00', '0.00', NULL, '25.00', '525.00', '', 1, '2024-03-01 07:32:04');
INSERT INTO `pharmacy_bill_basic` (`id`, `date`, `patient_id`, `ipd_prescription_basic_id`, `case_reference_id`, `customer_name`, `customer_type`, `doctor_name`, `file`, `total`, `discount_percentage`, `discount`, `tax_percentage`, `tax`, `net_amount`, `note`, `generated_by`, `created_at`) VALUES (348, '2024-03-10 12:30:00', 896, 257, 4991, '', NULL, 'Amit  Singh (9009)', '', '400.00', '10.00', '40.00', NULL, '20.00', '380.00', '', 1, '2024-03-01 08:10:08');
INSERT INTO `pharmacy_bill_basic` (`id`, `date`, `patient_id`, `ipd_prescription_basic_id`, `case_reference_id`, `customer_name`, `customer_type`, `doctor_name`, `file`, `total`, `discount_percentage`, `discount`, `tax_percentage`, `tax`, `net_amount`, `note`, `generated_by`, `created_at`) VALUES (349, '2024-03-15 16:30:00', 781, NULL, NULL, '', NULL, 'Amit  Singh (9009)', '', '140.00', '0.00', '0.00', NULL, '7.00', '147.00', '', 1, '2024-03-01 08:10:29');
INSERT INTO `pharmacy_bill_basic` (`id`, `date`, `patient_id`, `ipd_prescription_basic_id`, `case_reference_id`, `customer_name`, `customer_type`, `doctor_name`, `file`, `total`, `discount_percentage`, `discount`, `tax_percentage`, `tax`, `net_amount`, `note`, `generated_by`, `created_at`) VALUES (350, '2024-03-20 16:30:00', 939, 272, 5307, '', NULL, 'Amit  Singh (9009)', '', '400.00', '10.00', '40.00', NULL, '40.00', '400.00', '', 1, '2024-03-01 08:11:04');
INSERT INTO `pharmacy_bill_basic` (`id`, `date`, `patient_id`, `ipd_prescription_basic_id`, `case_reference_id`, `customer_name`, `customer_type`, `doctor_name`, `file`, `total`, `discount_percentage`, `discount`, `tax_percentage`, `tax`, `net_amount`, `note`, `generated_by`, `created_at`) VALUES (351, '2024-03-25 20:30:00', 896, 257, 4991, '', NULL, 'Amit  Singh (9009)', '', '400.00', '10.00', '40.00', NULL, '20.00', '380.00', '', 1, '2024-03-01 08:11:39');
INSERT INTO `pharmacy_bill_basic` (`id`, `date`, `patient_id`, `ipd_prescription_basic_id`, `case_reference_id`, `customer_name`, `customer_type`, `doctor_name`, `file`, `total`, `discount_percentage`, `discount`, `tax_percentage`, `tax`, `net_amount`, `note`, `generated_by`, `created_at`) VALUES (353, '2024-03-30 12:31:00', 1025, NULL, NULL, '', NULL, 'Amit  Singh (9009)', '', '500.00', '10.00', '50.00', NULL, '25.00', '475.00', '', 1, '2024-03-02 07:01:36');
INSERT INTO `pharmacy_bill_basic` (`id`, `date`, `patient_id`, `ipd_prescription_basic_id`, `case_reference_id`, `customer_name`, `customer_type`, `doctor_name`, `file`, `total`, `discount_percentage`, `discount`, `tax_percentage`, `tax`, `net_amount`, `note`, `generated_by`, `created_at`) VALUES (354, '2024-04-01 16:17:00', 1, 284, 115, '', NULL, 'Reyan Jain (9011)', '', '700.00', '10.00', '70.00', NULL, '55.00', '685.00', '', 1, '2024-04-01 10:47:41');
INSERT INTO `pharmacy_bill_basic` (`id`, `date`, `patient_id`, `ipd_prescription_basic_id`, `case_reference_id`, `customer_name`, `customer_type`, `doctor_name`, `file`, `total`, `discount_percentage`, `discount`, `tax_percentage`, `tax`, `net_amount`, `note`, `generated_by`, `created_at`) VALUES (355, '2024-04-05 12:30:00', 873, 249, 4747, '', NULL, 'Amit  Singh (9009)', '', '400.00', '10.00', '40.00', NULL, '40.00', '400.00', '', 1, '2024-04-01 10:48:20');
INSERT INTO `pharmacy_bill_basic` (`id`, `date`, `patient_id`, `ipd_prescription_basic_id`, `case_reference_id`, `customer_name`, `customer_type`, `doctor_name`, `file`, `total`, `discount_percentage`, `discount`, `tax_percentage`, `tax`, `net_amount`, `note`, `generated_by`, `created_at`) VALUES (356, '2024-04-10 14:30:00', 641, 189, 3001, '', NULL, 'Reyan Jain (9011)', '', '300.00', '0.00', '0.00', NULL, '15.00', '315.00', '', 1, '2024-04-01 10:48:42');
INSERT INTO `pharmacy_bill_basic` (`id`, `date`, `patient_id`, `ipd_prescription_basic_id`, `case_reference_id`, `customer_name`, `customer_type`, `doctor_name`, `file`, `total`, `discount_percentage`, `discount`, `tax_percentage`, `tax`, `net_amount`, `note`, `generated_by`, `created_at`) VALUES (357, '2024-04-15 14:30:00', 896, 257, 4991, '', NULL, 'Amit  Singh (9009)', '', '300.00', '10.00', '30.00', NULL, '15.00', '285.00', '', 1, '2024-04-01 10:49:02');
INSERT INTO `pharmacy_bill_basic` (`id`, `date`, `patient_id`, `ipd_prescription_basic_id`, `case_reference_id`, `customer_name`, `customer_type`, `doctor_name`, `file`, `total`, `discount_percentage`, `discount`, `tax_percentage`, `tax`, `net_amount`, `note`, `generated_by`, `created_at`) VALUES (359, '2024-04-25 12:00:00', 781, 229, 4131, '', NULL, 'Amit  Singh (9009)', '', '220.00', '0.00', '0.00', NULL, '22.00', '242.00', '', 1, '2024-04-01 10:50:04');
INSERT INTO `pharmacy_bill_basic` (`id`, `date`, `patient_id`, `ipd_prescription_basic_id`, `case_reference_id`, `customer_name`, `customer_type`, `doctor_name`, `file`, `total`, `discount_percentage`, `discount`, `tax_percentage`, `tax`, `net_amount`, `note`, `generated_by`, `created_at`) VALUES (360, '2024-04-30 16:20:00', 509, NULL, NULL, '', NULL, 'Reyan Jain (9011)', '', '140.00', '0.00', '0.00', NULL, '7.00', '147.00', '', 1, '2024-04-01 10:50:58');
INSERT INTO `pharmacy_bill_basic` (`id`, `date`, `patient_id`, `ipd_prescription_basic_id`, `case_reference_id`, `customer_name`, `customer_type`, `doctor_name`, `file`, `total`, `discount_percentage`, `discount`, `tax_percentage`, `tax`, `net_amount`, `note`, `generated_by`, `created_at`) VALUES (361, '2024-04-22 17:30:00', 878, 286, 5891, '', NULL, 'Sansa Gomez (9008)', '', '300.00', '10.00', '30.00', NULL, '30.00', '300.00', '', 1, '2024-04-01 11:33:12');
INSERT INTO `pharmacy_bill_basic` (`id`, `date`, `patient_id`, `ipd_prescription_basic_id`, `case_reference_id`, `customer_name`, `customer_type`, `doctor_name`, `file`, `total`, `discount_percentage`, `discount`, `tax_percentage`, `tax`, `net_amount`, `note`, `generated_by`, `created_at`) VALUES (363, '2024-05-05 17:44:00', 980, 289, 5658, '', NULL, 'Amit  Singh (9009)', '', '140.00', '0.00', '0.00', NULL, '7.00', '147.00', '', 13, '2024-05-01 12:14:13');
INSERT INTO `pharmacy_bill_basic` (`id`, `date`, `patient_id`, `ipd_prescription_basic_id`, `case_reference_id`, `customer_name`, `customer_type`, `doctor_name`, `file`, `total`, `discount_percentage`, `discount`, `tax_percentage`, `tax`, `net_amount`, `note`, `generated_by`, `created_at`) VALUES (364, '2024-05-10 12:30:00', 896, 257, 4991, '', NULL, 'Reyan Jain (9011)', '', '400.00', '10.00', '40.00', NULL, '20.00', '380.00', '', 13, '2024-05-01 12:14:38');
INSERT INTO `pharmacy_bill_basic` (`id`, `date`, `patient_id`, `ipd_prescription_basic_id`, `case_reference_id`, `customer_name`, `customer_type`, `doctor_name`, `file`, `total`, `discount_percentage`, `discount`, `tax_percentage`, `tax`, `net_amount`, `note`, `generated_by`, `created_at`) VALUES (365, '2024-05-15 20:30:00', 363, NULL, NULL, '', NULL, 'Amit  Singh (9009)', '', '300.00', '0.00', '0.00', NULL, '30.00', '330.00', '', 13, '2024-05-01 12:15:07');
INSERT INTO `pharmacy_bill_basic` (`id`, `date`, `patient_id`, `ipd_prescription_basic_id`, `case_reference_id`, `customer_name`, `customer_type`, `doctor_name`, `file`, `total`, `discount_percentage`, `discount`, `tax_percentage`, `tax`, `net_amount`, `note`, `generated_by`, `created_at`) VALUES (366, '2024-05-20 22:30:00', 1005, 281, 5827, '', NULL, 'Sonia Bush (9002)', '', '175.00', '10.00', '17.50', NULL, '8.75', '166.25', '', 13, '2024-05-01 12:15:40');
INSERT INTO `pharmacy_bill_basic` (`id`, `date`, `patient_id`, `ipd_prescription_basic_id`, `case_reference_id`, `customer_name`, `customer_type`, `doctor_name`, `file`, `total`, `discount_percentage`, `discount`, `tax_percentage`, `tax`, `net_amount`, `note`, `generated_by`, `created_at`) VALUES (367, '2024-05-25 17:45:00', 765, NULL, NULL, '', NULL, 'Reyan Jain (9011)', '', '135.00', '0.00', '0.00', NULL, '13.50', '148.50', '', 13, '2024-05-01 12:16:07');
INSERT INTO `pharmacy_bill_basic` (`id`, `date`, `patient_id`, `ipd_prescription_basic_id`, `case_reference_id`, `customer_name`, `customer_type`, `doctor_name`, `file`, `total`, `discount_percentage`, `discount`, `tax_percentage`, `tax`, `net_amount`, `note`, `generated_by`, `created_at`) VALUES (368, '2024-05-30 12:45:00', 886, 255, 4896, '', NULL, 'Sansa Gomez (9008)', '', '400.00', '10.00', '40.00', NULL, '40.00', '400.00', '', 13, '2024-05-01 12:16:49');
INSERT INTO `pharmacy_bill_basic` (`id`, `date`, `patient_id`, `ipd_prescription_basic_id`, `case_reference_id`, `customer_name`, `customer_type`, `doctor_name`, `file`, `total`, `discount_percentage`, `discount`, `tax_percentage`, `tax`, `net_amount`, `note`, `generated_by`, `created_at`) VALUES (369, '2024-05-12 12:42:00', 843, 291, 6182, '', NULL, 'Reyan Jain (9011)', '', '640.00', '10.00', '64.00', NULL, '57.00', '633.00', '', 1, '2024-05-02 07:12:49');
INSERT INTO `pharmacy_bill_basic` (`id`, `date`, `patient_id`, `ipd_prescription_basic_id`, `case_reference_id`, `customer_name`, `customer_type`, `doctor_name`, `file`, `total`, `discount_percentage`, `discount`, `tax_percentage`, `tax`, `net_amount`, `note`, `generated_by`, `created_at`) VALUES (371, '2024-06-05 16:30:00', 121, 261, 5085, '', NULL, 'Reyan Jain (9011)', '', '400.00', '0.00', '0.00', NULL, '0.00', '400.00', '', 1, '2024-06-01 08:26:00');
INSERT INTO `pharmacy_bill_basic` (`id`, `date`, `patient_id`, `ipd_prescription_basic_id`, `case_reference_id`, `customer_name`, `customer_type`, `doctor_name`, `file`, `total`, `discount_percentage`, `discount`, `tax_percentage`, `tax`, `net_amount`, `note`, `generated_by`, `created_at`) VALUES (372, '2024-06-10 16:30:00', 363, NULL, NULL, '', NULL, 'Reyan Jain (9011)', '', '225.00', '0.00', '0.00', NULL, '22.50', '247.50', '', 1, '2024-06-01 08:26:17');
INSERT INTO `pharmacy_bill_basic` (`id`, `date`, `patient_id`, `ipd_prescription_basic_id`, `case_reference_id`, `customer_name`, `customer_type`, `doctor_name`, `file`, `total`, `discount_percentage`, `discount`, `tax_percentage`, `tax`, `net_amount`, `note`, `generated_by`, `created_at`) VALUES (373, '2024-06-15 20:30:00', 990, 279, 5709, '', NULL, 'Reyan Jain (9011)', '', '400.00', '10.00', '40.00', NULL, '20.00', '380.00', '', 1, '2024-06-01 08:26:45');
INSERT INTO `pharmacy_bill_basic` (`id`, `date`, `patient_id`, `ipd_prescription_basic_id`, `case_reference_id`, `customer_name`, `customer_type`, `doctor_name`, `file`, `total`, `discount_percentage`, `discount`, `tax_percentage`, `tax`, `net_amount`, `note`, `generated_by`, `created_at`) VALUES (374, '2024-06-20 20:00:00', 830, 242, 4479, '', NULL, 'Reyan Jain (9011)', '', '300.00', '0.00', '0.00', NULL, '15.00', '315.00', '', 1, '2024-06-01 08:27:28');
INSERT INTO `pharmacy_bill_basic` (`id`, `date`, `patient_id`, `ipd_prescription_basic_id`, `case_reference_id`, `customer_name`, `customer_type`, `doctor_name`, `file`, `total`, `discount_percentage`, `discount`, `tax_percentage`, `tax`, `net_amount`, `note`, `generated_by`, `created_at`) VALUES (375, '2024-06-25 14:30:00', 827, 240, 4468, '', NULL, 'Reyan Jain (9011)', '', '500.00', '10.00', '50.00', NULL, '0.00', '450.00', '', 1, '2024-06-01 08:28:11');
INSERT INTO `pharmacy_bill_basic` (`id`, `date`, `patient_id`, `ipd_prescription_basic_id`, `case_reference_id`, `customer_name`, `customer_type`, `doctor_name`, `file`, `total`, `discount_percentage`, `discount`, `tax_percentage`, `tax`, `net_amount`, `note`, `generated_by`, `created_at`) VALUES (376, '2024-06-30 14:30:00', 781, NULL, NULL, '', NULL, 'Sansa Gomez (9008)', '', '300.00', '10.00', '30.00', NULL, '30.00', '300.00', '', 1, '2024-06-01 08:28:36');
INSERT INTO `pharmacy_bill_basic` (`id`, `date`, `patient_id`, `ipd_prescription_basic_id`, `case_reference_id`, `customer_name`, `customer_type`, `doctor_name`, `file`, `total`, `discount_percentage`, `discount`, `tax_percentage`, `tax`, `net_amount`, `note`, `generated_by`, `created_at`) VALUES (377, '2024-06-12 15:35:00', 1, 293, 6302, '', NULL, 'Sansa Gomez (9008)', '', '400.00', '10.00', '40.00', NULL, '20.00', '380.00', '', 1, '2024-06-01 10:04:48');
INSERT INTO `pharmacy_bill_basic` (`id`, `date`, `patient_id`, `ipd_prescription_basic_id`, `case_reference_id`, `customer_name`, `customer_type`, `doctor_name`, `file`, `total`, `discount_percentage`, `discount`, `tax_percentage`, `tax`, `net_amount`, `note`, `generated_by`, `created_at`) VALUES (378, '2024-06-22 17:43:00', 980, 294, 6290, '', NULL, 'Reyan Jain (9011)', '', '400.00', '10.00', '40.00', NULL, '20.00', '380.00', '', 1, '2024-06-01 12:12:10');
INSERT INTO `pharmacy_bill_basic` (`id`, `date`, `patient_id`, `ipd_prescription_basic_id`, `case_reference_id`, `customer_name`, `customer_type`, `doctor_name`, `file`, `total`, `discount_percentage`, `discount`, `tax_percentage`, `tax`, `net_amount`, `note`, `generated_by`, `created_at`) VALUES (379, '2024-07-12 14:54:00', 1084, 295, 6457, '', NULL, 'Reyan Jain (9011)', '', '700.00', '10.00', '70.00', NULL, '50.00', '680.00', '', 14, '2024-07-01 09:24:21');
INSERT INTO `pharmacy_bill_basic` (`id`, `date`, `patient_id`, `ipd_prescription_basic_id`, `case_reference_id`, `customer_name`, `customer_type`, `doctor_name`, `file`, `total`, `discount_percentage`, `discount`, `tax_percentage`, `tax`, `net_amount`, `note`, `generated_by`, `created_at`) VALUES (380, '2024-07-01 15:09:00', 1, 296, 115, '', NULL, 'Amit  Singh (9009)', '', '540.00', '10.00', '54.00', NULL, '27.00', '513.00', '', 14, '2024-07-01 09:39:28');
INSERT INTO `pharmacy_bill_basic` (`id`, `date`, `patient_id`, `ipd_prescription_basic_id`, `case_reference_id`, `customer_name`, `customer_type`, `doctor_name`, `file`, `total`, `discount_percentage`, `discount`, `tax_percentage`, `tax`, `net_amount`, `note`, `generated_by`, `created_at`) VALUES (381, '2024-07-05 16:19:00', 1005, 281, 5827, '', NULL, 'Reyan Jain (9011)', '', '200.00', '5.00', '10.00', NULL, '10.00', '200.00', '', 14, '2024-07-01 09:49:26');
INSERT INTO `pharmacy_bill_basic` (`id`, `date`, `patient_id`, `ipd_prescription_basic_id`, `case_reference_id`, `customer_name`, `customer_type`, `doctor_name`, `file`, `total`, `discount_percentage`, `discount`, `tax_percentage`, `tax`, `net_amount`, `note`, `generated_by`, `created_at`) VALUES (382, '2024-07-10 16:19:00', 484, NULL, NULL, '', NULL, 'Amit  Singh (9009)', '', '140.00', '0.00', '0.00', NULL, '7.00', '147.00', '', 14, '2024-07-01 09:49:49');
INSERT INTO `pharmacy_bill_basic` (`id`, `date`, `patient_id`, `ipd_prescription_basic_id`, `case_reference_id`, `customer_name`, `customer_type`, `doctor_name`, `file`, `total`, `discount_percentage`, `discount`, `tax_percentage`, `tax`, `net_amount`, `note`, `generated_by`, `created_at`) VALUES (383, '2024-07-15 12:20:00', 840, NULL, NULL, '', NULL, 'Reyan Jain (9011)', '', '60.00', '0.00', '0.00', NULL, '6.00', '66.00', '', 14, '2024-07-01 09:50:25');
INSERT INTO `pharmacy_bill_basic` (`id`, `date`, `patient_id`, `ipd_prescription_basic_id`, `case_reference_id`, `customer_name`, `customer_type`, `doctor_name`, `file`, `total`, `discount_percentage`, `discount`, `tax_percentage`, `tax`, `net_amount`, `note`, `generated_by`, `created_at`) VALUES (384, '2024-07-20 12:20:00', 1085, 297, 6461, '', NULL, 'Sansa Gomez (9008)', '', '250.00', '0.00', '0.00', NULL, '25.00', '275.00', '', 14, '2024-07-01 09:52:09');
INSERT INTO `pharmacy_bill_basic` (`id`, `date`, `patient_id`, `ipd_prescription_basic_id`, `case_reference_id`, `customer_name`, `customer_type`, `doctor_name`, `file`, `total`, `discount_percentage`, `discount`, `tax_percentage`, `tax`, `net_amount`, `note`, `generated_by`, `created_at`) VALUES (385, '2024-07-25 14:30:00', 844, 298, 6360, '', NULL, 'Amit  Singh (9009)', '', '300.00', '10.00', '30.00', NULL, '30.00', '300.00', '', 14, '2024-07-01 09:53:01');
INSERT INTO `pharmacy_bill_basic` (`id`, `date`, `patient_id`, `ipd_prescription_basic_id`, `case_reference_id`, `customer_name`, `customer_type`, `doctor_name`, `file`, `total`, `discount_percentage`, `discount`, `tax_percentage`, `tax`, `net_amount`, `note`, `generated_by`, `created_at`) VALUES (386, '2024-07-30 14:30:00', 990, NULL, NULL, '', NULL, 'Reyan Jain (9011)', '', '260.00', '0.00', '0.00', NULL, '26.00', '286.00', '', 14, '2024-07-01 09:53:23');
INSERT INTO `pharmacy_bill_basic` (`id`, `date`, `patient_id`, `ipd_prescription_basic_id`, `case_reference_id`, `customer_name`, `customer_type`, `doctor_name`, `file`, `total`, `discount_percentage`, `discount`, `tax_percentage`, `tax`, `net_amount`, `note`, `generated_by`, `created_at`) VALUES (387, '2024-07-02 11:16:00', 1, 296, 115, '', NULL, 'Reyan Jain (9011)', '', '340.00', '10.00', '34.00', NULL, '17.00', '323.00', '', 1, '2024-07-02 05:46:18');
INSERT INTO `pharmacy_bill_basic` (`id`, `date`, `patient_id`, `ipd_prescription_basic_id`, `case_reference_id`, `customer_name`, `customer_type`, `doctor_name`, `file`, `total`, `discount_percentage`, `discount`, `tax_percentage`, `tax`, `net_amount`, `note`, `generated_by`, `created_at`) VALUES (388, '2024-08-01 14:51:00', 1, 300, 6552, '', NULL, 'Reyan Jain (9011)', '', '900.00', '10.00', '90.00', NULL, '58.50', '868.50', '', 1, '2024-08-01 09:22:12');
INSERT INTO `pharmacy_bill_basic` (`id`, `date`, `patient_id`, `ipd_prescription_basic_id`, `case_reference_id`, `customer_name`, `customer_type`, `doctor_name`, `file`, `total`, `discount_percentage`, `discount`, `tax_percentage`, `tax`, `net_amount`, `note`, `generated_by`, `created_at`) VALUES (389, '2024-08-05 10:30:00', 363, NULL, NULL, '', NULL, 'Amit  Singh (9009)', '', '300.00', '10.00', '30.00', NULL, '15.00', '285.00', '', 1, '2024-08-01 09:22:48');
INSERT INTO `pharmacy_bill_basic` (`id`, `date`, `patient_id`, `ipd_prescription_basic_id`, `case_reference_id`, `customer_name`, `customer_type`, `doctor_name`, `file`, `total`, `discount_percentage`, `discount`, `tax_percentage`, `tax`, `net_amount`, `note`, `generated_by`, `created_at`) VALUES (390, '2024-08-10 12:30:00', 980, 294, 6290, '', NULL, 'Reyan Jain (9011)', '', '140.00', '0.00', '0.00', NULL, '7.00', '147.00', '', 1, '2024-08-01 09:23:28');
INSERT INTO `pharmacy_bill_basic` (`id`, `date`, `patient_id`, `ipd_prescription_basic_id`, `case_reference_id`, `customer_name`, `customer_type`, `doctor_name`, `file`, `total`, `discount_percentage`, `discount`, `tax_percentage`, `tax`, `net_amount`, `note`, `generated_by`, `created_at`) VALUES (391, '2024-08-15 13:35:00', 990, 279, 5709, '', NULL, 'Reyan Jain (9011)', '', '140.00', '10.00', '14.00', NULL, '7.00', '133.00', '', 1, '2024-08-01 09:24:05');
INSERT INTO `pharmacy_bill_basic` (`id`, `date`, `patient_id`, `ipd_prescription_basic_id`, `case_reference_id`, `customer_name`, `customer_type`, `doctor_name`, `file`, `total`, `discount_percentage`, `discount`, `tax_percentage`, `tax`, `net_amount`, `note`, `generated_by`, `created_at`) VALUES (392, '2024-08-20 13:35:00', 484, NULL, NULL, '', NULL, 'Sonia Bush (9002)', '', '605.00', '15.00', '90.75', NULL, '55.25', '569.50', '', 1, '2024-08-01 09:24:57');
INSERT INTO `pharmacy_bill_basic` (`id`, `date`, `patient_id`, `ipd_prescription_basic_id`, `case_reference_id`, `customer_name`, `customer_type`, `doctor_name`, `file`, `total`, `discount_percentage`, `discount`, `tax_percentage`, `tax`, `net_amount`, `note`, `generated_by`, `created_at`) VALUES (393, '2024-08-25 14:56:00', 843, 291, 6182, '', NULL, 'Sonia Bush (9002)', '', '495.00', '10.00', '49.50', NULL, '11.00', '456.50', '', 1, '2024-08-01 09:26:05');
INSERT INTO `pharmacy_bill_basic` (`id`, `date`, `patient_id`, `ipd_prescription_basic_id`, `case_reference_id`, `customer_name`, `customer_type`, `doctor_name`, `file`, `total`, `discount_percentage`, `discount`, `tax_percentage`, `tax`, `net_amount`, `note`, `generated_by`, `created_at`) VALUES (394, '2024-08-30 20:30:00', 580, NULL, NULL, '', NULL, 'Amit  Singh (9009)', '', '168.00', '5.00', '8.40', NULL, '16.80', '176.40', '', 1, '2024-08-01 09:26:37');
INSERT INTO `pharmacy_bill_basic` (`id`, `date`, `patient_id`, `ipd_prescription_basic_id`, `case_reference_id`, `customer_name`, `customer_type`, `doctor_name`, `file`, `total`, `discount_percentage`, `discount`, `tax_percentage`, `tax`, `net_amount`, `note`, `generated_by`, `created_at`) VALUES (395, '2024-08-12 14:30:00', 1103, 303, 6604, '', NULL, 'Reyan Jain (9011)', '', '290.00', '10.00', '29.00', NULL, '19.80', '280.80', '', 1, '2024-08-02 08:02:01');
INSERT INTO `pharmacy_bill_basic` (`id`, `date`, `patient_id`, `ipd_prescription_basic_id`, `case_reference_id`, `customer_name`, `customer_type`, `doctor_name`, `file`, `total`, `discount_percentage`, `discount`, `tax_percentage`, `tax`, `net_amount`, `note`, `generated_by`, `created_at`) VALUES (396, '2024-08-30 10:26:00', 288, NULL, NULL, '', NULL, 'Reyan Jain (9011)', '', '60.00', '0.00', '0.00', NULL, '6.00', '66.00', '', 1, '2024-08-30 04:56:10');
INSERT INTO `pharmacy_bill_basic` (`id`, `date`, `patient_id`, `ipd_prescription_basic_id`, `case_reference_id`, `customer_name`, `customer_type`, `doctor_name`, `file`, `total`, `discount_percentage`, `discount`, `tax_percentage`, `tax`, `net_amount`, `note`, `generated_by`, `created_at`) VALUES (397, '2024-09-01 10:57:00', 1, 325, 115, '', NULL, 'Amit  Singh (9009)', '', '600.00', '10.00', '60.00', NULL, '36.00', '576.00', '', 1, '2024-08-31 05:27:49');
INSERT INTO `pharmacy_bill_basic` (`id`, `date`, `patient_id`, `ipd_prescription_basic_id`, `case_reference_id`, `customer_name`, `customer_type`, `doctor_name`, `file`, `total`, `discount_percentage`, `discount`, `tax_percentage`, `tax`, `net_amount`, `note`, `generated_by`, `created_at`) VALUES (398, '2024-09-10 13:30:00', 1084, 326, 6457, '', NULL, 'Reyan Jain (9011)', '', '275.00', '0.00', '0.00', NULL, '0.00', '275.00', '', 1, '2024-08-31 08:00:01');
INSERT INTO `pharmacy_bill_basic` (`id`, `date`, `patient_id`, `ipd_prescription_basic_id`, `case_reference_id`, `customer_name`, `customer_type`, `doctor_name`, `file`, `total`, `discount_percentage`, `discount`, `tax_percentage`, `tax`, `net_amount`, `note`, `generated_by`, `created_at`) VALUES (399, '2024-09-05 13:30:00', 509, NULL, NULL, '', NULL, 'Reyan Jain (9011)', '', '700.00', '10.00', '70.00', NULL, '54.00', '684.00', '', 1, '2024-08-31 08:00:33');
INSERT INTO `pharmacy_bill_basic` (`id`, `date`, `patient_id`, `ipd_prescription_basic_id`, `case_reference_id`, `customer_name`, `customer_type`, `doctor_name`, `file`, `total`, `discount_percentage`, `discount`, `tax_percentage`, `tax`, `net_amount`, `note`, `generated_by`, `created_at`) VALUES (400, '2024-09-20 14:31:00', 990, 327, 5709, '', NULL, 'Sansa Gomez (9008)', '', '500.00', '10.00', '50.00', NULL, '45.00', '495.00', '', 1, '2024-08-31 08:01:29');
INSERT INTO `pharmacy_bill_basic` (`id`, `date`, `patient_id`, `ipd_prescription_basic_id`, `case_reference_id`, `customer_name`, `customer_type`, `doctor_name`, `file`, `total`, `discount_percentage`, `discount`, `tax_percentage`, `tax`, `net_amount`, `note`, `generated_by`, `created_at`) VALUES (401, '2024-09-25 12:32:00', 781, NULL, NULL, '', NULL, 'Sonia Bush (9002)', '', '275.00', '0.00', '0.00', NULL, '0.00', '275.00', '', 1, '2024-08-31 08:02:10');
INSERT INTO `pharmacy_bill_basic` (`id`, `date`, `patient_id`, `ipd_prescription_basic_id`, `case_reference_id`, `customer_name`, `customer_type`, `doctor_name`, `file`, `total`, `discount_percentage`, `discount`, `tax_percentage`, `tax`, `net_amount`, `note`, `generated_by`, `created_at`) VALUES (402, '2024-10-01 14:37:00', 1, 329, 6669, '', NULL, 'Sonia Bush (9002)', '', '565.00', '10.00', '56.50', NULL, '18.00', '526.50', '', 1, '2024-10-03 09:07:51');
INSERT INTO `pharmacy_bill_basic` (`id`, `date`, `patient_id`, `ipd_prescription_basic_id`, `case_reference_id`, `customer_name`, `customer_type`, `doctor_name`, `file`, `total`, `discount_percentage`, `discount`, `tax_percentage`, `tax`, `net_amount`, `note`, `generated_by`, `created_at`) VALUES (403, '2024-10-05 16:30:00', 1084, 326, 6457, '', NULL, 'Reyan Jain (9011)', '', '220.00', '0.00', '0.00', NULL, '0.00', '220.00', '', 1, '2024-10-03 09:08:28');
INSERT INTO `pharmacy_bill_basic` (`id`, `date`, `patient_id`, `ipd_prescription_basic_id`, `case_reference_id`, `customer_name`, `customer_type`, `doctor_name`, `file`, `total`, `discount_percentage`, `discount`, `tax_percentage`, `tax`, `net_amount`, `note`, `generated_by`, `created_at`) VALUES (404, '2024-10-10 13:30:00', 878, 286, 5891, '', NULL, 'Reyan Jain (9011)', '', '165.00', '0.00', '0.00', NULL, '0.00', '165.00', '', 1, '2024-10-03 09:08:58');
INSERT INTO `pharmacy_bill_basic` (`id`, `date`, `patient_id`, `ipd_prescription_basic_id`, `case_reference_id`, `customer_name`, `customer_type`, `doctor_name`, `file`, `total`, `discount_percentage`, `discount`, `tax_percentage`, `tax`, `net_amount`, `note`, `generated_by`, `created_at`) VALUES (405, '2024-10-15 12:30:00', 121, NULL, NULL, '', NULL, 'Sansa Gomez (9008)', '', '140.00', '10.00', '14.00', NULL, '6.30', '132.30', '', 1, '2024-10-03 09:09:24');
INSERT INTO `pharmacy_bill_basic` (`id`, `date`, `patient_id`, `ipd_prescription_basic_id`, `case_reference_id`, `customer_name`, `customer_type`, `doctor_name`, `file`, `total`, `discount_percentage`, `discount`, `tax_percentage`, `tax`, `net_amount`, `note`, `generated_by`, `created_at`) VALUES (406, '2024-10-20 12:00:00', 1040, NULL, NULL, '', NULL, 'Reyan Jain (9011)', '', '400.00', '10.00', '40.00', NULL, '36.00', '396.00', '', 1, '2024-10-03 09:13:02');
INSERT INTO `pharmacy_bill_basic` (`id`, `date`, `patient_id`, `ipd_prescription_basic_id`, `case_reference_id`, `customer_name`, `customer_type`, `doctor_name`, `file`, `total`, `discount_percentage`, `discount`, `tax_percentage`, `tax`, `net_amount`, `note`, `generated_by`, `created_at`) VALUES (407, '2024-10-25 20:30:00', 1005, 281, 5827, '', NULL, 'Reyan Jain (9011)', '', '400.00', '0.00', '0.00', NULL, '20.00', '420.00', '', 1, '2024-10-03 09:13:31');
INSERT INTO `pharmacy_bill_basic` (`id`, `date`, `patient_id`, `ipd_prescription_basic_id`, `case_reference_id`, `customer_name`, `customer_type`, `doctor_name`, `file`, `total`, `discount_percentage`, `discount`, `tax_percentage`, `tax`, `net_amount`, `note`, `generated_by`, `created_at`) VALUES (408, '2024-10-30 14:30:00', 493, 275, 5456, '', NULL, 'Sansa Gomez (9008)', '', '300.00', '10.00', '30.00', NULL, '13.50', '283.50', '', 1, '2024-10-03 09:14:04');
INSERT INTO `pharmacy_bill_basic` (`id`, `date`, `patient_id`, `ipd_prescription_basic_id`, `case_reference_id`, `customer_name`, `customer_type`, `doctor_name`, `file`, `total`, `discount_percentage`, `discount`, `tax_percentage`, `tax`, `net_amount`, `note`, `generated_by`, `created_at`) VALUES (409, '2024-10-08 15:37:00', 484, 330, 6730, '', NULL, 'Amit  Singh (9009)', '', '200.00', '0.00', '0.00', NULL, '10.00', '210.00', '', 1, '2024-10-04 10:08:19');
INSERT INTO `pharmacy_bill_basic` (`id`, `date`, `patient_id`, `ipd_prescription_basic_id`, `case_reference_id`, `customer_name`, `customer_type`, `doctor_name`, `file`, `total`, `discount_percentage`, `discount`, `tax_percentage`, `tax`, `net_amount`, `note`, `generated_by`, `created_at`) VALUES (410, '2024-10-16 16:20:00', 1121, 332, 6721, '', NULL, 'Amit  Singh (9009)', '', '300.00', '10.00', '30.00', NULL, '13.50', '283.50', '', 1, '2024-10-04 10:51:07');
INSERT INTO `pharmacy_bill_basic` (`id`, `date`, `patient_id`, `ipd_prescription_basic_id`, `case_reference_id`, `customer_name`, `customer_type`, `doctor_name`, `file`, `total`, `discount_percentage`, `discount`, `tax_percentage`, `tax`, `net_amount`, `note`, `generated_by`, `created_at`) VALUES (411, '2024-11-06 17:00:00', 1, 346, 115, '', NULL, 'Reyan Jain (9011)', '', '275.00', '10.00', '27.50', NULL, '0.00', '247.50', '', 1, '2024-11-06 11:31:02');
INSERT INTO `pharmacy_bill_basic` (`id`, `date`, `patient_id`, `ipd_prescription_basic_id`, `case_reference_id`, `customer_name`, `customer_type`, `doctor_name`, `file`, `total`, `discount_percentage`, `discount`, `tax_percentage`, `tax`, `net_amount`, `note`, `generated_by`, `created_at`) VALUES (412, '2024-11-01 17:01:00', 827, NULL, NULL, '', NULL, 'Amit  Singh (9009)', '', '140.00', '0.00', '0.00', NULL, '7.00', '147.00', '', 1, '2024-11-06 11:31:29');
INSERT INTO `pharmacy_bill_basic` (`id`, `date`, `patient_id`, `ipd_prescription_basic_id`, `case_reference_id`, `customer_name`, `customer_type`, `doctor_name`, `file`, `total`, `discount_percentage`, `discount`, `tax_percentage`, `tax`, `net_amount`, `note`, `generated_by`, `created_at`) VALUES (413, '2024-11-10 17:30:00', 874, NULL, NULL, '', NULL, 'Sansa Gomez (9008)', '', '275.00', '0.00', '0.00', NULL, '0.00', '275.00', '', 1, '2024-11-06 11:31:53');
INSERT INTO `pharmacy_bill_basic` (`id`, `date`, `patient_id`, `ipd_prescription_basic_id`, `case_reference_id`, `customer_name`, `customer_type`, `doctor_name`, `file`, `total`, `discount_percentage`, `discount`, `tax_percentage`, `tax`, `net_amount`, `note`, `generated_by`, `created_at`) VALUES (414, '2024-11-15 17:30:00', 1084, 326, 6457, '', NULL, 'Amit  Singh (9009)', '', '160.00', '10.00', '16.00', NULL, '14.40', '158.40', '', 1, '2024-11-06 11:32:33');
INSERT INTO `pharmacy_bill_basic` (`id`, `date`, `patient_id`, `ipd_prescription_basic_id`, `case_reference_id`, `customer_name`, `customer_type`, `doctor_name`, `file`, `total`, `discount_percentage`, `discount`, `tax_percentage`, `tax`, `net_amount`, `note`, `generated_by`, `created_at`) VALUES (415, '2024-11-20 13:30:00', 1005, 281, 5827, '', NULL, 'Sansa Gomez (9008)', '', '175.00', '0.00', '0.00', NULL, '8.75', '183.75', '', 1, '2024-11-06 11:33:54');
INSERT INTO `pharmacy_bill_basic` (`id`, `date`, `patient_id`, `ipd_prescription_basic_id`, `case_reference_id`, `customer_name`, `customer_type`, `doctor_name`, `file`, `total`, `discount_percentage`, `discount`, `tax_percentage`, `tax`, `net_amount`, `note`, `generated_by`, `created_at`) VALUES (416, '2024-11-25 12:30:00', 987, NULL, NULL, '', NULL, 'Reyan Jain (9011)', '', '75.00', '0.00', '0.00', NULL, '3.75', '78.75', '', 1, '2024-11-06 11:34:31');
INSERT INTO `pharmacy_bill_basic` (`id`, `date`, `patient_id`, `ipd_prescription_basic_id`, `case_reference_id`, `customer_name`, `customer_type`, `doctor_name`, `file`, `total`, `discount_percentage`, `discount`, `tax_percentage`, `tax`, `net_amount`, `note`, `generated_by`, `created_at`) VALUES (417, '2024-11-30 17:04:00', 886, NULL, NULL, '', NULL, 'Reyan Jain (9011)', '', '365.00', '10.00', '36.50', NULL, '8.10', '336.60', '', 1, '2024-11-06 11:35:13');
INSERT INTO `pharmacy_bill_basic` (`id`, `date`, `patient_id`, `ipd_prescription_basic_id`, `case_reference_id`, `customer_name`, `customer_type`, `doctor_name`, `file`, `total`, `discount_percentage`, `discount`, `tax_percentage`, `tax`, `net_amount`, `note`, `generated_by`, `created_at`) VALUES (418, '2024-11-08 12:05:00', 1134, 347, 6801, '', NULL, 'Amit  Singh (9009)', '', '70.00', '0.00', '0.00', NULL, '3.50', '73.50', '', 1, '2024-11-07 06:36:01');
INSERT INTO `pharmacy_bill_basic` (`id`, `date`, `patient_id`, `ipd_prescription_basic_id`, `case_reference_id`, `customer_name`, `customer_type`, `doctor_name`, `file`, `total`, `discount_percentage`, `discount`, `tax_percentage`, `tax`, `net_amount`, `note`, `generated_by`, `created_at`) VALUES (419, '2024-11-12 12:27:00', 1134, 350, 6801, '', NULL, 'Reyan Jain (9011)', '', '275.00', '10.00', '27.50', NULL, '0.00', '247.50', '', 1, '2024-11-07 06:57:24');
INSERT INTO `pharmacy_bill_basic` (`id`, `date`, `patient_id`, `ipd_prescription_basic_id`, `case_reference_id`, `customer_name`, `customer_type`, `doctor_name`, `file`, `total`, `discount_percentage`, `discount`, `tax_percentage`, `tax`, `net_amount`, `note`, `generated_by`, `created_at`) VALUES (420, '2024-11-08 16:27:00', 1, NULL, NULL, '', NULL, 'Reyan Jain (9011)', '', '70.00', '0.00', '0.00', NULL, '3.50', '73.50', '', 1, '2024-11-07 10:57:26');
INSERT INTO `pharmacy_bill_basic` (`id`, `date`, `patient_id`, `ipd_prescription_basic_id`, `case_reference_id`, `customer_name`, `customer_type`, `doctor_name`, `file`, `total`, `discount_percentage`, `discount`, `tax_percentage`, `tax`, `net_amount`, `note`, `generated_by`, `created_at`) VALUES (421, '2024-12-01 17:56:00', 1134, 350, 6801, '', NULL, 'Reyan Jain (9011)', '', '200.00', '10.00', '20.00', NULL, '18.00', '198.00', '', 13, '2024-12-04 12:27:05');
INSERT INTO `pharmacy_bill_basic` (`id`, `date`, `patient_id`, `ipd_prescription_basic_id`, `case_reference_id`, `customer_name`, `customer_type`, `doctor_name`, `file`, `total`, `discount_percentage`, `discount`, `tax_percentage`, `tax`, `net_amount`, `note`, `generated_by`, `created_at`) VALUES (422, '2024-12-05 12:30:00', 1, 352, 115, '', NULL, 'Reyan Jain (9011)', '', '415.00', '10.00', '41.50', NULL, '6.30', '379.80', '', 13, '2024-12-04 12:27:33');
INSERT INTO `pharmacy_bill_basic` (`id`, `date`, `patient_id`, `ipd_prescription_basic_id`, `case_reference_id`, `customer_name`, `customer_type`, `doctor_name`, `file`, `total`, `discount_percentage`, `discount`, `tax_percentage`, `tax`, `net_amount`, `note`, `generated_by`, `created_at`) VALUES (423, '2024-12-10 17:57:00', 765, NULL, NULL, '', NULL, 'Reyan Jain (9011)', '', '555.00', '10.00', '55.50', NULL, '42.08', '541.58', '', 13, '2024-12-04 12:28:00');
INSERT INTO `pharmacy_bill_basic` (`id`, `date`, `patient_id`, `ipd_prescription_basic_id`, `case_reference_id`, `customer_name`, `customer_type`, `doctor_name`, `file`, `total`, `discount_percentage`, `discount`, `tax_percentage`, `tax`, `net_amount`, `note`, `generated_by`, `created_at`) VALUES (424, '2024-12-15 18:02:00', 843, 291, 6182, '', NULL, 'Amit  Singh (9009)', '', '225.00', '10.00', '22.50', NULL, '2.70', '205.20', '', 13, '2024-12-04 12:32:26');
INSERT INTO `pharmacy_bill_basic` (`id`, `date`, `patient_id`, `ipd_prescription_basic_id`, `case_reference_id`, `customer_name`, `customer_type`, `doctor_name`, `file`, `total`, `discount_percentage`, `discount`, `tax_percentage`, `tax`, `net_amount`, `note`, `generated_by`, `created_at`) VALUES (425, '2024-12-20 18:02:00', 1, 352, 115, '', NULL, 'Sansa Gomez (9008)', '', '260.00', '0.00', '0.00', NULL, '19.00', '279.00', '', 13, '2024-12-04 12:32:48');
INSERT INTO `pharmacy_bill_basic` (`id`, `date`, `patient_id`, `ipd_prescription_basic_id`, `case_reference_id`, `customer_name`, `customer_type`, `doctor_name`, `file`, `total`, `discount_percentage`, `discount`, `tax_percentage`, `tax`, `net_amount`, `note`, `generated_by`, `created_at`) VALUES (426, '2024-12-25 12:30:00', 1134, 350, 6801, '', NULL, 'Reyan Jain (9011)', '', '275.00', '0.00', '0.00', NULL, '0.00', '275.00', '', 1, '2024-12-04 12:33:24');
INSERT INTO `pharmacy_bill_basic` (`id`, `date`, `patient_id`, `ipd_prescription_basic_id`, `case_reference_id`, `customer_name`, `customer_type`, `doctor_name`, `file`, `total`, `discount_percentage`, `discount`, `tax_percentage`, `tax`, `net_amount`, `note`, `generated_by`, `created_at`) VALUES (427, '2024-12-30 12:30:00', 937, NULL, NULL, '', NULL, 'Reyan Jain (9011)', '', '316.00', '0.00', '0.00', NULL, '9.60', '325.60', '', 1, '2024-12-04 12:33:57');
INSERT INTO `pharmacy_bill_basic` (`id`, `date`, `patient_id`, `ipd_prescription_basic_id`, `case_reference_id`, `customer_name`, `customer_type`, `doctor_name`, `file`, `total`, `discount_percentage`, `discount`, `tax_percentage`, `tax`, `net_amount`, `note`, `generated_by`, `created_at`) VALUES (428, '2024-12-12 11:17:00', 1107, 355, 6849, '', NULL, 'Amit  Singh (9009)', '', '180.00', '10.00', '18.00', NULL, '3.15', '165.15', '', 1, '2024-12-06 05:47:29');
INSERT INTO `pharmacy_bill_basic` (`id`, `date`, `patient_id`, `ipd_prescription_basic_id`, `case_reference_id`, `customer_name`, `customer_type`, `doctor_name`, `file`, `total`, `discount_percentage`, `discount`, `tax_percentage`, `tax`, `net_amount`, `note`, `generated_by`, `created_at`) VALUES (429, '2024-12-16 11:50:00', 878, 356, 6859, '', NULL, 'Amit  Singh (9009)', '', '105.00', '0.00', '0.00', NULL, '5.25', '110.25', '', 1, '2024-12-06 06:20:29');
INSERT INTO `pharmacy_bill_basic` (`id`, `date`, `patient_id`, `ipd_prescription_basic_id`, `case_reference_id`, `customer_name`, `customer_type`, `doctor_name`, `file`, `total`, `discount_percentage`, `discount`, `tax_percentage`, `tax`, `net_amount`, `note`, `generated_by`, `created_at`) VALUES (430, '2024-12-18 13:16:00', 1, NULL, NULL, '', NULL, 'Reyan Jain (9011)', '', '165.00', '0.00', '0.00', NULL, '0.00', '165.00', '', 1, '2024-12-06 07:47:06');


#
# TABLE STRUCTURE FOR: pharmacy_bill_detail
#


CREATE TABLE `pharmacy_bill_detail` (
  `id` int NOT NULL AUTO_INCREMENT,
  `pharmacy_bill_basic_id` int DEFAULT NULL,
  `medicine_batch_detail_id` int DEFAULT NULL,
  `quantity` varchar(100) NOT NULL,
  `sale_price` float(10,2) NOT NULL,
  `amount` float(10,2) NOT NULL,
  `created_at` timestamp NOT NULL DEFAULT CURRENT_TIMESTAMP,
  PRIMARY KEY (`id`),
  KEY `pharmacy_bill_basic_id` (`pharmacy_bill_basic_id`),
  KEY `medicine_batch_detail_id` (`medicine_batch_detail_id`),
  KEY `index_quantity` (`quantity`),
  KEY `index_sale_price` (`sale_price`),
  KEY `index_amount` (`amount`),
  CONSTRAINT `pharmacy_bill_detail_ibfk_1` FOREIGN KEY (`pharmacy_bill_basic_id`) REFERENCES `pharmacy_bill_basic` (`id`) ON DELETE CASCADE,
  CONSTRAINT `pharmacy_bill_detail_ibfk_2` FOREIGN KEY (`medicine_batch_detail_id`) REFERENCES `medicine_batch_details` (`id`) ON DELETE CASCADE
) ENGINE=InnoDB AUTO_INCREMENT=532 DEFAULT CHARSET=utf8mb3;

INSERT INTO `pharmacy_bill_detail` (`id`, `pharmacy_bill_basic_id`, `medicine_batch_detail_id`, `quantity`, `sale_price`, `amount`, `created_at`) VALUES (370, 299, 110, '4', '55.00', '0.00', '2023-10-04 12:38:38');
INSERT INTO `pharmacy_bill_detail` (`id`, `pharmacy_bill_basic_id`, `medicine_batch_detail_id`, `quantity`, `sale_price`, `amount`, `created_at`) VALUES (383, 309, 110, '4', '55.00', '0.00', '2023-11-03 07:16:42');
INSERT INTO `pharmacy_bill_detail` (`id`, `pharmacy_bill_basic_id`, `medicine_batch_detail_id`, `quantity`, `sale_price`, `amount`, `created_at`) VALUES (439, 359, 110, '4', '55.00', '0.00', '2024-04-01 10:50:04');
INSERT INTO `pharmacy_bill_detail` (`id`, `pharmacy_bill_basic_id`, `medicine_batch_detail_id`, `quantity`, `sale_price`, `amount`, `created_at`) VALUES (447, 366, 140, '5', '35.00', '0.00', '2024-05-01 12:15:40');
INSERT INTO `pharmacy_bill_detail` (`id`, `pharmacy_bill_basic_id`, `medicine_batch_detail_id`, `quantity`, `sale_price`, `amount`, `created_at`) VALUES (468, 383, 144, '4', '15.00', '0.00', '2024-07-01 09:50:25');
INSERT INTO `pharmacy_bill_detail` (`id`, `pharmacy_bill_basic_id`, `medicine_batch_detail_id`, `quantity`, `sale_price`, `amount`, `created_at`) VALUES (469, 384, 104, '5', '50.00', '0.00', '2024-07-01 09:52:09');
INSERT INTO `pharmacy_bill_detail` (`id`, `pharmacy_bill_basic_id`, `medicine_batch_detail_id`, `quantity`, `sale_price`, `amount`, `created_at`) VALUES (471, 386, 128, '4', '65.00', '0.00', '2024-07-01 09:53:23');
INSERT INTO `pharmacy_bill_detail` (`id`, `pharmacy_bill_basic_id`, `medicine_batch_detail_id`, `quantity`, `sale_price`, `amount`, `created_at`) VALUES (477, 390, 140, '4', '35.00', '0.00', '2024-08-01 09:23:28');
INSERT INTO `pharmacy_bill_detail` (`id`, `pharmacy_bill_basic_id`, `medicine_batch_detail_id`, `quantity`, `sale_price`, `amount`, `created_at`) VALUES (481, 393, 141, '5', '55.00', '0.00', '2024-08-01 09:26:05');
INSERT INTO `pharmacy_bill_detail` (`id`, `pharmacy_bill_basic_id`, `medicine_batch_detail_id`, `quantity`, `sale_price`, `amount`, `created_at`) VALUES (483, 394, 151, '4', '42.00', '0.00', '2024-08-01 09:26:37');
INSERT INTO `pharmacy_bill_detail` (`id`, `pharmacy_bill_basic_id`, `medicine_batch_detail_id`, `quantity`, `sale_price`, `amount`, `created_at`) VALUES (489, 398, 141, '5', '55.00', '0.00', '2024-08-31 08:00:01');
INSERT INTO `pharmacy_bill_detail` (`id`, `pharmacy_bill_basic_id`, `medicine_batch_detail_id`, `quantity`, `sale_price`, `amount`, `created_at`) VALUES (493, 401, 141, '5', '55.00', '0.00', '2024-08-31 08:02:10');
INSERT INTO `pharmacy_bill_detail` (`id`, `pharmacy_bill_basic_id`, `medicine_batch_detail_id`, `quantity`, `sale_price`, `amount`, `created_at`) VALUES (495, 402, 141, '3', '55.00', '0.00', '2024-10-03 09:07:51');
INSERT INTO `pharmacy_bill_detail` (`id`, `pharmacy_bill_basic_id`, `medicine_batch_detail_id`, `quantity`, `sale_price`, `amount`, `created_at`) VALUES (496, 403, 141, '4', '55.00', '0.00', '2024-10-03 09:08:28');
INSERT INTO `pharmacy_bill_detail` (`id`, `pharmacy_bill_basic_id`, `medicine_batch_detail_id`, `quantity`, `sale_price`, `amount`, `created_at`) VALUES (497, 404, 141, '3', '55.00', '0.00', '2024-10-03 09:08:58');
INSERT INTO `pharmacy_bill_detail` (`id`, `pharmacy_bill_basic_id`, `medicine_batch_detail_id`, `quantity`, `sale_price`, `amount`, `created_at`) VALUES (504, 411, 141, '5', '55.00', '0.00', '2024-11-06 11:31:02');
INSERT INTO `pharmacy_bill_detail` (`id`, `pharmacy_bill_basic_id`, `medicine_batch_detail_id`, `quantity`, `sale_price`, `amount`, `created_at`) VALUES (505, 412, 140, '4', '35.00', '0.00', '2024-11-06 11:31:29');
INSERT INTO `pharmacy_bill_detail` (`id`, `pharmacy_bill_basic_id`, `medicine_batch_detail_id`, `quantity`, `sale_price`, `amount`, `created_at`) VALUES (506, 413, 141, '5', '55.00', '0.00', '2024-11-06 11:31:53');
INSERT INTO `pharmacy_bill_detail` (`id`, `pharmacy_bill_basic_id`, `medicine_batch_detail_id`, `quantity`, `sale_price`, `amount`, `created_at`) VALUES (507, 414, 152, '4', '40.00', '0.00', '2024-11-06 11:32:33');
INSERT INTO `pharmacy_bill_detail` (`id`, `pharmacy_bill_basic_id`, `medicine_batch_detail_id`, `quantity`, `sale_price`, `amount`, `created_at`) VALUES (508, 415, 140, '5', '35.00', '0.00', '2024-11-06 11:33:54');
INSERT INTO `pharmacy_bill_detail` (`id`, `pharmacy_bill_basic_id`, `medicine_batch_detail_id`, `quantity`, `sale_price`, `amount`, `created_at`) VALUES (509, 416, 142, '5', '15.00', '0.00', '2024-11-06 11:34:31');
INSERT INTO `pharmacy_bill_detail` (`id`, `pharmacy_bill_basic_id`, `medicine_batch_detail_id`, `quantity`, `sale_price`, `amount`, `created_at`) VALUES (510, 417, 141, '5', '55.00', '0.00', '2024-11-06 11:35:13');
INSERT INTO `pharmacy_bill_detail` (`id`, `pharmacy_bill_basic_id`, `medicine_batch_detail_id`, `quantity`, `sale_price`, `amount`, `created_at`) VALUES (512, 418, 140, '2', '35.00', '0.00', '2024-11-07 06:36:01');
INSERT INTO `pharmacy_bill_detail` (`id`, `pharmacy_bill_basic_id`, `medicine_batch_detail_id`, `quantity`, `sale_price`, `amount`, `created_at`) VALUES (513, 419, 141, '5', '55.00', '0.00', '2024-11-07 06:57:24');
INSERT INTO `pharmacy_bill_detail` (`id`, `pharmacy_bill_basic_id`, `medicine_batch_detail_id`, `quantity`, `sale_price`, `amount`, `created_at`) VALUES (514, 420, 140, '2', '35.00', '0.00', '2024-11-07 10:57:26');
INSERT INTO `pharmacy_bill_detail` (`id`, `pharmacy_bill_basic_id`, `medicine_batch_detail_id`, `quantity`, `sale_price`, `amount`, `created_at`) VALUES (515, 421, 152, '5', '40.00', '0.00', '2024-12-04 12:27:05');
INSERT INTO `pharmacy_bill_detail` (`id`, `pharmacy_bill_basic_id`, `medicine_batch_detail_id`, `quantity`, `sale_price`, `amount`, `created_at`) VALUES (516, 422, 141, '5', '55.00', '0.00', '2024-12-04 12:27:33');
INSERT INTO `pharmacy_bill_detail` (`id`, `pharmacy_bill_basic_id`, `medicine_batch_detail_id`, `quantity`, `sale_price`, `amount`, `created_at`) VALUES (517, 422, 140, '4', '35.00', '0.00', '2024-12-04 12:27:33');
INSERT INTO `pharmacy_bill_detail` (`id`, `pharmacy_bill_basic_id`, `medicine_batch_detail_id`, `quantity`, `sale_price`, `amount`, `created_at`) VALUES (518, 423, 140, '5', '35.00', '0.00', '2024-12-04 12:28:00');
INSERT INTO `pharmacy_bill_detail` (`id`, `pharmacy_bill_basic_id`, `medicine_batch_detail_id`, `quantity`, `sale_price`, `amount`, `created_at`) VALUES (519, 423, 128, '4', '65.00', '0.00', '2024-12-04 12:28:00');
INSERT INTO `pharmacy_bill_detail` (`id`, `pharmacy_bill_basic_id`, `medicine_batch_detail_id`, `quantity`, `sale_price`, `amount`, `created_at`) VALUES (520, 423, 152, '3', '40.00', '0.00', '2024-12-04 12:28:00');
INSERT INTO `pharmacy_bill_detail` (`id`, `pharmacy_bill_basic_id`, `medicine_batch_detail_id`, `quantity`, `sale_price`, `amount`, `created_at`) VALUES (521, 424, 141, '3', '55.00', '0.00', '2024-12-04 12:32:26');
INSERT INTO `pharmacy_bill_detail` (`id`, `pharmacy_bill_basic_id`, `medicine_batch_detail_id`, `quantity`, `sale_price`, `amount`, `created_at`) VALUES (522, 424, 142, '4', '15.00', '0.00', '2024-12-04 12:32:26');
INSERT INTO `pharmacy_bill_detail` (`id`, `pharmacy_bill_basic_id`, `medicine_batch_detail_id`, `quantity`, `sale_price`, `amount`, `created_at`) VALUES (523, 425, 152, '3', '40.00', '0.00', '2024-12-04 12:32:48');
INSERT INTO `pharmacy_bill_detail` (`id`, `pharmacy_bill_basic_id`, `medicine_batch_detail_id`, `quantity`, `sale_price`, `amount`, `created_at`) VALUES (524, 425, 140, '4', '35.00', '0.00', '2024-12-04 12:32:48');
INSERT INTO `pharmacy_bill_detail` (`id`, `pharmacy_bill_basic_id`, `medicine_batch_detail_id`, `quantity`, `sale_price`, `amount`, `created_at`) VALUES (525, 426, 141, '5', '55.00', '0.00', '2024-12-04 12:33:24');
INSERT INTO `pharmacy_bill_detail` (`id`, `pharmacy_bill_basic_id`, `medicine_batch_detail_id`, `quantity`, `sale_price`, `amount`, `created_at`) VALUES (526, 427, 141, '4', '55.00', '0.00', '2024-12-04 12:33:57');
INSERT INTO `pharmacy_bill_detail` (`id`, `pharmacy_bill_basic_id`, `medicine_batch_detail_id`, `quantity`, `sale_price`, `amount`, `created_at`) VALUES (527, 427, 158, '3', '32.00', '0.00', '2024-12-04 12:33:57');
INSERT INTO `pharmacy_bill_detail` (`id`, `pharmacy_bill_basic_id`, `medicine_batch_detail_id`, `quantity`, `sale_price`, `amount`, `created_at`) VALUES (528, 428, 140, '2', '35.00', '0.00', '2024-12-06 05:47:29');
INSERT INTO `pharmacy_bill_detail` (`id`, `pharmacy_bill_basic_id`, `medicine_batch_detail_id`, `quantity`, `sale_price`, `amount`, `created_at`) VALUES (529, 428, 141, '2', '55.00', '0.00', '2024-12-06 05:47:29');
INSERT INTO `pharmacy_bill_detail` (`id`, `pharmacy_bill_basic_id`, `medicine_batch_detail_id`, `quantity`, `sale_price`, `amount`, `created_at`) VALUES (530, 429, 140, '3', '35.00', '0.00', '2024-12-06 06:20:29');
INSERT INTO `pharmacy_bill_detail` (`id`, `pharmacy_bill_basic_id`, `medicine_batch_detail_id`, `quantity`, `sale_price`, `amount`, `created_at`) VALUES (531, 430, 141, '3', '55.00', '0.00', '2024-12-06 07:47:06');


#
# TABLE STRUCTURE FOR: pharmacy_company
#


CREATE TABLE `pharmacy_company` (
  `id` int NOT NULL AUTO_INCREMENT,
  `company_name` varchar(255) NOT NULL,
  `created_at` timestamp NOT NULL DEFAULT CURRENT_TIMESTAMP,
  PRIMARY KEY (`id`),
  KEY `index_company_name` (`company_name`)
) ENGINE=InnoDB AUTO_INCREMENT=6 DEFAULT CHARSET=utf8mb3;

INSERT INTO `pharmacy_company` (`id`, `company_name`, `created_at`) VALUES (1, 'Johnson & Johnson', '2024-08-28 08:16:20');
INSERT INTO `pharmacy_company` (`id`, `company_name`, `created_at`) VALUES (2, 'Alkem Laboratories', '2024-08-28 08:16:20');
INSERT INTO `pharmacy_company` (`id`, `company_name`, `created_at`) VALUES (3, 'Biocon Limited.', '2024-08-28 08:16:20');
INSERT INTO `pharmacy_company` (`id`, `company_name`, `created_at`) VALUES (4, 'Lupin Limited.', '2024-08-28 08:16:20');
INSERT INTO `pharmacy_company` (`id`, `company_name`, `created_at`) VALUES (5, 'medimax', '2024-08-28 08:16:20');


#
# TABLE STRUCTURE FOR: postnatal_examine
#


CREATE TABLE `postnatal_examine` (
  `id` int NOT NULL AUTO_INCREMENT,
  `patient_id` int NOT NULL,
  `labor_time` datetime NOT NULL,
  `delivery_time` datetime NOT NULL,
  `routine_question` text CHARACTER SET utf8mb3 COLLATE utf8mb3_general_ci NOT NULL,
  `general_remark` text CHARACTER SET utf8mb3 COLLATE utf8mb3_general_ci NOT NULL,
  PRIMARY KEY (`id`),
  KEY `patient_id` (`patient_id`),
  KEY `index_labor_time` (`labor_time`),
  KEY `index_delivery_time` (`delivery_time`),
  CONSTRAINT `postnatal_examine_ibfk_1` FOREIGN KEY (`patient_id`) REFERENCES `patients` (`id`) ON DELETE CASCADE
) ENGINE=InnoDB AUTO_INCREMENT=2 DEFAULT CHARSET=utf8mb3;

INSERT INTO `postnatal_examine` (`id`, `patient_id`, `labor_time`, `delivery_time`, `routine_question`, `general_remark`) VALUES (1, 1121, '2024-10-04 16:48:00', '2024-12-27 16:48:00', 'NA', 'General Remark');


#
# TABLE STRUCTURE FOR: prefixes
#


CREATE TABLE `prefixes` (
  `id` int NOT NULL AUTO_INCREMENT,
  `type` varchar(100) DEFAULT NULL,
  `prefix` varchar(20) DEFAULT NULL,
  `created_at` timestamp NOT NULL DEFAULT CURRENT_TIMESTAMP ON UPDATE CURRENT_TIMESTAMP,
  PRIMARY KEY (`id`),
  KEY `index_type` (`type`),
  KEY `index_prefix` (`prefix`)
) ENGINE=InnoDB AUTO_INCREMENT=17 DEFAULT CHARSET=utf8mb3;

INSERT INTO `prefixes` (`id`, `type`, `prefix`, `created_at`) VALUES (1, 'ipd_no', 'IPDN', '2021-06-30 23:10:23');
INSERT INTO `prefixes` (`id`, `type`, `prefix`, `created_at`) VALUES (2, 'opd_no', 'OPDN', '2021-02-22 19:08:01');
INSERT INTO `prefixes` (`id`, `type`, `prefix`, `created_at`) VALUES (3, 'ipd_prescription', 'IPDP', '2021-02-13 00:12:07');
INSERT INTO `prefixes` (`id`, `type`, `prefix`, `created_at`) VALUES (4, 'opd_prescription', 'OPDP', '2021-02-13 00:12:17');
INSERT INTO `prefixes` (`id`, `type`, `prefix`, `created_at`) VALUES (5, 'appointment', 'APPNO', '2021-02-13 00:12:40');
INSERT INTO `prefixes` (`id`, `type`, `prefix`, `created_at`) VALUES (6, 'pharmacy_billing', 'PHARMAB', '2021-02-25 21:56:34');
INSERT INTO `prefixes` (`id`, `type`, `prefix`, `created_at`) VALUES (7, 'operation_theater_reference_no', 'OTREF', '2021-07-23 00:26:27');
INSERT INTO `prefixes` (`id`, `type`, `prefix`, `created_at`) VALUES (8, 'blood_bank_billing', 'BIB', '2021-02-25 22:03:53');
INSERT INTO `prefixes` (`id`, `type`, `prefix`, `created_at`) VALUES (9, 'ambulance_call_billing', 'ACB', '2021-02-25 22:03:53');
INSERT INTO `prefixes` (`id`, `type`, `prefix`, `created_at`) VALUES (10, 'radiology_billing', 'RADIOB', '2021-02-25 22:09:09');
INSERT INTO `prefixes` (`id`, `type`, `prefix`, `created_at`) VALUES (11, 'pathology_billing', 'PATHOB', '2021-02-25 22:08:25');
INSERT INTO `prefixes` (`id`, `type`, `prefix`, `created_at`) VALUES (12, 'checkup_id', 'CHKID', '2021-03-26 23:47:22');
INSERT INTO `prefixes` (`id`, `type`, `prefix`, `created_at`) VALUES (13, 'purchase_no', 'PCHNO', '2021-07-07 00:31:11');
INSERT INTO `prefixes` (`id`, `type`, `prefix`, `created_at`) VALUES (14, 'transaction_id', 'TRANID', '2021-08-09 19:20:11');
INSERT INTO `prefixes` (`id`, `type`, `prefix`, `created_at`) VALUES (15, 'birth_record_reference_no', 'BREF', '2021-07-22 02:46:10');
INSERT INTO `prefixes` (`id`, `type`, `prefix`, `created_at`) VALUES (16, 'death_record_reference_no', 'DREF', '2021-07-22 02:46:16');


#
# TABLE STRUCTURE FOR: primary_examine
#


CREATE TABLE `primary_examine` (
  `id` int NOT NULL AUTO_INCREMENT,
  `ipdid` int DEFAULT NULL,
  `visit_details_id` int DEFAULT NULL,
  `bleeding` varchar(250) DEFAULT NULL,
  `headache` varchar(250) DEFAULT NULL,
  `pain` varchar(250) DEFAULT NULL,
  `constipation` varchar(250) DEFAULT NULL,
  `urinary_symptoms` varchar(250) NOT NULL,
  `vomiting` varchar(250) DEFAULT NULL,
  `cough` varchar(250) DEFAULT NULL,
  `vaginal` varchar(250) DEFAULT NULL,
  `discharge` varchar(250) DEFAULT NULL,
  `oedema` varchar(250) DEFAULT NULL,
  `haemoroids` varchar(250) DEFAULT NULL,
  `weight` varchar(250) NOT NULL,
  `height` varchar(11) NOT NULL,
  `date` datetime DEFAULT NULL,
  `general_condition` text NOT NULL,
  `finding_remark` varchar(250) NOT NULL,
  `pelvic_examination` text NOT NULL,
  `sp` text NOT NULL,
  PRIMARY KEY (`id`),
  KEY `visit_details_id` (`visit_details_id`),
  KEY `ipdid` (`ipdid`),
  KEY `index_bleeding` (`bleeding`),
  KEY `index_headache` (`headache`),
  KEY `index_pain` (`pain`),
  KEY `index_constipation` (`constipation`),
  KEY `index_urinary_symptoms` (`urinary_symptoms`),
  KEY `index_vomiting` (`vomiting`),
  KEY `index_cough` (`cough`),
  KEY `index_vaginal` (`vaginal`),
  KEY `index_discharge` (`discharge`),
  KEY `index_oedema` (`oedema`),
  KEY `index_haemoroids` (`haemoroids`),
  KEY `index_weight` (`weight`),
  KEY `index_height` (`height`),
  KEY `index_date` (`date`),
  CONSTRAINT `primary_examine_ibfk_1` FOREIGN KEY (`visit_details_id`) REFERENCES `visit_details` (`id`) ON DELETE CASCADE,
  CONSTRAINT `primary_examine_ibfk_2` FOREIGN KEY (`ipdid`) REFERENCES `ipd_details` (`id`) ON DELETE CASCADE
) ENGINE=InnoDB AUTO_INCREMENT=4 DEFAULT CHARSET=utf8mb3;

INSERT INTO `primary_examine` (`id`, `ipdid`, `visit_details_id`, `bleeding`, `headache`, `pain`, `constipation`, `urinary_symptoms`, `vomiting`, `cough`, `vaginal`, `discharge`, `oedema`, `haemoroids`, `weight`, `height`, `date`, `general_condition`, `finding_remark`, `pelvic_examination`, `sp`) VALUES (1, NULL, 6593, '', '', '', '', '', '', '', '', '', '', '', '', '', '2024-08-28 13:02:00', '', '', '', '');
INSERT INTO `primary_examine` (`id`, `ipdid`, `visit_details_id`, `bleeding`, `headache`, `pain`, `constipation`, `urinary_symptoms`, `vomiting`, `cough`, `vaginal`, `discharge`, `oedema`, `haemoroids`, `weight`, `height`, `date`, `general_condition`, `finding_remark`, `pelvic_examination`, `sp`) VALUES (2, 99, NULL, 'Bleeding', 'Bleeding', 'Bleeding', 'Bleeding', 'Bleeding', 'Bleeding', 'Bleeding', 'Bleeding', 'Bleeding', 'Bleeding', 'Bleeding', '70kg', '6\'5', '2024-08-30 13:33:00', 'Special Findings And Remark', 'Special Findings And Remark', 'Special Findings And Remark', 'Special Findings And Remark');
INSERT INTO `primary_examine` (`id`, `ipdid`, `visit_details_id`, `bleeding`, `headache`, `pain`, `constipation`, `urinary_symptoms`, `vomiting`, `cough`, `vaginal`, `discharge`, `oedema`, `haemoroids`, `weight`, `height`, `date`, `general_condition`, `finding_remark`, `pelvic_examination`, `sp`) VALUES (3, 100, NULL, 'NA', 'NA', 'NA', 'Drink plenty of water ', 'Frequent urination', 'YES', 'YES', 'NA', 'NO', 'NA', 'NA', '88kg', '5\'6', '2024-10-12 16:53:00', 'Normal', 'derogatory remark', 'NA', 'NA');


#
# TABLE STRUCTURE FOR: print_setting
#


CREATE TABLE `print_setting` (
  `id` int NOT NULL AUTO_INCREMENT,
  `print_header` text CHARACTER SET utf8mb3 COLLATE utf8mb3_general_ci NOT NULL,
  `print_footer` text CHARACTER SET utf8mb3 COLLATE utf8mb3_general_ci NOT NULL,
  `setting_for` varchar(200) NOT NULL,
  `is_active` varchar(50) NOT NULL,
  `created_at` timestamp NOT NULL DEFAULT CURRENT_TIMESTAMP,
  PRIMARY KEY (`id`)
) ENGINE=InnoDB AUTO_INCREMENT=21 DEFAULT CHARSET=utf8mb3;

INSERT INTO `print_setting` (`id`, `print_header`, `print_footer`, `setting_for`, `is_active`, `created_at`) VALUES (1, 'uploads/printing/1.jpg', 'This invoice is printed electronically, so no signature is required', 'opdpre', 'yes', '2021-09-25 06:44:20');
INSERT INTO `print_setting` (`id`, `print_header`, `print_footer`, `setting_for`, `is_active`, `created_at`) VALUES (2, 'uploads/printing/2.jpg', 'This invoice is printed electronically, so no signature is required', 'opd', 'yes', '2021-09-25 06:44:20');
INSERT INTO `print_setting` (`id`, `print_header`, `print_footer`, `setting_for`, `is_active`, `created_at`) VALUES (3, 'uploads/printing/3.jpg', 'This invoice is printed electronically, so no signature is required', 'ipdpres', 'yes', '2021-09-25 06:44:20');
INSERT INTO `print_setting` (`id`, `print_header`, `print_footer`, `setting_for`, `is_active`, `created_at`) VALUES (4, 'uploads/printing/4.jpg', 'This invoice is printed electronically, so no signature is required', 'ipd', 'yes', '2021-09-25 06:44:20');
INSERT INTO `print_setting` (`id`, `print_header`, `print_footer`, `setting_for`, `is_active`, `created_at`) VALUES (5, 'uploads/printing/5.jpg', 'This invoice is printed electronically, so no signature is required', 'bill', 'yes', '2021-09-25 06:44:20');
INSERT INTO `print_setting` (`id`, `print_header`, `print_footer`, `setting_for`, `is_active`, `created_at`) VALUES (6, 'uploads/printing/6.jpg', 'This invoice is printed electronically, so no signature is required', 'pharmacy', 'yes', '2021-09-25 06:44:20');
INSERT INTO `print_setting` (`id`, `print_header`, `print_footer`, `setting_for`, `is_active`, `created_at`) VALUES (7, 'uploads/printing/7.jpg', 'This invoice is printed electronically, so no signature is required', 'payslip', 'yes', '2021-09-25 06:44:20');
INSERT INTO `print_setting` (`id`, `print_header`, `print_footer`, `setting_for`, `is_active`, `created_at`) VALUES (8, 'uploads/printing/8.jpg', 'This invoice is printed electronically, so no signature is required', 'paymentreceipt', 'yes', '2021-09-25 06:44:20');
INSERT INTO `print_setting` (`id`, `print_header`, `print_footer`, `setting_for`, `is_active`, `created_at`) VALUES (9, 'uploads/printing/9.jpg', 'This invoice is printed electronically, so no signature is required', 'birth', 'yes', '2021-09-25 06:44:20');
INSERT INTO `print_setting` (`id`, `print_header`, `print_footer`, `setting_for`, `is_active`, `created_at`) VALUES (10, 'uploads/printing/10.jpg', 'This invoice is printed electronically, so no signature is required', 'death', 'yes', '2021-09-25 06:44:20');
INSERT INTO `print_setting` (`id`, `print_header`, `print_footer`, `setting_for`, `is_active`, `created_at`) VALUES (11, 'uploads/printing/11.jpg', 'This invoice is printed electronically, so no signature is required', 'pathology', 'yes', '2021-09-25 06:44:20');
INSERT INTO `print_setting` (`id`, `print_header`, `print_footer`, `setting_for`, `is_active`, `created_at`) VALUES (12, 'uploads/printing/12.jpg', 'This invoice is printed electronically, so no signature is required', 'radiology', 'yes', '2021-09-25 06:44:20');
INSERT INTO `print_setting` (`id`, `print_header`, `print_footer`, `setting_for`, `is_active`, `created_at`) VALUES (13, 'uploads/printing/13.jpg', 'This invoice is printed electronically, so no signature is required', 'ot', 'yes', '2021-09-25 06:44:20');
INSERT INTO `print_setting` (`id`, `print_header`, `print_footer`, `setting_for`, `is_active`, `created_at`) VALUES (14, 'uploads/printing/14.jpg', 'This invoice is printed electronically, so no signature is required', 'bloodbank', 'yes', '2021-09-25 06:44:20');
INSERT INTO `print_setting` (`id`, `print_header`, `print_footer`, `setting_for`, `is_active`, `created_at`) VALUES (15, 'uploads/printing/15.jpg', 'This invoice is printed electronically, so no signature is required', 'ambulance', 'yes', '2021-09-25 06:44:20');
INSERT INTO `print_setting` (`id`, `print_header`, `print_footer`, `setting_for`, `is_active`, `created_at`) VALUES (16, 'uploads/printing/16.jpg', 'This invoice is printed electronically, so no signature is required', 'discharge_card', 'yes', '2021-09-25 06:44:20');
INSERT INTO `print_setting` (`id`, `print_header`, `print_footer`, `setting_for`, `is_active`, `created_at`) VALUES (17, 'uploads/printing/17.jpg', '<p>\r\n\r\nThis invoice is printed electronically, so no signature is required\r\n\r\n<br></p>', 'obstetric_history', 'yes', '2021-09-25 06:44:20');
INSERT INTO `print_setting` (`id`, `print_header`, `print_footer`, `setting_for`, `is_active`, `created_at`) VALUES (18, 'uploads/printing/18.jpg', '<p>\r\n\r\nThis invoice is printed electronically, so no signature is required.<br></p>', 'opd_antenatal_finding', 'yes', '2021-09-25 06:44:20');
INSERT INTO `print_setting` (`id`, `print_header`, `print_footer`, `setting_for`, `is_active`, `created_at`) VALUES (19, 'uploads/printing/19.jpg', '<p>\r\n\r\nThis invoice is printed electronically, so no signature is required\r\n\r\n<br></p>', 'ipd_antenatal_finding', 'yes', '2021-09-25 06:44:20');
INSERT INTO `print_setting` (`id`, `print_header`, `print_footer`, `setting_for`, `is_active`, `created_at`) VALUES (20, 'uploads/printing/20.jpg', '', 'appointment', 'yes', '2021-09-25 06:44:20');


#
# TABLE STRUCTURE FOR: radio
#


CREATE TABLE `radio` (
  `id` int NOT NULL AUTO_INCREMENT,
  `test_name` varchar(255) CHARACTER SET utf8mb3 COLLATE utf8mb3_general_ci DEFAULT NULL,
  `short_name` varchar(100) DEFAULT NULL,
  `test_type` varchar(100) DEFAULT NULL,
  `radiology_category_id` int DEFAULT NULL,
  `sub_category` varchar(50) NOT NULL,
  `report_days` varchar(50) NOT NULL,
  `charge_id` int DEFAULT NULL,
  `created_at` timestamp NOT NULL DEFAULT CURRENT_TIMESTAMP,
  PRIMARY KEY (`id`),
  KEY `charge_id` (`charge_id`),
  KEY `index_test_name` (`test_name`),
  KEY `index_short_name` (`short_name`),
  KEY `index_test_type` (`test_type`),
  CONSTRAINT `radio_ibfk_1` FOREIGN KEY (`charge_id`) REFERENCES `charges` (`id`) ON DELETE CASCADE
) ENGINE=InnoDB AUTO_INCREMENT=6 DEFAULT CHARSET=utf8mb3;

INSERT INTO `radio` (`id`, `test_name`, `short_name`, `test_type`, `radiology_category_id`, `sub_category`, `report_days`, `charge_id`, `created_at`) VALUES (1, 'Abdomen X-rays', ' AX', ' AX', 1, '', '1', 16, '2021-10-25 11:50:39');
INSERT INTO `radio` (`id`, `test_name`, `short_name`, `test_type`, `radiology_category_id`, `sub_category`, `report_days`, `charge_id`, `created_at`) VALUES (2, 'Cardiopulmonary Exercise Test', 'CPET', 'CPET', 3, '', '2', 16, '2021-10-25 11:52:09');
INSERT INTO `radio` (`id`, `test_name`, `short_name`, `test_type`, `radiology_category_id`, `sub_category`, `report_days`, `charge_id`, `created_at`) VALUES (3, 'Functional MRI (RI)', 'FMRI', 'FMRI', 3, '', '1', 16, '2021-10-25 11:52:51');
INSERT INTO `radio` (`id`, `test_name`, `short_name`, `test_type`, `radiology_category_id`, `sub_category`, `report_days`, `charge_id`, `created_at`) VALUES (4, 'Magnetic resonance imaging ', 'MR	', 'Computed Tomography	', 1, 'Computed tomography	', '2', 16, '2021-10-25 11:53:35');
INSERT INTO `radio` (`id`, `test_name`, `short_name`, `test_type`, `radiology_category_id`, `sub_category`, `report_days`, `charge_id`, `created_at`) VALUES (5, 'Resting 12-lead EKG', 'RLE', 'RLE', 3, 'RLE / lead EKG', '1', 16, '2021-10-25 11:53:59');


#
# TABLE STRUCTURE FOR: radiology_billing
#


CREATE TABLE `radiology_billing` (
  `id` int NOT NULL AUTO_INCREMENT,
  `patient_id` int DEFAULT NULL,
  `case_reference_id` int DEFAULT NULL,
  `ipd_prescription_basic_id` int DEFAULT NULL,
  `doctor_id` int DEFAULT NULL,
  `date` datetime DEFAULT NULL,
  `doctor_name` varchar(100) NOT NULL,
  `total` float(10,2) NOT NULL,
  `discount_percentage` float(10,2) NOT NULL,
  `discount` float(10,2) NOT NULL,
  `tax_percentage` float(10,2) NOT NULL,
  `tax` float(10,2) NOT NULL,
  `net_amount` float(10,2) NOT NULL,
  `transaction_id` int DEFAULT NULL,
  `note` text,
  `organisation_id` int DEFAULT NULL,
  `insurance_validity` date DEFAULT NULL,
  `insurance_id` varchar(250) DEFAULT NULL,
  `generated_by` int DEFAULT NULL,
  `created_at` timestamp NOT NULL DEFAULT CURRENT_TIMESTAMP ON UPDATE CURRENT_TIMESTAMP,
  `updated_at` datetime DEFAULT NULL,
  PRIMARY KEY (`id`),
  KEY `patient_id` (`patient_id`),
  KEY `case_reference_id` (`case_reference_id`),
  KEY `doctor_id` (`doctor_id`),
  KEY `transaction_id` (`transaction_id`),
  KEY `generated_by` (`generated_by`),
  KEY `ipd_prescription_basic_id` (`ipd_prescription_basic_id`),
  KEY `index_date` (`date`),
  KEY `index_doctor_name` (`doctor_name`),
  KEY `index_total` (`total`),
  KEY `index_discount_percentage` (`discount_percentage`),
  KEY `index_discount` (`discount`),
  KEY `index_tax_percentage` (`tax_percentage`),
  KEY `index_tax` (`tax`),
  KEY `index_net_amount` (`net_amount`),
  KEY `index_transaction_id` (`transaction_id`),
  KEY `index_organisation_id` (`organisation_id`),
  KEY `index_insurance_validity` (`insurance_validity`),
  KEY `index_insurance_id` (`insurance_id`),
  CONSTRAINT `radiology_billing_ibfk_1` FOREIGN KEY (`patient_id`) REFERENCES `patients` (`id`) ON DELETE CASCADE,
  CONSTRAINT `radiology_billing_ibfk_2` FOREIGN KEY (`case_reference_id`) REFERENCES `case_references` (`id`) ON DELETE CASCADE,
  CONSTRAINT `radiology_billing_ibfk_3` FOREIGN KEY (`doctor_id`) REFERENCES `staff` (`id`) ON DELETE CASCADE,
  CONSTRAINT `radiology_billing_ibfk_4` FOREIGN KEY (`generated_by`) REFERENCES `staff` (`id`) ON DELETE CASCADE,
  CONSTRAINT `radiology_billing_ibfk_5` FOREIGN KEY (`transaction_id`) REFERENCES `transactions` (`id`) ON DELETE SET NULL,
  CONSTRAINT `radiology_billing_ibfk_6` FOREIGN KEY (`ipd_prescription_basic_id`) REFERENCES `ipd_prescription_basic` (`id`) ON DELETE CASCADE,
  CONSTRAINT `radiology_billing_ibfk_7` FOREIGN KEY (`organisation_id`) REFERENCES `organisation` (`id`) ON DELETE CASCADE
) ENGINE=InnoDB AUTO_INCREMENT=436 DEFAULT CHARSET=utf8mb3;

INSERT INTO `radiology_billing` (`id`, `patient_id`, `case_reference_id`, `ipd_prescription_basic_id`, `doctor_id`, `date`, `doctor_name`, `total`, `discount_percentage`, `discount`, `tax_percentage`, `tax`, `net_amount`, `transaction_id`, `note`, `organisation_id`, `insurance_validity`, `insurance_id`, `generated_by`, `created_at`, `updated_at`) VALUES (293, 578, 2541, 172, 4, '2023-09-10 13:30:00', 'Sansa Gomez (9008)', '160.00', '0.00', '0.00', '0.00', '32.00', '192.00', NULL, '', NULL, NULL, NULL, 6, '2023-09-04 05:41:58', NULL);
INSERT INTO `radiology_billing` (`id`, `patient_id`, `case_reference_id`, `ipd_prescription_basic_id`, `doctor_id`, `date`, `doctor_name`, `total`, `discount_percentage`, `discount`, `tax_percentage`, `tax`, `net_amount`, `transaction_id`, `note`, `organisation_id`, `insurance_validity`, `insurance_id`, `generated_by`, `created_at`, `updated_at`) VALUES (299, 868, 4723, 245, 11, '2023-09-21 12:39:00', 'Amit  Singh (9009)', '160.00', '0.00', '0.00', '0.00', '32.00', '192.00', NULL, '', NULL, NULL, NULL, 1, '2023-09-04 07:09:22', NULL);
INSERT INTO `radiology_billing` (`id`, `patient_id`, `case_reference_id`, `ipd_prescription_basic_id`, `doctor_id`, `date`, `doctor_name`, `total`, `discount_percentage`, `discount`, `tax_percentage`, `tax`, `net_amount`, `transaction_id`, `note`, `organisation_id`, `insurance_validity`, `insurance_id`, `generated_by`, `created_at`, `updated_at`) VALUES (300, 872, 4743, 247, 12, '2023-09-28 12:58:00', 'Reyan Jain (9011)', '160.00', '0.00', '0.00', '0.00', '32.00', '192.00', NULL, '', NULL, NULL, NULL, 1, '2023-09-04 07:28:48', NULL);
INSERT INTO `radiology_billing` (`id`, `patient_id`, `case_reference_id`, `ipd_prescription_basic_id`, `doctor_id`, `date`, `doctor_name`, `total`, `discount_percentage`, `discount`, `tax_percentage`, `tax`, `net_amount`, `transaction_id`, `note`, `organisation_id`, `insurance_validity`, `insurance_id`, `generated_by`, `created_at`, `updated_at`) VALUES (308, 628, 2869, 184, 12, '2023-10-31 17:57:00', 'Reyan Jain (9011)', '160.00', '0.00', '0.00', '0.00', '32.00', '192.00', NULL, '', NULL, NULL, NULL, 1, '2023-10-04 12:28:12', NULL);
INSERT INTO `radiology_billing` (`id`, `patient_id`, `case_reference_id`, `ipd_prescription_basic_id`, `doctor_id`, `date`, `doctor_name`, `total`, `discount_percentage`, `discount`, `tax_percentage`, `tax`, `net_amount`, `transaction_id`, `note`, `organisation_id`, `insurance_validity`, `insurance_id`, `generated_by`, `created_at`, `updated_at`) VALUES (309, 886, 4896, 254, 4, '2023-10-05 10:22:00', 'Sansa Gomez (9008)', '160.00', '0.00', '0.00', '0.00', '32.00', '192.00', NULL, '', NULL, NULL, NULL, 1, '2023-10-05 04:53:01', NULL);
INSERT INTO `radiology_billing` (`id`, `patient_id`, `case_reference_id`, `ipd_prescription_basic_id`, `doctor_id`, `date`, `doctor_name`, `total`, `discount_percentage`, `discount`, `tax_percentage`, `tax`, `net_amount`, `transaction_id`, `note`, `organisation_id`, `insurance_validity`, `insurance_id`, `generated_by`, `created_at`, `updated_at`) VALUES (310, 896, 4991, 257, 12, '2023-10-26 12:40:00', 'Reyan Jain (9011)', '160.00', '0.00', '0.00', '0.00', '32.00', '192.00', NULL, '', NULL, NULL, NULL, 1, '2023-10-05 07:11:09', NULL);
INSERT INTO `radiology_billing` (`id`, `patient_id`, `case_reference_id`, `ipd_prescription_basic_id`, `doctor_id`, `date`, `doctor_name`, `total`, `discount_percentage`, `discount`, `tax_percentage`, `tax`, `net_amount`, `transaction_id`, `note`, `organisation_id`, `insurance_validity`, `insurance_id`, `generated_by`, `created_at`, `updated_at`) VALUES (311, 830, 4479, 242, 12, '2023-11-01 12:02:00', 'Reyan Jain (9011)', '160.00', '0.00', '0.00', '0.00', '32.00', '192.00', NULL, '', NULL, NULL, NULL, 1, '2023-11-03 06:40:54', NULL);
INSERT INTO `radiology_billing` (`id`, `patient_id`, `case_reference_id`, `ipd_prescription_basic_id`, `doctor_id`, `date`, `doctor_name`, `total`, `discount_percentage`, `discount`, `tax_percentage`, `tax`, `net_amount`, `transaction_id`, `note`, `organisation_id`, `insurance_validity`, `insurance_id`, `generated_by`, `created_at`, `updated_at`) VALUES (314, 509, NULL, NULL, 11, '2023-11-15 12:29:00', 'Amit  Singh (9009)', '160.00', '0.00', '0.00', '0.00', '32.00', '192.00', NULL, '', NULL, NULL, NULL, 1, '2023-11-03 07:01:09', NULL);
INSERT INTO `radiology_billing` (`id`, `patient_id`, `case_reference_id`, `ipd_prescription_basic_id`, `doctor_id`, `date`, `doctor_name`, `total`, `discount_percentage`, `discount`, `tax_percentage`, `tax`, `net_amount`, `transaction_id`, `note`, `organisation_id`, `insurance_validity`, `insurance_id`, `generated_by`, `created_at`, `updated_at`) VALUES (317, 642, 3005, 191, 12, '2023-11-30 14:32:00', 'Reyan Jain (9011)', '320.00', '0.00', '0.00', '0.00', '64.00', '384.00', NULL, '', NULL, NULL, NULL, 1, '2023-11-03 07:03:49', NULL);
INSERT INTO `radiology_billing` (`id`, `patient_id`, `case_reference_id`, `ipd_prescription_basic_id`, `doctor_id`, `date`, `doctor_name`, `total`, `discount_percentage`, `discount`, `tax_percentage`, `tax`, `net_amount`, `transaction_id`, `note`, `organisation_id`, `insurance_validity`, `insurance_id`, `generated_by`, `created_at`, `updated_at`) VALUES (318, 121, 5085, 261, 4, '2023-11-08 13:29:00', 'Sansa Gomez (9008)', '160.00', '0.00', '0.00', '0.00', '32.00', '192.00', NULL, '', NULL, NULL, NULL, 1, '2023-11-03 07:59:22', NULL);
INSERT INTO `radiology_billing` (`id`, `patient_id`, `case_reference_id`, `ipd_prescription_basic_id`, `doctor_id`, `date`, `doctor_name`, `total`, `discount_percentage`, `discount`, `tax_percentage`, `tax`, `net_amount`, `transaction_id`, `note`, `organisation_id`, `insurance_validity`, `insurance_id`, `generated_by`, `created_at`, `updated_at`) VALUES (321, 539, 2327, 265, 11, '2023-12-01 10:43:00', 'Amit  Singh (9009)', '160.00', '0.00', '0.00', '0.00', '32.00', '192.00', NULL, '', NULL, NULL, NULL, 1, '2023-12-04 05:16:29', NULL);
INSERT INTO `radiology_billing` (`id`, `patient_id`, `case_reference_id`, `ipd_prescription_basic_id`, `doctor_id`, `date`, `doctor_name`, `total`, `discount_percentage`, `discount`, `tax_percentage`, `tax`, `net_amount`, `transaction_id`, `note`, `organisation_id`, `insurance_validity`, `insurance_id`, `generated_by`, `created_at`, `updated_at`) VALUES (323, 886, 4896, 255, 12, '2023-12-10 13:52:00', 'Reyan Jain (9011)', '320.00', '0.00', '0.00', '0.00', '64.00', '384.00', NULL, '', NULL, NULL, NULL, 1, '2023-12-04 05:22:50', NULL);
INSERT INTO `radiology_billing` (`id`, `patient_id`, `case_reference_id`, `ipd_prescription_basic_id`, `doctor_id`, `date`, `doctor_name`, `total`, `discount_percentage`, `discount`, `tax_percentage`, `tax`, `net_amount`, `transaction_id`, `note`, `organisation_id`, `insurance_validity`, `insurance_id`, `generated_by`, `created_at`, `updated_at`) VALUES (325, 872, 4743, 247, 12, '2023-12-20 12:30:00', 'Reyan Jain (9011)', '160.00', '10.00', '16.00', '0.00', '32.00', '176.00', NULL, '', NULL, NULL, NULL, 1, '2023-12-04 05:35:15', NULL);
INSERT INTO `radiology_billing` (`id`, `patient_id`, `case_reference_id`, `ipd_prescription_basic_id`, `doctor_id`, `date`, `doctor_name`, `total`, `discount_percentage`, `discount`, `tax_percentage`, `tax`, `net_amount`, `transaction_id`, `note`, `organisation_id`, `insurance_validity`, `insurance_id`, `generated_by`, `created_at`, `updated_at`) VALUES (327, 288, NULL, NULL, 12, '2023-12-30 16:30:00', 'Reyan Jain (9011)', '160.00', '0.00', '0.00', '0.00', '32.00', '192.00', NULL, '', NULL, NULL, NULL, 1, '2023-12-04 05:36:34', NULL);
INSERT INTO `radiology_billing` (`id`, `patient_id`, `case_reference_id`, `ipd_prescription_basic_id`, `doctor_id`, `date`, `doctor_name`, `total`, `discount_percentage`, `discount`, `tax_percentage`, `tax`, `net_amount`, `transaction_id`, `note`, `organisation_id`, `insurance_validity`, `insurance_id`, `generated_by`, `created_at`, `updated_at`) VALUES (328, 937, 5304, 269, 12, '2023-12-12 13:01:00', 'Reyan Jain (9011)', '160.00', '0.00', '0.00', '0.00', '32.00', '192.00', NULL, '', NULL, NULL, NULL, 1, '2023-12-04 07:32:06', NULL);
INSERT INTO `radiology_billing` (`id`, `patient_id`, `case_reference_id`, `ipd_prescription_basic_id`, `doctor_id`, `date`, `doctor_name`, `total`, `discount_percentage`, `discount`, `tax_percentage`, `tax`, `net_amount`, `transaction_id`, `note`, `organisation_id`, `insurance_validity`, `insurance_id`, `generated_by`, `created_at`, `updated_at`) VALUES (329, 939, 5307, 272, 12, '2023-12-17 13:17:00', 'Reyan Jain (9011)', '160.00', '10.00', '16.00', '0.00', '32.00', '176.00', NULL, '', NULL, NULL, NULL, 1, '2023-12-04 07:47:46', NULL);
INSERT INTO `radiology_billing` (`id`, `patient_id`, `case_reference_id`, `ipd_prescription_basic_id`, `doctor_id`, `date`, `doctor_name`, `total`, `discount_percentage`, `discount`, `tax_percentage`, `tax`, `net_amount`, `transaction_id`, `note`, `organisation_id`, `insurance_validity`, `insurance_id`, `generated_by`, `created_at`, `updated_at`) VALUES (331, 896, 4991, 257, 11, '2024-01-01 15:00:00', 'Amit  Singh (9009)', '160.00', '0.00', '0.00', '0.00', '32.00', '192.00', NULL, '', NULL, NULL, NULL, 1, '2024-01-03 09:30:49', NULL);
INSERT INTO `radiology_billing` (`id`, `patient_id`, `case_reference_id`, `ipd_prescription_basic_id`, `doctor_id`, `date`, `doctor_name`, `total`, `discount_percentage`, `discount`, `tax_percentage`, `tax`, `net_amount`, `transaction_id`, `note`, `organisation_id`, `insurance_validity`, `insurance_id`, `generated_by`, `created_at`, `updated_at`) VALUES (332, 886, 4896, 255, 11, '2024-01-05 13:00:00', 'Amit  Singh (9009)', '320.00', '0.00', '0.00', '0.00', '64.00', '384.00', NULL, '', NULL, NULL, NULL, 1, '2024-01-03 09:43:30', NULL);
INSERT INTO `radiology_billing` (`id`, `patient_id`, `case_reference_id`, `ipd_prescription_basic_id`, `doctor_id`, `date`, `doctor_name`, `total`, `discount_percentage`, `discount`, `tax_percentage`, `tax`, `net_amount`, `transaction_id`, `note`, `organisation_id`, `insurance_validity`, `insurance_id`, `generated_by`, `created_at`, `updated_at`) VALUES (333, 1, 115, 274, 4, '2024-01-10 15:20:00', 'Sansa Gomez (9008)', '320.00', '0.00', '0.00', '0.00', '64.00', '384.00', NULL, '', NULL, NULL, NULL, 1, '2024-01-03 09:50:51', NULL);
INSERT INTO `radiology_billing` (`id`, `patient_id`, `case_reference_id`, `ipd_prescription_basic_id`, `doctor_id`, `date`, `doctor_name`, `total`, `discount_percentage`, `discount`, `tax_percentage`, `tax`, `net_amount`, `transaction_id`, `note`, `organisation_id`, `insurance_validity`, `insurance_id`, `generated_by`, `created_at`, `updated_at`) VALUES (335, 493, NULL, NULL, 11, '2024-01-20 15:30:00', 'Amit  Singh (9009)', '160.00', '0.00', '0.00', '0.00', '32.00', '192.00', NULL, '', NULL, NULL, NULL, 1, '2024-01-03 10:00:59', NULL);
INSERT INTO `radiology_billing` (`id`, `patient_id`, `case_reference_id`, `ipd_prescription_basic_id`, `doctor_id`, `date`, `doctor_name`, `total`, `discount_percentage`, `discount`, `tax_percentage`, `tax`, `net_amount`, `transaction_id`, `note`, `organisation_id`, `insurance_validity`, `insurance_id`, `generated_by`, `created_at`, `updated_at`) VALUES (336, 830, 4479, 242, 11, '2024-01-25 16:07:00', 'Amit  Singh (9009)', '160.00', '0.00', '0.00', '0.00', '32.00', '192.00', NULL, '', NULL, NULL, NULL, 1, '2024-01-03 10:37:29', NULL);
INSERT INTO `radiology_billing` (`id`, `patient_id`, `case_reference_id`, `ipd_prescription_basic_id`, `doctor_id`, `date`, `doctor_name`, `total`, `discount_percentage`, `discount`, `tax_percentage`, `tax`, `net_amount`, `transaction_id`, `note`, `organisation_id`, `insurance_validity`, `insurance_id`, `generated_by`, `created_at`, `updated_at`) VALUES (338, 493, 5456, 275, 12, '2024-01-12 11:30:00', 'Reyan Jain (9011)', '160.00', '0.00', '0.00', '0.00', '32.00', '192.00', NULL, '', NULL, NULL, NULL, 1, '2024-01-04 04:36:13', NULL);
INSERT INTO `radiology_billing` (`id`, `patient_id`, `case_reference_id`, `ipd_prescription_basic_id`, `doctor_id`, `date`, `doctor_name`, `total`, `discount_percentage`, `discount`, `tax_percentage`, `tax`, `net_amount`, `transaction_id`, `note`, `organisation_id`, `insurance_validity`, `insurance_id`, `generated_by`, `created_at`, `updated_at`) VALUES (339, 493, 5456, 275, 11, '2024-02-01 13:00:00', 'Amit  Singh (9009)', '160.00', '10.00', '16.00', '0.00', '32.00', '176.00', NULL, '', NULL, NULL, NULL, 1, '2024-02-01 07:35:49', NULL);
INSERT INTO `radiology_billing` (`id`, `patient_id`, `case_reference_id`, `ipd_prescription_basic_id`, `doctor_id`, `date`, `doctor_name`, `total`, `discount_percentage`, `discount`, `tax_percentage`, `tax`, `net_amount`, `transaction_id`, `note`, `organisation_id`, `insurance_validity`, `insurance_id`, `generated_by`, `created_at`, `updated_at`) VALUES (342, 886, 4896, 255, 12, '2024-02-15 16:30:00', 'Reyan Jain (9011)', '320.00', '10.00', '32.00', '0.00', '64.00', '352.00', NULL, '', NULL, NULL, NULL, 1, '2024-02-01 07:48:45', NULL);
INSERT INTO `radiology_billing` (`id`, `patient_id`, `case_reference_id`, `ipd_prescription_basic_id`, `doctor_id`, `date`, `doctor_name`, `total`, `discount_percentage`, `discount`, `tax_percentage`, `tax`, `net_amount`, `transaction_id`, `note`, `organisation_id`, `insurance_validity`, `insurance_id`, `generated_by`, `created_at`, `updated_at`) VALUES (343, 873, 4747, 249, 4, '2024-02-20 15:30:00', 'Sansa Gomez (9008)', '160.00', '10.00', '16.00', '0.00', '32.00', '176.00', NULL, '', NULL, NULL, NULL, 1, '2024-02-01 07:50:37', NULL);
INSERT INTO `radiology_billing` (`id`, `patient_id`, `case_reference_id`, `ipd_prescription_basic_id`, `doctor_id`, `date`, `doctor_name`, `total`, `discount_percentage`, `discount`, `tax_percentage`, `tax`, `net_amount`, `transaction_id`, `note`, `organisation_id`, `insurance_validity`, `insurance_id`, `generated_by`, `created_at`, `updated_at`) VALUES (344, 642, 3005, 191, 4, '2024-02-25 17:30:00', 'Sansa Gomez (9008)', '320.00', '10.00', '32.00', '0.00', '64.00', '352.00', NULL, '', NULL, NULL, NULL, 1, '2024-02-01 07:51:48', NULL);
INSERT INTO `radiology_billing` (`id`, `patient_id`, `case_reference_id`, `ipd_prescription_basic_id`, `doctor_id`, `date`, `doctor_name`, `total`, `discount_percentage`, `discount`, `tax_percentage`, `tax`, `net_amount`, `transaction_id`, `note`, `organisation_id`, `insurance_validity`, `insurance_id`, `generated_by`, `created_at`, `updated_at`) VALUES (346, 990, 5709, 279, 12, '2024-02-06 15:17:00', 'Reyan Jain (9011)', '160.00', '0.00', '0.00', '0.00', '32.00', '192.00', NULL, '', NULL, NULL, NULL, 1, '2024-02-01 09:48:00', NULL);
INSERT INTO `radiology_billing` (`id`, `patient_id`, `case_reference_id`, `ipd_prescription_basic_id`, `doctor_id`, `date`, `doctor_name`, `total`, `discount_percentage`, `discount`, `tax_percentage`, `tax`, `net_amount`, `transaction_id`, `note`, `organisation_id`, `insurance_validity`, `insurance_id`, `generated_by`, `created_at`, `updated_at`) VALUES (348, 1005, 5827, 281, 12, '2024-03-01 13:03:00', 'Reyan Jain (9011)', '160.00', '0.00', '0.00', '0.00', '32.00', '192.00', NULL, '', NULL, NULL, NULL, 1, '2024-03-01 07:33:08', NULL);
INSERT INTO `radiology_billing` (`id`, `patient_id`, `case_reference_id`, `ipd_prescription_basic_id`, `doctor_id`, `date`, `doctor_name`, `total`, `discount_percentage`, `discount`, `tax_percentage`, `tax`, `net_amount`, `transaction_id`, `note`, `organisation_id`, `insurance_validity`, `insurance_id`, `generated_by`, `created_at`, `updated_at`) VALUES (350, 896, 4991, 257, 12, '2024-03-10 14:30:00', 'Reyan Jain (9011)', '160.00', '0.00', '0.00', '0.00', '32.00', '192.00', NULL, '', NULL, NULL, NULL, 1, '2024-03-01 08:16:52', NULL);
INSERT INTO `radiology_billing` (`id`, `patient_id`, `case_reference_id`, `ipd_prescription_basic_id`, `doctor_id`, `date`, `doctor_name`, `total`, `discount_percentage`, `discount`, `tax_percentage`, `tax`, `net_amount`, `transaction_id`, `note`, `organisation_id`, `insurance_validity`, `insurance_id`, `generated_by`, `created_at`, `updated_at`) VALUES (351, 939, 5307, 272, 12, '2024-03-15 14:30:00', 'Reyan Jain (9011)', '320.00', '10.00', '32.00', '0.00', '64.00', '352.00', NULL, '', NULL, NULL, NULL, 1, '2024-03-01 08:17:30', NULL);
INSERT INTO `radiology_billing` (`id`, `patient_id`, `case_reference_id`, `ipd_prescription_basic_id`, `doctor_id`, `date`, `doctor_name`, `total`, `discount_percentage`, `discount`, `tax_percentage`, `tax`, `net_amount`, `transaction_id`, `note`, `organisation_id`, `insurance_validity`, `insurance_id`, `generated_by`, `created_at`, `updated_at`) VALUES (352, 896, 4991, 257, 12, '2024-03-25 16:00:00', 'Reyan Jain (9011)', '160.00', '0.00', '0.00', '0.00', '32.00', '192.00', NULL, '', NULL, NULL, NULL, 1, '2024-03-01 08:18:47', NULL);
INSERT INTO `radiology_billing` (`id`, `patient_id`, `case_reference_id`, `ipd_prescription_basic_id`, `doctor_id`, `date`, `doctor_name`, `total`, `discount_percentage`, `discount`, `tax_percentage`, `tax`, `net_amount`, `transaction_id`, `note`, `organisation_id`, `insurance_validity`, `insurance_id`, `generated_by`, `created_at`, `updated_at`) VALUES (354, 563, NULL, NULL, 2, '2024-03-30 18:30:00', 'Sonia Bush (9002)', '160.00', '0.00', '0.00', '0.00', '32.00', '192.00', NULL, '', NULL, NULL, NULL, 1, '2024-03-01 08:23:13', NULL);
INSERT INTO `radiology_billing` (`id`, `patient_id`, `case_reference_id`, `ipd_prescription_basic_id`, `doctor_id`, `date`, `doctor_name`, `total`, `discount_percentage`, `discount`, `tax_percentage`, `tax`, `net_amount`, `transaction_id`, `note`, `organisation_id`, `insurance_validity`, `insurance_id`, `generated_by`, `created_at`, `updated_at`) VALUES (355, 896, 4991, 257, 12, '2024-03-22 12:32:00', 'Reyan Jain (9011)', '160.00', '0.00', '0.00', '0.00', '32.00', '192.00', NULL, '', NULL, NULL, NULL, 1, '2024-03-02 07:03:04', NULL);
INSERT INTO `radiology_billing` (`id`, `patient_id`, `case_reference_id`, `ipd_prescription_basic_id`, `doctor_id`, `date`, `doctor_name`, `total`, `discount_percentage`, `discount`, `tax_percentage`, `tax`, `net_amount`, `transaction_id`, `note`, `organisation_id`, `insurance_validity`, `insurance_id`, `generated_by`, `created_at`, `updated_at`) VALUES (356, 1, 115, 284, 12, '2024-04-01 15:14:00', 'Reyan Jain (9011)', '320.00', '10.00', '32.00', '0.00', '64.00', '352.00', NULL, '', NULL, NULL, NULL, 1, '2024-04-01 09:54:41', NULL);
INSERT INTO `radiology_billing` (`id`, `patient_id`, `case_reference_id`, `ipd_prescription_basic_id`, `doctor_id`, `date`, `doctor_name`, `total`, `discount_percentage`, `discount`, `tax_percentage`, `tax`, `net_amount`, `transaction_id`, `note`, `organisation_id`, `insurance_validity`, `insurance_id`, `generated_by`, `created_at`, `updated_at`) VALUES (357, 493, 5456, 275, 12, '2024-04-05 16:30:00', 'Reyan Jain (9011)', '160.00', '0.00', '0.00', '0.00', '32.00', '192.00', NULL, '', NULL, NULL, NULL, 1, '2024-04-01 09:57:40', NULL);
INSERT INTO `radiology_billing` (`id`, `patient_id`, `case_reference_id`, `ipd_prescription_basic_id`, `doctor_id`, `date`, `doctor_name`, `total`, `discount_percentage`, `discount`, `tax_percentage`, `tax`, `net_amount`, `transaction_id`, `note`, `organisation_id`, `insurance_validity`, `insurance_id`, `generated_by`, `created_at`, `updated_at`) VALUES (358, 896, 4991, 257, 4, '2024-04-10 15:30:00', 'Sansa Gomez (9008)', '160.00', '0.00', '0.00', '0.00', '32.00', '192.00', NULL, '', NULL, NULL, NULL, 1, '2024-04-01 10:01:03', NULL);
INSERT INTO `radiology_billing` (`id`, `patient_id`, `case_reference_id`, `ipd_prescription_basic_id`, `doctor_id`, `date`, `doctor_name`, `total`, `discount_percentage`, `discount`, `tax_percentage`, `tax`, `net_amount`, `transaction_id`, `note`, `organisation_id`, `insurance_validity`, `insurance_id`, `generated_by`, `created_at`, `updated_at`) VALUES (359, 781, 4131, 229, 2, '2024-04-15 15:31:00', 'Sonia Bush (9002)', '160.00', '0.00', '0.00', '0.00', '32.00', '192.00', NULL, '', NULL, NULL, NULL, 1, '2024-04-01 10:02:46', NULL);
INSERT INTO `radiology_billing` (`id`, `patient_id`, `case_reference_id`, `ipd_prescription_basic_id`, `doctor_id`, `date`, `doctor_name`, `total`, `discount_percentage`, `discount`, `tax_percentage`, `tax`, `net_amount`, `transaction_id`, `note`, `organisation_id`, `insurance_validity`, `insurance_id`, `generated_by`, `created_at`, `updated_at`) VALUES (360, 363, NULL, NULL, 11, '2024-04-20 16:36:00', 'Amit  Singh (9009)', '160.00', '0.00', '0.00', '0.00', '32.00', '192.00', NULL, '', NULL, NULL, NULL, 1, '2024-04-01 10:06:59', NULL);
INSERT INTO `radiology_billing` (`id`, `patient_id`, `case_reference_id`, `ipd_prescription_basic_id`, `doctor_id`, `date`, `doctor_name`, `total`, `discount_percentage`, `discount`, `tax_percentage`, `tax`, `net_amount`, `transaction_id`, `note`, `organisation_id`, `insurance_validity`, `insurance_id`, `generated_by`, `created_at`, `updated_at`) VALUES (361, 641, 3001, 189, 4, '2024-04-25 12:30:00', 'Sansa Gomez (9008)', '320.00', '10.00', '32.00', '0.00', '64.00', '352.00', NULL, '', NULL, NULL, NULL, 1, '2024-04-01 10:09:06', NULL);
INSERT INTO `radiology_billing` (`id`, `patient_id`, `case_reference_id`, `ipd_prescription_basic_id`, `doctor_id`, `date`, `doctor_name`, `total`, `discount_percentage`, `discount`, `tax_percentage`, `tax`, `net_amount`, `transaction_id`, `note`, `organisation_id`, `insurance_validity`, `insurance_id`, `generated_by`, `created_at`, `updated_at`) VALUES (362, 873, 4747, 249, 12, '2024-04-30 12:30:00', 'Reyan Jain (9011)', '160.00', '0.00', '0.00', '0.00', '32.00', '192.00', NULL, '', NULL, NULL, NULL, 1, '2024-04-01 10:11:04', NULL);
INSERT INTO `radiology_billing` (`id`, `patient_id`, `case_reference_id`, `ipd_prescription_basic_id`, `doctor_id`, `date`, `doctor_name`, `total`, `discount_percentage`, `discount`, `tax_percentage`, `tax`, `net_amount`, `transaction_id`, `note`, `organisation_id`, `insurance_validity`, `insurance_id`, `generated_by`, `created_at`, `updated_at`) VALUES (363, 878, 5891, 286, 12, '2024-04-12 14:30:00', 'Reyan Jain (9011)', '160.00', '10.00', '16.00', '0.00', '32.00', '176.00', NULL, '', NULL, NULL, NULL, 1, '2024-04-01 11:29:51', NULL);
INSERT INTO `radiology_billing` (`id`, `patient_id`, `case_reference_id`, `ipd_prescription_basic_id`, `doctor_id`, `date`, `doctor_name`, `total`, `discount_percentage`, `discount`, `tax_percentage`, `tax`, `net_amount`, `transaction_id`, `note`, `organisation_id`, `insurance_validity`, `insurance_id`, `generated_by`, `created_at`, `updated_at`) VALUES (366, 1005, 5827, 281, 4, '2024-05-05 12:25:00', 'Sansa Gomez (9008)', '160.00', '10.00', '16.00', '0.00', '32.00', '176.00', NULL, '', NULL, NULL, NULL, 1, '2024-05-01 11:56:24', NULL);
INSERT INTO `radiology_billing` (`id`, `patient_id`, `case_reference_id`, `ipd_prescription_basic_id`, `doctor_id`, `date`, `doctor_name`, `total`, `discount_percentage`, `discount`, `tax_percentage`, `tax`, `net_amount`, `transaction_id`, `note`, `organisation_id`, `insurance_validity`, `insurance_id`, `generated_by`, `created_at`, `updated_at`) VALUES (367, 896, 4991, 257, 2, '2024-05-10 14:30:00', 'Sonia Bush (9002)', '160.00', '10.00', '16.00', '0.00', '32.00', '176.00', NULL, '', NULL, NULL, NULL, 1, '2024-05-01 11:57:04', NULL);
INSERT INTO `radiology_billing` (`id`, `patient_id`, `case_reference_id`, `ipd_prescription_basic_id`, `doctor_id`, `date`, `doctor_name`, `total`, `discount_percentage`, `discount`, `tax_percentage`, `tax`, `net_amount`, `transaction_id`, `note`, `organisation_id`, `insurance_validity`, `insurance_id`, `generated_by`, `created_at`, `updated_at`) VALUES (368, 484, NULL, NULL, 12, '2024-05-15 12:45:00', 'Reyan Jain (9011)', '160.00', '10.00', '16.00', '0.00', '32.00', '176.00', NULL, '', NULL, NULL, NULL, 1, '2024-05-01 11:57:47', NULL);
INSERT INTO `radiology_billing` (`id`, `patient_id`, `case_reference_id`, `ipd_prescription_basic_id`, `doctor_id`, `date`, `doctor_name`, `total`, `discount_percentage`, `discount`, `tax_percentage`, `tax`, `net_amount`, `transaction_id`, `note`, `organisation_id`, `insurance_validity`, `insurance_id`, `generated_by`, `created_at`, `updated_at`) VALUES (370, 878, 5891, 286, 4, '2024-05-25 14:30:00', 'Sansa Gomez (9008)', '160.00', '10.00', '16.00', '0.00', '32.00', '176.00', NULL, '', NULL, NULL, NULL, 6, '2024-05-01 12:01:09', NULL);
INSERT INTO `radiology_billing` (`id`, `patient_id`, `case_reference_id`, `ipd_prescription_basic_id`, `doctor_id`, `date`, `doctor_name`, `total`, `discount_percentage`, `discount`, `tax_percentage`, `tax`, `net_amount`, `transaction_id`, `note`, `organisation_id`, `insurance_validity`, `insurance_id`, `generated_by`, `created_at`, `updated_at`) VALUES (371, 827, NULL, NULL, 4, '2024-05-30 12:31:00', 'Sansa Gomez (9008)', '160.00', '0.00', '0.00', '0.00', '32.00', '192.00', NULL, '', NULL, NULL, NULL, 6, '2024-05-01 12:01:54', NULL);
INSERT INTO `radiology_billing` (`id`, `patient_id`, `case_reference_id`, `ipd_prescription_basic_id`, `doctor_id`, `date`, `doctor_name`, `total`, `discount_percentage`, `discount`, `tax_percentage`, `tax`, `net_amount`, `transaction_id`, `note`, `organisation_id`, `insurance_validity`, `insurance_id`, `generated_by`, `created_at`, `updated_at`) VALUES (372, 843, 6182, 291, 4, '2024-05-14 12:43:00', 'Sansa Gomez (9008)', '160.00', '0.00', '0.00', '0.00', '32.00', '192.00', NULL, '', NULL, NULL, NULL, 1, '2024-05-02 07:13:38', NULL);
INSERT INTO `radiology_billing` (`id`, `patient_id`, `case_reference_id`, `ipd_prescription_basic_id`, `doctor_id`, `date`, `doctor_name`, `total`, `discount_percentage`, `discount`, `tax_percentage`, `tax`, `net_amount`, `transaction_id`, `note`, `organisation_id`, `insurance_validity`, `insurance_id`, `generated_by`, `created_at`, `updated_at`) VALUES (374, 641, 3001, NULL, 12, '2024-06-05 13:06:00', 'Reyan Jain (9011)', '320.00', '10.00', '32.00', '0.00', '64.00', '352.00', NULL, '', NULL, NULL, NULL, 1, '2024-06-01 07:38:54', NULL);
INSERT INTO `radiology_billing` (`id`, `patient_id`, `case_reference_id`, `ipd_prescription_basic_id`, `doctor_id`, `date`, `doctor_name`, `total`, `discount_percentage`, `discount`, `tax_percentage`, `tax`, `net_amount`, `transaction_id`, `note`, `organisation_id`, `insurance_validity`, `insurance_id`, `generated_by`, `created_at`, `updated_at`) VALUES (375, 896, 4991, 257, 12, '2024-06-10 16:30:00', 'Reyan Jain (9011)', '160.00', '10.00', '16.00', '0.00', '32.00', '176.00', NULL, '', NULL, NULL, NULL, 1, '2024-06-01 07:40:26', NULL);
INSERT INTO `radiology_billing` (`id`, `patient_id`, `case_reference_id`, `ipd_prescription_basic_id`, `doctor_id`, `date`, `doctor_name`, `total`, `discount_percentage`, `discount`, `tax_percentage`, `tax`, `net_amount`, `transaction_id`, `note`, `organisation_id`, `insurance_validity`, `insurance_id`, `generated_by`, `created_at`, `updated_at`) VALUES (376, 563, NULL, NULL, 12, '2024-06-15 14:30:00', 'Reyan Jain (9011)', '160.00', '0.00', '0.00', '0.00', '32.00', '192.00', NULL, '', NULL, NULL, NULL, 1, '2024-06-01 07:43:31', NULL);
INSERT INTO `radiology_billing` (`id`, `patient_id`, `case_reference_id`, `ipd_prescription_basic_id`, `doctor_id`, `date`, `doctor_name`, `total`, `discount_percentage`, `discount`, `tax_percentage`, `tax`, `net_amount`, `transaction_id`, `note`, `organisation_id`, `insurance_validity`, `insurance_id`, `generated_by`, `created_at`, `updated_at`) VALUES (377, 781, 4131, 229, 12, '2024-06-20 17:30:00', 'Reyan Jain (9011)', '160.00', '0.00', '0.00', '0.00', '32.00', '192.00', NULL, '', NULL, NULL, NULL, 1, '2024-06-01 07:45:59', NULL);
INSERT INTO `radiology_billing` (`id`, `patient_id`, `case_reference_id`, `ipd_prescription_basic_id`, `doctor_id`, `date`, `doctor_name`, `total`, `discount_percentage`, `discount`, `tax_percentage`, `tax`, `net_amount`, `transaction_id`, `note`, `organisation_id`, `insurance_validity`, `insurance_id`, `generated_by`, `created_at`, `updated_at`) VALUES (378, 878, 5891, 286, 12, '2024-06-25 16:30:00', 'Reyan Jain (9011)', '160.00', '0.00', '0.00', '0.00', '32.00', '192.00', NULL, '', NULL, NULL, NULL, 1, '2024-06-01 07:50:16', NULL);
INSERT INTO `radiology_billing` (`id`, `patient_id`, `case_reference_id`, `ipd_prescription_basic_id`, `doctor_id`, `date`, `doctor_name`, `total`, `discount_percentage`, `discount`, `tax_percentage`, `tax`, `net_amount`, `transaction_id`, `note`, `organisation_id`, `insurance_validity`, `insurance_id`, `generated_by`, `created_at`, `updated_at`) VALUES (379, 578, NULL, NULL, 12, '2024-06-30 12:30:00', 'Reyan Jain (9011)', '160.00', '0.00', '0.00', '0.00', '32.00', '192.00', NULL, '', NULL, NULL, NULL, 1, '2024-06-01 07:51:44', NULL);
INSERT INTO `radiology_billing` (`id`, `patient_id`, `case_reference_id`, `ipd_prescription_basic_id`, `doctor_id`, `date`, `doctor_name`, `total`, `discount_percentage`, `discount`, `tax_percentage`, `tax`, `net_amount`, `transaction_id`, `note`, `organisation_id`, `insurance_validity`, `insurance_id`, `generated_by`, `created_at`, `updated_at`) VALUES (380, 1, 6302, 293, 4, '2024-06-12 16:00:00', 'Sansa Gomez (9008)', '160.00', '10.00', '16.00', '0.00', '32.00', '176.00', NULL, '', NULL, NULL, NULL, 1, '2024-06-01 10:05:43', NULL);
INSERT INTO `radiology_billing` (`id`, `patient_id`, `case_reference_id`, `ipd_prescription_basic_id`, `doctor_id`, `date`, `doctor_name`, `total`, `discount_percentage`, `discount`, `tax_percentage`, `tax`, `net_amount`, `transaction_id`, `note`, `organisation_id`, `insurance_validity`, `insurance_id`, `generated_by`, `created_at`, `updated_at`) VALUES (381, 980, 6290, 294, 2, '2024-06-21 16:44:00', 'Sonia Bush (9002)', '160.00', '0.00', '0.00', '0.00', '32.00', '192.00', NULL, '', NULL, NULL, NULL, 1, '2024-06-01 12:13:09', NULL);
INSERT INTO `radiology_billing` (`id`, `patient_id`, `case_reference_id`, `ipd_prescription_basic_id`, `doctor_id`, `date`, `doctor_name`, `total`, `discount_percentage`, `discount`, `tax_percentage`, `tax`, `net_amount`, `transaction_id`, `note`, `organisation_id`, `insurance_validity`, `insurance_id`, `generated_by`, `created_at`, `updated_at`) VALUES (382, 1084, 6457, 295, 12, '2024-07-11 14:55:00', 'Reyan Jain (9011)', '160.00', '0.00', '0.00', '0.00', '32.00', '192.00', NULL, '', NULL, NULL, NULL, 14, '2024-07-01 09:25:18', NULL);
INSERT INTO `radiology_billing` (`id`, `patient_id`, `case_reference_id`, `ipd_prescription_basic_id`, `doctor_id`, `date`, `doctor_name`, `total`, `discount_percentage`, `discount`, `tax_percentage`, `tax`, `net_amount`, `transaction_id`, `note`, `organisation_id`, `insurance_validity`, `insurance_id`, `generated_by`, `created_at`, `updated_at`) VALUES (384, 1085, 6461, 297, 4, '2024-07-05 15:38:00', 'Sansa Gomez (9008)', '160.00', '10.00', '16.00', '0.00', '32.00', '176.00', NULL, '', NULL, NULL, NULL, 14, '2024-07-01 10:08:25', NULL);
INSERT INTO `radiology_billing` (`id`, `patient_id`, `case_reference_id`, `ipd_prescription_basic_id`, `doctor_id`, `date`, `doctor_name`, `total`, `discount_percentage`, `discount`, `tax_percentage`, `tax`, `net_amount`, `transaction_id`, `note`, `organisation_id`, `insurance_validity`, `insurance_id`, `generated_by`, `created_at`, `updated_at`) VALUES (385, 844, 6360, 298, 12, '2024-07-15 20:39:00', 'Reyan Jain (9011)', '160.00', '0.00', '0.00', '0.00', '32.00', '192.00', NULL, '', NULL, NULL, NULL, 14, '2024-07-01 10:09:52', NULL);
INSERT INTO `radiology_billing` (`id`, `patient_id`, `case_reference_id`, `ipd_prescription_basic_id`, `doctor_id`, `date`, `doctor_name`, `total`, `discount_percentage`, `discount`, `tax_percentage`, `tax`, `net_amount`, `transaction_id`, `note`, `organisation_id`, `insurance_validity`, `insurance_id`, `generated_by`, `created_at`, `updated_at`) VALUES (386, 878, 5891, 286, 12, '2024-07-20 16:00:00', 'Reyan Jain (9011)', '160.00', '10.00', '16.00', '0.00', '32.00', '176.00', NULL, '', NULL, NULL, NULL, 14, '2024-07-01 10:10:39', NULL);
INSERT INTO `radiology_billing` (`id`, `patient_id`, `case_reference_id`, `ipd_prescription_basic_id`, `doctor_id`, `date`, `doctor_name`, `total`, `discount_percentage`, `discount`, `tax_percentage`, `tax`, `net_amount`, `transaction_id`, `note`, `organisation_id`, `insurance_validity`, `insurance_id`, `generated_by`, `created_at`, `updated_at`) VALUES (388, 830, NULL, NULL, 11, '2024-07-30 14:30:00', 'Amit  Singh (9009)', '160.00', '5.00', '8.00', '0.00', '32.00', '184.00', NULL, '', NULL, NULL, NULL, 14, '2024-07-01 10:11:52', NULL);
INSERT INTO `radiology_billing` (`id`, `patient_id`, `case_reference_id`, `ipd_prescription_basic_id`, `doctor_id`, `date`, `doctor_name`, `total`, `discount_percentage`, `discount`, `tax_percentage`, `tax`, `net_amount`, `transaction_id`, `note`, `organisation_id`, `insurance_validity`, `insurance_id`, `generated_by`, `created_at`, `updated_at`) VALUES (390, 1, 6551, NULL, 4, '2024-07-12 11:24:00', 'Sansa Gomez (9008)', '160.00', '0.00', '0.00', '0.00', '32.00', '192.00', NULL, '', NULL, NULL, NULL, 1, '2024-07-02 05:55:46', NULL);
INSERT INTO `radiology_billing` (`id`, `patient_id`, `case_reference_id`, `ipd_prescription_basic_id`, `doctor_id`, `date`, `doctor_name`, `total`, `discount_percentage`, `discount`, `tax_percentage`, `tax`, `net_amount`, `transaction_id`, `note`, `organisation_id`, `insurance_validity`, `insurance_id`, `generated_by`, `created_at`, `updated_at`) VALUES (391, 1, 115, 301, 4, '2024-08-01 15:43:00', 'Sansa Gomez (9008)', '320.00', '10.00', '32.00', '0.00', '64.00', '352.00', NULL, '', NULL, NULL, NULL, 1, '2024-08-01 10:13:36', NULL);
INSERT INTO `radiology_billing` (`id`, `patient_id`, `case_reference_id`, `ipd_prescription_basic_id`, `doctor_id`, `date`, `doctor_name`, `total`, `discount_percentage`, `discount`, `tax_percentage`, `tax`, `net_amount`, `transaction_id`, `note`, `organisation_id`, `insurance_validity`, `insurance_id`, `generated_by`, `created_at`, `updated_at`) VALUES (392, 843, 6182, 291, 12, '2024-08-05 13:30:00', 'Reyan Jain (9011)', '160.00', '0.00', '0.00', '0.00', '32.00', '192.00', NULL, '', NULL, NULL, NULL, 1, '2024-08-01 10:14:18', NULL);
INSERT INTO `radiology_billing` (`id`, `patient_id`, `case_reference_id`, `ipd_prescription_basic_id`, `doctor_id`, `date`, `doctor_name`, `total`, `discount_percentage`, `discount`, `tax_percentage`, `tax`, `net_amount`, `transaction_id`, `note`, `organisation_id`, `insurance_validity`, `insurance_id`, `generated_by`, `created_at`, `updated_at`) VALUES (393, 509, NULL, NULL, 12, '2024-08-10 15:45:00', 'Reyan Jain (9011)', '320.00', '10.00', '32.00', '0.00', '64.00', '352.00', NULL, '', NULL, NULL, NULL, 1, '2024-08-01 10:14:52', NULL);
INSERT INTO `radiology_billing` (`id`, `patient_id`, `case_reference_id`, `ipd_prescription_basic_id`, `doctor_id`, `date`, `doctor_name`, `total`, `discount_percentage`, `discount`, `tax_percentage`, `tax`, `net_amount`, `transaction_id`, `note`, `organisation_id`, `insurance_validity`, `insurance_id`, `generated_by`, `created_at`, `updated_at`) VALUES (394, 781, NULL, NULL, 12, '2024-08-15 14:30:00', 'Reyan Jain (9011)', '320.00', '10.00', '32.00', '0.00', '64.00', '352.00', NULL, '', NULL, NULL, NULL, 1, '2024-08-01 10:16:33', NULL);
INSERT INTO `radiology_billing` (`id`, `patient_id`, `case_reference_id`, `ipd_prescription_basic_id`, `doctor_id`, `date`, `doctor_name`, `total`, `discount_percentage`, `discount`, `tax_percentage`, `tax`, `net_amount`, `transaction_id`, `note`, `organisation_id`, `insurance_validity`, `insurance_id`, `generated_by`, `created_at`, `updated_at`) VALUES (395, 990, 5709, 279, 4, '2024-08-20 16:00:00', 'Sansa Gomez (9008)', '160.00', '0.00', '0.00', '0.00', '32.00', '192.00', NULL, '', NULL, NULL, NULL, 1, '2024-08-01 10:17:34', NULL);
INSERT INTO `radiology_billing` (`id`, `patient_id`, `case_reference_id`, `ipd_prescription_basic_id`, `doctor_id`, `date`, `doctor_name`, `total`, `discount_percentage`, `discount`, `tax_percentage`, `tax`, `net_amount`, `transaction_id`, `note`, `organisation_id`, `insurance_validity`, `insurance_id`, `generated_by`, `created_at`, `updated_at`) VALUES (396, 843, 6182, 291, 4, '2024-08-25 17:30:00', 'Sansa Gomez (9008)', '160.00', '10.00', '16.00', '0.00', '32.00', '176.00', NULL, '', NULL, NULL, NULL, 1, '2024-08-01 10:23:13', NULL);
INSERT INTO `radiology_billing` (`id`, `patient_id`, `case_reference_id`, `ipd_prescription_basic_id`, `doctor_id`, `date`, `doctor_name`, `total`, `discount_percentage`, `discount`, `tax_percentage`, `tax`, `net_amount`, `transaction_id`, `note`, `organisation_id`, `insurance_validity`, `insurance_id`, `generated_by`, `created_at`, `updated_at`) VALUES (397, 578, NULL, NULL, 4, '2024-08-30 15:54:00', 'Sansa Gomez (9008)', '320.00', '10.00', '32.00', '0.00', '64.00', '352.00', NULL, '', NULL, NULL, NULL, 1, '2024-08-01 10:24:12', NULL);
INSERT INTO `radiology_billing` (`id`, `patient_id`, `case_reference_id`, `ipd_prescription_basic_id`, `doctor_id`, `date`, `doctor_name`, `total`, `discount_percentage`, `discount`, `tax_percentage`, `tax`, `net_amount`, `transaction_id`, `note`, `organisation_id`, `insurance_validity`, `insurance_id`, `generated_by`, `created_at`, `updated_at`) VALUES (398, 1103, 6604, 303, 4, '2024-08-12 15:30:00', 'Sansa Gomez (9008)', '160.00', '10.00', '16.00', '0.00', '32.00', '176.00', NULL, '', NULL, NULL, NULL, 1, '2024-08-02 08:02:57', NULL);
INSERT INTO `radiology_billing` (`id`, `patient_id`, `case_reference_id`, `ipd_prescription_basic_id`, `doctor_id`, `date`, `doctor_name`, `total`, `discount_percentage`, `discount`, `tax_percentage`, `tax`, `net_amount`, `transaction_id`, `note`, `organisation_id`, `insurance_validity`, `insurance_id`, `generated_by`, `created_at`, `updated_at`) VALUES (400, 1084, 6457, NULL, 12, '2024-09-10 13:39:00', 'Reyan Jain (9011)', '160.00', '10.00', '16.00', '0.00', '28.80', '172.80', NULL, '', NULL, NULL, NULL, 1, '2024-08-31 08:10:32', NULL);
INSERT INTO `radiology_billing` (`id`, `patient_id`, `case_reference_id`, `ipd_prescription_basic_id`, `doctor_id`, `date`, `doctor_name`, `total`, `discount_percentage`, `discount`, `tax_percentage`, `tax`, `net_amount`, `transaction_id`, `note`, `organisation_id`, `insurance_validity`, `insurance_id`, `generated_by`, `created_at`, `updated_at`) VALUES (401, 520, NULL, NULL, 4, '2024-09-01 13:41:00', 'Sansa Gomez (9008)', '160.00', '0.00', '0.00', '0.00', '32.00', '192.00', NULL, '', NULL, NULL, NULL, 1, '2024-08-31 08:12:51', NULL);
INSERT INTO `radiology_billing` (`id`, `patient_id`, `case_reference_id`, `ipd_prescription_basic_id`, `doctor_id`, `date`, `doctor_name`, `total`, `discount_percentage`, `discount`, `tax_percentage`, `tax`, `net_amount`, `transaction_id`, `note`, `organisation_id`, `insurance_validity`, `insurance_id`, `generated_by`, `created_at`, `updated_at`) VALUES (402, 990, 5709, 327, 12, '2024-09-25 13:43:00', 'Reyan Jain (9011)', '160.00', '10.00', '16.00', '0.00', '28.80', '172.80', NULL, '', NULL, NULL, NULL, 1, '2024-08-31 08:13:23', NULL);
INSERT INTO `radiology_billing` (`id`, `patient_id`, `case_reference_id`, `ipd_prescription_basic_id`, `doctor_id`, `date`, `doctor_name`, `total`, `discount_percentage`, `discount`, `tax_percentage`, `tax`, `net_amount`, `transaction_id`, `note`, `organisation_id`, `insurance_validity`, `insurance_id`, `generated_by`, `created_at`, `updated_at`) VALUES (403, 1, 6633, 328, 12, '2024-09-12 16:19:00', 'Reyan Jain (9011)', '160.00', '0.00', '0.00', '0.00', '32.00', '192.00', NULL, '', NULL, NULL, NULL, 1, '2024-08-31 10:49:14', NULL);
INSERT INTO `radiology_billing` (`id`, `patient_id`, `case_reference_id`, `ipd_prescription_basic_id`, `doctor_id`, `date`, `doctor_name`, `total`, `discount_percentage`, `discount`, `tax_percentage`, `tax`, `net_amount`, `transaction_id`, `note`, `organisation_id`, `insurance_validity`, `insurance_id`, `generated_by`, `created_at`, `updated_at`) VALUES (404, 1, 6669, 329, 11, '2024-10-01 15:12:00', 'Amit  Singh (9009)', '320.00', '10.00', '32.00', '0.00', '57.60', '345.60', NULL, '', NULL, NULL, NULL, 6, '2024-10-03 09:42:59', NULL);
INSERT INTO `radiology_billing` (`id`, `patient_id`, `case_reference_id`, `ipd_prescription_basic_id`, `doctor_id`, `date`, `doctor_name`, `total`, `discount_percentage`, `discount`, `tax_percentage`, `tax`, `net_amount`, `transaction_id`, `note`, `organisation_id`, `insurance_validity`, `insurance_id`, `generated_by`, `created_at`, `updated_at`) VALUES (405, 493, 5456, 275, 4, '2024-10-05 15:30:00', 'Sansa Gomez (9008)', '160.00', '10.00', '16.00', '0.00', '28.80', '172.80', NULL, '', NULL, NULL, NULL, 6, '2024-10-03 09:43:52', NULL);
INSERT INTO `radiology_billing` (`id`, `patient_id`, `case_reference_id`, `ipd_prescription_basic_id`, `doctor_id`, `date`, `doctor_name`, `total`, `discount_percentage`, `discount`, `tax_percentage`, `tax`, `net_amount`, `transaction_id`, `note`, `organisation_id`, `insurance_validity`, `insurance_id`, `generated_by`, `created_at`, `updated_at`) VALUES (406, 658, NULL, NULL, 11, '2024-10-10 16:30:00', 'Amit  Singh (9009)', '160.00', '0.00', '0.00', '0.00', '32.00', '192.00', NULL, '', NULL, NULL, NULL, 6, '2024-10-03 09:44:33', NULL);
INSERT INTO `radiology_billing` (`id`, `patient_id`, `case_reference_id`, `ipd_prescription_basic_id`, `doctor_id`, `date`, `doctor_name`, `total`, `discount_percentage`, `discount`, `tax_percentage`, `tax`, `net_amount`, `transaction_id`, `note`, `organisation_id`, `insurance_validity`, `insurance_id`, `generated_by`, `created_at`, `updated_at`) VALUES (407, 1005, 5827, 281, 2, '2024-10-15 12:15:00', 'Sonia Bush (9002)', '160.00', '10.00', '16.00', '0.00', '28.80', '172.80', NULL, '', NULL, NULL, NULL, 6, '2024-10-03 09:45:26', NULL);
INSERT INTO `radiology_billing` (`id`, `patient_id`, `case_reference_id`, `ipd_prescription_basic_id`, `doctor_id`, `date`, `doctor_name`, `total`, `discount_percentage`, `discount`, `tax_percentage`, `tax`, `net_amount`, `transaction_id`, `note`, `organisation_id`, `insurance_validity`, `insurance_id`, `generated_by`, `created_at`, `updated_at`) VALUES (408, 878, 5891, 286, 12, '2024-10-20 15:30:00', 'Reyan Jain (9011)', '160.00', '0.00', '0.00', '0.00', '32.00', '192.00', NULL, '', NULL, NULL, NULL, 6, '2024-10-03 09:46:28', NULL);
INSERT INTO `radiology_billing` (`id`, `patient_id`, `case_reference_id`, `ipd_prescription_basic_id`, `doctor_id`, `date`, `doctor_name`, `total`, `discount_percentage`, `discount`, `tax_percentage`, `tax`, `net_amount`, `transaction_id`, `note`, `organisation_id`, `insurance_validity`, `insurance_id`, `generated_by`, `created_at`, `updated_at`) VALUES (409, 643, NULL, NULL, 12, '2024-10-25 13:00:00', 'Reyan Jain (9011)', '160.00', '0.00', '0.00', '0.00', '32.00', '192.00', NULL, '', NULL, NULL, NULL, 6, '2024-10-03 09:47:12', NULL);
INSERT INTO `radiology_billing` (`id`, `patient_id`, `case_reference_id`, `ipd_prescription_basic_id`, `doctor_id`, `date`, `doctor_name`, `total`, `discount_percentage`, `discount`, `tax_percentage`, `tax`, `net_amount`, `transaction_id`, `note`, `organisation_id`, `insurance_validity`, `insurance_id`, `generated_by`, `created_at`, `updated_at`) VALUES (410, 1084, 6457, 326, 2, '2024-10-30 17:30:00', 'Sonia Bush (9002)', '160.00', '0.00', '0.00', '0.00', '32.00', '192.00', NULL, '', NULL, NULL, NULL, 6, '2024-10-03 09:47:52', NULL);
INSERT INTO `radiology_billing` (`id`, `patient_id`, `case_reference_id`, `ipd_prescription_basic_id`, `doctor_id`, `date`, `doctor_name`, `total`, `discount_percentage`, `discount`, `tax_percentage`, `tax`, `net_amount`, `transaction_id`, `note`, `organisation_id`, `insurance_validity`, `insurance_id`, `generated_by`, `created_at`, `updated_at`) VALUES (411, 1073, 6729, 331, 12, '2024-10-16 15:47:00', 'Reyan Jain (9011)', '160.00', '10.00', '16.00', '0.00', '28.80', '172.80', NULL, '', NULL, NULL, NULL, 1, '2024-10-04 10:18:01', NULL);
INSERT INTO `radiology_billing` (`id`, `patient_id`, `case_reference_id`, `ipd_prescription_basic_id`, `doctor_id`, `date`, `doctor_name`, `total`, `discount_percentage`, `discount`, `tax_percentage`, `tax`, `net_amount`, `transaction_id`, `note`, `organisation_id`, `insurance_validity`, `insurance_id`, `generated_by`, `created_at`, `updated_at`) VALUES (412, 1121, 6721, 332, 12, '2024-10-17 16:21:00', 'Reyan Jain (9011)', '160.00', '10.00', '16.00', '0.00', '28.80', '172.80', NULL, '', NULL, NULL, NULL, 1, '2024-10-04 10:51:59', NULL);
INSERT INTO `radiology_billing` (`id`, `patient_id`, `case_reference_id`, `ipd_prescription_basic_id`, `doctor_id`, `date`, `doctor_name`, `total`, `discount_percentage`, `discount`, `tax_percentage`, `tax`, `net_amount`, `transaction_id`, `note`, `organisation_id`, `insurance_validity`, `insurance_id`, `generated_by`, `created_at`, `updated_at`) VALUES (413, 1122, 6728, 334, 12, '2024-10-08 15:48:00', 'Reyan Jain (9011)', '160.00', '10.00', '16.00', '0.00', '28.80', '172.80', NULL, '', NULL, NULL, NULL, 1, '2024-10-04 10:54:52', NULL);
INSERT INTO `radiology_billing` (`id`, `patient_id`, `case_reference_id`, `ipd_prescription_basic_id`, `doctor_id`, `date`, `doctor_name`, `total`, `discount_percentage`, `discount`, `tax_percentage`, `tax`, `net_amount`, `transaction_id`, `note`, `organisation_id`, `insurance_validity`, `insurance_id`, `generated_by`, `created_at`, `updated_at`) VALUES (414, 1, 115, 336, 12, '2024-10-18 17:05:00', 'Reyan Jain (9011)', '160.00', '10.00', '16.00', '0.00', '28.80', '172.80', NULL, '', NULL, NULL, NULL, 1, '2024-10-04 11:35:21', NULL);
INSERT INTO `radiology_billing` (`id`, `patient_id`, `case_reference_id`, `ipd_prescription_basic_id`, `doctor_id`, `date`, `doctor_name`, `total`, `discount_percentage`, `discount`, `tax_percentage`, `tax`, `net_amount`, `transaction_id`, `note`, `organisation_id`, `insurance_validity`, `insurance_id`, `generated_by`, `created_at`, `updated_at`) VALUES (415, 563, 6734, 343, 12, '2024-10-31 10:45:00', 'Reyan Jain (9011)', '160.00', '10.00', '16.00', '0.00', '28.80', '172.80', NULL, '', NULL, NULL, NULL, 1, '2024-10-05 05:15:46', NULL);
INSERT INTO `radiology_billing` (`id`, `patient_id`, `case_reference_id`, `ipd_prescription_basic_id`, `doctor_id`, `date`, `doctor_name`, `total`, `discount_percentage`, `discount`, `tax_percentage`, `tax`, `net_amount`, `transaction_id`, `note`, `organisation_id`, `insurance_validity`, `insurance_id`, `generated_by`, `created_at`, `updated_at`) VALUES (416, 1124, 6738, NULL, 12, '2024-10-05 11:12:00', 'Reyan Jain (9011)', '160.00', '10.00', '16.00', '0.00', '28.80', '172.80', NULL, '', NULL, NULL, NULL, 1, '2024-10-05 05:44:03', NULL);
INSERT INTO `radiology_billing` (`id`, `patient_id`, `case_reference_id`, `ipd_prescription_basic_id`, `doctor_id`, `date`, `doctor_name`, `total`, `discount_percentage`, `discount`, `tax_percentage`, `tax`, `net_amount`, `transaction_id`, `note`, `organisation_id`, `insurance_validity`, `insurance_id`, `generated_by`, `created_at`, `updated_at`) VALUES (417, 1, 115, 346, 12, '2024-11-01 17:17:00', 'Reyan Jain (9011)', '320.00', '10.00', '32.00', '0.00', '57.60', '345.60', NULL, '', NULL, NULL, NULL, 1, '2024-11-06 11:48:18', NULL);
INSERT INTO `radiology_billing` (`id`, `patient_id`, `case_reference_id`, `ipd_prescription_basic_id`, `doctor_id`, `date`, `doctor_name`, `total`, `discount_percentage`, `discount`, `tax_percentage`, `tax`, `net_amount`, `transaction_id`, `note`, `organisation_id`, `insurance_validity`, `insurance_id`, `generated_by`, `created_at`, `updated_at`) VALUES (418, 643, NULL, NULL, 4, '2024-11-05 17:18:00', 'Sansa Gomez (9008)', '160.00', '0.00', '0.00', '0.00', '32.00', '192.00', NULL, '', NULL, NULL, NULL, 1, '2024-11-06 11:49:21', NULL);
INSERT INTO `radiology_billing` (`id`, `patient_id`, `case_reference_id`, `ipd_prescription_basic_id`, `doctor_id`, `date`, `doctor_name`, `total`, `discount_percentage`, `discount`, `tax_percentage`, `tax`, `net_amount`, `transaction_id`, `note`, `organisation_id`, `insurance_validity`, `insurance_id`, `generated_by`, `created_at`, `updated_at`) VALUES (420, 1084, 6457, NULL, 12, '2024-11-15 17:20:00', 'Reyan Jain (9011)', '160.00', '10.00', '16.00', '0.00', '28.80', '172.80', NULL, '', NULL, NULL, NULL, 1, '2024-11-06 11:51:15', NULL);
INSERT INTO `radiology_billing` (`id`, `patient_id`, `case_reference_id`, `ipd_prescription_basic_id`, `doctor_id`, `date`, `doctor_name`, `total`, `discount_percentage`, `discount`, `tax_percentage`, `tax`, `net_amount`, `transaction_id`, `note`, `organisation_id`, `insurance_validity`, `insurance_id`, `generated_by`, `created_at`, `updated_at`) VALUES (421, 641, NULL, NULL, 12, '2024-11-20 14:00:00', 'Reyan Jain (9011)', '160.00', '10.00', '16.00', '0.00', '28.80', '172.80', NULL, '', NULL, NULL, NULL, 1, '2024-11-06 11:51:52', NULL);
INSERT INTO `radiology_billing` (`id`, `patient_id`, `case_reference_id`, `ipd_prescription_basic_id`, `doctor_id`, `date`, `doctor_name`, `total`, `discount_percentage`, `discount`, `tax_percentage`, `tax`, `net_amount`, `transaction_id`, `note`, `organisation_id`, `insurance_validity`, `insurance_id`, `generated_by`, `created_at`, `updated_at`) VALUES (422, 1084, 6457, 326, 4, '2024-11-25 11:30:00', 'Sansa Gomez (9008)', '160.00', '0.00', '0.00', '0.00', '32.00', '192.00', NULL, '', NULL, NULL, NULL, 1, '2024-11-06 11:52:18', NULL);
INSERT INTO `radiology_billing` (`id`, `patient_id`, `case_reference_id`, `ipd_prescription_basic_id`, `doctor_id`, `date`, `doctor_name`, `total`, `discount_percentage`, `discount`, `tax_percentage`, `tax`, `net_amount`, `transaction_id`, `note`, `organisation_id`, `insurance_validity`, `insurance_id`, `generated_by`, `created_at`, `updated_at`) VALUES (423, 827, NULL, NULL, 12, '2024-11-30 17:23:00', 'Reyan Jain (9011)', '160.00', '10.00', '16.00', '0.00', '28.80', '172.80', NULL, '', NULL, NULL, NULL, 1, '2024-11-06 11:53:38', NULL);
INSERT INTO `radiology_billing` (`id`, `patient_id`, `case_reference_id`, `ipd_prescription_basic_id`, `doctor_id`, `date`, `doctor_name`, `total`, `discount_percentage`, `discount`, `tax_percentage`, `tax`, `net_amount`, `transaction_id`, `note`, `organisation_id`, `insurance_validity`, `insurance_id`, `generated_by`, `created_at`, `updated_at`) VALUES (424, 1134, 6801, 350, 4, '2024-11-12 10:30:00', 'Sansa Gomez (9008)', '160.00', '0.00', '0.00', '0.00', '32.00', '192.00', NULL, '', NULL, NULL, NULL, 1, '2024-11-07 06:58:20', NULL);
INSERT INTO `radiology_billing` (`id`, `patient_id`, `case_reference_id`, `ipd_prescription_basic_id`, `doctor_id`, `date`, `doctor_name`, `total`, `discount_percentage`, `discount`, `tax_percentage`, `tax`, `net_amount`, `transaction_id`, `note`, `organisation_id`, `insurance_validity`, `insurance_id`, `generated_by`, `created_at`, `updated_at`) VALUES (425, 1, 6740, 351, 2, '2024-11-08 12:30:00', 'Sonia Bush (9002)', '160.00', '0.00', '0.00', '0.00', '32.00', '192.00', NULL, '', NULL, NULL, NULL, 1, '2024-11-07 10:33:41', NULL);
INSERT INTO `radiology_billing` (`id`, `patient_id`, `case_reference_id`, `ipd_prescription_basic_id`, `doctor_id`, `date`, `doctor_name`, `total`, `discount_percentage`, `discount`, `tax_percentage`, `tax`, `net_amount`, `transaction_id`, `note`, `organisation_id`, `insurance_validity`, `insurance_id`, `generated_by`, `created_at`, `updated_at`) VALUES (426, 1, 115, 352, 12, '2024-12-01 17:31:00', 'Reyan Jain (9011)', '320.00', '10.00', '32.00', '0.00', '57.60', '345.60', NULL, '', NULL, NULL, NULL, 1, '2024-12-04 12:03:03', NULL);
INSERT INTO `radiology_billing` (`id`, `patient_id`, `case_reference_id`, `ipd_prescription_basic_id`, `doctor_id`, `date`, `doctor_name`, `total`, `discount_percentage`, `discount`, `tax_percentage`, `tax`, `net_amount`, `transaction_id`, `note`, `organisation_id`, `insurance_validity`, `insurance_id`, `generated_by`, `created_at`, `updated_at`) VALUES (427, 1134, 6801, 350, 12, '2024-12-05 17:33:00', 'Reyan Jain (9011)', '160.00', '0.00', '0.00', '0.00', '32.00', '192.00', NULL, '', NULL, NULL, NULL, 1, '2024-12-04 12:04:01', NULL);
INSERT INTO `radiology_billing` (`id`, `patient_id`, `case_reference_id`, `ipd_prescription_basic_id`, `doctor_id`, `date`, `doctor_name`, `total`, `discount_percentage`, `discount`, `tax_percentage`, `tax`, `net_amount`, `transaction_id`, `note`, `organisation_id`, `insurance_validity`, `insurance_id`, `generated_by`, `created_at`, `updated_at`) VALUES (428, 879, NULL, NULL, 11, '2024-12-10 17:38:00', 'Amit  Singh (9009)', '160.00', '0.00', '0.00', '0.00', '32.00', '192.00', NULL, '', NULL, NULL, NULL, 1, '2024-12-04 12:08:29', NULL);
INSERT INTO `radiology_billing` (`id`, `patient_id`, `case_reference_id`, `ipd_prescription_basic_id`, `doctor_id`, `date`, `doctor_name`, `total`, `discount_percentage`, `discount`, `tax_percentage`, `tax`, `net_amount`, `transaction_id`, `note`, `organisation_id`, `insurance_validity`, `insurance_id`, `generated_by`, `created_at`, `updated_at`) VALUES (429, 843, 6182, 291, 12, '2024-12-15 14:30:00', 'Reyan Jain (9011)', '160.00', '10.00', '16.00', '0.00', '28.80', '172.80', NULL, '', NULL, NULL, NULL, 1, '2024-12-04 12:10:34', NULL);
INSERT INTO `radiology_billing` (`id`, `patient_id`, `case_reference_id`, `ipd_prescription_basic_id`, `doctor_id`, `date`, `doctor_name`, `total`, `discount_percentage`, `discount`, `tax_percentage`, `tax`, `net_amount`, `transaction_id`, `note`, `organisation_id`, `insurance_validity`, `insurance_id`, `generated_by`, `created_at`, `updated_at`) VALUES (430, 1063, NULL, NULL, 12, '2024-12-20 17:40:00', 'Reyan Jain (9011)', '160.00', '0.00', '0.00', '0.00', '32.00', '192.00', NULL, '', NULL, NULL, NULL, 1, '2024-12-04 12:11:29', NULL);
INSERT INTO `radiology_billing` (`id`, `patient_id`, `case_reference_id`, `ipd_prescription_basic_id`, `doctor_id`, `date`, `doctor_name`, `total`, `discount_percentage`, `discount`, `tax_percentage`, `tax`, `net_amount`, `transaction_id`, `note`, `organisation_id`, `insurance_validity`, `insurance_id`, `generated_by`, `created_at`, `updated_at`) VALUES (431, 1131, 6799, 349, 11, '2024-12-25 12:41:00', 'Amit  Singh (9009)', '160.00', '0.00', '0.00', '0.00', '32.00', '192.00', NULL, '', NULL, NULL, NULL, 6, '2024-12-04 12:13:02', NULL);
INSERT INTO `radiology_billing` (`id`, `patient_id`, `case_reference_id`, `ipd_prescription_basic_id`, `doctor_id`, `date`, `doctor_name`, `total`, `discount_percentage`, `discount`, `tax_percentage`, `tax`, `net_amount`, `transaction_id`, `note`, `organisation_id`, `insurance_validity`, `insurance_id`, `generated_by`, `created_at`, `updated_at`) VALUES (432, 121, 5085, 261, 11, '2024-12-30 17:43:00', 'Amit  Singh (9009)', '160.00', '0.00', '0.00', '0.00', '32.00', '192.00', NULL, '', NULL, NULL, NULL, 6, '2024-12-04 12:13:46', NULL);
INSERT INTO `radiology_billing` (`id`, `patient_id`, `case_reference_id`, `ipd_prescription_basic_id`, `doctor_id`, `date`, `doctor_name`, `total`, `discount_percentage`, `discount`, `tax_percentage`, `tax`, `net_amount`, `transaction_id`, `note`, `organisation_id`, `insurance_validity`, `insurance_id`, `generated_by`, `created_at`, `updated_at`) VALUES (433, 1107, 6849, 355, 12, '2024-12-08 11:30:00', 'Reyan Jain (9011)', '160.00', '10.00', '16.00', '0.00', '28.80', '172.80', NULL, '', NULL, NULL, NULL, 1, '2024-12-06 05:48:46', NULL);
INSERT INTO `radiology_billing` (`id`, `patient_id`, `case_reference_id`, `ipd_prescription_basic_id`, `doctor_id`, `date`, `doctor_name`, `total`, `discount_percentage`, `discount`, `tax_percentage`, `tax`, `net_amount`, `transaction_id`, `note`, `organisation_id`, `insurance_validity`, `insurance_id`, `generated_by`, `created_at`, `updated_at`) VALUES (434, 1143, 6858, 357, 11, '2024-12-06 11:55:00', 'Amit  Singh (9009)', '160.00', '0.00', '0.00', '0.00', '32.00', '192.00', NULL, '', NULL, NULL, NULL, 1, '2024-12-06 06:26:26', NULL);
INSERT INTO `radiology_billing` (`id`, `patient_id`, `case_reference_id`, `ipd_prescription_basic_id`, `doctor_id`, `date`, `doctor_name`, `total`, `discount_percentage`, `discount`, `tax_percentage`, `tax`, `net_amount`, `transaction_id`, `note`, `organisation_id`, `insurance_validity`, `insurance_id`, `generated_by`, `created_at`, `updated_at`) VALUES (435, 1144, NULL, NULL, NULL, '2024-12-14 01:57:00', 'د عمار', '320.00', '0.00', '0.00', '0.00', '64.00', '384.00', NULL, '', NULL, NULL, NULL, 1, '2024-12-13 23:01:28', NULL);


#
# TABLE STRUCTURE FOR: radiology_parameter
#


CREATE TABLE `radiology_parameter` (
  `id` int NOT NULL AUTO_INCREMENT,
  `parameter_name` varchar(100) NOT NULL,
  `test_value` varchar(100) NOT NULL,
  `reference_range` varchar(100) NOT NULL,
  `range_from` varchar(500) DEFAULT NULL,
  `range_to` varchar(500) DEFAULT NULL,
  `gender` varchar(100) NOT NULL,
  `unit` varchar(100) NOT NULL,
  `description` text,
  `created_at` timestamp NOT NULL DEFAULT CURRENT_TIMESTAMP ON UPDATE CURRENT_TIMESTAMP,
  PRIMARY KEY (`id`),
  KEY `index_parameter_name` (`parameter_name`),
  KEY `index_test_value` (`test_value`),
  KEY `index_reference_range` (`reference_range`),
  KEY `index_range_from` (`range_from`),
  KEY `index_range_to` (`range_to`),
  KEY `index_gender` (`gender`),
  KEY `index_unit` (`unit`)
) ENGINE=InnoDB AUTO_INCREMENT=5 DEFAULT CHARSET=utf8mb3;

INSERT INTO `radiology_parameter` (`id`, `parameter_name`, `test_value`, `reference_range`, `range_from`, `range_to`, `gender`, `unit`, `description`, `created_at`) VALUES (1, 'MRI Cardiac with Contrast', '', '1.5', NULL, NULL, '', '1', 'MRI Cardiac with Contrast', '2021-10-25 06:57:54');
INSERT INTO `radiology_parameter` (`id`, `parameter_name`, `test_value`, `reference_range`, `range_from`, `range_to`, `gender`, `unit`, `description`, `created_at`) VALUES (2, 'Fluoroscopy', '', '30 mGy/min', NULL, NULL, '', '6', 'Fluoroscopy is a study of moving body structures--similar to an X-ray \"movie.\" A continuous X-ray beam is passed through the body part being examined. The beam is transmitted to a TV-like monitor so that the body part and its motion can be seen in detail.', '2021-10-25 07:00:44');
INSERT INTO `radiology_parameter` (`id`, `parameter_name`, `test_value`, `reference_range`, `range_from`, `range_to`, `gender`, `unit`, `description`, `created_at`) VALUES (3, 'Magnetic resonance imaging (MRI)', '', '0.2 and 7 T', NULL, NULL, '', '7', 'Magnetic resonance imaging (MRI) is a medical imaging technique used in radiology to form pictures of the anatomy and the physiological processes of the body. MRI scanners use strong magnetic fields, magnetic field gradients, and radio waves to generate images of the organs in the body.', '2021-10-25 07:01:06');
INSERT INTO `radiology_parameter` (`id`, `parameter_name`, `test_value`, `reference_range`, `range_from`, `range_to`, `gender`, `unit`, `description`, `created_at`) VALUES (4, 'Ultrasound', '', ' 7 mm', NULL, NULL, '', '5', 'Ultrasound is sound waves with frequencies higher than the upper audible limit of human hearing. Ultrasound is not different from \"normal\" (audible) sound in its physical properties, except that humans cannot hear it.', '2024-07-01 05:47:26');


#
# TABLE STRUCTURE FOR: radiology_parameterdetails
#


CREATE TABLE `radiology_parameterdetails` (
  `id` int NOT NULL AUTO_INCREMENT,
  `radiology_id` int DEFAULT NULL,
  `radiology_parameter_id` int DEFAULT NULL,
  `created_at` timestamp NOT NULL DEFAULT CURRENT_TIMESTAMP ON UPDATE CURRENT_TIMESTAMP,
  PRIMARY KEY (`id`),
  KEY `radiology_id` (`radiology_id`),
  KEY `radiology_parameter_id` (`radiology_parameter_id`),
  CONSTRAINT `radiology_parameterdetails_ibfk_1` FOREIGN KEY (`radiology_id`) REFERENCES `radio` (`id`) ON DELETE CASCADE,
  CONSTRAINT `radiology_parameterdetails_ibfk_2` FOREIGN KEY (`radiology_parameter_id`) REFERENCES `radiology_parameter` (`id`) ON DELETE CASCADE
) ENGINE=InnoDB AUTO_INCREMENT=6 DEFAULT CHARSET=utf8mb3;

INSERT INTO `radiology_parameterdetails` (`id`, `radiology_id`, `radiology_parameter_id`, `created_at`) VALUES (1, 1, 1, '2021-10-25 11:50:39');
INSERT INTO `radiology_parameterdetails` (`id`, `radiology_id`, `radiology_parameter_id`, `created_at`) VALUES (2, 2, 3, '2021-10-25 11:52:09');
INSERT INTO `radiology_parameterdetails` (`id`, `radiology_id`, `radiology_parameter_id`, `created_at`) VALUES (3, 3, 2, '2021-10-25 11:52:51');
INSERT INTO `radiology_parameterdetails` (`id`, `radiology_id`, `radiology_parameter_id`, `created_at`) VALUES (4, 4, 3, '2021-10-25 11:53:35');
INSERT INTO `radiology_parameterdetails` (`id`, `radiology_id`, `radiology_parameter_id`, `created_at`) VALUES (5, 5, 4, '2021-10-25 11:53:59');


#
# TABLE STRUCTURE FOR: radiology_report
#


CREATE TABLE `radiology_report` (
  `id` int NOT NULL AUTO_INCREMENT,
  `radiology_bill_id` int DEFAULT NULL,
  `radiology_id` int DEFAULT NULL,
  `patient_id` int DEFAULT NULL,
  `customer_type` varchar(50) DEFAULT NULL,
  `patient_name` varchar(100) DEFAULT NULL,
  `consultant_doctor` varchar(10) NOT NULL,
  `reporting_date` date DEFAULT NULL,
  `parameter_update` date DEFAULT NULL,
  `description` text,
  `radiology_report` text,
  `report_name` text,
  `radiology_result` text COMMENT 'test result',
  `tax_percentage` float(10,2) NOT NULL DEFAULT '0.00',
  `apply_charge` float(10,2) NOT NULL DEFAULT '0.00',
  `radiology_center` varchar(250) NOT NULL,
  `generated_by` int DEFAULT NULL,
  `collection_specialist` int DEFAULT NULL,
  `collection_date` date DEFAULT NULL,
  `approved_by` int DEFAULT NULL,
  `created_at` timestamp NOT NULL DEFAULT CURRENT_TIMESTAMP,
  PRIMARY KEY (`id`),
  KEY `radiology_id` (`radiology_id`),
  KEY `radiology_bill_id` (`radiology_bill_id`),
  KEY `patient_id` (`patient_id`),
  KEY `generated_by` (`generated_by`),
  KEY `collection_specialist` (`collection_specialist`),
  KEY `approved_by` (`approved_by`),
  KEY `index_customer_type` (`customer_type`),
  KEY `index_patient_name` (`patient_name`),
  KEY `index_consultant_doctor` (`consultant_doctor`),
  KEY `index_reporting_date` (`reporting_date`),
  KEY `index_parameter_update` (`parameter_update`),
  KEY `index_tax_percentage` (`tax_percentage`),
  KEY `index_apply_charge` (`apply_charge`),
  KEY `index_radiology_center` (`radiology_center`),
  CONSTRAINT `radiology_report_ibfk_1` FOREIGN KEY (`radiology_id`) REFERENCES `radio` (`id`) ON DELETE CASCADE,
  CONSTRAINT `radiology_report_ibfk_2` FOREIGN KEY (`radiology_bill_id`) REFERENCES `radiology_billing` (`id`) ON DELETE CASCADE,
  CONSTRAINT `radiology_report_ibfk_3` FOREIGN KEY (`patient_id`) REFERENCES `patients` (`id`) ON DELETE CASCADE,
  CONSTRAINT `radiology_report_ibfk_4` FOREIGN KEY (`generated_by`) REFERENCES `staff` (`id`) ON DELETE CASCADE,
  CONSTRAINT `radiology_report_ibfk_5` FOREIGN KEY (`collection_specialist`) REFERENCES `staff` (`id`) ON DELETE CASCADE,
  CONSTRAINT `radiology_report_ibfk_6` FOREIGN KEY (`approved_by`) REFERENCES `staff` (`id`) ON DELETE CASCADE
) ENGINE=InnoDB AUTO_INCREMENT=618 DEFAULT CHARSET=utf8mb3;

INSERT INTO `radiology_report` (`id`, `radiology_bill_id`, `radiology_id`, `patient_id`, `customer_type`, `patient_name`, `consultant_doctor`, `reporting_date`, `parameter_update`, `description`, `radiology_report`, `report_name`, `radiology_result`, `tax_percentage`, `apply_charge`, `radiology_center`, `generated_by`, `collection_specialist`, `collection_date`, `approved_by`, `created_at`) VALUES (450, 293, 4, 578, NULL, NULL, '', '2023-09-12', '2023-09-12', NULL, NULL, NULL, '', '20.00', '160.00', 'In-House Radiology Lab', 6, 6, '2023-09-10', 12, '2023-09-04 05:41:58');
INSERT INTO `radiology_report` (`id`, `radiology_bill_id`, `radiology_id`, `patient_id`, `customer_type`, `patient_name`, `consultant_doctor`, `reporting_date`, `parameter_update`, `description`, `radiology_report`, `report_name`, `radiology_result`, `tax_percentage`, `apply_charge`, `radiology_center`, `generated_by`, `collection_specialist`, `collection_date`, `approved_by`, `created_at`) VALUES (458, 299, 4, 868, NULL, NULL, '', '2023-09-23', '2023-09-23', NULL, NULL, NULL, '', '20.00', '160.00', 'In-House Radiology Lab', 1, 6, '2023-09-21', 11, '2023-09-04 07:09:22');
INSERT INTO `radiology_report` (`id`, `radiology_bill_id`, `radiology_id`, `patient_id`, `customer_type`, `patient_name`, `consultant_doctor`, `reporting_date`, `parameter_update`, `description`, `radiology_report`, `report_name`, `radiology_result`, `tax_percentage`, `apply_charge`, `radiology_center`, `generated_by`, `collection_specialist`, `collection_date`, `approved_by`, `created_at`) VALUES (459, 300, 1, 872, NULL, NULL, '', '2023-09-29', '2023-09-30', NULL, NULL, NULL, '', '20.00', '160.00', 'In-House Radiology Lab', 1, 6, '2023-09-28', 12, '2023-09-04 07:28:48');
INSERT INTO `radiology_report` (`id`, `radiology_bill_id`, `radiology_id`, `patient_id`, `customer_type`, `patient_name`, `consultant_doctor`, `reporting_date`, `parameter_update`, `description`, `radiology_report`, `report_name`, `radiology_result`, `tax_percentage`, `apply_charge`, `radiology_center`, `generated_by`, `collection_specialist`, `collection_date`, `approved_by`, `created_at`) VALUES (467, 308, 4, 628, NULL, NULL, '', '2023-11-02', '2023-11-02', NULL, NULL, NULL, '', '20.00', '160.00', 'In-House Radiology Lab', 1, 6, '2023-10-31', 11, '2023-10-04 12:28:12');
INSERT INTO `radiology_report` (`id`, `radiology_bill_id`, `radiology_id`, `patient_id`, `customer_type`, `patient_name`, `consultant_doctor`, `reporting_date`, `parameter_update`, `description`, `radiology_report`, `report_name`, `radiology_result`, `tax_percentage`, `apply_charge`, `radiology_center`, `generated_by`, `collection_specialist`, `collection_date`, `approved_by`, `created_at`) VALUES (468, 309, 4, 886, NULL, NULL, '', '2023-10-07', '2023-10-21', NULL, NULL, NULL, '', '20.00', '160.00', 'In-House Radiology Lab', 1, 6, '2023-10-18', 12, '2023-10-05 04:53:01');
INSERT INTO `radiology_report` (`id`, `radiology_bill_id`, `radiology_id`, `patient_id`, `customer_type`, `patient_name`, `consultant_doctor`, `reporting_date`, `parameter_update`, `description`, `radiology_report`, `report_name`, `radiology_result`, `tax_percentage`, `apply_charge`, `radiology_center`, `generated_by`, `collection_specialist`, `collection_date`, `approved_by`, `created_at`) VALUES (469, 310, 4, 896, NULL, NULL, '', '2023-10-28', '2023-10-28', NULL, NULL, NULL, '', '20.00', '160.00', 'In-House Radiology Lab', 1, 6, '2023-10-26', 4, '2023-10-05 07:11:09');
INSERT INTO `radiology_report` (`id`, `radiology_bill_id`, `radiology_id`, `patient_id`, `customer_type`, `patient_name`, `consultant_doctor`, `reporting_date`, `parameter_update`, `description`, `radiology_report`, `report_name`, `radiology_result`, `tax_percentage`, `apply_charge`, `radiology_center`, `generated_by`, `collection_specialist`, `collection_date`, `approved_by`, `created_at`) VALUES (470, 311, 3, 830, NULL, NULL, '', '2023-11-02', '2023-11-04', NULL, NULL, NULL, '', '20.00', '160.00', 'In-House Radiology Lab', 1, 6, '2023-11-01', 12, '2023-11-03 06:40:54');
INSERT INTO `radiology_report` (`id`, `radiology_bill_id`, `radiology_id`, `patient_id`, `customer_type`, `patient_name`, `consultant_doctor`, `reporting_date`, `parameter_update`, `description`, `radiology_report`, `report_name`, `radiology_result`, `tax_percentage`, `apply_charge`, `radiology_center`, `generated_by`, `collection_specialist`, `collection_date`, `approved_by`, `created_at`) VALUES (474, 314, 3, 509, NULL, NULL, '', '2023-11-16', '2023-11-18', NULL, NULL, NULL, '', '20.00', '160.00', 'In-House Radiology Lab', 1, 6, '2023-11-15', 12, '2023-11-03 07:01:09');
INSERT INTO `radiology_report` (`id`, `radiology_bill_id`, `radiology_id`, `patient_id`, `customer_type`, `patient_name`, `consultant_doctor`, `reporting_date`, `parameter_update`, `description`, `radiology_report`, `report_name`, `radiology_result`, `tax_percentage`, `apply_charge`, `radiology_center`, `generated_by`, `collection_specialist`, `collection_date`, `approved_by`, `created_at`) VALUES (477, 317, 4, 642, NULL, NULL, '', '2023-11-30', '2023-12-02', NULL, NULL, NULL, '', '20.00', '160.00', 'In-House Radiology Lab', 1, 6, '2023-11-30', 11, '2023-11-03 07:03:49');
INSERT INTO `radiology_report` (`id`, `radiology_bill_id`, `radiology_id`, `patient_id`, `customer_type`, `patient_name`, `consultant_doctor`, `reporting_date`, `parameter_update`, `description`, `radiology_report`, `report_name`, `radiology_result`, `tax_percentage`, `apply_charge`, `radiology_center`, `generated_by`, `collection_specialist`, `collection_date`, `approved_by`, `created_at`) VALUES (478, 317, 3, 642, NULL, NULL, '', '2023-12-02', '2023-12-02', NULL, NULL, NULL, '', '20.00', '160.00', 'In-House Radiology Lab', 1, 6, '2023-11-30', 4, '2023-11-03 07:03:49');
INSERT INTO `radiology_report` (`id`, `radiology_bill_id`, `radiology_id`, `patient_id`, `customer_type`, `patient_name`, `consultant_doctor`, `reporting_date`, `parameter_update`, `description`, `radiology_report`, `report_name`, `radiology_result`, `tax_percentage`, `apply_charge`, `radiology_center`, `generated_by`, `collection_specialist`, `collection_date`, `approved_by`, `created_at`) VALUES (479, 318, 4, 121, NULL, NULL, '', '2023-11-10', '2023-11-13', NULL, NULL, NULL, '', '20.00', '160.00', 'In-House Radiology Lab', 1, 6, '2023-11-08', 4, '2023-11-03 07:59:22');
INSERT INTO `radiology_report` (`id`, `radiology_bill_id`, `radiology_id`, `patient_id`, `customer_type`, `patient_name`, `consultant_doctor`, `reporting_date`, `parameter_update`, `description`, `radiology_report`, `report_name`, `radiology_result`, `tax_percentage`, `apply_charge`, `radiology_center`, `generated_by`, `collection_specialist`, `collection_date`, `approved_by`, `created_at`) VALUES (483, 321, 4, 539, NULL, NULL, '', '2023-12-03', '2023-12-03', NULL, NULL, NULL, '', '20.00', '160.00', 'In-House Radiology Lab', 1, 6, '2023-12-01', 12, '2023-12-04 05:16:29');
INSERT INTO `radiology_report` (`id`, `radiology_bill_id`, `radiology_id`, `patient_id`, `customer_type`, `patient_name`, `consultant_doctor`, `reporting_date`, `parameter_update`, `description`, `radiology_report`, `report_name`, `radiology_result`, `tax_percentage`, `apply_charge`, `radiology_center`, `generated_by`, `collection_specialist`, `collection_date`, `approved_by`, `created_at`) VALUES (485, 323, 5, 886, NULL, NULL, '', '2023-12-10', '2023-12-13', NULL, NULL, NULL, '', '20.00', '160.00', 'In-House Radiology Lab', 1, 6, '2023-12-10', 12, '2023-12-04 05:22:50');
INSERT INTO `radiology_report` (`id`, `radiology_bill_id`, `radiology_id`, `patient_id`, `customer_type`, `patient_name`, `consultant_doctor`, `reporting_date`, `parameter_update`, `description`, `radiology_report`, `report_name`, `radiology_result`, `tax_percentage`, `apply_charge`, `radiology_center`, `generated_by`, `collection_specialist`, `collection_date`, `approved_by`, `created_at`) VALUES (486, 323, 4, 886, NULL, NULL, '', '2023-12-12', '2023-12-13', NULL, NULL, NULL, '', '20.00', '160.00', 'In-House Radiology Lab', 1, 6, '2023-12-10', 11, '2023-12-04 05:22:50');
INSERT INTO `radiology_report` (`id`, `radiology_bill_id`, `radiology_id`, `patient_id`, `customer_type`, `patient_name`, `consultant_doctor`, `reporting_date`, `parameter_update`, `description`, `radiology_report`, `report_name`, `radiology_result`, `tax_percentage`, `apply_charge`, `radiology_center`, `generated_by`, `collection_specialist`, `collection_date`, `approved_by`, `created_at`) VALUES (489, 325, 1, 872, NULL, NULL, '', '2023-12-21', '2023-12-23', NULL, NULL, NULL, '', '20.00', '160.00', 'In-House Radiology Lab', 1, 6, '2023-12-20', 4, '2023-12-04 05:35:15');
INSERT INTO `radiology_report` (`id`, `radiology_bill_id`, `radiology_id`, `patient_id`, `customer_type`, `patient_name`, `consultant_doctor`, `reporting_date`, `parameter_update`, `description`, `radiology_report`, `report_name`, `radiology_result`, `tax_percentage`, `apply_charge`, `radiology_center`, `generated_by`, `collection_specialist`, `collection_date`, `approved_by`, `created_at`) VALUES (491, 327, 4, 288, NULL, NULL, '', '2024-01-01', '2024-01-01', NULL, NULL, NULL, '', '20.00', '160.00', 'In-House Radiology Lab', 1, 6, '2023-12-30', 4, '2023-12-04 05:36:34');
INSERT INTO `radiology_report` (`id`, `radiology_bill_id`, `radiology_id`, `patient_id`, `customer_type`, `patient_name`, `consultant_doctor`, `reporting_date`, `parameter_update`, `description`, `radiology_report`, `report_name`, `radiology_result`, `tax_percentage`, `apply_charge`, `radiology_center`, `generated_by`, `collection_specialist`, `collection_date`, `approved_by`, `created_at`) VALUES (492, 328, 4, 937, NULL, NULL, '', '2023-12-12', '2023-12-15', NULL, NULL, NULL, '', '20.00', '160.00', 'In-House Radiology Lab', 1, 6, '2023-12-12', 11, '2023-12-04 07:32:06');
INSERT INTO `radiology_report` (`id`, `radiology_bill_id`, `radiology_id`, `patient_id`, `customer_type`, `patient_name`, `consultant_doctor`, `reporting_date`, `parameter_update`, `description`, `radiology_report`, `report_name`, `radiology_result`, `tax_percentage`, `apply_charge`, `radiology_center`, `generated_by`, `collection_specialist`, `collection_date`, `approved_by`, `created_at`) VALUES (493, 329, 4, 939, NULL, NULL, '', '2023-12-19', '2023-12-21', NULL, NULL, NULL, '', '20.00', '160.00', 'In-House Radiology Lab', 1, 6, '2023-12-17', 4, '2023-12-04 07:47:46');
INSERT INTO `radiology_report` (`id`, `radiology_bill_id`, `radiology_id`, `patient_id`, `customer_type`, `patient_name`, `consultant_doctor`, `reporting_date`, `parameter_update`, `description`, `radiology_report`, `report_name`, `radiology_result`, `tax_percentage`, `apply_charge`, `radiology_center`, `generated_by`, `collection_specialist`, `collection_date`, `approved_by`, `created_at`) VALUES (495, 331, 4, 896, NULL, NULL, '', '2024-01-03', '2024-01-03', NULL, NULL, NULL, '', '20.00', '160.00', 'In-House Radiology Lab', 1, 6, '2024-01-01', 11, '2024-01-03 09:30:49');
INSERT INTO `radiology_report` (`id`, `radiology_bill_id`, `radiology_id`, `patient_id`, `customer_type`, `patient_name`, `consultant_doctor`, `reporting_date`, `parameter_update`, `description`, `radiology_report`, `report_name`, `radiology_result`, `tax_percentage`, `apply_charge`, `radiology_center`, `generated_by`, `collection_specialist`, `collection_date`, `approved_by`, `created_at`) VALUES (496, 332, 5, 886, NULL, NULL, '', '2024-01-05', '2024-01-07', NULL, NULL, NULL, '', '20.00', '160.00', 'In-House Radiology Lab', 1, 6, '2024-01-05', 12, '2024-01-03 09:43:30');
INSERT INTO `radiology_report` (`id`, `radiology_bill_id`, `radiology_id`, `patient_id`, `customer_type`, `patient_name`, `consultant_doctor`, `reporting_date`, `parameter_update`, `description`, `radiology_report`, `report_name`, `radiology_result`, `tax_percentage`, `apply_charge`, `radiology_center`, `generated_by`, `collection_specialist`, `collection_date`, `approved_by`, `created_at`) VALUES (497, 332, 4, 886, NULL, NULL, '', '2024-01-07', '2024-01-08', NULL, NULL, NULL, '', '20.00', '160.00', 'In-House Radiology Lab', 1, 6, '2024-01-05', 2, '2024-01-03 09:43:30');
INSERT INTO `radiology_report` (`id`, `radiology_bill_id`, `radiology_id`, `patient_id`, `customer_type`, `patient_name`, `consultant_doctor`, `reporting_date`, `parameter_update`, `description`, `radiology_report`, `report_name`, `radiology_result`, `tax_percentage`, `apply_charge`, `radiology_center`, `generated_by`, `collection_specialist`, `collection_date`, `approved_by`, `created_at`) VALUES (498, 333, 5, 1, NULL, NULL, '', '2024-01-10', '2024-01-13', NULL, NULL, NULL, '', '20.00', '160.00', 'In-House Radiology Lab', 1, 6, '2024-01-10', 11, '2024-01-03 09:50:51');
INSERT INTO `radiology_report` (`id`, `radiology_bill_id`, `radiology_id`, `patient_id`, `customer_type`, `patient_name`, `consultant_doctor`, `reporting_date`, `parameter_update`, `description`, `radiology_report`, `report_name`, `radiology_result`, `tax_percentage`, `apply_charge`, `radiology_center`, `generated_by`, `collection_specialist`, `collection_date`, `approved_by`, `created_at`) VALUES (499, 333, 4, 1, NULL, NULL, '', '2024-01-12', '2024-01-14', NULL, NULL, NULL, '', '20.00', '160.00', 'In-House Radiology Lab', 1, 6, '2024-01-10', 4, '2024-01-03 09:50:51');
INSERT INTO `radiology_report` (`id`, `radiology_bill_id`, `radiology_id`, `patient_id`, `customer_type`, `patient_name`, `consultant_doctor`, `reporting_date`, `parameter_update`, `description`, `radiology_report`, `report_name`, `radiology_result`, `tax_percentage`, `apply_charge`, `radiology_center`, `generated_by`, `collection_specialist`, `collection_date`, `approved_by`, `created_at`) VALUES (501, 335, 4, 493, NULL, NULL, '', '2024-01-22', '2024-01-22', NULL, NULL, NULL, '', '20.00', '160.00', 'In-House Radiology Lab', 1, 6, '2024-01-20', 4, '2024-01-03 10:00:59');
INSERT INTO `radiology_report` (`id`, `radiology_bill_id`, `radiology_id`, `patient_id`, `customer_type`, `patient_name`, `consultant_doctor`, `reporting_date`, `parameter_update`, `description`, `radiology_report`, `report_name`, `radiology_result`, `tax_percentage`, `apply_charge`, `radiology_center`, `generated_by`, `collection_specialist`, `collection_date`, `approved_by`, `created_at`) VALUES (502, 336, 3, 830, NULL, NULL, '', '2024-01-26', '2024-01-28', NULL, NULL, NULL, '', '20.00', '160.00', 'In-House Radiology Lab', 1, 6, '2024-01-25', 12, '2024-01-03 10:37:29');
INSERT INTO `radiology_report` (`id`, `radiology_bill_id`, `radiology_id`, `patient_id`, `customer_type`, `patient_name`, `consultant_doctor`, `reporting_date`, `parameter_update`, `description`, `radiology_report`, `report_name`, `radiology_result`, `tax_percentage`, `apply_charge`, `radiology_center`, `generated_by`, `collection_specialist`, `collection_date`, `approved_by`, `created_at`) VALUES (504, 338, 3, 493, NULL, NULL, '', '2024-01-13', '2024-01-14', NULL, NULL, NULL, '', '20.00', '160.00', 'In-House Radiology Lab', 1, 6, '2024-01-12', 12, '2024-01-04 04:36:13');
INSERT INTO `radiology_report` (`id`, `radiology_bill_id`, `radiology_id`, `patient_id`, `customer_type`, `patient_name`, `consultant_doctor`, `reporting_date`, `parameter_update`, `description`, `radiology_report`, `report_name`, `radiology_result`, `tax_percentage`, `apply_charge`, `radiology_center`, `generated_by`, `collection_specialist`, `collection_date`, `approved_by`, `created_at`) VALUES (505, 339, 3, 493, NULL, NULL, '', '2024-02-02', '2024-02-03', NULL, NULL, NULL, '', '20.00', '160.00', 'In-House Radiology Lab', 1, 6, '2024-02-01', 4, '2024-02-01 07:35:49');
INSERT INTO `radiology_report` (`id`, `radiology_bill_id`, `radiology_id`, `patient_id`, `customer_type`, `patient_name`, `consultant_doctor`, `reporting_date`, `parameter_update`, `description`, `radiology_report`, `report_name`, `radiology_result`, `tax_percentage`, `apply_charge`, `radiology_center`, `generated_by`, `collection_specialist`, `collection_date`, `approved_by`, `created_at`) VALUES (508, 342, 4, 886, NULL, NULL, '', '2024-02-17', '2024-02-18', NULL, NULL, NULL, '', '20.00', '160.00', 'In-House Radiology Lab', 1, 6, '2024-02-15', 4, '2024-02-01 07:48:45');
INSERT INTO `radiology_report` (`id`, `radiology_bill_id`, `radiology_id`, `patient_id`, `customer_type`, `patient_name`, `consultant_doctor`, `reporting_date`, `parameter_update`, `description`, `radiology_report`, `report_name`, `radiology_result`, `tax_percentage`, `apply_charge`, `radiology_center`, `generated_by`, `collection_specialist`, `collection_date`, `approved_by`, `created_at`) VALUES (509, 342, 3, 886, NULL, NULL, '', '2024-02-16', '2024-02-19', NULL, NULL, NULL, '', '20.00', '160.00', 'In-House Radiology Lab', 1, 6, '2024-02-15', 12, '2024-02-01 07:48:45');
INSERT INTO `radiology_report` (`id`, `radiology_bill_id`, `radiology_id`, `patient_id`, `customer_type`, `patient_name`, `consultant_doctor`, `reporting_date`, `parameter_update`, `description`, `radiology_report`, `report_name`, `radiology_result`, `tax_percentage`, `apply_charge`, `radiology_center`, `generated_by`, `collection_specialist`, `collection_date`, `approved_by`, `created_at`) VALUES (510, 343, 4, 873, NULL, NULL, '', '2024-02-22', '2024-02-23', NULL, NULL, NULL, '', '20.00', '160.00', 'In-House Radiology Lab', 1, 6, '2024-02-20', 2, '2024-02-01 07:50:37');
INSERT INTO `radiology_report` (`id`, `radiology_bill_id`, `radiology_id`, `patient_id`, `customer_type`, `patient_name`, `consultant_doctor`, `reporting_date`, `parameter_update`, `description`, `radiology_report`, `report_name`, `radiology_result`, `tax_percentage`, `apply_charge`, `radiology_center`, `generated_by`, `collection_specialist`, `collection_date`, `approved_by`, `created_at`) VALUES (511, 344, 4, 642, NULL, NULL, '', '2024-02-27', '2024-02-28', NULL, NULL, NULL, '', '20.00', '160.00', 'In-House Radiology Lab', 1, 6, '2024-02-25', 12, '2024-02-01 07:51:48');
INSERT INTO `radiology_report` (`id`, `radiology_bill_id`, `radiology_id`, `patient_id`, `customer_type`, `patient_name`, `consultant_doctor`, `reporting_date`, `parameter_update`, `description`, `radiology_report`, `report_name`, `radiology_result`, `tax_percentage`, `apply_charge`, `radiology_center`, `generated_by`, `collection_specialist`, `collection_date`, `approved_by`, `created_at`) VALUES (512, 344, 3, 642, NULL, NULL, '', '2024-02-26', '2024-02-29', NULL, NULL, NULL, '', '20.00', '160.00', 'In-House Radiology Lab', 1, 6, '2024-02-25', 2, '2024-02-01 07:51:48');
INSERT INTO `radiology_report` (`id`, `radiology_bill_id`, `radiology_id`, `patient_id`, `customer_type`, `patient_name`, `consultant_doctor`, `reporting_date`, `parameter_update`, `description`, `radiology_report`, `report_name`, `radiology_result`, `tax_percentage`, `apply_charge`, `radiology_center`, `generated_by`, `collection_specialist`, `collection_date`, `approved_by`, `created_at`) VALUES (514, 346, 3, 990, NULL, NULL, '', '2024-02-07', '2024-02-08', NULL, NULL, NULL, '', '20.00', '160.00', 'In-House Radiology Lab', 1, 6, '2024-02-06', 11, '2024-02-01 09:48:00');
INSERT INTO `radiology_report` (`id`, `radiology_bill_id`, `radiology_id`, `patient_id`, `customer_type`, `patient_name`, `consultant_doctor`, `reporting_date`, `parameter_update`, `description`, `radiology_report`, `report_name`, `radiology_result`, `tax_percentage`, `apply_charge`, `radiology_center`, `generated_by`, `collection_specialist`, `collection_date`, `approved_by`, `created_at`) VALUES (516, 348, 4, 1005, NULL, NULL, '', '2024-03-03', '2024-03-04', NULL, NULL, NULL, '', '20.00', '160.00', 'In-House Radiology Lab', 1, 6, '2024-03-01', 12, '2024-03-01 07:33:08');
INSERT INTO `radiology_report` (`id`, `radiology_bill_id`, `radiology_id`, `patient_id`, `customer_type`, `patient_name`, `consultant_doctor`, `reporting_date`, `parameter_update`, `description`, `radiology_report`, `report_name`, `radiology_result`, `tax_percentage`, `apply_charge`, `radiology_center`, `generated_by`, `collection_specialist`, `collection_date`, `approved_by`, `created_at`) VALUES (518, 350, 4, 896, NULL, NULL, '', '2024-03-12', '2024-03-14', NULL, NULL, NULL, '', '20.00', '160.00', 'In-House Radiology Lab', 1, 6, '2024-03-10', 4, '2024-03-01 08:16:52');
INSERT INTO `radiology_report` (`id`, `radiology_bill_id`, `radiology_id`, `patient_id`, `customer_type`, `patient_name`, `consultant_doctor`, `reporting_date`, `parameter_update`, `description`, `radiology_report`, `report_name`, `radiology_result`, `tax_percentage`, `apply_charge`, `radiology_center`, `generated_by`, `collection_specialist`, `collection_date`, `approved_by`, `created_at`) VALUES (519, 351, 4, 939, NULL, NULL, '', '2024-03-17', '2024-03-22', NULL, NULL, NULL, '', '20.00', '160.00', 'In-House Radiology Lab', 1, 6, '2024-03-20', 12, '2024-03-01 08:17:30');
INSERT INTO `radiology_report` (`id`, `radiology_bill_id`, `radiology_id`, `patient_id`, `customer_type`, `patient_name`, `consultant_doctor`, `reporting_date`, `parameter_update`, `description`, `radiology_report`, `report_name`, `radiology_result`, `tax_percentage`, `apply_charge`, `radiology_center`, `generated_by`, `collection_specialist`, `collection_date`, `approved_by`, `created_at`) VALUES (520, 351, 2, 939, NULL, NULL, '', '2024-03-17', '2024-03-23', NULL, NULL, NULL, '', '20.00', '160.00', 'In-House Radiology Lab', 1, 6, '2024-03-20', 4, '2024-03-01 08:17:30');
INSERT INTO `radiology_report` (`id`, `radiology_bill_id`, `radiology_id`, `patient_id`, `customer_type`, `patient_name`, `consultant_doctor`, `reporting_date`, `parameter_update`, `description`, `radiology_report`, `report_name`, `radiology_result`, `tax_percentage`, `apply_charge`, `radiology_center`, `generated_by`, `collection_specialist`, `collection_date`, `approved_by`, `created_at`) VALUES (521, 352, 4, 896, NULL, NULL, '', '2024-03-27', '2024-03-27', NULL, NULL, NULL, '', '20.00', '160.00', 'In-House Radiology Lab', 1, 6, '2024-03-25', 4, '2024-03-01 08:18:47');
INSERT INTO `radiology_report` (`id`, `radiology_bill_id`, `radiology_id`, `patient_id`, `customer_type`, `patient_name`, `consultant_doctor`, `reporting_date`, `parameter_update`, `description`, `radiology_report`, `report_name`, `radiology_result`, `tax_percentage`, `apply_charge`, `radiology_center`, `generated_by`, `collection_specialist`, `collection_date`, `approved_by`, `created_at`) VALUES (523, 354, 2, 563, NULL, NULL, '', '2024-04-01', '2024-04-02', NULL, NULL, NULL, '', '20.00', '160.00', 'In-House Radiology Lab', 1, 6, '2024-03-30', 4, '2024-03-01 08:23:13');
INSERT INTO `radiology_report` (`id`, `radiology_bill_id`, `radiology_id`, `patient_id`, `customer_type`, `patient_name`, `consultant_doctor`, `reporting_date`, `parameter_update`, `description`, `radiology_report`, `report_name`, `radiology_result`, `tax_percentage`, `apply_charge`, `radiology_center`, `generated_by`, `collection_specialist`, `collection_date`, `approved_by`, `created_at`) VALUES (524, 355, 4, 896, NULL, NULL, '', '2024-03-24', '2024-03-26', NULL, NULL, NULL, '', '20.00', '160.00', 'In-House Radiology Lab', 1, 6, '2024-03-22', 2, '2024-03-02 07:03:04');
INSERT INTO `radiology_report` (`id`, `radiology_bill_id`, `radiology_id`, `patient_id`, `customer_type`, `patient_name`, `consultant_doctor`, `reporting_date`, `parameter_update`, `description`, `radiology_report`, `report_name`, `radiology_result`, `tax_percentage`, `apply_charge`, `radiology_center`, `generated_by`, `collection_specialist`, `collection_date`, `approved_by`, `created_at`) VALUES (525, 356, 5, 1, NULL, NULL, '', '2024-04-02', '2024-04-04', NULL, NULL, NULL, '', '20.00', '160.00', 'In-House Radiology Lab', 1, 6, '2024-04-01', 12, '2024-04-01 09:54:41');
INSERT INTO `radiology_report` (`id`, `radiology_bill_id`, `radiology_id`, `patient_id`, `customer_type`, `patient_name`, `consultant_doctor`, `reporting_date`, `parameter_update`, `description`, `radiology_report`, `report_name`, `radiology_result`, `tax_percentage`, `apply_charge`, `radiology_center`, `generated_by`, `collection_specialist`, `collection_date`, `approved_by`, `created_at`) VALUES (526, 356, 3, 1, NULL, NULL, '', '2024-04-02', '2024-04-05', NULL, NULL, NULL, '', '20.00', '160.00', 'In-House Radiology Lab', 1, 6, '2024-04-01', 2, '2024-04-01 09:54:41');
INSERT INTO `radiology_report` (`id`, `radiology_bill_id`, `radiology_id`, `patient_id`, `customer_type`, `patient_name`, `consultant_doctor`, `reporting_date`, `parameter_update`, `description`, `radiology_report`, `report_name`, `radiology_result`, `tax_percentage`, `apply_charge`, `radiology_center`, `generated_by`, `collection_specialist`, `collection_date`, `approved_by`, `created_at`) VALUES (527, 357, 3, 493, NULL, NULL, '', '2024-04-06', '2024-04-07', NULL, NULL, NULL, '', '20.00', '160.00', 'In-House Radiology Lab', 1, 6, '2024-04-05', 12, '2024-04-01 09:57:40');
INSERT INTO `radiology_report` (`id`, `radiology_bill_id`, `radiology_id`, `patient_id`, `customer_type`, `patient_name`, `consultant_doctor`, `reporting_date`, `parameter_update`, `description`, `radiology_report`, `report_name`, `radiology_result`, `tax_percentage`, `apply_charge`, `radiology_center`, `generated_by`, `collection_specialist`, `collection_date`, `approved_by`, `created_at`) VALUES (528, 358, 4, 896, NULL, NULL, '', '2024-04-12', '2024-04-13', NULL, NULL, NULL, '', '20.00', '160.00', 'In-House Radiology Lab', 1, 6, '2024-04-10', 12, '2024-04-01 10:01:03');
INSERT INTO `radiology_report` (`id`, `radiology_bill_id`, `radiology_id`, `patient_id`, `customer_type`, `patient_name`, `consultant_doctor`, `reporting_date`, `parameter_update`, `description`, `radiology_report`, `report_name`, `radiology_result`, `tax_percentage`, `apply_charge`, `radiology_center`, `generated_by`, `collection_specialist`, `collection_date`, `approved_by`, `created_at`) VALUES (529, 359, 5, 781, NULL, NULL, '', '2024-04-16', '2024-04-17', NULL, NULL, NULL, '', '20.00', '160.00', 'In-House Radiology Lab', 1, 6, '2024-04-15', 4, '2024-04-01 10:02:46');
INSERT INTO `radiology_report` (`id`, `radiology_bill_id`, `radiology_id`, `patient_id`, `customer_type`, `patient_name`, `consultant_doctor`, `reporting_date`, `parameter_update`, `description`, `radiology_report`, `report_name`, `radiology_result`, `tax_percentage`, `apply_charge`, `radiology_center`, `generated_by`, `collection_specialist`, `collection_date`, `approved_by`, `created_at`) VALUES (530, 360, 4, 363, NULL, NULL, '', '2024-04-22', '2024-04-22', NULL, NULL, NULL, '', '20.00', '160.00', 'In-House Radiology Lab', 1, 6, '2024-04-20', 2, '2024-04-01 10:06:59');
INSERT INTO `radiology_report` (`id`, `radiology_bill_id`, `radiology_id`, `patient_id`, `customer_type`, `patient_name`, `consultant_doctor`, `reporting_date`, `parameter_update`, `description`, `radiology_report`, `report_name`, `radiology_result`, `tax_percentage`, `apply_charge`, `radiology_center`, `generated_by`, `collection_specialist`, `collection_date`, `approved_by`, `created_at`) VALUES (531, 361, 5, 641, NULL, NULL, '', '2024-04-26', '2024-04-27', NULL, NULL, NULL, '', '20.00', '160.00', 'In-House Radiology Lab', 1, 6, '2024-04-25', 4, '2024-04-01 10:09:06');
INSERT INTO `radiology_report` (`id`, `radiology_bill_id`, `radiology_id`, `patient_id`, `customer_type`, `patient_name`, `consultant_doctor`, `reporting_date`, `parameter_update`, `description`, `radiology_report`, `report_name`, `radiology_result`, `tax_percentage`, `apply_charge`, `radiology_center`, `generated_by`, `collection_specialist`, `collection_date`, `approved_by`, `created_at`) VALUES (532, 361, 4, 641, NULL, NULL, '', '2024-04-27', '2024-04-28', NULL, NULL, NULL, '', '20.00', '160.00', 'In-House Radiology Lab', 1, 6, '2024-04-25', 2, '2024-04-01 10:09:06');
INSERT INTO `radiology_report` (`id`, `radiology_bill_id`, `radiology_id`, `patient_id`, `customer_type`, `patient_name`, `consultant_doctor`, `reporting_date`, `parameter_update`, `description`, `radiology_report`, `report_name`, `radiology_result`, `tax_percentage`, `apply_charge`, `radiology_center`, `generated_by`, `collection_specialist`, `collection_date`, `approved_by`, `created_at`) VALUES (533, 362, 2, 873, NULL, NULL, '', '2024-05-02', '2024-05-02', NULL, NULL, NULL, '', '20.00', '160.00', 'In-House Radiology Lab', 1, 6, '2024-04-30', 12, '2024-04-01 10:11:04');
INSERT INTO `radiology_report` (`id`, `radiology_bill_id`, `radiology_id`, `patient_id`, `customer_type`, `patient_name`, `consultant_doctor`, `reporting_date`, `parameter_update`, `description`, `radiology_report`, `report_name`, `radiology_result`, `tax_percentage`, `apply_charge`, `radiology_center`, `generated_by`, `collection_specialist`, `collection_date`, `approved_by`, `created_at`) VALUES (534, 363, 2, 878, NULL, NULL, '', '2024-04-14', '2024-04-16', NULL, NULL, NULL, '', '20.00', '160.00', 'In-House Radiology Lab', 1, 6, '2024-04-12', 11, '2024-04-01 11:29:51');
INSERT INTO `radiology_report` (`id`, `radiology_bill_id`, `radiology_id`, `patient_id`, `customer_type`, `patient_name`, `consultant_doctor`, `reporting_date`, `parameter_update`, `description`, `radiology_report`, `report_name`, `radiology_result`, `tax_percentage`, `apply_charge`, `radiology_center`, `generated_by`, `collection_specialist`, `collection_date`, `approved_by`, `created_at`) VALUES (538, 366, 4, 1005, NULL, NULL, '', '2024-05-07', '2024-05-08', NULL, NULL, NULL, '', '20.00', '160.00', 'In-House Radiology Lab', 1, 6, '2024-05-05', 4, '2024-05-01 11:56:24');
INSERT INTO `radiology_report` (`id`, `radiology_bill_id`, `radiology_id`, `patient_id`, `customer_type`, `patient_name`, `consultant_doctor`, `reporting_date`, `parameter_update`, `description`, `radiology_report`, `report_name`, `radiology_result`, `tax_percentage`, `apply_charge`, `radiology_center`, `generated_by`, `collection_specialist`, `collection_date`, `approved_by`, `created_at`) VALUES (539, 367, 4, 896, NULL, NULL, '', '2024-05-12', '2024-05-14', NULL, NULL, NULL, '', '20.00', '160.00', 'In-House Radiology Lab', 1, 6, '2024-05-10', 12, '2024-05-01 11:57:04');
INSERT INTO `radiology_report` (`id`, `radiology_bill_id`, `radiology_id`, `patient_id`, `customer_type`, `patient_name`, `consultant_doctor`, `reporting_date`, `parameter_update`, `description`, `radiology_report`, `report_name`, `radiology_result`, `tax_percentage`, `apply_charge`, `radiology_center`, `generated_by`, `collection_specialist`, `collection_date`, `approved_by`, `created_at`) VALUES (540, 368, 3, 484, NULL, NULL, '', '2024-05-16', '2024-05-18', NULL, NULL, NULL, '', '20.00', '160.00', 'In-House Radiology Lab', 1, 6, '2024-05-15', 2, '2024-05-01 11:57:47');
INSERT INTO `radiology_report` (`id`, `radiology_bill_id`, `radiology_id`, `patient_id`, `customer_type`, `patient_name`, `consultant_doctor`, `reporting_date`, `parameter_update`, `description`, `radiology_report`, `report_name`, `radiology_result`, `tax_percentage`, `apply_charge`, `radiology_center`, `generated_by`, `collection_specialist`, `collection_date`, `approved_by`, `created_at`) VALUES (542, 370, 2, 878, NULL, NULL, '', '2024-05-27', '2024-05-27', NULL, NULL, NULL, '', '20.00', '160.00', 'In-House Radiology Lab', 6, 6, '2024-05-25', 11, '2024-05-01 12:01:09');
INSERT INTO `radiology_report` (`id`, `radiology_bill_id`, `radiology_id`, `patient_id`, `customer_type`, `patient_name`, `consultant_doctor`, `reporting_date`, `parameter_update`, `description`, `radiology_report`, `report_name`, `radiology_result`, `tax_percentage`, `apply_charge`, `radiology_center`, `generated_by`, `collection_specialist`, `collection_date`, `approved_by`, `created_at`) VALUES (543, 371, 3, 827, NULL, NULL, '', '2024-05-31', '2024-06-01', NULL, NULL, NULL, '', '20.00', '160.00', 'In-House Radiology Lab', 6, 6, '2024-05-30', 4, '2024-05-01 12:01:54');
INSERT INTO `radiology_report` (`id`, `radiology_bill_id`, `radiology_id`, `patient_id`, `customer_type`, `patient_name`, `consultant_doctor`, `reporting_date`, `parameter_update`, `description`, `radiology_report`, `report_name`, `radiology_result`, `tax_percentage`, `apply_charge`, `radiology_center`, `generated_by`, `collection_specialist`, `collection_date`, `approved_by`, `created_at`) VALUES (544, 372, 3, 843, NULL, NULL, '', '2024-05-15', '2024-05-18', NULL, NULL, NULL, '', '20.00', '160.00', 'In-House Radiology Lab', 1, 6, '2024-05-16', 2, '2024-05-02 07:13:38');
INSERT INTO `radiology_report` (`id`, `radiology_bill_id`, `radiology_id`, `patient_id`, `customer_type`, `patient_name`, `consultant_doctor`, `reporting_date`, `parameter_update`, `description`, `radiology_report`, `report_name`, `radiology_result`, `tax_percentage`, `apply_charge`, `radiology_center`, `generated_by`, `collection_specialist`, `collection_date`, `approved_by`, `created_at`) VALUES (547, 374, 5, 641, NULL, NULL, '', '2024-06-06', '2024-06-07', NULL, NULL, NULL, '', '20.00', '160.00', 'In-House Radiology Lab', 1, 6, '2024-06-05', 12, '2024-06-01 07:38:22');
INSERT INTO `radiology_report` (`id`, `radiology_bill_id`, `radiology_id`, `patient_id`, `customer_type`, `patient_name`, `consultant_doctor`, `reporting_date`, `parameter_update`, `description`, `radiology_report`, `report_name`, `radiology_result`, `tax_percentage`, `apply_charge`, `radiology_center`, `generated_by`, `collection_specialist`, `collection_date`, `approved_by`, `created_at`) VALUES (548, 374, 4, 641, NULL, NULL, '', '2024-06-07', '2024-06-08', NULL, NULL, NULL, '', '20.00', '160.00', 'In-House Radiology Lab', 1, 6, '2024-06-05', 2, '2024-06-01 07:38:22');
INSERT INTO `radiology_report` (`id`, `radiology_bill_id`, `radiology_id`, `patient_id`, `customer_type`, `patient_name`, `consultant_doctor`, `reporting_date`, `parameter_update`, `description`, `radiology_report`, `report_name`, `radiology_result`, `tax_percentage`, `apply_charge`, `radiology_center`, `generated_by`, `collection_specialist`, `collection_date`, `approved_by`, `created_at`) VALUES (549, 375, 4, 896, NULL, NULL, '', '2024-06-12', '2024-06-12', NULL, NULL, NULL, '', '20.00', '160.00', 'In-House Radiology Lab', 1, 6, '2024-06-10', 4, '2024-06-01 07:40:26');
INSERT INTO `radiology_report` (`id`, `radiology_bill_id`, `radiology_id`, `patient_id`, `customer_type`, `patient_name`, `consultant_doctor`, `reporting_date`, `parameter_update`, `description`, `radiology_report`, `report_name`, `radiology_result`, `tax_percentage`, `apply_charge`, `radiology_center`, `generated_by`, `collection_specialist`, `collection_date`, `approved_by`, `created_at`) VALUES (550, 376, 4, 563, NULL, NULL, '', '2024-06-17', '2024-06-18', NULL, NULL, NULL, '', '20.00', '160.00', 'In-House Radiology Lab', 1, 6, '2024-06-15', 2, '2024-06-01 07:43:31');
INSERT INTO `radiology_report` (`id`, `radiology_bill_id`, `radiology_id`, `patient_id`, `customer_type`, `patient_name`, `consultant_doctor`, `reporting_date`, `parameter_update`, `description`, `radiology_report`, `report_name`, `radiology_result`, `tax_percentage`, `apply_charge`, `radiology_center`, `generated_by`, `collection_specialist`, `collection_date`, `approved_by`, `created_at`) VALUES (551, 377, 5, 781, NULL, NULL, '', '2024-06-21', '2024-06-22', NULL, NULL, NULL, '', '20.00', '160.00', 'In-House Radiology Lab', 1, 6, '2024-06-20', 4, '2024-06-01 07:45:59');
INSERT INTO `radiology_report` (`id`, `radiology_bill_id`, `radiology_id`, `patient_id`, `customer_type`, `patient_name`, `consultant_doctor`, `reporting_date`, `parameter_update`, `description`, `radiology_report`, `report_name`, `radiology_result`, `tax_percentage`, `apply_charge`, `radiology_center`, `generated_by`, `collection_specialist`, `collection_date`, `approved_by`, `created_at`) VALUES (552, 378, 2, 878, NULL, NULL, '', '2024-06-27', '2024-06-28', NULL, NULL, NULL, '', '20.00', '160.00', 'In-House Radiology Lab', 1, 6, '2024-06-25', 12, '2024-06-01 07:50:16');
INSERT INTO `radiology_report` (`id`, `radiology_bill_id`, `radiology_id`, `patient_id`, `customer_type`, `patient_name`, `consultant_doctor`, `reporting_date`, `parameter_update`, `description`, `radiology_report`, `report_name`, `radiology_result`, `tax_percentage`, `apply_charge`, `radiology_center`, `generated_by`, `collection_specialist`, `collection_date`, `approved_by`, `created_at`) VALUES (553, 379, 4, 578, NULL, NULL, '', '2024-07-02', '2024-07-02', NULL, NULL, NULL, '', '20.00', '160.00', 'In-House Radiology Lab', 1, 6, '2024-06-30', 2, '2024-06-01 07:51:44');
INSERT INTO `radiology_report` (`id`, `radiology_bill_id`, `radiology_id`, `patient_id`, `customer_type`, `patient_name`, `consultant_doctor`, `reporting_date`, `parameter_update`, `description`, `radiology_report`, `report_name`, `radiology_result`, `tax_percentage`, `apply_charge`, `radiology_center`, `generated_by`, `collection_specialist`, `collection_date`, `approved_by`, `created_at`) VALUES (554, 380, 3, 1, NULL, NULL, '', '2024-06-13', '2024-06-14', NULL, NULL, NULL, '', '20.00', '160.00', 'In-House Radiology Lab', 1, 6, '2024-06-12', 4, '2024-06-01 10:05:43');
INSERT INTO `radiology_report` (`id`, `radiology_bill_id`, `radiology_id`, `patient_id`, `customer_type`, `patient_name`, `consultant_doctor`, `reporting_date`, `parameter_update`, `description`, `radiology_report`, `report_name`, `radiology_result`, `tax_percentage`, `apply_charge`, `radiology_center`, `generated_by`, `collection_specialist`, `collection_date`, `approved_by`, `created_at`) VALUES (555, 381, 3, 980, NULL, NULL, '', '2024-06-22', '2024-06-23', NULL, NULL, NULL, '', '20.00', '160.00', 'In-House Radiology Lab', 1, 6, '2024-06-21', 12, '2024-06-01 12:13:09');
INSERT INTO `radiology_report` (`id`, `radiology_bill_id`, `radiology_id`, `patient_id`, `customer_type`, `patient_name`, `consultant_doctor`, `reporting_date`, `parameter_update`, `description`, `radiology_report`, `report_name`, `radiology_result`, `tax_percentage`, `apply_charge`, `radiology_center`, `generated_by`, `collection_specialist`, `collection_date`, `approved_by`, `created_at`) VALUES (556, 382, 3, 1084, NULL, NULL, '', '2024-07-12', '2024-07-14', NULL, NULL, NULL, '', '20.00', '160.00', 'In-House Radiology Lab', 14, 6, '2024-07-11', 12, '2024-07-01 09:25:18');
INSERT INTO `radiology_report` (`id`, `radiology_bill_id`, `radiology_id`, `patient_id`, `customer_type`, `patient_name`, `consultant_doctor`, `reporting_date`, `parameter_update`, `description`, `radiology_report`, `report_name`, `radiology_result`, `tax_percentage`, `apply_charge`, `radiology_center`, `generated_by`, `collection_specialist`, `collection_date`, `approved_by`, `created_at`) VALUES (558, 384, 3, 1085, NULL, NULL, '', '2024-07-06', '2024-07-08', NULL, NULL, NULL, '', '20.00', '160.00', 'In-House Radiology Lab', 14, 6, '2024-07-05', 4, '2024-07-01 10:08:25');
INSERT INTO `radiology_report` (`id`, `radiology_bill_id`, `radiology_id`, `patient_id`, `customer_type`, `patient_name`, `consultant_doctor`, `reporting_date`, `parameter_update`, `description`, `radiology_report`, `report_name`, `radiology_result`, `tax_percentage`, `apply_charge`, `radiology_center`, `generated_by`, `collection_specialist`, `collection_date`, `approved_by`, `created_at`) VALUES (559, 385, 3, 844, NULL, NULL, '', '2024-07-16', '2024-07-18', NULL, NULL, NULL, '', '20.00', '160.00', 'In-House Radiology Lab', 14, 6, '2024-07-15', 2, '2024-07-01 10:09:52');
INSERT INTO `radiology_report` (`id`, `radiology_bill_id`, `radiology_id`, `patient_id`, `customer_type`, `patient_name`, `consultant_doctor`, `reporting_date`, `parameter_update`, `description`, `radiology_report`, `report_name`, `radiology_result`, `tax_percentage`, `apply_charge`, `radiology_center`, `generated_by`, `collection_specialist`, `collection_date`, `approved_by`, `created_at`) VALUES (560, 386, 2, 878, NULL, NULL, '', '2024-07-22', '2024-07-23', NULL, NULL, NULL, '', '20.00', '160.00', 'In-House Radiology Lab', 14, 6, '2024-07-20', 4, '2024-07-01 10:10:39');
INSERT INTO `radiology_report` (`id`, `radiology_bill_id`, `radiology_id`, `patient_id`, `customer_type`, `patient_name`, `consultant_doctor`, `reporting_date`, `parameter_update`, `description`, `radiology_report`, `report_name`, `radiology_result`, `tax_percentage`, `apply_charge`, `radiology_center`, `generated_by`, `collection_specialist`, `collection_date`, `approved_by`, `created_at`) VALUES (562, 388, 2, 830, NULL, NULL, '', '2024-08-01', '2024-08-01', NULL, NULL, NULL, '', '20.00', '160.00', 'In-House Radiology Lab', 14, 6, '2024-07-30', 12, '2024-07-01 10:11:52');
INSERT INTO `radiology_report` (`id`, `radiology_bill_id`, `radiology_id`, `patient_id`, `customer_type`, `patient_name`, `consultant_doctor`, `reporting_date`, `parameter_update`, `description`, `radiology_report`, `report_name`, `radiology_result`, `tax_percentage`, `apply_charge`, `radiology_center`, `generated_by`, `collection_specialist`, `collection_date`, `approved_by`, `created_at`) VALUES (564, 390, 3, 1, NULL, NULL, '', '2024-07-13', '2024-07-14', NULL, NULL, NULL, '', '20.00', '160.00', 'In-House Radiology Lab', 1, 6, '2024-07-12', 12, '2024-07-02 05:54:18');
INSERT INTO `radiology_report` (`id`, `radiology_bill_id`, `radiology_id`, `patient_id`, `customer_type`, `patient_name`, `consultant_doctor`, `reporting_date`, `parameter_update`, `description`, `radiology_report`, `report_name`, `radiology_result`, `tax_percentage`, `apply_charge`, `radiology_center`, `generated_by`, `collection_specialist`, `collection_date`, `approved_by`, `created_at`) VALUES (565, 391, 4, 1, NULL, NULL, '', '2024-08-03', '2024-08-04', NULL, NULL, NULL, '', '20.00', '160.00', 'In-House Radiology Lab', 1, 6, '2024-08-01', 2, '2024-08-01 10:13:36');
INSERT INTO `radiology_report` (`id`, `radiology_bill_id`, `radiology_id`, `patient_id`, `customer_type`, `patient_name`, `consultant_doctor`, `reporting_date`, `parameter_update`, `description`, `radiology_report`, `report_name`, `radiology_result`, `tax_percentage`, `apply_charge`, `radiology_center`, `generated_by`, `collection_specialist`, `collection_date`, `approved_by`, `created_at`) VALUES (566, 391, 2, 1, NULL, NULL, '', '2024-08-03', '2024-08-04', NULL, NULL, NULL, '', '20.00', '160.00', 'In-House Radiology Lab', 1, 6, '2024-08-01', 11, '2024-08-01 10:13:36');
INSERT INTO `radiology_report` (`id`, `radiology_bill_id`, `radiology_id`, `patient_id`, `customer_type`, `patient_name`, `consultant_doctor`, `reporting_date`, `parameter_update`, `description`, `radiology_report`, `report_name`, `radiology_result`, `tax_percentage`, `apply_charge`, `radiology_center`, `generated_by`, `collection_specialist`, `collection_date`, `approved_by`, `created_at`) VALUES (567, 392, 3, 843, NULL, NULL, '', '2024-08-06', '2024-08-08', NULL, NULL, NULL, '', '20.00', '160.00', 'In-House Radiology Lab', 1, 6, '2024-08-05', 4, '2024-08-01 10:14:18');
INSERT INTO `radiology_report` (`id`, `radiology_bill_id`, `radiology_id`, `patient_id`, `customer_type`, `patient_name`, `consultant_doctor`, `reporting_date`, `parameter_update`, `description`, `radiology_report`, `report_name`, `radiology_result`, `tax_percentage`, `apply_charge`, `radiology_center`, `generated_by`, `collection_specialist`, `collection_date`, `approved_by`, `created_at`) VALUES (568, 393, 5, 509, NULL, NULL, '', '2024-08-11', '2024-08-12', NULL, NULL, NULL, '', '20.00', '160.00', 'In-House Radiology Lab', 1, 6, '2024-08-10', 2, '2024-08-01 10:14:52');
INSERT INTO `radiology_report` (`id`, `radiology_bill_id`, `radiology_id`, `patient_id`, `customer_type`, `patient_name`, `consultant_doctor`, `reporting_date`, `parameter_update`, `description`, `radiology_report`, `report_name`, `radiology_result`, `tax_percentage`, `apply_charge`, `radiology_center`, `generated_by`, `collection_specialist`, `collection_date`, `approved_by`, `created_at`) VALUES (569, 393, 4, 509, NULL, NULL, '', '2024-08-12', '2024-08-13', NULL, NULL, NULL, '', '20.00', '160.00', 'In-House Radiology Lab', 1, 6, '2024-08-10', 2, '2024-08-01 10:14:52');
INSERT INTO `radiology_report` (`id`, `radiology_bill_id`, `radiology_id`, `patient_id`, `customer_type`, `patient_name`, `consultant_doctor`, `reporting_date`, `parameter_update`, `description`, `radiology_report`, `report_name`, `radiology_result`, `tax_percentage`, `apply_charge`, `radiology_center`, `generated_by`, `collection_specialist`, `collection_date`, `approved_by`, `created_at`) VALUES (570, 394, 5, 781, NULL, NULL, '', '2024-08-16', '2024-08-18', NULL, NULL, NULL, '', '20.00', '160.00', 'In-House Radiology Lab', 1, 6, '2024-08-15', 12, '2024-08-01 10:16:33');
INSERT INTO `radiology_report` (`id`, `radiology_bill_id`, `radiology_id`, `patient_id`, `customer_type`, `patient_name`, `consultant_doctor`, `reporting_date`, `parameter_update`, `description`, `radiology_report`, `report_name`, `radiology_result`, `tax_percentage`, `apply_charge`, `radiology_center`, `generated_by`, `collection_specialist`, `collection_date`, `approved_by`, `created_at`) VALUES (571, 394, 2, 781, NULL, NULL, '', '2024-08-17', '2024-08-18', NULL, NULL, NULL, '', '20.00', '160.00', 'In-House Radiology Lab', 1, 6, '2024-08-15', 2, '2024-08-01 10:16:33');
INSERT INTO `radiology_report` (`id`, `radiology_bill_id`, `radiology_id`, `patient_id`, `customer_type`, `patient_name`, `consultant_doctor`, `reporting_date`, `parameter_update`, `description`, `radiology_report`, `report_name`, `radiology_result`, `tax_percentage`, `apply_charge`, `radiology_center`, `generated_by`, `collection_specialist`, `collection_date`, `approved_by`, `created_at`) VALUES (572, 395, 3, 990, NULL, NULL, '', '2024-08-21', '2024-08-22', NULL, NULL, NULL, '', '20.00', '160.00', 'In-House Radiology Lab', 1, 6, '2024-08-20', 11, '2024-08-01 10:17:34');
INSERT INTO `radiology_report` (`id`, `radiology_bill_id`, `radiology_id`, `patient_id`, `customer_type`, `patient_name`, `consultant_doctor`, `reporting_date`, `parameter_update`, `description`, `radiology_report`, `report_name`, `radiology_result`, `tax_percentage`, `apply_charge`, `radiology_center`, `generated_by`, `collection_specialist`, `collection_date`, `approved_by`, `created_at`) VALUES (573, 396, 3, 843, NULL, NULL, '', '2024-08-26', '2024-08-28', NULL, NULL, NULL, '', '20.00', '160.00', 'In-House Radiology Lab', 1, 6, '2024-08-25', 12, '2024-08-01 10:23:13');
INSERT INTO `radiology_report` (`id`, `radiology_bill_id`, `radiology_id`, `patient_id`, `customer_type`, `patient_name`, `consultant_doctor`, `reporting_date`, `parameter_update`, `description`, `radiology_report`, `report_name`, `radiology_result`, `tax_percentage`, `apply_charge`, `radiology_center`, `generated_by`, `collection_specialist`, `collection_date`, `approved_by`, `created_at`) VALUES (574, 397, 5, 578, NULL, NULL, '', '2024-08-31', '2024-09-02', NULL, NULL, NULL, '', '20.00', '160.00', 'In-House Radiology Lab', 1, 6, '2024-08-30', 12, '2024-08-01 10:24:12');
INSERT INTO `radiology_report` (`id`, `radiology_bill_id`, `radiology_id`, `patient_id`, `customer_type`, `patient_name`, `consultant_doctor`, `reporting_date`, `parameter_update`, `description`, `radiology_report`, `report_name`, `radiology_result`, `tax_percentage`, `apply_charge`, `radiology_center`, `generated_by`, `collection_specialist`, `collection_date`, `approved_by`, `created_at`) VALUES (575, 397, 3, 578, NULL, NULL, '', '2024-08-31', '2024-09-02', NULL, NULL, NULL, '', '20.00', '160.00', 'In-House Radiology Lab', 1, 6, '2024-08-30', 2, '2024-08-01 10:24:12');
INSERT INTO `radiology_report` (`id`, `radiology_bill_id`, `radiology_id`, `patient_id`, `customer_type`, `patient_name`, `consultant_doctor`, `reporting_date`, `parameter_update`, `description`, `radiology_report`, `report_name`, `radiology_result`, `tax_percentage`, `apply_charge`, `radiology_center`, `generated_by`, `collection_specialist`, `collection_date`, `approved_by`, `created_at`) VALUES (576, 398, 4, 1103, NULL, NULL, '', '2024-08-14', '2024-08-16', NULL, NULL, NULL, '', '20.00', '160.00', 'In-House Radiology Lab', 1, 6, '2024-08-12', 2, '2024-08-02 08:02:57');
INSERT INTO `radiology_report` (`id`, `radiology_bill_id`, `radiology_id`, `patient_id`, `customer_type`, `patient_name`, `consultant_doctor`, `reporting_date`, `parameter_update`, `description`, `radiology_report`, `report_name`, `radiology_result`, `tax_percentage`, `apply_charge`, `radiology_center`, `generated_by`, `collection_specialist`, `collection_date`, `approved_by`, `created_at`) VALUES (578, 400, 3, 1084, NULL, NULL, '', '2024-09-01', '2024-09-12', NULL, NULL, NULL, '', '20.00', '160.00', 'In-House Radiology Lab', 1, 6, '2024-09-10', 4, '2024-08-31 08:09:23');
INSERT INTO `radiology_report` (`id`, `radiology_bill_id`, `radiology_id`, `patient_id`, `customer_type`, `patient_name`, `consultant_doctor`, `reporting_date`, `parameter_update`, `description`, `radiology_report`, `report_name`, `radiology_result`, `tax_percentage`, `apply_charge`, `radiology_center`, `generated_by`, `collection_specialist`, `collection_date`, `approved_by`, `created_at`) VALUES (579, 401, 5, 520, NULL, NULL, '', '2024-09-02', '2024-09-03', NULL, NULL, NULL, '', '20.00', '160.00', 'In-House Radiology Lab', 1, 6, '2024-09-01', 12, '2024-08-31 08:12:51');
INSERT INTO `radiology_report` (`id`, `radiology_bill_id`, `radiology_id`, `patient_id`, `customer_type`, `patient_name`, `consultant_doctor`, `reporting_date`, `parameter_update`, `description`, `radiology_report`, `report_name`, `radiology_result`, `tax_percentage`, `apply_charge`, `radiology_center`, `generated_by`, `collection_specialist`, `collection_date`, `approved_by`, `created_at`) VALUES (580, 402, 4, 990, NULL, NULL, '', '2024-09-27', '2024-09-28', NULL, NULL, NULL, '', '20.00', '160.00', 'In-House Radiology Lab', 1, 6, '2024-09-25', 11, '2024-08-31 08:13:23');
INSERT INTO `radiology_report` (`id`, `radiology_bill_id`, `radiology_id`, `patient_id`, `customer_type`, `patient_name`, `consultant_doctor`, `reporting_date`, `parameter_update`, `description`, `radiology_report`, `report_name`, `radiology_result`, `tax_percentage`, `apply_charge`, `radiology_center`, `generated_by`, `collection_specialist`, `collection_date`, `approved_by`, `created_at`) VALUES (581, 403, 4, 1, NULL, NULL, '', '2024-09-14', '2024-09-15', NULL, NULL, NULL, '', '20.00', '160.00', 'In-House Radiology Lab', 1, 6, '2024-09-12', 2, '2024-08-31 10:49:14');
INSERT INTO `radiology_report` (`id`, `radiology_bill_id`, `radiology_id`, `patient_id`, `customer_type`, `patient_name`, `consultant_doctor`, `reporting_date`, `parameter_update`, `description`, `radiology_report`, `report_name`, `radiology_result`, `tax_percentage`, `apply_charge`, `radiology_center`, `generated_by`, `collection_specialist`, `collection_date`, `approved_by`, `created_at`) VALUES (582, 404, 5, 1, NULL, NULL, '', '2024-10-02', '2024-10-04', NULL, NULL, NULL, '', '20.00', '160.00', 'In-House Radiology Lab', 6, 6, '2024-10-01', 4, '2024-10-03 09:42:59');
INSERT INTO `radiology_report` (`id`, `radiology_bill_id`, `radiology_id`, `patient_id`, `customer_type`, `patient_name`, `consultant_doctor`, `reporting_date`, `parameter_update`, `description`, `radiology_report`, `report_name`, `radiology_result`, `tax_percentage`, `apply_charge`, `radiology_center`, `generated_by`, `collection_specialist`, `collection_date`, `approved_by`, `created_at`) VALUES (583, 404, 4, 1, NULL, NULL, '', '2024-10-03', '2024-10-04', NULL, NULL, NULL, '', '20.00', '160.00', 'In-House Radiology Lab', 6, 6, '2024-10-01', 12, '2024-10-03 09:42:59');
INSERT INTO `radiology_report` (`id`, `radiology_bill_id`, `radiology_id`, `patient_id`, `customer_type`, `patient_name`, `consultant_doctor`, `reporting_date`, `parameter_update`, `description`, `radiology_report`, `report_name`, `radiology_result`, `tax_percentage`, `apply_charge`, `radiology_center`, `generated_by`, `collection_specialist`, `collection_date`, `approved_by`, `created_at`) VALUES (584, 405, 3, 493, NULL, NULL, '', '2024-10-06', '2024-10-08', NULL, NULL, NULL, '', '20.00', '160.00', 'In-House Radiology Lab', 6, 6, '2024-10-05', 4, '2024-10-03 09:43:52');
INSERT INTO `radiology_report` (`id`, `radiology_bill_id`, `radiology_id`, `patient_id`, `customer_type`, `patient_name`, `consultant_doctor`, `reporting_date`, `parameter_update`, `description`, `radiology_report`, `report_name`, `radiology_result`, `tax_percentage`, `apply_charge`, `radiology_center`, `generated_by`, `collection_specialist`, `collection_date`, `approved_by`, `created_at`) VALUES (585, 406, 5, 658, NULL, NULL, '', '2024-10-11', '2024-10-12', NULL, NULL, NULL, '', '20.00', '160.00', 'In-House Radiology Lab', 6, 6, '2024-10-10', 12, '2024-10-03 09:44:33');
INSERT INTO `radiology_report` (`id`, `radiology_bill_id`, `radiology_id`, `patient_id`, `customer_type`, `patient_name`, `consultant_doctor`, `reporting_date`, `parameter_update`, `description`, `radiology_report`, `report_name`, `radiology_result`, `tax_percentage`, `apply_charge`, `radiology_center`, `generated_by`, `collection_specialist`, `collection_date`, `approved_by`, `created_at`) VALUES (586, 407, 4, 1005, NULL, NULL, '', '2024-10-17', '2024-10-18', NULL, NULL, NULL, '', '20.00', '160.00', 'In-House Radiology Lab', 6, 6, '2024-10-15', 2, '2024-10-03 09:45:26');
INSERT INTO `radiology_report` (`id`, `radiology_bill_id`, `radiology_id`, `patient_id`, `customer_type`, `patient_name`, `consultant_doctor`, `reporting_date`, `parameter_update`, `description`, `radiology_report`, `report_name`, `radiology_result`, `tax_percentage`, `apply_charge`, `radiology_center`, `generated_by`, `collection_specialist`, `collection_date`, `approved_by`, `created_at`) VALUES (587, 408, 2, 878, NULL, NULL, '', '2024-10-22', '2024-10-22', NULL, NULL, NULL, '', '20.00', '160.00', 'In-House Radiology Lab', 6, 6, '2024-10-20', 2, '2024-10-03 09:46:28');
INSERT INTO `radiology_report` (`id`, `radiology_bill_id`, `radiology_id`, `patient_id`, `customer_type`, `patient_name`, `consultant_doctor`, `reporting_date`, `parameter_update`, `description`, `radiology_report`, `report_name`, `radiology_result`, `tax_percentage`, `apply_charge`, `radiology_center`, `generated_by`, `collection_specialist`, `collection_date`, `approved_by`, `created_at`) VALUES (588, 409, 2, 643, NULL, NULL, '', '2024-10-27', '2024-10-28', NULL, NULL, NULL, '', '20.00', '160.00', 'In-House Radiology Lab', 6, 6, '2024-10-25', 11, '2024-10-03 09:47:12');
INSERT INTO `radiology_report` (`id`, `radiology_bill_id`, `radiology_id`, `patient_id`, `customer_type`, `patient_name`, `consultant_doctor`, `reporting_date`, `parameter_update`, `description`, `radiology_report`, `report_name`, `radiology_result`, `tax_percentage`, `apply_charge`, `radiology_center`, `generated_by`, `collection_specialist`, `collection_date`, `approved_by`, `created_at`) VALUES (589, 410, 3, 1084, NULL, NULL, '', '2024-10-31', '2024-11-02', NULL, NULL, NULL, '', '20.00', '160.00', 'In-House Radiology Lab', 6, 6, '2024-10-30', 12, '2024-10-03 09:47:52');
INSERT INTO `radiology_report` (`id`, `radiology_bill_id`, `radiology_id`, `patient_id`, `customer_type`, `patient_name`, `consultant_doctor`, `reporting_date`, `parameter_update`, `description`, `radiology_report`, `report_name`, `radiology_result`, `tax_percentage`, `apply_charge`, `radiology_center`, `generated_by`, `collection_specialist`, `collection_date`, `approved_by`, `created_at`) VALUES (590, 411, 4, 1073, NULL, NULL, '', '2024-10-18', '2024-10-19', NULL, NULL, NULL, '', '20.00', '160.00', 'In-House Radiology Lab', 1, 6, '2024-10-16', 12, '2024-10-04 10:18:01');
INSERT INTO `radiology_report` (`id`, `radiology_bill_id`, `radiology_id`, `patient_id`, `customer_type`, `patient_name`, `consultant_doctor`, `reporting_date`, `parameter_update`, `description`, `radiology_report`, `report_name`, `radiology_result`, `tax_percentage`, `apply_charge`, `radiology_center`, `generated_by`, `collection_specialist`, `collection_date`, `approved_by`, `created_at`) VALUES (591, 412, 2, 1121, NULL, NULL, '', '2024-10-19', '2024-10-21', NULL, NULL, NULL, '', '20.00', '160.00', 'In-House Radiology Lab', 1, 6, '2024-10-17', 12, '2024-10-04 10:51:59');
INSERT INTO `radiology_report` (`id`, `radiology_bill_id`, `radiology_id`, `patient_id`, `customer_type`, `patient_name`, `consultant_doctor`, `reporting_date`, `parameter_update`, `description`, `radiology_report`, `report_name`, `radiology_result`, `tax_percentage`, `apply_charge`, `radiology_center`, `generated_by`, `collection_specialist`, `collection_date`, `approved_by`, `created_at`) VALUES (592, 413, 4, 1122, NULL, NULL, '', '2024-10-10', '2024-10-11', NULL, NULL, NULL, '', '20.00', '160.00', 'In-House Radiology Lab', 1, 6, '2024-10-08', 11, '2024-10-04 10:54:52');
INSERT INTO `radiology_report` (`id`, `radiology_bill_id`, `radiology_id`, `patient_id`, `customer_type`, `patient_name`, `consultant_doctor`, `reporting_date`, `parameter_update`, `description`, `radiology_report`, `report_name`, `radiology_result`, `tax_percentage`, `apply_charge`, `radiology_center`, `generated_by`, `collection_specialist`, `collection_date`, `approved_by`, `created_at`) VALUES (593, 414, 3, 1, NULL, NULL, '', '2024-10-19', '2024-10-21', NULL, NULL, NULL, '', '20.00', '160.00', 'In-House Radiology Lab', 1, 6, '2024-10-18', 4, '2024-10-04 11:35:21');
INSERT INTO `radiology_report` (`id`, `radiology_bill_id`, `radiology_id`, `patient_id`, `customer_type`, `patient_name`, `consultant_doctor`, `reporting_date`, `parameter_update`, `description`, `radiology_report`, `report_name`, `radiology_result`, `tax_percentage`, `apply_charge`, `radiology_center`, `generated_by`, `collection_specialist`, `collection_date`, `approved_by`, `created_at`) VALUES (594, 415, 4, 563, NULL, NULL, '', '2024-11-02', '2024-11-02', NULL, NULL, NULL, '', '20.00', '160.00', 'In-House Radiology Lab', 1, 6, '2024-10-31', 12, '2024-10-05 05:15:46');
INSERT INTO `radiology_report` (`id`, `radiology_bill_id`, `radiology_id`, `patient_id`, `customer_type`, `patient_name`, `consultant_doctor`, `reporting_date`, `parameter_update`, `description`, `radiology_report`, `report_name`, `radiology_result`, `tax_percentage`, `apply_charge`, `radiology_center`, `generated_by`, `collection_specialist`, `collection_date`, `approved_by`, `created_at`) VALUES (595, 416, 5, 1124, NULL, NULL, '', '2024-10-06', '2024-10-08', NULL, NULL, NULL, '', '20.00', '160.00', 'In-House Radiology Lab', 1, 6, '2024-10-05', 11, '2024-10-05 05:42:49');
INSERT INTO `radiology_report` (`id`, `radiology_bill_id`, `radiology_id`, `patient_id`, `customer_type`, `patient_name`, `consultant_doctor`, `reporting_date`, `parameter_update`, `description`, `radiology_report`, `report_name`, `radiology_result`, `tax_percentage`, `apply_charge`, `radiology_center`, `generated_by`, `collection_specialist`, `collection_date`, `approved_by`, `created_at`) VALUES (596, 417, 4, 1, NULL, NULL, '', '2024-11-03', '2024-11-03', NULL, NULL, NULL, '', '20.00', '160.00', 'In-House Radiology Lab', 1, 6, '2024-11-01', 5, '2024-11-06 11:48:18');
INSERT INTO `radiology_report` (`id`, `radiology_bill_id`, `radiology_id`, `patient_id`, `customer_type`, `patient_name`, `consultant_doctor`, `reporting_date`, `parameter_update`, `description`, `radiology_report`, `report_name`, `radiology_result`, `tax_percentage`, `apply_charge`, `radiology_center`, `generated_by`, `collection_specialist`, `collection_date`, `approved_by`, `created_at`) VALUES (597, 417, 3, 1, NULL, NULL, '', '2024-11-02', '2024-11-04', NULL, NULL, NULL, '', '20.00', '160.00', 'In-House Radiology Lab', 1, 6, '2024-11-01', 5, '2024-11-06 11:48:18');
INSERT INTO `radiology_report` (`id`, `radiology_bill_id`, `radiology_id`, `patient_id`, `customer_type`, `patient_name`, `consultant_doctor`, `reporting_date`, `parameter_update`, `description`, `radiology_report`, `report_name`, `radiology_result`, `tax_percentage`, `apply_charge`, `radiology_center`, `generated_by`, `collection_specialist`, `collection_date`, `approved_by`, `created_at`) VALUES (598, 418, 3, 643, NULL, NULL, '', '2024-11-06', '2024-11-08', NULL, NULL, NULL, '', '20.00', '160.00', 'In-House Radiology Lab', 1, 6, '2024-11-05', 5, '2024-11-06 11:49:21');
INSERT INTO `radiology_report` (`id`, `radiology_bill_id`, `radiology_id`, `patient_id`, `customer_type`, `patient_name`, `consultant_doctor`, `reporting_date`, `parameter_update`, `description`, `radiology_report`, `report_name`, `radiology_result`, `tax_percentage`, `apply_charge`, `radiology_center`, `generated_by`, `collection_specialist`, `collection_date`, `approved_by`, `created_at`) VALUES (600, 420, 3, 1084, NULL, NULL, '', '2024-11-07', '2024-11-18', NULL, NULL, NULL, '', '20.00', '160.00', 'In-House Radiology Lab', 1, 6, '2024-11-15', 5, '2024-11-06 11:51:02');
INSERT INTO `radiology_report` (`id`, `radiology_bill_id`, `radiology_id`, `patient_id`, `customer_type`, `patient_name`, `consultant_doctor`, `reporting_date`, `parameter_update`, `description`, `radiology_report`, `report_name`, `radiology_result`, `tax_percentage`, `apply_charge`, `radiology_center`, `generated_by`, `collection_specialist`, `collection_date`, `approved_by`, `created_at`) VALUES (601, 421, 3, 641, NULL, NULL, '', '2024-11-21', '2024-11-22', NULL, NULL, NULL, '', '20.00', '160.00', 'In-House Radiology Lab', 1, 6, '2024-11-20', 5, '2024-11-06 11:51:52');
INSERT INTO `radiology_report` (`id`, `radiology_bill_id`, `radiology_id`, `patient_id`, `customer_type`, `patient_name`, `consultant_doctor`, `reporting_date`, `parameter_update`, `description`, `radiology_report`, `report_name`, `radiology_result`, `tax_percentage`, `apply_charge`, `radiology_center`, `generated_by`, `collection_specialist`, `collection_date`, `approved_by`, `created_at`) VALUES (602, 422, 3, 1084, NULL, NULL, '', '2024-11-26', '2024-11-28', NULL, NULL, NULL, '', '20.00', '160.00', 'In-House Radiology Lab', 1, 6, '2024-11-25', 5, '2024-11-06 11:52:18');
INSERT INTO `radiology_report` (`id`, `radiology_bill_id`, `radiology_id`, `patient_id`, `customer_type`, `patient_name`, `consultant_doctor`, `reporting_date`, `parameter_update`, `description`, `radiology_report`, `report_name`, `radiology_result`, `tax_percentage`, `apply_charge`, `radiology_center`, `generated_by`, `collection_specialist`, `collection_date`, `approved_by`, `created_at`) VALUES (603, 423, 4, 827, NULL, NULL, '', '2024-12-02', '2024-12-02', NULL, NULL, NULL, '', '20.00', '160.00', 'In-House Radiology Lab', 1, 6, '2024-11-30', 5, '2024-11-06 11:53:38');
INSERT INTO `radiology_report` (`id`, `radiology_bill_id`, `radiology_id`, `patient_id`, `customer_type`, `patient_name`, `consultant_doctor`, `reporting_date`, `parameter_update`, `description`, `radiology_report`, `report_name`, `radiology_result`, `tax_percentage`, `apply_charge`, `radiology_center`, `generated_by`, `collection_specialist`, `collection_date`, `approved_by`, `created_at`) VALUES (604, 424, 3, 1134, NULL, NULL, '', '2024-11-13', '2024-11-14', NULL, NULL, NULL, '', '20.00', '160.00', 'In-House Radiology Lab', 1, 6, '2024-11-12', 5, '2024-11-07 06:58:20');
INSERT INTO `radiology_report` (`id`, `radiology_bill_id`, `radiology_id`, `patient_id`, `customer_type`, `patient_name`, `consultant_doctor`, `reporting_date`, `parameter_update`, `description`, `radiology_report`, `report_name`, `radiology_result`, `tax_percentage`, `apply_charge`, `radiology_center`, `generated_by`, `collection_specialist`, `collection_date`, `approved_by`, `created_at`) VALUES (605, 425, 4, 1, NULL, NULL, '', '2024-11-10', '2024-11-09', NULL, NULL, NULL, '', '20.00', '160.00', 'In-House Radiology Lab', 1, 6, '2024-11-08', 5, '2024-11-07 10:33:41');
INSERT INTO `radiology_report` (`id`, `radiology_bill_id`, `radiology_id`, `patient_id`, `customer_type`, `patient_name`, `consultant_doctor`, `reporting_date`, `parameter_update`, `description`, `radiology_report`, `report_name`, `radiology_result`, `tax_percentage`, `apply_charge`, `radiology_center`, `generated_by`, `collection_specialist`, `collection_date`, `approved_by`, `created_at`) VALUES (606, 426, 5, 1, NULL, NULL, '', '2024-12-02', '2024-12-04', NULL, NULL, NULL, '', '20.00', '160.00', 'In-House Radiology Lab', 1, 6, '2024-12-01', 6, '2024-12-04 12:03:03');
INSERT INTO `radiology_report` (`id`, `radiology_bill_id`, `radiology_id`, `patient_id`, `customer_type`, `patient_name`, `consultant_doctor`, `reporting_date`, `parameter_update`, `description`, `radiology_report`, `report_name`, `radiology_result`, `tax_percentage`, `apply_charge`, `radiology_center`, `generated_by`, `collection_specialist`, `collection_date`, `approved_by`, `created_at`) VALUES (607, 426, 4, 1, NULL, NULL, '', '2024-12-03', '2024-12-05', NULL, NULL, NULL, '', '20.00', '160.00', 'In-House Radiology Lab', 1, 6, '2024-12-01', 6, '2024-12-04 12:03:03');
INSERT INTO `radiology_report` (`id`, `radiology_bill_id`, `radiology_id`, `patient_id`, `customer_type`, `patient_name`, `consultant_doctor`, `reporting_date`, `parameter_update`, `description`, `radiology_report`, `report_name`, `radiology_result`, `tax_percentage`, `apply_charge`, `radiology_center`, `generated_by`, `collection_specialist`, `collection_date`, `approved_by`, `created_at`) VALUES (608, 427, 3, 1134, NULL, NULL, '', '2024-12-06', '2024-12-08', NULL, NULL, NULL, '', '20.00', '160.00', 'In-House Radiology Lab', 1, 6, '2024-12-05', 6, '2024-12-04 12:04:01');
INSERT INTO `radiology_report` (`id`, `radiology_bill_id`, `radiology_id`, `patient_id`, `customer_type`, `patient_name`, `consultant_doctor`, `reporting_date`, `parameter_update`, `description`, `radiology_report`, `report_name`, `radiology_result`, `tax_percentage`, `apply_charge`, `radiology_center`, `generated_by`, `collection_specialist`, `collection_date`, `approved_by`, `created_at`) VALUES (609, 428, 5, 879, NULL, NULL, '', '2024-12-11', '2024-12-12', NULL, NULL, NULL, '', '20.00', '160.00', 'In-House Radiology Lab', 1, 6, '2024-12-10', 6, '2024-12-04 12:08:29');
INSERT INTO `radiology_report` (`id`, `radiology_bill_id`, `radiology_id`, `patient_id`, `customer_type`, `patient_name`, `consultant_doctor`, `reporting_date`, `parameter_update`, `description`, `radiology_report`, `report_name`, `radiology_result`, `tax_percentage`, `apply_charge`, `radiology_center`, `generated_by`, `collection_specialist`, `collection_date`, `approved_by`, `created_at`) VALUES (610, 429, 3, 843, NULL, NULL, '', '2024-12-16', '2024-12-17', NULL, NULL, NULL, '', '20.00', '160.00', 'In-House Radiology Lab', 1, 6, '2024-12-15', 6, '2024-12-04 12:10:34');
INSERT INTO `radiology_report` (`id`, `radiology_bill_id`, `radiology_id`, `patient_id`, `customer_type`, `patient_name`, `consultant_doctor`, `reporting_date`, `parameter_update`, `description`, `radiology_report`, `report_name`, `radiology_result`, `tax_percentage`, `apply_charge`, `radiology_center`, `generated_by`, `collection_specialist`, `collection_date`, `approved_by`, `created_at`) VALUES (611, 430, 3, 1063, NULL, NULL, '', '2024-12-05', '2024-12-23', NULL, NULL, NULL, '', '20.00', '160.00', 'In-House Radiology Lab', 1, 6, '2024-12-20', 6, '2024-12-04 12:11:11');
INSERT INTO `radiology_report` (`id`, `radiology_bill_id`, `radiology_id`, `patient_id`, `customer_type`, `patient_name`, `consultant_doctor`, `reporting_date`, `parameter_update`, `description`, `radiology_report`, `report_name`, `radiology_result`, `tax_percentage`, `apply_charge`, `radiology_center`, `generated_by`, `collection_specialist`, `collection_date`, `approved_by`, `created_at`) VALUES (612, 431, 3, 1131, NULL, NULL, '', '2024-12-26', '2024-12-27', NULL, NULL, NULL, '', '20.00', '160.00', 'In-House Radiology Lab', 6, 6, '2024-12-25', 6, '2024-12-04 12:13:02');
INSERT INTO `radiology_report` (`id`, `radiology_bill_id`, `radiology_id`, `patient_id`, `customer_type`, `patient_name`, `consultant_doctor`, `reporting_date`, `parameter_update`, `description`, `radiology_report`, `report_name`, `radiology_result`, `tax_percentage`, `apply_charge`, `radiology_center`, `generated_by`, `collection_specialist`, `collection_date`, `approved_by`, `created_at`) VALUES (613, 432, 4, 121, NULL, NULL, '', '2025-01-01', '2025-01-01', NULL, NULL, NULL, '', '20.00', '160.00', 'In-House Radiology Lab', 6, 6, '2024-12-30', 6, '2024-12-04 12:13:46');
INSERT INTO `radiology_report` (`id`, `radiology_bill_id`, `radiology_id`, `patient_id`, `customer_type`, `patient_name`, `consultant_doctor`, `reporting_date`, `parameter_update`, `description`, `radiology_report`, `report_name`, `radiology_result`, `tax_percentage`, `apply_charge`, `radiology_center`, `generated_by`, `collection_specialist`, `collection_date`, `approved_by`, `created_at`) VALUES (614, 433, 4, 1107, NULL, NULL, '', '2024-12-10', '2024-12-11', NULL, NULL, NULL, '', '20.00', '160.00', 'In-House Radiology Lab', 1, 6, '2024-12-08', 6, '2024-12-06 05:48:46');
INSERT INTO `radiology_report` (`id`, `radiology_bill_id`, `radiology_id`, `patient_id`, `customer_type`, `patient_name`, `consultant_doctor`, `reporting_date`, `parameter_update`, `description`, `radiology_report`, `report_name`, `radiology_result`, `tax_percentage`, `apply_charge`, `radiology_center`, `generated_by`, `collection_specialist`, `collection_date`, `approved_by`, `created_at`) VALUES (615, 434, 2, 1143, NULL, NULL, '', '2024-12-08', '2024-12-08', NULL, NULL, NULL, '', '20.00', '160.00', 'In-House Radiology Lab', 1, 6, '2024-12-06', 6, '2024-12-06 06:26:26');
INSERT INTO `radiology_report` (`id`, `radiology_bill_id`, `radiology_id`, `patient_id`, `customer_type`, `patient_name`, `consultant_doctor`, `reporting_date`, `parameter_update`, `description`, `radiology_report`, `report_name`, `radiology_result`, `tax_percentage`, `apply_charge`, `radiology_center`, `generated_by`, `collection_specialist`, `collection_date`, `approved_by`, `created_at`) VALUES (616, 435, 4, 1144, NULL, NULL, '', '2024-12-16', NULL, NULL, NULL, NULL, NULL, '20.00', '160.00', '', 1, NULL, NULL, NULL, '2024-12-13 23:01:28');
INSERT INTO `radiology_report` (`id`, `radiology_bill_id`, `radiology_id`, `patient_id`, `customer_type`, `patient_name`, `consultant_doctor`, `reporting_date`, `parameter_update`, `description`, `radiology_report`, `report_name`, `radiology_result`, `tax_percentage`, `apply_charge`, `radiology_center`, `generated_by`, `collection_specialist`, `collection_date`, `approved_by`, `created_at`) VALUES (617, 435, 1, 1144, NULL, NULL, '', '2024-12-15', NULL, NULL, NULL, NULL, NULL, '20.00', '160.00', '', 1, NULL, NULL, NULL, '2024-12-13 23:01:28');


#
# TABLE STRUCTURE FOR: radiology_report_parameterdetails
#


CREATE TABLE `radiology_report_parameterdetails` (
  `id` int NOT NULL AUTO_INCREMENT,
  `radiology_report_id` int DEFAULT NULL,
  `radiology_parameterdetail_id` int DEFAULT NULL,
  `radiology_report_value` varchar(200) NOT NULL,
  `created_at` timestamp NOT NULL DEFAULT CURRENT_TIMESTAMP,
  PRIMARY KEY (`id`),
  KEY `radiology_report_id` (`radiology_report_id`),
  KEY `radiology_parameterdetail_id` (`radiology_parameterdetail_id`),
  CONSTRAINT `radiology_report_parameterdetails_ibfk_1` FOREIGN KEY (`radiology_report_id`) REFERENCES `radiology_report` (`id`) ON DELETE CASCADE,
  CONSTRAINT `radiology_report_parameterdetails_ibfk_2` FOREIGN KEY (`radiology_parameterdetail_id`) REFERENCES `radiology_parameterdetails` (`id`) ON DELETE CASCADE
) ENGINE=InnoDB AUTO_INCREMENT=476 DEFAULT CHARSET=utf8mb3;

INSERT INTO `radiology_report_parameterdetails` (`id`, `radiology_report_id`, `radiology_parameterdetail_id`, `radiology_report_value`, `created_at`) VALUES (309, 450, 4, '5', '2023-09-04 05:42:18');
INSERT INTO `radiology_report_parameterdetails` (`id`, `radiology_report_id`, `radiology_parameterdetail_id`, `radiology_report_value`, `created_at`) VALUES (317, 458, 4, '5', '2023-09-04 07:09:36');
INSERT INTO `radiology_report_parameterdetails` (`id`, `radiology_report_id`, `radiology_parameterdetail_id`, `radiology_report_value`, `created_at`) VALUES (318, 459, 1, '3', '2023-09-04 07:29:02');
INSERT INTO `radiology_report_parameterdetails` (`id`, `radiology_report_id`, `radiology_parameterdetail_id`, `radiology_report_value`, `created_at`) VALUES (326, 467, 4, '4', '2023-10-04 12:28:27');
INSERT INTO `radiology_report_parameterdetails` (`id`, `radiology_report_id`, `radiology_parameterdetail_id`, `radiology_report_value`, `created_at`) VALUES (327, 468, 4, '5', '2023-10-05 04:53:18');
INSERT INTO `radiology_report_parameterdetails` (`id`, `radiology_report_id`, `radiology_parameterdetail_id`, `radiology_report_value`, `created_at`) VALUES (328, 469, 4, '3', '2023-10-05 07:11:26');
INSERT INTO `radiology_report_parameterdetails` (`id`, `radiology_report_id`, `radiology_parameterdetail_id`, `radiology_report_value`, `created_at`) VALUES (329, 470, 3, '23', '2023-11-03 06:41:14');
INSERT INTO `radiology_report_parameterdetails` (`id`, `radiology_report_id`, `radiology_parameterdetail_id`, `radiology_report_value`, `created_at`) VALUES (333, 474, 3, ' 23', '2023-11-03 07:01:26');
INSERT INTO `radiology_report_parameterdetails` (`id`, `radiology_report_id`, `radiology_parameterdetail_id`, `radiology_report_value`, `created_at`) VALUES (336, 477, 4, '2', '2023-11-03 07:04:13');
INSERT INTO `radiology_report_parameterdetails` (`id`, `radiology_report_id`, `radiology_parameterdetail_id`, `radiology_report_value`, `created_at`) VALUES (337, 478, 3, '21', '2023-11-03 07:04:20');
INSERT INTO `radiology_report_parameterdetails` (`id`, `radiology_report_id`, `radiology_parameterdetail_id`, `radiology_report_value`, `created_at`) VALUES (338, 479, 4, '3', '2023-11-03 07:59:35');
INSERT INTO `radiology_report_parameterdetails` (`id`, `radiology_report_id`, `radiology_parameterdetail_id`, `radiology_report_value`, `created_at`) VALUES (342, 483, 4, '3', '2023-12-04 05:16:42');
INSERT INTO `radiology_report_parameterdetails` (`id`, `radiology_report_id`, `radiology_parameterdetail_id`, `radiology_report_value`, `created_at`) VALUES (344, 485, 5, '3', '2023-12-04 05:23:16');
INSERT INTO `radiology_report_parameterdetails` (`id`, `radiology_report_id`, `radiology_parameterdetail_id`, `radiology_report_value`, `created_at`) VALUES (345, 486, 4, '2', '2023-12-04 05:23:25');
INSERT INTO `radiology_report_parameterdetails` (`id`, `radiology_report_id`, `radiology_parameterdetail_id`, `radiology_report_value`, `created_at`) VALUES (348, 489, 1, '3', '2023-12-04 05:35:31');
INSERT INTO `radiology_report_parameterdetails` (`id`, `radiology_report_id`, `radiology_parameterdetail_id`, `radiology_report_value`, `created_at`) VALUES (350, 491, 4, '2', '2023-12-04 05:36:49');
INSERT INTO `radiology_report_parameterdetails` (`id`, `radiology_report_id`, `radiology_parameterdetail_id`, `radiology_report_value`, `created_at`) VALUES (351, 492, 4, '5', '2023-12-04 07:32:21');
INSERT INTO `radiology_report_parameterdetails` (`id`, `radiology_report_id`, `radiology_parameterdetail_id`, `radiology_report_value`, `created_at`) VALUES (352, 493, 4, '2', '2023-12-04 07:48:03');
INSERT INTO `radiology_report_parameterdetails` (`id`, `radiology_report_id`, `radiology_parameterdetail_id`, `radiology_report_value`, `created_at`) VALUES (354, 495, 4, '5', '2024-01-03 09:49:40');
INSERT INTO `radiology_report_parameterdetails` (`id`, `radiology_report_id`, `radiology_parameterdetail_id`, `radiology_report_value`, `created_at`) VALUES (355, 496, 5, '5', '2024-01-03 09:50:06');
INSERT INTO `radiology_report_parameterdetails` (`id`, `radiology_report_id`, `radiology_parameterdetail_id`, `radiology_report_value`, `created_at`) VALUES (356, 497, 4, '5', '2024-01-03 09:50:14');
INSERT INTO `radiology_report_parameterdetails` (`id`, `radiology_report_id`, `radiology_parameterdetail_id`, `radiology_report_value`, `created_at`) VALUES (357, 498, 5, '6', '2024-01-03 09:51:12');
INSERT INTO `radiology_report_parameterdetails` (`id`, `radiology_report_id`, `radiology_parameterdetail_id`, `radiology_report_value`, `created_at`) VALUES (358, 499, 4, '5', '2024-01-03 09:51:18');
INSERT INTO `radiology_report_parameterdetails` (`id`, `radiology_report_id`, `radiology_parameterdetail_id`, `radiology_report_value`, `created_at`) VALUES (360, 501, 4, '6', '2024-01-03 10:01:13');
INSERT INTO `radiology_report_parameterdetails` (`id`, `radiology_report_id`, `radiology_parameterdetail_id`, `radiology_report_value`, `created_at`) VALUES (361, 502, 3, '23', '2024-01-03 10:37:52');
INSERT INTO `radiology_report_parameterdetails` (`id`, `radiology_report_id`, `radiology_parameterdetail_id`, `radiology_report_value`, `created_at`) VALUES (363, 504, 3, '23', '2024-01-04 04:36:32');
INSERT INTO `radiology_report_parameterdetails` (`id`, `radiology_report_id`, `radiology_parameterdetail_id`, `radiology_report_value`, `created_at`) VALUES (364, 505, 3, '20', '2024-02-01 07:36:03');
INSERT INTO `radiology_report_parameterdetails` (`id`, `radiology_report_id`, `radiology_parameterdetail_id`, `radiology_report_value`, `created_at`) VALUES (367, 508, 4, '5', '2024-02-01 07:49:20');
INSERT INTO `radiology_report_parameterdetails` (`id`, `radiology_report_id`, `radiology_parameterdetail_id`, `radiology_report_value`, `created_at`) VALUES (368, 509, 3, '20', '2024-02-01 07:49:29');
INSERT INTO `radiology_report_parameterdetails` (`id`, `radiology_report_id`, `radiology_parameterdetail_id`, `radiology_report_value`, `created_at`) VALUES (369, 510, 4, '5', '2024-02-01 07:50:56');
INSERT INTO `radiology_report_parameterdetails` (`id`, `radiology_report_id`, `radiology_parameterdetail_id`, `radiology_report_value`, `created_at`) VALUES (370, 511, 4, '5', '2024-02-01 07:52:36');
INSERT INTO `radiology_report_parameterdetails` (`id`, `radiology_report_id`, `radiology_parameterdetail_id`, `radiology_report_value`, `created_at`) VALUES (371, 512, 3, '25', '2024-02-01 07:52:45');
INSERT INTO `radiology_report_parameterdetails` (`id`, `radiology_report_id`, `radiology_parameterdetail_id`, `radiology_report_value`, `created_at`) VALUES (373, 514, 3, '20', '2024-02-01 09:48:15');
INSERT INTO `radiology_report_parameterdetails` (`id`, `radiology_report_id`, `radiology_parameterdetail_id`, `radiology_report_value`, `created_at`) VALUES (375, 516, 4, '3', '2024-03-01 07:33:21');
INSERT INTO `radiology_report_parameterdetails` (`id`, `radiology_report_id`, `radiology_parameterdetail_id`, `radiology_report_value`, `created_at`) VALUES (377, 518, 4, '3', '2024-03-01 08:17:10');
INSERT INTO `radiology_report_parameterdetails` (`id`, `radiology_report_id`, `radiology_parameterdetail_id`, `radiology_report_value`, `created_at`) VALUES (378, 519, 4, '4', '2024-03-01 08:18:11');
INSERT INTO `radiology_report_parameterdetails` (`id`, `radiology_report_id`, `radiology_parameterdetail_id`, `radiology_report_value`, `created_at`) VALUES (379, 520, 2, '4', '2024-03-01 08:18:22');
INSERT INTO `radiology_report_parameterdetails` (`id`, `radiology_report_id`, `radiology_parameterdetail_id`, `radiology_report_value`, `created_at`) VALUES (380, 521, 4, '3', '2024-03-01 08:19:23');
INSERT INTO `radiology_report_parameterdetails` (`id`, `radiology_report_id`, `radiology_parameterdetail_id`, `radiology_report_value`, `created_at`) VALUES (382, 523, 2, '3', '2024-03-01 08:23:30');
INSERT INTO `radiology_report_parameterdetails` (`id`, `radiology_report_id`, `radiology_parameterdetail_id`, `radiology_report_value`, `created_at`) VALUES (383, 524, 4, '8', '2024-03-02 07:03:22');
INSERT INTO `radiology_report_parameterdetails` (`id`, `radiology_report_id`, `radiology_parameterdetail_id`, `radiology_report_value`, `created_at`) VALUES (384, 525, 5, '6', '2024-04-01 09:55:04');
INSERT INTO `radiology_report_parameterdetails` (`id`, `radiology_report_id`, `radiology_parameterdetail_id`, `radiology_report_value`, `created_at`) VALUES (385, 526, 3, '30', '2024-04-01 09:55:17');
INSERT INTO `radiology_report_parameterdetails` (`id`, `radiology_report_id`, `radiology_parameterdetail_id`, `radiology_report_value`, `created_at`) VALUES (386, 527, 3, '21', '2024-04-01 10:07:21');
INSERT INTO `radiology_report_parameterdetails` (`id`, `radiology_report_id`, `radiology_parameterdetail_id`, `radiology_report_value`, `created_at`) VALUES (387, 528, 4, '6', '2024-04-01 10:07:44');
INSERT INTO `radiology_report_parameterdetails` (`id`, `radiology_report_id`, `radiology_parameterdetail_id`, `radiology_report_value`, `created_at`) VALUES (388, 529, 5, '5', '2024-04-01 10:08:04');
INSERT INTO `radiology_report_parameterdetails` (`id`, `radiology_report_id`, `radiology_parameterdetail_id`, `radiology_report_value`, `created_at`) VALUES (389, 530, 4, '4', '2024-04-01 10:08:26');
INSERT INTO `radiology_report_parameterdetails` (`id`, `radiology_report_id`, `radiology_parameterdetail_id`, `radiology_report_value`, `created_at`) VALUES (390, 531, 5, '6', '2024-04-01 10:09:26');
INSERT INTO `radiology_report_parameterdetails` (`id`, `radiology_report_id`, `radiology_parameterdetail_id`, `radiology_report_value`, `created_at`) VALUES (391, 532, 4, '5', '2024-04-01 10:09:46');
INSERT INTO `radiology_report_parameterdetails` (`id`, `radiology_report_id`, `radiology_parameterdetail_id`, `radiology_report_value`, `created_at`) VALUES (392, 533, 2, '5', '2024-04-01 10:11:38');
INSERT INTO `radiology_report_parameterdetails` (`id`, `radiology_report_id`, `radiology_parameterdetail_id`, `radiology_report_value`, `created_at`) VALUES (393, 534, 2, '3', '2024-04-01 11:30:09');
INSERT INTO `radiology_report_parameterdetails` (`id`, `radiology_report_id`, `radiology_parameterdetail_id`, `radiology_report_value`, `created_at`) VALUES (397, 538, 4, '4', '2024-05-01 11:56:39');
INSERT INTO `radiology_report_parameterdetails` (`id`, `radiology_report_id`, `radiology_parameterdetail_id`, `radiology_report_value`, `created_at`) VALUES (398, 539, 4, '4', '2024-05-01 11:58:14');
INSERT INTO `radiology_report_parameterdetails` (`id`, `radiology_report_id`, `radiology_parameterdetail_id`, `radiology_report_value`, `created_at`) VALUES (399, 540, 3, '24', '2024-05-01 11:58:35');
INSERT INTO `radiology_report_parameterdetails` (`id`, `radiology_report_id`, `radiology_parameterdetail_id`, `radiology_report_value`, `created_at`) VALUES (401, 542, 2, '3', '2024-05-01 12:01:28');
INSERT INTO `radiology_report_parameterdetails` (`id`, `radiology_report_id`, `radiology_parameterdetail_id`, `radiology_report_value`, `created_at`) VALUES (402, 543, 3, '25', '2024-05-01 12:02:17');
INSERT INTO `radiology_report_parameterdetails` (`id`, `radiology_report_id`, `radiology_parameterdetail_id`, `radiology_report_value`, `created_at`) VALUES (403, 544, 3, '23', '2024-05-02 07:13:55');
INSERT INTO `radiology_report_parameterdetails` (`id`, `radiology_report_id`, `radiology_parameterdetail_id`, `radiology_report_value`, `created_at`) VALUES (406, 547, 5, '5', '2024-06-01 07:39:37');
INSERT INTO `radiology_report_parameterdetails` (`id`, `radiology_report_id`, `radiology_parameterdetail_id`, `radiology_report_value`, `created_at`) VALUES (407, 548, 4, '5', '2024-06-01 07:39:52');
INSERT INTO `radiology_report_parameterdetails` (`id`, `radiology_report_id`, `radiology_parameterdetail_id`, `radiology_report_value`, `created_at`) VALUES (408, 549, 4, '5', '2024-06-01 07:40:42');
INSERT INTO `radiology_report_parameterdetails` (`id`, `radiology_report_id`, `radiology_parameterdetail_id`, `radiology_report_value`, `created_at`) VALUES (409, 550, 4, '5', '2024-06-01 07:43:58');
INSERT INTO `radiology_report_parameterdetails` (`id`, `radiology_report_id`, `radiology_parameterdetail_id`, `radiology_report_value`, `created_at`) VALUES (410, 551, 5, '6', '2024-06-01 07:47:07');
INSERT INTO `radiology_report_parameterdetails` (`id`, `radiology_report_id`, `radiology_parameterdetail_id`, `radiology_report_value`, `created_at`) VALUES (411, 552, 2, '8', '2024-06-01 07:51:03');
INSERT INTO `radiology_report_parameterdetails` (`id`, `radiology_report_id`, `radiology_parameterdetail_id`, `radiology_report_value`, `created_at`) VALUES (412, 553, 4, '5', '2024-06-01 07:52:32');
INSERT INTO `radiology_report_parameterdetails` (`id`, `radiology_report_id`, `radiology_parameterdetail_id`, `radiology_report_value`, `created_at`) VALUES (413, 554, 3, '23', '2024-06-01 10:05:58');
INSERT INTO `radiology_report_parameterdetails` (`id`, `radiology_report_id`, `radiology_parameterdetail_id`, `radiology_report_value`, `created_at`) VALUES (414, 555, 3, '22', '2024-06-01 12:13:25');
INSERT INTO `radiology_report_parameterdetails` (`id`, `radiology_report_id`, `radiology_parameterdetail_id`, `radiology_report_value`, `created_at`) VALUES (415, 556, 3, '23', '2024-07-01 09:25:32');
INSERT INTO `radiology_report_parameterdetails` (`id`, `radiology_report_id`, `radiology_parameterdetail_id`, `radiology_report_value`, `created_at`) VALUES (417, 558, 3, '23', '2024-07-01 10:08:44');
INSERT INTO `radiology_report_parameterdetails` (`id`, `radiology_report_id`, `radiology_parameterdetail_id`, `radiology_report_value`, `created_at`) VALUES (418, 559, 3, '23', '2024-07-01 10:10:10');
INSERT INTO `radiology_report_parameterdetails` (`id`, `radiology_report_id`, `radiology_parameterdetail_id`, `radiology_report_value`, `created_at`) VALUES (419, 560, 2, '3', '2024-07-01 10:11:01');
INSERT INTO `radiology_report_parameterdetails` (`id`, `radiology_report_id`, `radiology_parameterdetail_id`, `radiology_report_value`, `created_at`) VALUES (421, 562, 2, '3', '2024-07-01 10:12:06');
INSERT INTO `radiology_report_parameterdetails` (`id`, `radiology_report_id`, `radiology_parameterdetail_id`, `radiology_report_value`, `created_at`) VALUES (423, 564, 3, '12', '2024-07-02 05:54:31');
INSERT INTO `radiology_report_parameterdetails` (`id`, `radiology_report_id`, `radiology_parameterdetail_id`, `radiology_report_value`, `created_at`) VALUES (424, 565, 4, '5', '2024-08-01 10:13:52');
INSERT INTO `radiology_report_parameterdetails` (`id`, `radiology_report_id`, `radiology_parameterdetail_id`, `radiology_report_value`, `created_at`) VALUES (425, 566, 2, '3', '2024-08-01 10:13:59');
INSERT INTO `radiology_report_parameterdetails` (`id`, `radiology_report_id`, `radiology_parameterdetail_id`, `radiology_report_value`, `created_at`) VALUES (426, 567, 3, '35', '2024-08-01 10:14:33');
INSERT INTO `radiology_report_parameterdetails` (`id`, `radiology_report_id`, `radiology_parameterdetail_id`, `radiology_report_value`, `created_at`) VALUES (427, 568, 5, '5', '2024-08-01 10:15:08');
INSERT INTO `radiology_report_parameterdetails` (`id`, `radiology_report_id`, `radiology_parameterdetail_id`, `radiology_report_value`, `created_at`) VALUES (428, 569, 4, '5', '2024-08-01 10:15:25');
INSERT INTO `radiology_report_parameterdetails` (`id`, `radiology_report_id`, `radiology_parameterdetail_id`, `radiology_report_value`, `created_at`) VALUES (429, 570, 5, '5', '2024-08-01 10:17:09');
INSERT INTO `radiology_report_parameterdetails` (`id`, `radiology_report_id`, `radiology_parameterdetail_id`, `radiology_report_value`, `created_at`) VALUES (430, 571, 2, '5', '2024-08-01 10:17:17');
INSERT INTO `radiology_report_parameterdetails` (`id`, `radiology_report_id`, `radiology_parameterdetail_id`, `radiology_report_value`, `created_at`) VALUES (431, 572, 3, '25', '2024-08-01 10:17:53');
INSERT INTO `radiology_report_parameterdetails` (`id`, `radiology_report_id`, `radiology_parameterdetail_id`, `radiology_report_value`, `created_at`) VALUES (432, 573, 3, '23', '2024-08-01 10:23:34');
INSERT INTO `radiology_report_parameterdetails` (`id`, `radiology_report_id`, `radiology_parameterdetail_id`, `radiology_report_value`, `created_at`) VALUES (433, 574, 5, '6', '2024-08-01 10:24:42');
INSERT INTO `radiology_report_parameterdetails` (`id`, `radiology_report_id`, `radiology_parameterdetail_id`, `radiology_report_value`, `created_at`) VALUES (434, 575, 3, '23', '2024-08-01 10:24:50');
INSERT INTO `radiology_report_parameterdetails` (`id`, `radiology_report_id`, `radiology_parameterdetail_id`, `radiology_report_value`, `created_at`) VALUES (435, 576, 4, '5', '2024-08-02 08:03:12');
INSERT INTO `radiology_report_parameterdetails` (`id`, `radiology_report_id`, `radiology_parameterdetail_id`, `radiology_report_value`, `created_at`) VALUES (437, 578, 3, '32', '2024-08-31 08:09:40');
INSERT INTO `radiology_report_parameterdetails` (`id`, `radiology_report_id`, `radiology_parameterdetail_id`, `radiology_report_value`, `created_at`) VALUES (438, 579, 5, '5', '2024-08-31 08:14:00');
INSERT INTO `radiology_report_parameterdetails` (`id`, `radiology_report_id`, `radiology_parameterdetail_id`, `radiology_report_value`, `created_at`) VALUES (439, 580, 4, '2', '2024-08-31 08:14:25');
INSERT INTO `radiology_report_parameterdetails` (`id`, `radiology_report_id`, `radiology_parameterdetail_id`, `radiology_report_value`, `created_at`) VALUES (440, 581, 4, '5', '2024-08-31 10:49:32');
INSERT INTO `radiology_report_parameterdetails` (`id`, `radiology_report_id`, `radiology_parameterdetail_id`, `radiology_report_value`, `created_at`) VALUES (441, 583, 4, '4', '2024-10-03 09:43:22');
INSERT INTO `radiology_report_parameterdetails` (`id`, `radiology_report_id`, `radiology_parameterdetail_id`, `radiology_report_value`, `created_at`) VALUES (442, 582, 5, '5', '2024-10-03 09:43:32');
INSERT INTO `radiology_report_parameterdetails` (`id`, `radiology_report_id`, `radiology_parameterdetail_id`, `radiology_report_value`, `created_at`) VALUES (443, 584, 3, '34', '2024-10-03 09:44:06');
INSERT INTO `radiology_report_parameterdetails` (`id`, `radiology_report_id`, `radiology_parameterdetail_id`, `radiology_report_value`, `created_at`) VALUES (444, 585, 5, '5', '2024-10-03 09:45:09');
INSERT INTO `radiology_report_parameterdetails` (`id`, `radiology_report_id`, `radiology_parameterdetail_id`, `radiology_report_value`, `created_at`) VALUES (445, 586, 4, '3', '2024-10-03 09:45:40');
INSERT INTO `radiology_report_parameterdetails` (`id`, `radiology_report_id`, `radiology_parameterdetail_id`, `radiology_report_value`, `created_at`) VALUES (446, 587, 2, '32', '2024-10-03 09:46:48');
INSERT INTO `radiology_report_parameterdetails` (`id`, `radiology_report_id`, `radiology_parameterdetail_id`, `radiology_report_value`, `created_at`) VALUES (447, 588, 2, '5', '2024-10-03 09:47:32');
INSERT INTO `radiology_report_parameterdetails` (`id`, `radiology_report_id`, `radiology_parameterdetail_id`, `radiology_report_value`, `created_at`) VALUES (448, 589, 3, '24', '2024-10-03 09:48:10');
INSERT INTO `radiology_report_parameterdetails` (`id`, `radiology_report_id`, `radiology_parameterdetail_id`, `radiology_report_value`, `created_at`) VALUES (449, 590, 4, '4', '2024-10-04 10:18:15');
INSERT INTO `radiology_report_parameterdetails` (`id`, `radiology_report_id`, `radiology_parameterdetail_id`, `radiology_report_value`, `created_at`) VALUES (450, 591, 2, '4', '2024-10-04 10:52:23');
INSERT INTO `radiology_report_parameterdetails` (`id`, `radiology_report_id`, `radiology_parameterdetail_id`, `radiology_report_value`, `created_at`) VALUES (451, 592, 4, '5', '2024-10-04 10:55:08');
INSERT INTO `radiology_report_parameterdetails` (`id`, `radiology_report_id`, `radiology_parameterdetail_id`, `radiology_report_value`, `created_at`) VALUES (452, 593, 3, '34', '2024-10-04 11:35:37');
INSERT INTO `radiology_report_parameterdetails` (`id`, `radiology_report_id`, `radiology_parameterdetail_id`, `radiology_report_value`, `created_at`) VALUES (453, 594, 4, '6', '2024-10-05 05:16:03');
INSERT INTO `radiology_report_parameterdetails` (`id`, `radiology_report_id`, `radiology_parameterdetail_id`, `radiology_report_value`, `created_at`) VALUES (454, 595, 4, '4', '2024-10-05 05:43:04');
INSERT INTO `radiology_report_parameterdetails` (`id`, `radiology_report_id`, `radiology_parameterdetail_id`, `radiology_report_value`, `created_at`) VALUES (455, 595, 5, '3', '2024-10-05 05:44:17');
INSERT INTO `radiology_report_parameterdetails` (`id`, `radiology_report_id`, `radiology_parameterdetail_id`, `radiology_report_value`, `created_at`) VALUES (456, 596, 4, '3', '2024-11-06 11:48:39');
INSERT INTO `radiology_report_parameterdetails` (`id`, `radiology_report_id`, `radiology_parameterdetail_id`, `radiology_report_value`, `created_at`) VALUES (457, 597, 3, '24', '2024-11-06 11:48:58');
INSERT INTO `radiology_report_parameterdetails` (`id`, `radiology_report_id`, `radiology_parameterdetail_id`, `radiology_report_value`, `created_at`) VALUES (458, 598, 3, '25', '2024-11-06 11:49:35');
INSERT INTO `radiology_report_parameterdetails` (`id`, `radiology_report_id`, `radiology_parameterdetail_id`, `radiology_report_value`, `created_at`) VALUES (460, 600, 3, '26', '2024-11-06 11:51:29');
INSERT INTO `radiology_report_parameterdetails` (`id`, `radiology_report_id`, `radiology_parameterdetail_id`, `radiology_report_value`, `created_at`) VALUES (461, 601, 3, '27', '2024-11-06 11:52:36');
INSERT INTO `radiology_report_parameterdetails` (`id`, `radiology_report_id`, `radiology_parameterdetail_id`, `radiology_report_value`, `created_at`) VALUES (462, 602, 3, '25', '2024-11-06 11:52:58');
INSERT INTO `radiology_report_parameterdetails` (`id`, `radiology_report_id`, `radiology_parameterdetail_id`, `radiology_report_value`, `created_at`) VALUES (463, 603, 4, '5', '2024-11-06 11:53:55');
INSERT INTO `radiology_report_parameterdetails` (`id`, `radiology_report_id`, `radiology_parameterdetail_id`, `radiology_report_value`, `created_at`) VALUES (464, 604, 3, '26', '2024-11-07 06:58:34');
INSERT INTO `radiology_report_parameterdetails` (`id`, `radiology_report_id`, `radiology_parameterdetail_id`, `radiology_report_value`, `created_at`) VALUES (465, 605, 4, '3', '2024-11-07 10:33:53');
INSERT INTO `radiology_report_parameterdetails` (`id`, `radiology_report_id`, `radiology_parameterdetail_id`, `radiology_report_value`, `created_at`) VALUES (466, 606, 5, '5', '2024-12-04 12:03:26');
INSERT INTO `radiology_report_parameterdetails` (`id`, `radiology_report_id`, `radiology_parameterdetail_id`, `radiology_report_value`, `created_at`) VALUES (467, 607, 4, '5', '2024-12-04 12:03:31');
INSERT INTO `radiology_report_parameterdetails` (`id`, `radiology_report_id`, `radiology_parameterdetail_id`, `radiology_report_value`, `created_at`) VALUES (468, 608, 3, '23', '2024-12-04 12:04:16');
INSERT INTO `radiology_report_parameterdetails` (`id`, `radiology_report_id`, `radiology_parameterdetail_id`, `radiology_report_value`, `created_at`) VALUES (469, 609, 5, '6', '2024-12-04 12:08:44');
INSERT INTO `radiology_report_parameterdetails` (`id`, `radiology_report_id`, `radiology_parameterdetail_id`, `radiology_report_value`, `created_at`) VALUES (470, 610, 3, '34', '2024-12-04 12:10:56');
INSERT INTO `radiology_report_parameterdetails` (`id`, `radiology_report_id`, `radiology_parameterdetail_id`, `radiology_report_value`, `created_at`) VALUES (471, 611, 3, '25', '2024-12-04 12:11:45');
INSERT INTO `radiology_report_parameterdetails` (`id`, `radiology_report_id`, `radiology_parameterdetail_id`, `radiology_report_value`, `created_at`) VALUES (472, 612, 3, '32', '2024-12-04 12:13:17');
INSERT INTO `radiology_report_parameterdetails` (`id`, `radiology_report_id`, `radiology_parameterdetail_id`, `radiology_report_value`, `created_at`) VALUES (473, 613, 4, '3', '2024-12-04 12:14:00');
INSERT INTO `radiology_report_parameterdetails` (`id`, `radiology_report_id`, `radiology_parameterdetail_id`, `radiology_report_value`, `created_at`) VALUES (474, 614, 4, '4', '2024-12-06 05:49:04');
INSERT INTO `radiology_report_parameterdetails` (`id`, `radiology_report_id`, `radiology_parameterdetail_id`, `radiology_report_value`, `created_at`) VALUES (475, 615, 2, '5', '2024-12-06 06:26:51');


#
# TABLE STRUCTURE FOR: read_notification
#

