
CREATE TABLE `certificates` (
  `id` int NOT NULL AUTO_INCREMENT,
  `certificate_name` varchar(100) NOT NULL,
  `certificate_text` text,
  `left_header` varchar(100) NOT NULL,
  `center_header` varchar(100) NOT NULL,
  `right_header` varchar(100) NOT NULL,
  `left_footer` varchar(100) NOT NULL,
  `right_footer` varchar(100) NOT NULL,
  `center_footer` varchar(100) NOT NULL,
  `background_image` text CHARACTER SET utf8mb3 COLLATE utf8mb3_general_ci NOT NULL,
  `created_for` tinyint(1) NOT NULL COMMENT '1 = staff, 2 = patients',
  `status` tinyint(1) NOT NULL,
  `header_height` int NOT NULL,
  `content_height` int NOT NULL,
  `footer_height` int NOT NULL,
  `content_width` int NOT NULL,
  `enable_patient_image` tinyint(1) NOT NULL COMMENT '0=no,1=yes',
  `enable_image_height` int NOT NULL,
  `updated_at` date DEFAULT NULL,
  `created_at` timestamp NULL DEFAULT CURRENT_TIMESTAMP ON UPDATE CURRENT_TIMESTAMP,
  PRIMARY KEY (`id`)
) ENGINE=InnoDB AUTO_INCREMENT=13 DEFAULT CHARSET=utf8mb3;

INSERT INTO `certificates` (`id`, `certificate_name`, `certificate_text`, `left_header`, `center_header`, `right_header`, `left_footer`, `right_footer`, `center_footer`, `background_image`, `created_for`, `status`, `header_height`, `content_height`, `footer_height`, `content_width`, `enable_patient_image`, `enable_image_height`, `updated_at`, `created_at`) VALUES (12, 'Sample Patient File Cover', '<table class=\"table table-bordered\" width=\"100%\">\r\n <tr>\r\n  <td width=\"50%\">Patient Name  </td>\r\n  <td width=\"50%\">[name] ([patient_id]) </td>\r\n </tr>\r\n <tr>\r\n  <td>Date of birth</td>\r\n  <td valign=\"top\">[dob]</td>\r\n </tr>\r\n <tr>\r\n  <td>Age</td>\r\n  <td valign=\"top\">[age]</td>\r\n </tr>\r\n <tr>\r\n  <td>Gender</td>\r\n  <td valign=\"top\">[gender]</td>\r\n </tr>\r\n \r\n <tr>\r\n  <td>Phone</td>\r\n  <td valign=\"top\">[phone]</td>\r\n </tr>\r\n <tr>\r\n  <td>Guardian Name</td>\r\n  <td valign=\"top\">[guardian_name]</td>\r\n </tr>\r\n <tr>\r\n  <td>Address</td>\r\n  <td valign=\"top\">[address]</td>\r\n </tr>\r\n <tr>\r\n  <td>Email</td>\r\n  <td valign=\"top\">[email]</td>\r\n </tr>\r\n <tr>\r\n  <td>OPD/IPD NO</td>\r\n  <td valign=\"top\">[opd_ipd_no]</td>\r\n </tr>\r\n  <tr>\r\n  <td>OPD Checkup Id</td>\r\n  <td valign=\"top\">[opd_checkup_id]</td>\r\n </tr>\r\n <tr>\r\n  <td>Consultant Doctor</td>\r\n  <td valign=\"top\">[consultant_doctor]</td>\r\n </tr>\r\n</table>', '<h2>Patient Detail</h2>', '', '', '', '', '', 'certificate.jpg', 2, 1, 140, 300, 700, 600, 1, 200, NULL, '2021-10-28 22:58:45');


#
# TABLE STRUCTURE FOR: charge_categories
#


CREATE TABLE `charge_categories` (
  `id` int NOT NULL AUTO_INCREMENT,
  `charge_type_id` int DEFAULT NULL,
  `name` varchar(200) NOT NULL,
  `description` mediumtext,
  `short_code` varchar(30) DEFAULT NULL,
  `is_default` varchar(10) NOT NULL,
  `created_at` timestamp NULL DEFAULT NULL ON UPDATE CURRENT_TIMESTAMP,
  PRIMARY KEY (`id`),
  KEY `charge_type_id` (`charge_type_id`),
  KEY `index_name` (`name`),
  CONSTRAINT `charge_categories_ibfk_1` FOREIGN KEY (`charge_type_id`) REFERENCES `charge_type_master` (`id`) ON DELETE CASCADE
) ENGINE=InnoDB AUTO_INCREMENT=35 DEFAULT CHARSET=utf8mb3;

INSERT INTO `charge_categories` (`id`, `charge_type_id`, `name`, `description`, `short_code`, `is_default`, `created_at`) VALUES (1, 2, 'OPD Consultation Fees ', 'O.P.D, also known as Outpatient Consultation Department, includes consulting with patients and offering immediate treatment methods which do not require hospitalization. The type of medical practice done by most physicians falls under the category of O.P.D consultation. Apart from private practitioners and government health centers, private hospitals and nursing homes also offer O.P.D facility for patients.', NULL, '', NULL);
INSERT INTO `charge_categories` (`id`, `charge_type_id`, `name`, `description`, `short_code`, `is_default`, `created_at`) VALUES (2, 2, 'OPD Service ', ' It is known as outpatient department in which we provide the facility of diagnosis and take care of the patients who can not stay overnight.', NULL, '', NULL);
INSERT INTO `charge_categories` (`id`, `charge_type_id`, `name`, `description`, `short_code`, `is_default`, `created_at`) VALUES (3, 2, 'OPD Insurance ', 'Comprehensive health benefits Add on to your health insurance.', NULL, '', NULL);
INSERT INTO `charge_categories` (`id`, `charge_type_id`, `name`, `description`, `short_code`, `is_default`, `created_at`) VALUES (4, 3, 'Intensive Care Units', 'Intensive care units cater to patients with severe or life-threatening illnesses and injuries, which require constant care, close supervision from life support equipment and medication in order to ensure normal bodily functions.', NULL, '', NULL);
INSERT INTO `charge_categories` (`id`, `charge_type_id`, `name`, `description`, `short_code`, `is_default`, `created_at`) VALUES (5, 3, 'Admission and Discharge.', 'Patients are admitted to TMH from different sources: OPD - Doctors may advise for admission to the respective ward. Labour room - Gynecological or Obstetric patients are treated and advised for admission', NULL, '', NULL);
INSERT INTO `charge_categories` (`id`, `charge_type_id`, `name`, `description`, `short_code`, `is_default`, `created_at`) VALUES (6, 3, 'Maternity patient admissions', 'A maternity hospital specializes in caring for women during pregnancy and childbirth. It also provides care for newborn infants, and may act as a centre for clinical training in midwifery and obstetrics.', NULL, '', NULL);
INSERT INTO `charge_categories` (`id`, `charge_type_id`, `name`, `description`, `short_code`, `is_default`, `created_at`) VALUES (7, 3, 'Nursing Services', 'Nursing services means health care services provided to a patient by a registered professional nurse or a licensed practical nurse under the direction of a licensed professional within the scope of practice as defined by state law.', NULL, '', NULL);
INSERT INTO `charge_categories` (`id`, `charge_type_id`, `name`, `description`, `short_code`, `is_default`, `created_at`) VALUES (8, 3, 'Laundry', 'The definition of laundry is a group of clothes or linens that are being washed, or a place where clothing and other fabrics are washed or cleaned. An example of laundry is the batch of dirty towels that you put into the washing machine.', NULL, '', NULL);
INSERT INTO `charge_categories` (`id`, `charge_type_id`, `name`, `description`, `short_code`, `is_default`, `created_at`) VALUES (9, 4, 'Surgical pathology', 'Surgical pathology is the study of tissues removed from living patients during surgery to help diagnose a disease and determine a treatment plan. Often, the surgical pathologist provides consultation services in a wide variety of organ systems and medical subspecialties.', NULL, '', NULL);
INSERT INTO `charge_categories` (`id`, `charge_type_id`, `name`, `description`, `short_code`, `is_default`, `created_at`) VALUES (10, 4, 'Histopathology ', ' This refers to the examination of cells under a microscope after they have been stained with appropriate dyes.', NULL, '', NULL);
INSERT INTO `charge_categories` (`id`, `charge_type_id`, `name`, `description`, `short_code`, `is_default`, `created_at`) VALUES (11, 4, 'Cytopathology', 'In cytopathology, cells that have been shed into bodily fluids or have been obtained by scraping or aspirating tissue are examined. Typical examples include cervical smear, sputum and gastric washings.', NULL, '', NULL);
INSERT INTO `charge_categories` (`id`, `charge_type_id`, `name`, `description`, `short_code`, `is_default`, `created_at`) VALUES (12, 4, 'Forensic pathology', 'Forensic pathology involves the post mortem examination of a corpse for cause of death using a process called autopsy.', NULL, '', NULL);
INSERT INTO `charge_categories` (`id`, `charge_type_id`, `name`, `description`, `short_code`, `is_default`, `created_at`) VALUES (13, 4, 'Dermatopathology', 'Dermatopathology concerns the study of skin diseases.', NULL, '', NULL);
INSERT INTO `charge_categories` (`id`, `charge_type_id`, `name`, `description`, `short_code`, `is_default`, `created_at`) VALUES (14, 5, 'CAD-AI Research Laboratory.', 'The Computer Aided Diagnosis-Artificial Intelligence (CAD-AI) Laboratory in the Department of Radiology was established in 1989 by Heang-Ping .', NULL, '', NULL);
INSERT INTO `charge_categories` (`id`, `charge_type_id`, `name`, `description`, `short_code`, `is_default`, `created_at`) VALUES (15, 5, 'Digital Image Processing', 'Digital image processing is the use of a digital computer to process digital images through an algorithm. ... It allows a much wider range of algorithms to be applied to the input data and can avoid problems such as the build-up of noise and distortion during processing.', NULL, '', NULL);
INSERT INTO `charge_categories` (`id`, `charge_type_id`, `name`, `description`, `short_code`, `is_default`, `created_at`) VALUES (16, 5, 'Mammographic Tomosynthesis', 'Breast tomosynthesis, also called three-dimensional (3-D) mammography and digital breast tomosynthesis (DBT), is an advanced form of breast imaging, or mammography, that uses a low-dose x-ray system and computer reconstructions to create three-dimensional images of the breasts.', NULL, '', NULL);
INSERT INTO `charge_categories` (`id`, `charge_type_id`, `name`, `description`, `short_code`, `is_default`, `created_at`) VALUES (17, 6, 'Packed Blood Cells', 'Packed red blood cells, also known as packed cells, are red blood cells that have been separated for blood transfusion. The packed cells are typically used in anemia that is either causing symptoms or when the hemoglobin is less than usually 70–80 g/L (7–8 g/dL).', NULL, '', NULL);
INSERT INTO `charge_categories` (`id`, `charge_type_id`, `name`, `description`, `short_code`, `is_default`, `created_at`) VALUES (18, 6, 'Fresh Frozen Plasma', 'Fresh frozen plasma is a blood product made from the liquid portion of whole blood.', NULL, '', NULL);
INSERT INTO `charge_categories` (`id`, `charge_type_id`, `name`, `description`, `short_code`, `is_default`, `created_at`) VALUES (19, 6, 'Platelet Concentrate', 'Platelet transfusion, also known as platelet concentrate, is used to prevent or treat bleeding in people with either a low platelet count or poor platelet function. Often this occurs in people receiving cancer chemotherapy. Preventive transfusion is often done in those with platelet levels of less than 10 x 109/L.', NULL, '', NULL);
INSERT INTO `charge_categories` (`id`, `charge_type_id`, `name`, `description`, `short_code`, `is_default`, `created_at`) VALUES (20, 6, 'Cryoprecipitate', 'Cryoprecipitate is a highly concentrated source of fibrinogen. ... The cost per unit of fibrinogen is similar in FFP and Cryoprecipiate. In severe liver disease, pools of 8 to 10 units of Cryoprecipitate may be used so the total cost (and amount of fibrinogen given) may be greater.', NULL, '', NULL);
INSERT INTO `charge_categories` (`id`, `charge_type_id`, `name`, `description`, `short_code`, `is_default`, `created_at`) VALUES (21, 7, 'Private Ambulance ', 'Personal Ambulance ', NULL, '', NULL);
INSERT INTO `charge_categories` (`id`, `charge_type_id`, `name`, `description`, `short_code`, `is_default`, `created_at`) VALUES (22, 7, 'ERS/Patient Transport Service', 'At ERS Medical, we provide specialist transport services to the healthcare sector. We understand that this is a dynamic and ever-changing industry.', NULL, '', NULL);
INSERT INTO `charge_categories` (`id`, `charge_type_id`, `name`, `description`, `short_code`, `is_default`, `created_at`) VALUES (23, 8, 'Blood pressure check', 'A normal blood pressure level is less than 120/80 mmHg. No matter your age, you can take steps each day to keep your blood pressure in a healthy range.', NULL, '', NULL);
INSERT INTO `charge_categories` (`id`, `charge_type_id`, `name`, `description`, `short_code`, `is_default`, `created_at`) VALUES (24, 8, 'Eye check', 'An eye exam involves a series of tests to evaluate your vision and check for eye diseases. Your eye doctor is likely to use various instruments, shine bright lights at your eyes and request that you look through an array of lenses. Each test during an eye exam evaluates a different aspect of your vision or eye health.', NULL, '', NULL);
INSERT INTO `charge_categories` (`id`, `charge_type_id`, `name`, `description`, `short_code`, `is_default`, `created_at`) VALUES (25, 8, 'Cholesterol level check', 'To check your cholesterol levels, your doctor will need to get a sample of your blood. You will probably have your blood drawn in the morning, sometimes after fasting since the night before. A blood test is an outpatient procedure. It takes only a few minutes and is relatively painless.', NULL, '', NULL);
INSERT INTO `charge_categories` (`id`, `charge_type_id`, `name`, `description`, `short_code`, `is_default`, `created_at`) VALUES (26, 6, 'Blood sugar test', 'A blood glucose test is a blood test that screens for diabetes by measuring the level of glucose (sugar) in a person\'s blood. Normal blood glucose level (while fasting) range within 70 to 99 mg/dL (3.9 to 5.5 mmol/L). Higher ranges could indicate pre-diabetes or diabetes. Test Details', NULL, '', NULL);
INSERT INTO `charge_categories` (`id`, `charge_type_id`, `name`, `description`, `short_code`, `is_default`, `created_at`) VALUES (27, 8, 'Sterilization and Cleaning Equipment', 'Sterilization .', NULL, '', NULL);
INSERT INTO `charge_categories` (`id`, `charge_type_id`, `name`, `description`, `short_code`, `is_default`, `created_at`) VALUES (28, 9, 'X-ray', 'An X-ray is a quick, painless test that produces images of the structures inside your body — particularly your bones. X-ray beams pass through your body, and they are absorbed in different amounts depending on the density of the material they pass through.', NULL, '', '2021-10-25 10:20:37');
INSERT INTO `charge_categories` (`id`, `charge_type_id`, `name`, `description`, `short_code`, `is_default`, `created_at`) VALUES (29, 10, 'Oxygen cylinder', 'Best Overall - OXY5 Portable Pure Oxygen 3+1 Cans with built-in mask for Ambitious People. It has a capacity of almost 600 breaths and is claimed by the company to be India\'s first refillable can. It is a perfect product for those who are ambitious and want the most out of life.', NULL, '', NULL);
INSERT INTO `charge_categories` (`id`, `charge_type_id`, `name`, `description`, `short_code`, `is_default`, `created_at`) VALUES (31, 1, 'Appointment Charges ', 'Define appointment fee. means a non-refundable sum of money payable to body corporate practicing as a Town Planner immediately on his official engagement ', NULL, '', NULL);
INSERT INTO `charge_categories` (`id`, `charge_type_id`, `name`, `description`, `short_code`, `is_default`, `created_at`) VALUES (32, 10, 'Fire extinguisher', 'The size of a fire extinguisher indicates the amount of extinguishing agent it holds and is most often measured in pounds. Sizes can range from as small as 2.5 lb. to as large as 350 lb.', NULL, '', NULL);
INSERT INTO `charge_categories` (`id`, `charge_type_id`, `name`, `description`, `short_code`, `is_default`, `created_at`) VALUES (33, 11, 'Operation Services ', 'Health care operations include the administrative, financial and legal activities of a hospital, specialty practice, ancillary care provider or remote health service center. Health care professionals need to get a handle on operations because, at minimum, they enable running the business', NULL, '', NULL);
INSERT INTO `charge_categories` (`id`, `charge_type_id`, `name`, `description`, `short_code`, `is_default`, `created_at`) VALUES (34, 12, 'Other Charges', 'Others', NULL, '', NULL);


#
# TABLE STRUCTURE FOR: charge_type_master
#


CREATE TABLE `charge_type_master` (
  `id` int NOT NULL AUTO_INCREMENT,
  `charge_type` varchar(200) NOT NULL,
  `is_default` varchar(10) NOT NULL,
  `is_active` varchar(10) NOT NULL,
  `created_at` timestamp NOT NULL DEFAULT CURRENT_TIMESTAMP,
  PRIMARY KEY (`id`),
  KEY `index_charge_type` (`charge_type`)
) ENGINE=InnoDB AUTO_INCREMENT=13 DEFAULT CHARSET=utf8mb3;

INSERT INTO `charge_type_master` (`id`, `charge_type`, `is_default`, `is_active`, `created_at`) VALUES (1, 'Appointment', 'no', 'yes', '2021-09-24 14:10:32');
INSERT INTO `charge_type_master` (`id`, `charge_type`, `is_default`, `is_active`, `created_at`) VALUES (2, 'OPD', 'yes', 'yes', '2021-09-24 14:10:02');
INSERT INTO `charge_type_master` (`id`, `charge_type`, `is_default`, `is_active`, `created_at`) VALUES (3, 'IPD', 'yes', 'yes', '2021-09-24 14:10:47');
INSERT INTO `charge_type_master` (`id`, `charge_type`, `is_default`, `is_active`, `created_at`) VALUES (4, 'Pathology', 'yes', 'yes', '2021-10-22 21:40:03');
INSERT INTO `charge_type_master` (`id`, `charge_type`, `is_default`, `is_active`, `created_at`) VALUES (5, 'Radiology', 'yes', 'yes', '2021-10-22 22:10:21');
INSERT INTO `charge_type_master` (`id`, `charge_type`, `is_default`, `is_active`, `created_at`) VALUES (6, 'Blood Bank', 'yes', 'yes', '2021-10-22 22:10:33');
INSERT INTO `charge_type_master` (`id`, `charge_type`, `is_default`, `is_active`, `created_at`) VALUES (7, 'Ambulance', 'yes', 'yes', '2021-10-22 22:10:44');
INSERT INTO `charge_type_master` (`id`, `charge_type`, `is_default`, `is_active`, `created_at`) VALUES (8, 'Procedures', 'yes', 'yes', '2018-08-17 13:40:07');
INSERT INTO `charge_type_master` (`id`, `charge_type`, `is_default`, `is_active`, `created_at`) VALUES (9, 'Investigations', 'yes', 'yes', '2018-08-17 13:40:07');
INSERT INTO `charge_type_master` (`id`, `charge_type`, `is_default`, `is_active`, `created_at`) VALUES (10, 'Supplier', 'yes', 'yes', '2018-08-17 13:40:07');
INSERT INTO `charge_type_master` (`id`, `charge_type`, `is_default`, `is_active`, `created_at`) VALUES (11, 'Operations', 'yes', 'yes', '2018-08-17 13:40:07');
INSERT INTO `charge_type_master` (`id`, `charge_type`, `is_default`, `is_active`, `created_at`) VALUES (12, 'Others', 'yes', 'yes', '2018-08-17 13:40:07');


#
# TABLE STRUCTURE FOR: charge_type_module
#


CREATE TABLE `charge_type_module` (
  `id` int NOT NULL AUTO_INCREMENT,
  `charge_type_master_id` int DEFAULT NULL,
  `module_shortcode` varchar(50) DEFAULT NULL,
  `created_at` timestamp NOT NULL DEFAULT CURRENT_TIMESTAMP,
  PRIMARY KEY (`id`),
  KEY `charge_type_master_id` (`charge_type_master_id`),
  CONSTRAINT `charge_type_module_ibfk_1` FOREIGN KEY (`charge_type_master_id`) REFERENCES `charge_type_master` (`id`) ON DELETE CASCADE
) ENGINE=InnoDB AUTO_INCREMENT=28 DEFAULT CHARSET=utf8mb3;

INSERT INTO `charge_type_module` (`id`, `charge_type_master_id`, `module_shortcode`, `created_at`) VALUES (2, 1, 'appointment', '2021-10-23 03:52:42');
INSERT INTO `charge_type_module` (`id`, `charge_type_master_id`, `module_shortcode`, `created_at`) VALUES (4, 2, 'opd', '2021-10-23 03:52:45');
INSERT INTO `charge_type_module` (`id`, `charge_type_master_id`, `module_shortcode`, `created_at`) VALUES (5, 3, 'ipd', '2021-10-23 03:52:49');
INSERT INTO `charge_type_module` (`id`, `charge_type_master_id`, `module_shortcode`, `created_at`) VALUES (6, 4, 'pathology', '2021-10-23 03:52:52');
INSERT INTO `charge_type_module` (`id`, `charge_type_master_id`, `module_shortcode`, `created_at`) VALUES (7, 5, 'radiology', '2021-10-23 03:52:54');
INSERT INTO `charge_type_module` (`id`, `charge_type_master_id`, `module_shortcode`, `created_at`) VALUES (8, 6, 'blood_bank', '2021-10-23 03:52:56');
INSERT INTO `charge_type_module` (`id`, `charge_type_master_id`, `module_shortcode`, `created_at`) VALUES (9, 7, 'ambulance', '2021-10-23 03:52:59');
INSERT INTO `charge_type_module` (`id`, `charge_type_master_id`, `module_shortcode`, `created_at`) VALUES (10, 8, 'opd', '2021-10-23 03:53:03');
INSERT INTO `charge_type_module` (`id`, `charge_type_master_id`, `module_shortcode`, `created_at`) VALUES (11, 8, 'ipd', '2021-10-23 03:53:04');
INSERT INTO `charge_type_module` (`id`, `charge_type_master_id`, `module_shortcode`, `created_at`) VALUES (13, 9, 'pathology', '2021-10-23 03:53:09');
INSERT INTO `charge_type_module` (`id`, `charge_type_master_id`, `module_shortcode`, `created_at`) VALUES (14, 9, 'radiology', '2021-10-23 03:53:11');
INSERT INTO `charge_type_module` (`id`, `charge_type_master_id`, `module_shortcode`, `created_at`) VALUES (15, 10, 'opd', '2021-10-23 03:53:14');
INSERT INTO `charge_type_module` (`id`, `charge_type_master_id`, `module_shortcode`, `created_at`) VALUES (16, 10, 'ipd', '2021-10-23 03:53:16');
INSERT INTO `charge_type_module` (`id`, `charge_type_master_id`, `module_shortcode`, `created_at`) VALUES (17, 11, 'opd', '2021-10-23 03:53:18');
INSERT INTO `charge_type_module` (`id`, `charge_type_master_id`, `module_shortcode`, `created_at`) VALUES (18, 11, 'ipd', '2021-10-23 03:53:18');
INSERT INTO `charge_type_module` (`id`, `charge_type_master_id`, `module_shortcode`, `created_at`) VALUES (19, 12, 'appointment', '2021-10-23 03:53:20');
INSERT INTO `charge_type_module` (`id`, `charge_type_master_id`, `module_shortcode`, `created_at`) VALUES (20, 12, 'opd', '2021-10-23 03:53:21');
INSERT INTO `charge_type_module` (`id`, `charge_type_master_id`, `module_shortcode`, `created_at`) VALUES (21, 12, 'ipd', '2021-10-23 03:53:21');
INSERT INTO `charge_type_module` (`id`, `charge_type_master_id`, `module_shortcode`, `created_at`) VALUES (24, 12, 'pathology', '2021-10-23 03:53:25');
INSERT INTO `charge_type_module` (`id`, `charge_type_master_id`, `module_shortcode`, `created_at`) VALUES (25, 12, 'radiology', '2021-10-23 03:53:27');
INSERT INTO `charge_type_module` (`id`, `charge_type_master_id`, `module_shortcode`, `created_at`) VALUES (26, 12, 'blood_bank', '2021-10-23 03:53:30');
INSERT INTO `charge_type_module` (`id`, `charge_type_master_id`, `module_shortcode`, `created_at`) VALUES (27, 12, 'ambulance', '2021-10-23 03:53:31');


#
# TABLE STRUCTURE FOR: charge_units
#


CREATE TABLE `charge_units` (
  `id` int NOT NULL AUTO_INCREMENT,
  `unit` varchar(50) DEFAULT NULL,
  `is_active` int DEFAULT '0',
  `created_at` timestamp NOT NULL DEFAULT CURRENT_TIMESTAMP ON UPDATE CURRENT_TIMESTAMP,
  PRIMARY KEY (`id`),
  KEY `index_unit` (`unit`)
) ENGINE=InnoDB AUTO_INCREMENT=15 DEFAULT CHARSET=utf8mb3;

INSERT INTO `charge_units` (`id`, `unit`, `is_active`, `created_at`) VALUES (1, '(ML)', 0, '2021-10-25 12:21:37');
INSERT INTO `charge_units` (`id`, `unit`, `is_active`, `created_at`) VALUES (2, 'Litter', 0, '2021-10-25 09:12:23');
INSERT INTO `charge_units` (`id`, `unit`, `is_active`, `created_at`) VALUES (3, '(nm)', 0, '2024-07-01 06:13:47');
INSERT INTO `charge_units` (`id`, `unit`, `is_active`, `created_at`) VALUES (4, 'per day', 0, '2024-07-01 06:16:47');
INSERT INTO `charge_units` (`id`, `unit`, `is_active`, `created_at`) VALUES (5, 'Hour', 0, '2021-10-25 09:20:28');
INSERT INTO `charge_units` (`id`, `unit`, `is_active`, `created_at`) VALUES (6, 'Insurance ', 0, '2021-10-25 09:25:50');
INSERT INTO `charge_units` (`id`, `unit`, `is_active`, `created_at`) VALUES (7, 'g/dl', 0, '2023-10-04 11:07:17');
INSERT INTO `charge_units` (`id`, `unit`, `is_active`, `created_at`) VALUES (8, 'MG', 0, '2021-10-25 12:18:42');
INSERT INTO `charge_units` (`id`, `unit`, `is_active`, `created_at`) VALUES (9, 'per km', 0, '2024-07-01 05:25:29');
INSERT INTO `charge_units` (`id`, `unit`, `is_active`, `created_at`) VALUES (10, 'per hour', 0, '2024-07-01 05:26:19');
INSERT INTO `charge_units` (`id`, `unit`, `is_active`, `created_at`) VALUES (11, 'Digital mammography', 0, '2024-07-01 05:38:28');
INSERT INTO `charge_units` (`id`, `unit`, `is_active`, `created_at`) VALUES (12, 'PET/CT scan', 0, '2024-07-01 05:48:15');
INSERT INTO `charge_units` (`id`, `unit`, `is_active`, `created_at`) VALUES (13, 'Bone density scan', 0, '2024-07-01 05:39:12');
INSERT INTO `charge_units` (`id`, `unit`, `is_active`, `created_at`) VALUES (14, '10-21 mm Hg', 0, '2024-07-01 06:02:14');


#
# TABLE STRUCTURE FOR: charges
#


CREATE TABLE `charges` (
  `id` int NOT NULL AUTO_INCREMENT,
  `charge_category_id` int DEFAULT NULL,
  `tax_category_id` int DEFAULT NULL,
  `charge_unit_id` int DEFAULT NULL,
  `name` varchar(200) NOT NULL,
  `standard_charge` float(10,2) DEFAULT '0.00',
  `date` date DEFAULT NULL,
  `description` mediumtext,
  `status` varchar(100) NOT NULL,
  `created_at` timestamp NOT NULL DEFAULT CURRENT_TIMESTAMP,
  PRIMARY KEY (`id`),
  KEY `charge_category_id` (`charge_category_id`),
  KEY `tax_category_id` (`tax_category_id`),
  KEY `charge_unit_id` (`charge_unit_id`),
  KEY `index_name` (`name`),
  KEY `index_standard_charge` (`standard_charge`),
  KEY `index_date` (`date`),
  CONSTRAINT `charges_ibfk_1` FOREIGN KEY (`charge_category_id`) REFERENCES `charge_categories` (`id`) ON DELETE CASCADE,
  CONSTRAINT `charges_ibfk_2` FOREIGN KEY (`tax_category_id`) REFERENCES `tax_category` (`id`) ON DELETE CASCADE,
  CONSTRAINT `charges_ibfk_3` FOREIGN KEY (`charge_unit_id`) REFERENCES `charge_units` (`id`) ON DELETE CASCADE
) ENGINE=InnoDB AUTO_INCREMENT=24 DEFAULT CHARSET=utf8mb3;

INSERT INTO `charges` (`id`, `charge_category_id`, `tax_category_id`, `charge_unit_id`, `name`, `standard_charge`, `date`, `description`, `status`, `created_at`) VALUES (1, 17, 1, 7, 'Blood Module	', '110.00', NULL, '', '', '2021-10-25 09:18:43');
INSERT INTO `charges` (`id`, `charge_category_id`, `tax_category_id`, `charge_unit_id`, `name`, `standard_charge`, `date`, `description`, `status`, `created_at`) VALUES (3, 2, 2, 4, 'OPD Service ', '120.00', NULL, '', '', '2021-10-25 09:25:01');
INSERT INTO `charges` (`id`, `charge_category_id`, `tax_category_id`, `charge_unit_id`, `name`, `standard_charge`, `date`, `description`, `status`, `created_at`) VALUES (4, 1, 2, 4, 'Consultation Fees ', '150.00', NULL, '', '', '2021-10-25 09:28:39');
INSERT INTO `charges` (`id`, `charge_category_id`, `tax_category_id`, `charge_unit_id`, `name`, `standard_charge`, `date`, `description`, `status`, `created_at`) VALUES (6, 5, 3, 4, 'IPD Charge', '120.00', NULL, '', '', '2021-10-25 09:44:00');
INSERT INTO `charges` (`id`, `charge_category_id`, `tax_category_id`, `charge_unit_id`, `name`, `standard_charge`, `date`, `description`, `status`, `created_at`) VALUES (7, 8, 3, 4, 'Laundry ', '160.00', NULL, '', '', '2021-10-25 09:47:13');
INSERT INTO `charges` (`id`, `charge_category_id`, `tax_category_id`, `charge_unit_id`, `name`, `standard_charge`, `date`, `description`, `status`, `created_at`) VALUES (8, 3, 2, 4, 'Insurance Charge', '100.00', NULL, '', '', '2021-10-25 09:51:51');
INSERT INTO `charges` (`id`, `charge_category_id`, `tax_category_id`, `charge_unit_id`, `name`, `standard_charge`, `date`, `description`, `status`, `created_at`) VALUES (9, 31, 2, 5, 'Appointment  Fees', '120.00', NULL, '', '', '2021-10-25 09:52:40');
INSERT INTO `charges` (`id`, `charge_category_id`, `tax_category_id`, `charge_unit_id`, `name`, `standard_charge`, `date`, `description`, `status`, `created_at`) VALUES (10, 33, 4, 4, 'Services Charges ', '100.00', NULL, '', '', '2021-10-25 10:08:04');
INSERT INTO `charges` (`id`, `charge_category_id`, `tax_category_id`, `charge_unit_id`, `name`, `standard_charge`, `date`, `description`, `status`, `created_at`) VALUES (11, 29, 3, 10, 'Cylinder Charges ', '160.00', NULL, '', '', '2021-10-25 10:08:37');
INSERT INTO `charges` (`id`, `charge_category_id`, `tax_category_id`, `charge_unit_id`, `name`, `standard_charge`, `date`, `description`, `status`, `created_at`) VALUES (12, 6, 3, 4, 'Maternity Patient per day', '150.00', NULL, '', '', '2021-10-25 10:13:35');
INSERT INTO `charges` (`id`, `charge_category_id`, `tax_category_id`, `charge_unit_id`, `name`, `standard_charge`, `date`, `description`, `status`, `created_at`) VALUES (13, 34, 11, 5, 'Others Charges ', '130.00', NULL, '', '', '2021-10-25 10:21:00');
INSERT INTO `charges` (`id`, `charge_category_id`, `tax_category_id`, `charge_unit_id`, `name`, `standard_charge`, `date`, `description`, `status`, `created_at`) VALUES (14, 33, 4, 4, 'Operation service ', '150.00', NULL, '', '', '2021-10-25 10:21:26');
INSERT INTO `charges` (`id`, `charge_category_id`, `tax_category_id`, `charge_unit_id`, `name`, `standard_charge`, `date`, `description`, `status`, `created_at`) VALUES (15, 10, 5, 3, 'Pathology Charges ', '160.00', NULL, '', '', '2021-10-25 10:22:35');
INSERT INTO `charges` (`id`, `charge_category_id`, `tax_category_id`, `charge_unit_id`, `name`, `standard_charge`, `date`, `description`, `status`, `created_at`) VALUES (16, 14, 6, 12, 'Radiology Charges ', '160.00', NULL, '', '', '2021-10-25 10:23:13');
INSERT INTO `charges` (`id`, `charge_category_id`, `tax_category_id`, `charge_unit_id`, `name`, `standard_charge`, `date`, `description`, `status`, `created_at`) VALUES (17, 21, 7, 9, 'Private ', '150.00', NULL, '', '', '2021-10-25 10:23:48');
INSERT INTO `charges` (`id`, `charge_category_id`, `tax_category_id`, `charge_unit_id`, `name`, `standard_charge`, `date`, `description`, `status`, `created_at`) VALUES (18, 24, 8, 14, 'Eye Check-up', '150.00', NULL, '', '', '2021-10-25 10:24:41');
INSERT INTO `charges` (`id`, `charge_category_id`, `tax_category_id`, `charge_unit_id`, `name`, `standard_charge`, `date`, `description`, `status`, `created_at`) VALUES (19, 28, 9, 12, 'X-ray', '150.00', NULL, '', '', '2021-10-25 10:25:03');
INSERT INTO `charges` (`id`, `charge_category_id`, `tax_category_id`, `charge_unit_id`, `name`, `standard_charge`, `date`, `description`, `status`, `created_at`) VALUES (20, 11, 5, 3, 'Surgical Pathology ', '150.00', NULL, '', '', '2021-10-25 11:30:11');
INSERT INTO `charges` (`id`, `charge_category_id`, `tax_category_id`, `charge_unit_id`, `name`, `standard_charge`, `date`, `description`, `status`, `created_at`) VALUES (21, 4, 3, 4, 'ICU', '500.00', NULL, 'An ICU is an organized system for the provision of care to critically ill patients that provides intensive and specialized medical and nursing care, an enhanced capacity for monitoring, and multiple modalities of physiologic organ support to sustain life during a period of life-threatening organ system insufficiency.', '', '2021-12-01 11:45:09');
INSERT INTO `charges` (`id`, `charge_category_id`, `tax_category_id`, `charge_unit_id`, `name`, `standard_charge`, `date`, `description`, `status`, `created_at`) VALUES (22, 5, 3, 5, 'Stay Charge ', '1000.00', NULL, '', '', '2021-12-01 11:46:25');
INSERT INTO `charges` (`id`, `charge_category_id`, `tax_category_id`, `charge_unit_id`, `name`, `standard_charge`, `date`, `description`, `status`, `created_at`) VALUES (23, 22, 7, 10, 'Private Charge', '120.00', NULL, '', '', '2024-07-01 05:28:15');


#
# TABLE STRUCTURE FOR: chat_connections
#


CREATE TABLE `chat_connections` (
  `id` int NOT NULL AUTO_INCREMENT,
  `chat_user_one` int NOT NULL,
  `chat_user_two` int NOT NULL,
  `ip` varchar(30) DEFAULT NULL,
  `time` int DEFAULT NULL,
  `created_at` timestamp NOT NULL DEFAULT CURRENT_TIMESTAMP ON UPDATE CURRENT_TIMESTAMP,
  `updated_at` date DEFAULT NULL,
  PRIMARY KEY (`id`),
  KEY `chat_user_one` (`chat_user_one`),
  KEY `chat_user_two` (`chat_user_two`),
  CONSTRAINT `chat_connections_ibfk_1` FOREIGN KEY (`chat_user_one`) REFERENCES `chat_users` (`id`) ON DELETE CASCADE,
  CONSTRAINT `chat_connections_ibfk_2` FOREIGN KEY (`chat_user_two`) REFERENCES `chat_users` (`id`) ON DELETE CASCADE
) ENGINE=InnoDB AUTO_INCREMENT=56 DEFAULT CHARSET=utf8mb3;

INSERT INTO `chat_connections` (`id`, `chat_user_one`, `chat_user_two`, `ip`, `time`, `created_at`, `updated_at`) VALUES (2, 1, 3, NULL, NULL, '2021-10-28 09:27:25', NULL);
INSERT INTO `chat_connections` (`id`, `chat_user_one`, `chat_user_two`, `ip`, `time`, `created_at`, `updated_at`) VALUES (3, 1, 4, NULL, NULL, '2021-10-28 09:30:03', NULL);
INSERT INTO `chat_connections` (`id`, `chat_user_one`, `chat_user_two`, `ip`, `time`, `created_at`, `updated_at`) VALUES (4, 1, 5, NULL, NULL, '2021-10-28 09:30:08', NULL);
INSERT INTO `chat_connections` (`id`, `chat_user_one`, `chat_user_two`, `ip`, `time`, `created_at`, `updated_at`) VALUES (6, 7, 4, NULL, NULL, '2021-12-02 12:41:30', NULL);
INSERT INTO `chat_connections` (`id`, `chat_user_one`, `chat_user_two`, `ip`, `time`, `created_at`, `updated_at`) VALUES (7, 7, 5, NULL, NULL, '2021-12-02 12:41:35', NULL);
INSERT INTO `chat_connections` (`id`, `chat_user_one`, `chat_user_two`, `ip`, `time`, `created_at`, `updated_at`) VALUES (8, 4, 8, NULL, NULL, '2022-01-07 06:21:04', NULL);
INSERT INTO `chat_connections` (`id`, `chat_user_one`, `chat_user_two`, `ip`, `time`, `created_at`, `updated_at`) VALUES (11, 1, 11, NULL, NULL, '2022-02-03 10:19:11', NULL);
INSERT INTO `chat_connections` (`id`, `chat_user_one`, `chat_user_two`, `ip`, `time`, `created_at`, `updated_at`) VALUES (12, 1, 12, NULL, NULL, '2022-02-03 10:19:27', NULL);
INSERT INTO `chat_connections` (`id`, `chat_user_one`, `chat_user_two`, `ip`, `time`, `created_at`, `updated_at`) VALUES (13, 1, 13, NULL, NULL, '2022-02-03 10:20:22', NULL);
INSERT INTO `chat_connections` (`id`, `chat_user_one`, `chat_user_two`, `ip`, `time`, `created_at`, `updated_at`) VALUES (14, 1, 7, NULL, NULL, '2022-02-03 11:16:29', NULL);
INSERT INTO `chat_connections` (`id`, `chat_user_one`, `chat_user_two`, `ip`, `time`, `created_at`, `updated_at`) VALUES (20, 3, 4, NULL, NULL, '2022-05-04 05:37:20', NULL);
INSERT INTO `chat_connections` (`id`, `chat_user_one`, `chat_user_two`, `ip`, `time`, `created_at`, `updated_at`) VALUES (21, 3, 8, NULL, NULL, '2022-05-04 05:37:40', NULL);
INSERT INTO `chat_connections` (`id`, `chat_user_one`, `chat_user_two`, `ip`, `time`, `created_at`, `updated_at`) VALUES (25, 5, 4, NULL, NULL, '2022-08-04 10:08:52', NULL);
INSERT INTO `chat_connections` (`id`, `chat_user_one`, `chat_user_two`, `ip`, `time`, `created_at`, `updated_at`) VALUES (26, 5, 23, NULL, NULL, '2022-08-04 10:12:49', NULL);
INSERT INTO `chat_connections` (`id`, `chat_user_one`, `chat_user_two`, `ip`, `time`, `created_at`, `updated_at`) VALUES (27, 5, 24, NULL, NULL, '2022-08-04 10:13:30', NULL);
INSERT INTO `chat_connections` (`id`, `chat_user_one`, `chat_user_two`, `ip`, `time`, `created_at`, `updated_at`) VALUES (28, 5, 25, NULL, NULL, '2022-08-04 10:14:15', NULL);
INSERT INTO `chat_connections` (`id`, `chat_user_one`, `chat_user_two`, `ip`, `time`, `created_at`, `updated_at`) VALUES (29, 11, 5, NULL, NULL, '2022-08-04 10:17:30', NULL);
INSERT INTO `chat_connections` (`id`, `chat_user_one`, `chat_user_two`, `ip`, `time`, `created_at`, `updated_at`) VALUES (30, 25, 1, NULL, NULL, '2022-08-04 10:19:18', NULL);
INSERT INTO `chat_connections` (`id`, `chat_user_one`, `chat_user_two`, `ip`, `time`, `created_at`, `updated_at`) VALUES (31, 3, 23, NULL, NULL, '2022-08-04 10:20:26', NULL);
INSERT INTO `chat_connections` (`id`, `chat_user_one`, `chat_user_two`, `ip`, `time`, `created_at`, `updated_at`) VALUES (32, 14, 7, NULL, NULL, '2022-09-03 10:25:47', NULL);
INSERT INTO `chat_connections` (`id`, `chat_user_one`, `chat_user_two`, `ip`, `time`, `created_at`, `updated_at`) VALUES (33, 14, 4, NULL, NULL, '2022-09-03 10:26:41', NULL);
INSERT INTO `chat_connections` (`id`, `chat_user_one`, `chat_user_two`, `ip`, `time`, `created_at`, `updated_at`) VALUES (35, 14, 3, NULL, NULL, '2022-09-03 10:27:35', NULL);
INSERT INTO `chat_connections` (`id`, `chat_user_one`, `chat_user_two`, `ip`, `time`, `created_at`, `updated_at`) VALUES (36, 3, 26, NULL, NULL, '2022-09-03 10:28:54', NULL);
INSERT INTO `chat_connections` (`id`, `chat_user_one`, `chat_user_two`, `ip`, `time`, `created_at`, `updated_at`) VALUES (37, 7, 23, NULL, NULL, '2022-09-03 10:44:39', NULL);
INSERT INTO `chat_connections` (`id`, `chat_user_one`, `chat_user_two`, `ip`, `time`, `created_at`, `updated_at`) VALUES (38, 4, 12, NULL, NULL, '2022-09-03 10:46:18', NULL);
INSERT INTO `chat_connections` (`id`, `chat_user_one`, `chat_user_two`, `ip`, `time`, `created_at`, `updated_at`) VALUES (40, 5, 13, NULL, NULL, '2022-09-03 10:49:16', NULL);
INSERT INTO `chat_connections` (`id`, `chat_user_one`, `chat_user_two`, `ip`, `time`, `created_at`, `updated_at`) VALUES (41, 14, 1, NULL, NULL, '2022-09-03 10:50:15', NULL);
INSERT INTO `chat_connections` (`id`, `chat_user_one`, `chat_user_two`, `ip`, `time`, `created_at`, `updated_at`) VALUES (44, 12, 3, NULL, NULL, '2022-10-04 07:29:44', NULL);
INSERT INTO `chat_connections` (`id`, `chat_user_one`, `chat_user_two`, `ip`, `time`, `created_at`, `updated_at`) VALUES (45, 13, 3, NULL, NULL, '2022-10-04 07:49:18', NULL);
INSERT INTO `chat_connections` (`id`, `chat_user_one`, `chat_user_two`, `ip`, `time`, `created_at`, `updated_at`) VALUES (46, 11, 3, NULL, NULL, '2022-10-04 08:11:12', NULL);
INSERT INTO `chat_connections` (`id`, `chat_user_one`, `chat_user_two`, `ip`, `time`, `created_at`, `updated_at`) VALUES (47, 14, 23, NULL, NULL, '2022-10-04 09:14:59', NULL);
INSERT INTO `chat_connections` (`id`, `chat_user_one`, `chat_user_two`, `ip`, `time`, `created_at`, `updated_at`) VALUES (53, 12, 5, NULL, NULL, '2022-12-05 10:02:40', NULL);
INSERT INTO `chat_connections` (`id`, `chat_user_one`, `chat_user_two`, `ip`, `time`, `created_at`, `updated_at`) VALUES (55, 1, 34, NULL, NULL, '2024-12-13 23:05:23', NULL);


#
# TABLE STRUCTURE FOR: chat_messages
#


CREATE TABLE `chat_messages` (
  `id` int NOT NULL AUTO_INCREMENT,
  `message` text,
  `chat_user_id` int NOT NULL,
  `ip` varchar(30) NOT NULL,
  `time` int NOT NULL,
  `is_first` int DEFAULT '0',
  `is_read` int NOT NULL DEFAULT '0',
  `chat_connection_id` int NOT NULL,
  `created_at` datetime DEFAULT NULL,
  PRIMARY KEY (`id`),
  KEY `chat_user_id` (`chat_user_id`),
  KEY `chat_connection_id` (`chat_connection_id`),
  CONSTRAINT `chat_messages_ibfk_1` FOREIGN KEY (`chat_user_id`) REFERENCES `chat_users` (`id`) ON DELETE CASCADE,
  CONSTRAINT `chat_messages_ibfk_2` FOREIGN KEY (`chat_connection_id`) REFERENCES `chat_connections` (`id`) ON DELETE CASCADE
) ENGINE=InnoDB AUTO_INCREMENT=369 DEFAULT CHARSET=utf8mb3;

INSERT INTO `chat_messages` (`id`, `message`, `chat_user_id`, `ip`, `time`, `is_first`, `is_read`, `chat_connection_id`, `created_at`) VALUES (3, 'you are now connected on chat', 3, '', 0, 1, 1, 2, NULL);
INSERT INTO `chat_messages` (`id`, `message`, `chat_user_id`, `ip`, `time`, `is_first`, `is_read`, `chat_connection_id`, `created_at`) VALUES (4, 'Hello Olivier Please read How can we take care of sugar patients.', 3, '', 0, 0, 1, 2, '2021-10-28 14:58:53');
INSERT INTO `chat_messages` (`id`, `message`, `chat_user_id`, `ip`, `time`, `is_first`, `is_read`, `chat_connection_id`, `created_at`) VALUES (5, 'Don&#39;t smoke.', 3, '', 0, 0, 1, 2, '2021-10-28 14:59:17');
INSERT INTO `chat_messages` (`id`, `message`, `chat_user_id`, `ip`, `time`, `is_first`, `is_read`, `chat_connection_id`, `created_at`) VALUES (6, 'Keep your vaccines up to date', 3, '', 0, 0, 1, 2, '2021-10-28 14:59:23');
INSERT INTO `chat_messages` (`id`, `message`, `chat_user_id`, `ip`, `time`, `is_first`, `is_read`, `chat_connection_id`, `created_at`) VALUES (7, 'you are now connected on chat', 4, '', 0, 1, 1, 3, NULL);
INSERT INTO `chat_messages` (`id`, `message`, `chat_user_id`, `ip`, `time`, `is_first`, `is_read`, `chat_connection_id`, `created_at`) VALUES (8, 'you are now connected on chat', 5, '', 0, 1, 1, 4, NULL);
INSERT INTO `chat_messages` (`id`, `message`, `chat_user_id`, `ip`, `time`, `is_first`, `is_read`, `chat_connection_id`, `created_at`) VALUES (9, 'Hello Sonia please come to my office', 4, '', 0, 0, 1, 3, '2021-10-28 15:00:33');
INSERT INTO `chat_messages` (`id`, `message`, `chat_user_id`, `ip`, `time`, `is_first`, `is_read`, `chat_connection_id`, `created_at`) VALUES (12, 'you are now connected on chat', 4, '', 0, 1, 1, 6, NULL);
INSERT INTO `chat_messages` (`id`, `message`, `chat_user_id`, `ip`, `time`, `is_first`, `is_read`, `chat_connection_id`, `created_at`) VALUES (13, 'you are now connected on chat', 5, '', 0, 1, 1, 7, NULL);
INSERT INTO `chat_messages` (`id`, `message`, `chat_user_id`, `ip`, `time`, `is_first`, `is_read`, `chat_connection_id`, `created_at`) VALUES (14, 'Hello mam i&#39;ll will share you patient details please check and response patient report', 4, '', 0, 0, 0, 6, '2021-12-02 18:12:44');
INSERT INTO `chat_messages` (`id`, `message`, `chat_user_id`, `ip`, `time`, `is_first`, `is_read`, `chat_connection_id`, `created_at`) VALUES (15, 'Good evening sir', 5, '', 0, 0, 0, 7, '2021-12-02 18:13:13');
INSERT INTO `chat_messages` (`id`, `message`, `chat_user_id`, `ip`, `time`, `is_first`, `is_read`, `chat_connection_id`, `created_at`) VALUES (16, 'you are now connected on chat', 8, '', 0, 1, 1, 8, NULL);
INSERT INTO `chat_messages` (`id`, `message`, `chat_user_id`, `ip`, `time`, `is_first`, `is_read`, `chat_connection_id`, `created_at`) VALUES (17, 'Hello dear please send patient id &#45;09 report', 8, '', 0, 0, 0, 8, '2022-01-07 11:51:32');
INSERT INTO `chat_messages` (`id`, `message`, `chat_user_id`, `ip`, `time`, `is_first`, `is_read`, `chat_connection_id`, `created_at`) VALUES (22, 'ya i will come on time', 1, '', 0, 0, 0, 3, '2022-02-03 15:48:09');
INSERT INTO `chat_messages` (`id`, `message`, `chat_user_id`, `ip`, `time`, `is_first`, `is_read`, `chat_connection_id`, `created_at`) VALUES (23, 'all right so we will discussion about this on zoom meeting', 1, '', 0, 0, 0, 4, '2022-02-03 15:48:42');
INSERT INTO `chat_messages` (`id`, `message`, `chat_user_id`, `ip`, `time`, `is_first`, `is_read`, `chat_connection_id`, `created_at`) VALUES (24, 'you are now connected on chat', 11, '', 0, 1, 1, 11, NULL);
INSERT INTO `chat_messages` (`id`, `message`, `chat_user_id`, `ip`, `time`, `is_first`, `is_read`, `chat_connection_id`, `created_at`) VALUES (25, 'hello', 11, '', 0, 0, 1, 11, '2022-02-03 15:49:13');
INSERT INTO `chat_messages` (`id`, `message`, `chat_user_id`, `ip`, `time`, `is_first`, `is_read`, `chat_connection_id`, `created_at`) VALUES (26, 'you are now connected on chat', 12, '', 0, 1, 1, 12, NULL);
INSERT INTO `chat_messages` (`id`, `message`, `chat_user_id`, `ip`, `time`, `is_first`, `is_read`, `chat_connection_id`, `created_at`) VALUES (27, 'hello please provide all details .', 12, '', 0, 0, 1, 12, '2022-02-03 15:49:43');
INSERT INTO `chat_messages` (`id`, `message`, `chat_user_id`, `ip`, `time`, `is_first`, `is_read`, `chat_connection_id`, `created_at`) VALUES (28, 'you are now connected on chat', 13, '', 0, 1, 1, 13, NULL);
INSERT INTO `chat_messages` (`id`, `message`, `chat_user_id`, `ip`, `time`, `is_first`, `is_read`, `chat_connection_id`, `created_at`) VALUES (29, 'Hello', 13, '', 0, 0, 1, 13, '2022-02-03 15:50:32');
INSERT INTO `chat_messages` (`id`, `message`, `chat_user_id`, `ip`, `time`, `is_first`, `is_read`, `chat_connection_id`, `created_at`) VALUES (30, 'you are now connected on chat', 7, '', 0, 1, 1, 14, NULL);
INSERT INTO `chat_messages` (`id`, `message`, `chat_user_id`, `ip`, `time`, `is_first`, `is_read`, `chat_connection_id`, `created_at`) VALUES (31, 'Hii', 7, '', 0, 0, 1, 14, '2022-02-03 16:46:31');
INSERT INTO `chat_messages` (`id`, `message`, `chat_user_id`, `ip`, `time`, `is_first`, `is_read`, `chat_connection_id`, `created_at`) VALUES (32, 'ok i do', 1, '', 0, 0, 1, 2, '2022-03-03 17:39:56');
INSERT INTO `chat_messages` (`id`, `message`, `chat_user_id`, `ip`, `time`, `is_first`, `is_read`, `chat_connection_id`, `created_at`) VALUES (33, 'but before any update i want to collect my diseases details', 1, '', 0, 0, 1, 2, '2022-03-03 17:40:28');
INSERT INTO `chat_messages` (`id`, `message`, `chat_user_id`, `ip`, `time`, `is_first`, `is_read`, `chat_connection_id`, `created_at`) VALUES (34, 'Please provide  its urgent', 12, '', 0, 0, 1, 12, '2022-03-03 19:11:59');
INSERT INTO `chat_messages` (`id`, `message`, `chat_user_id`, `ip`, `time`, `is_first`, `is_read`, `chat_connection_id`, `created_at`) VALUES (38, 'ok fine', 3, '', 0, 0, 1, 2, '2022-03-31 14:28:12');
INSERT INTO `chat_messages` (`id`, `message`, `chat_user_id`, `ip`, `time`, `is_first`, `is_read`, `chat_connection_id`, `created_at`) VALUES (39, 'I Will share you .', 3, '', 0, 0, 1, 2, '2022-03-31 14:28:37');
INSERT INTO `chat_messages` (`id`, `message`, `chat_user_id`, `ip`, `time`, `is_first`, `is_read`, `chat_connection_id`, `created_at`) VALUES (46, 'hello sir', 1, '', 0, 0, 1, 14, '2022-04-01 14:47:57');
INSERT INTO `chat_messages` (`id`, `message`, `chat_user_id`, `ip`, `time`, `is_first`, `is_read`, `chat_connection_id`, `created_at`) VALUES (47, 'ok good', 3, '', 0, 0, 1, 2, '2022-04-01 14:48:20');
INSERT INTO `chat_messages` (`id`, `message`, `chat_user_id`, `ip`, `time`, `is_first`, `is_read`, `chat_connection_id`, `created_at`) VALUES (48, 'you are now connected on chat', 4, '', 0, 1, 1, 20, NULL);
INSERT INTO `chat_messages` (`id`, `message`, `chat_user_id`, `ip`, `time`, `is_first`, `is_read`, `chat_connection_id`, `created_at`) VALUES (49, 'you are now connected on chat', 8, '', 0, 1, 1, 21, NULL);
INSERT INTO `chat_messages` (`id`, `message`, `chat_user_id`, `ip`, `time`, `is_first`, `is_read`, `chat_connection_id`, `created_at`) VALUES (50, 'Hello Mam .', 8, '', 0, 0, 0, 21, '2022-05-04 11:08:00');
INSERT INTO `chat_messages` (`id`, `message`, `chat_user_id`, `ip`, `time`, `is_first`, `is_read`, `chat_connection_id`, `created_at`) VALUES (51, 'today i will send you my test report so please check report and response me quickly', 4, '', 0, 0, 1, 20, '2022-05-04 11:09:28');
INSERT INTO `chat_messages` (`id`, `message`, `chat_user_id`, `ip`, `time`, `is_first`, `is_read`, `chat_connection_id`, `created_at`) VALUES (54, 'okkkk', 1, '', 0, 0, 0, 4, '2022-06-02 17:48:43');
INSERT INTO `chat_messages` (`id`, `message`, `chat_user_id`, `ip`, `time`, `is_first`, `is_read`, `chat_connection_id`, `created_at`) VALUES (55, 'will see', 1, '', 0, 0, 0, 4, '2022-06-02 17:49:07');
INSERT INTO `chat_messages` (`id`, `message`, `chat_user_id`, `ip`, `time`, `is_first`, `is_read`, `chat_connection_id`, `created_at`) VALUES (61, 'OK SIR', 1, '', 0, 0, 1, 2, '2022-06-03 11:52:20');
INSERT INTO `chat_messages` (`id`, `message`, `chat_user_id`, `ip`, `time`, `is_first`, `is_read`, `chat_connection_id`, `created_at`) VALUES (62, 'ok waiting', 4, '', 0, 0, 1, 20, '2022-07-02 20:32:39');
INSERT INTO `chat_messages` (`id`, `message`, `chat_user_id`, `ip`, `time`, `is_first`, `is_read`, `chat_connection_id`, `created_at`) VALUES (63, 'Hello Belina please provide me medical details and reports.', 12, '', 0, 0, 1, 12, '2022-08-04 15:35:07');
INSERT INTO `chat_messages` (`id`, `message`, `chat_user_id`, `ip`, `time`, `is_first`, `is_read`, `chat_connection_id`, `created_at`) VALUES (64, 'hello hook please give me medical equipment details and instructions list.', 13, '', 0, 0, 1, 13, '2022-08-04 15:36:14');
INSERT INTO `chat_messages` (`id`, `message`, `chat_user_id`, `ip`, `time`, `is_first`, `is_read`, `chat_connection_id`, `created_at`) VALUES (65, 'Hello Oliver please give  me your covid&#45;19 reports .', 3, '', 0, 0, 0, 2, '2022-08-04 15:37:48');
INSERT INTO `chat_messages` (`id`, `message`, `chat_user_id`, `ip`, `time`, `is_first`, `is_read`, `chat_connection_id`, `created_at`) VALUES (66, 'Hello sir please give me staff reports .', 1, '', 0, 0, 0, 4, '2022-08-04 15:38:40');
INSERT INTO `chat_messages` (`id`, `message`, `chat_user_id`, `ip`, `time`, `is_first`, `is_read`, `chat_connection_id`, `created_at`) VALUES (67, 'you are now connected on chat', 4, '', 0, 1, 1, 25, NULL);
INSERT INTO `chat_messages` (`id`, `message`, `chat_user_id`, `ip`, `time`, `is_first`, `is_read`, `chat_connection_id`, `created_at`) VALUES (68, 'hello sonia please come here staff office for  salary discussion .', 4, '', 0, 0, 1, 25, '2022-08-04 15:39:59');
INSERT INTO `chat_messages` (`id`, `message`, `chat_user_id`, `ip`, `time`, `is_first`, `is_read`, `chat_connection_id`, `created_at`) VALUES (69, 'you are now connected on chat', 23, '', 0, 1, 1, 26, NULL);
INSERT INTO `chat_messages` (`id`, `message`, `chat_user_id`, `ip`, `time`, `is_first`, `is_read`, `chat_connection_id`, `created_at`) VALUES (70, 'Hello please come staff office  for salary discussion', 23, '', 0, 0, 0, 26, '2022-08-04 15:43:16');
INSERT INTO `chat_messages` (`id`, `message`, `chat_user_id`, `ip`, `time`, `is_first`, `is_read`, `chat_connection_id`, `created_at`) VALUES (71, 'you are now connected on chat', 24, '', 0, 1, 1, 27, NULL);
INSERT INTO `chat_messages` (`id`, `message`, `chat_user_id`, `ip`, `time`, `is_first`, `is_read`, `chat_connection_id`, `created_at`) VALUES (72, 'hello Natasha please come staff for salary dscussion', 24, '', 0, 0, 0, 27, '2022-08-04 15:43:50');
INSERT INTO `chat_messages` (`id`, `message`, `chat_user_id`, `ip`, `time`, `is_first`, `is_read`, `chat_connection_id`, `created_at`) VALUES (73, 'you are now connected on chat', 25, '', 0, 1, 1, 28, NULL);
INSERT INTO `chat_messages` (`id`, `message`, `chat_user_id`, `ip`, `time`, `is_first`, `is_read`, `chat_connection_id`, `created_at`) VALUES (74, 'Hello maria please come staff office for  salary discussion', 25, '', 0, 0, 0, 28, '2022-08-04 15:44:56');
INSERT INTO `chat_messages` (`id`, `message`, `chat_user_id`, `ip`, `time`, `is_first`, `is_read`, `chat_connection_id`, `created_at`) VALUES (75, 'Hello Oliver please give me your  covid&#45;19 reports then after check up your body scan .', 3, '', 0, 0, 1, 20, '2022-08-04 15:46:12');
INSERT INTO `chat_messages` (`id`, `message`, `chat_user_id`, `ip`, `time`, `is_first`, `is_read`, `chat_connection_id`, `created_at`) VALUES (76, 'Hello please give me some medical equipment list.', 1, '', 0, 0, 0, 3, '2022-08-04 15:47:03');
INSERT INTO `chat_messages` (`id`, `message`, `chat_user_id`, `ip`, `time`, `is_first`, `is_read`, `chat_connection_id`, `created_at`) VALUES (77, 'you are now connected on chat', 5, '', 0, 1, 1, 29, NULL);
INSERT INTO `chat_messages` (`id`, `message`, `chat_user_id`, `ip`, `time`, `is_first`, `is_read`, `chat_connection_id`, `created_at`) VALUES (78, 'Hello sir please give me some new pharmacy details list.', 5, '', 0, 0, 0, 29, '2022-08-04 15:48:00');
INSERT INTO `chat_messages` (`id`, `message`, `chat_user_id`, `ip`, `time`, `is_first`, `is_read`, `chat_connection_id`, `created_at`) VALUES (79, 'you are now connected on chat', 1, '', 0, 1, 1, 30, NULL);
INSERT INTO `chat_messages` (`id`, `message`, `chat_user_id`, `ip`, `time`, `is_first`, `is_read`, `chat_connection_id`, `created_at`) VALUES (80, 'Hello sir i want some new patient details please give me.', 1, '', 0, 0, 1, 30, '2022-08-04 15:49:52');
INSERT INTO `chat_messages` (`id`, `message`, `chat_user_id`, `ip`, `time`, `is_first`, `is_read`, `chat_connection_id`, `created_at`) VALUES (81, 'you are now connected on chat', 23, '', 0, 1, 1, 31, NULL);
INSERT INTO `chat_messages` (`id`, `message`, `chat_user_id`, `ip`, `time`, `is_first`, `is_read`, `chat_connection_id`, `created_at`) VALUES (82, 'hello sir please give guide covid&#45;19 issue.', 23, '', 0, 0, 0, 31, '2022-08-04 15:51:12');
INSERT INTO `chat_messages` (`id`, `message`, `chat_user_id`, `ip`, `time`, `is_first`, `is_read`, `chat_connection_id`, `created_at`) VALUES (83, 'Hello Oliver please give me your last health check&#45;up report.', 3, '', 0, 0, 0, 2, '2022-09-03 15:51:10');
INSERT INTO `chat_messages` (`id`, `message`, `chat_user_id`, `ip`, `time`, `is_first`, `is_read`, `chat_connection_id`, `created_at`) VALUES (84, 'Hello Belina please provide me medical details and new guideline.', 12, '', 0, 0, 1, 12, '2022-09-03 15:52:02');
INSERT INTO `chat_messages` (`id`, `message`, `chat_user_id`, `ip`, `time`, `is_first`, `is_read`, `chat_connection_id`, `created_at`) VALUES (85, 'hello hook please give me   instructions list for new pharma details.', 13, '', 0, 0, 1, 13, '2022-09-03 15:53:45');
INSERT INTO `chat_messages` (`id`, `message`, `chat_user_id`, `ip`, `time`, `is_first`, `is_read`, `chat_connection_id`, `created_at`) VALUES (86, 'Yeah sure.', 25, '', 0, 0, 1, 30, '2022-09-03 15:54:03');
INSERT INTO `chat_messages` (`id`, `message`, `chat_user_id`, `ip`, `time`, `is_first`, `is_read`, `chat_connection_id`, `created_at`) VALUES (87, 'Hello April&#44; please check patient covid&#45;19 records.', 7, '', 0, 0, 1, 14, '2022-09-03 15:55:04');
INSERT INTO `chat_messages` (`id`, `message`, `chat_user_id`, `ip`, `time`, `is_first`, `is_read`, `chat_connection_id`, `created_at`) VALUES (88, 'you are now connected on chat', 7, '', 0, 1, 1, 32, NULL);
INSERT INTO `chat_messages` (`id`, `message`, `chat_user_id`, `ip`, `time`, `is_first`, `is_read`, `chat_connection_id`, `created_at`) VALUES (89, 'Hello April&#44; please come staff room discussion for salary.', 7, '', 0, 0, 0, 32, '2022-09-03 15:56:29');
INSERT INTO `chat_messages` (`id`, `message`, `chat_user_id`, `ip`, `time`, `is_first`, `is_read`, `chat_connection_id`, `created_at`) VALUES (90, 'you are now connected on chat', 4, '', 0, 1, 1, 33, NULL);
INSERT INTO `chat_messages` (`id`, `message`, `chat_user_id`, `ip`, `time`, `is_first`, `is_read`, `chat_connection_id`, `created_at`) VALUES (91, 'Hello Sir &#44;', 4, '', 0, 0, 0, 33, '2022-09-03 15:57:00');
INSERT INTO `chat_messages` (`id`, `message`, `chat_user_id`, `ip`, `time`, `is_first`, `is_read`, `chat_connection_id`, `created_at`) VALUES (94, 'you are now connected on chat', 3, '', 0, 1, 1, 35, NULL);
INSERT INTO `chat_messages` (`id`, `message`, `chat_user_id`, `ip`, `time`, `is_first`, `is_read`, `chat_connection_id`, `created_at`) VALUES (95, 'Hello Oliver Thomas&#44; your payment is complete but due to technical error we will send you bill after later', 3, '', 0, 0, 0, 35, '2022-09-03 15:57:49');
INSERT INTO `chat_messages` (`id`, `message`, `chat_user_id`, `ip`, `time`, `is_first`, `is_read`, `chat_connection_id`, `created_at`) VALUES (96, 'you are now connected on chat', 26, '', 0, 1, 1, 36, NULL);
INSERT INTO `chat_messages` (`id`, `message`, `chat_user_id`, `ip`, `time`, `is_first`, `is_read`, `chat_connection_id`, `created_at`) VALUES (97, 'Hello sir&#44; please give my covid&#45;19 reports.', 26, '', 0, 0, 0, 36, '2022-09-03 15:59:15');
INSERT INTO `chat_messages` (`id`, `message`, `chat_user_id`, `ip`, `time`, `is_first`, `is_read`, `chat_connection_id`, `created_at`) VALUES (98, 'Hello Olivier Thomas &#44; please come hospital  give me your covid&#45;19 reports.', 3, '', 0, 0, 1, 20, '2022-09-03 16:05:27');
INSERT INTO `chat_messages` (`id`, `message`, `chat_user_id`, `ip`, `time`, `is_first`, `is_read`, `chat_connection_id`, `created_at`) VALUES (99, 'Hello sansa &#44; please give Patient id&#45; 451 reports.', 8, '', 0, 0, 0, 8, '2022-09-03 16:11:36');
INSERT INTO `chat_messages` (`id`, `message`, `chat_user_id`, `ip`, `time`, `is_first`, `is_read`, `chat_connection_id`, `created_at`) VALUES (100, 'Hello Sir &#44; please give me new guideline datails.', 1, '', 0, 0, 1, 30, '2022-09-03 16:12:30');
INSERT INTO `chat_messages` (`id`, `message`, `chat_user_id`, `ip`, `time`, `is_first`, `is_read`, `chat_connection_id`, `created_at`) VALUES (101, 'you are now connected on chat', 23, '', 0, 1, 1, 37, NULL);
INSERT INTO `chat_messages` (`id`, `message`, `chat_user_id`, `ip`, `time`, `is_first`, `is_read`, `chat_connection_id`, `created_at`) VALUES (102, 'Hello Sir &#44; Please give me patient health details reports', 23, '', 0, 0, 0, 37, '2022-09-03 16:15:05');
INSERT INTO `chat_messages` (`id`, `message`, `chat_user_id`, `ip`, `time`, `is_first`, `is_read`, `chat_connection_id`, `created_at`) VALUES (103, 'patient id&#45;455', 23, '', 0, 0, 0, 37, '2022-09-03 16:15:13');
INSERT INTO `chat_messages` (`id`, `message`, `chat_user_id`, `ip`, `time`, `is_first`, `is_read`, `chat_connection_id`, `created_at`) VALUES (104, 'Hello mam i&#39;ll will share you patient details please check .', 4, '', 0, 0, 0, 6, '2022-09-03 16:15:32');
INSERT INTO `chat_messages` (`id`, `message`, `chat_user_id`, `ip`, `time`, `is_first`, `is_read`, `chat_connection_id`, `created_at`) VALUES (105, 'Yes sir.', 1, '', 0, 0, 1, 14, '2022-09-03 16:15:43');
INSERT INTO `chat_messages` (`id`, `message`, `chat_user_id`, `ip`, `time`, `is_first`, `is_read`, `chat_connection_id`, `created_at`) VALUES (106, 'you are now connected on chat', 12, '', 0, 1, 1, 38, NULL);
INSERT INTO `chat_messages` (`id`, `message`, `chat_user_id`, `ip`, `time`, `is_first`, `is_read`, `chat_connection_id`, `created_at`) VALUES (107, 'Hello Belina &#44; Please give me Patients pathology reports.', 12, '', 0, 0, 1, 38, '2022-09-03 16:16:58');
INSERT INTO `chat_messages` (`id`, `message`, `chat_user_id`, `ip`, `time`, `is_first`, `is_read`, `chat_connection_id`, `created_at`) VALUES (110, 'hello Natasha please come staff for salary dscussion', 24, '', 0, 0, 0, 27, '2022-09-03 16:18:55');
INSERT INTO `chat_messages` (`id`, `message`, `chat_user_id`, `ip`, `time`, `is_first`, `is_read`, `chat_connection_id`, `created_at`) VALUES (111, 'hello Natasha please come staff for salary dscussion', 23, '', 0, 0, 0, 26, '2022-09-03 16:18:59');
INSERT INTO `chat_messages` (`id`, `message`, `chat_user_id`, `ip`, `time`, `is_first`, `is_read`, `chat_connection_id`, `created_at`) VALUES (112, 'hello Natasha please come staff for salary dscussion.', 4, '', 0, 0, 1, 25, '2022-09-03 16:19:08');
INSERT INTO `chat_messages` (`id`, `message`, `chat_user_id`, `ip`, `time`, `is_first`, `is_read`, `chat_connection_id`, `created_at`) VALUES (113, 'you are now connected on chat', 13, '', 0, 1, 1, 40, NULL);
INSERT INTO `chat_messages` (`id`, `message`, `chat_user_id`, `ip`, `time`, `is_first`, `is_read`, `chat_connection_id`, `created_at`) VALUES (114, 'hello Natasha please come staff for salary dscussion.', 13, '', 0, 0, 0, 40, '2022-09-03 16:19:19');
INSERT INTO `chat_messages` (`id`, `message`, `chat_user_id`, `ip`, `time`, `is_first`, `is_read`, `chat_connection_id`, `created_at`) VALUES (115, 'you are now connected on chat', 1, '', 0, 1, 1, 41, NULL);
INSERT INTO `chat_messages` (`id`, `message`, `chat_user_id`, `ip`, `time`, `is_first`, `is_read`, `chat_connection_id`, `created_at`) VALUES (116, 'Hello Sir&#44; please give me patient payment details records.', 1, '', 0, 0, 1, 41, '2022-09-03 16:20:56');
INSERT INTO `chat_messages` (`id`, `message`, `chat_user_id`, `ip`, `time`, `is_first`, `is_read`, `chat_connection_id`, `created_at`) VALUES (121, 'you are now connected on chat', 3, '', 0, 1, 1, 44, NULL);
INSERT INTO `chat_messages` (`id`, `message`, `chat_user_id`, `ip`, `time`, `is_first`, `is_read`, `chat_connection_id`, `created_at`) VALUES (122, 'Hello Oliver&#44; Good morning .', 3, '', 0, 0, 0, 44, '2022-10-04 12:59:55');
INSERT INTO `chat_messages` (`id`, `message`, `chat_user_id`, `ip`, `time`, `is_first`, `is_read`, `chat_connection_id`, `created_at`) VALUES (123, 'Please come to hospital for collect your pathology report.', 3, '', 0, 0, 0, 44, '2022-10-04 13:00:23');
INSERT INTO `chat_messages` (`id`, `message`, `chat_user_id`, `ip`, `time`, `is_first`, `is_read`, `chat_connection_id`, `created_at`) VALUES (125, 'you are now connected on chat', 3, '', 0, 1, 1, 45, NULL);
INSERT INTO `chat_messages` (`id`, `message`, `chat_user_id`, `ip`, `time`, `is_first`, `is_read`, `chat_connection_id`, `created_at`) VALUES (126, 'Hello Oliver&#44; Good Afternoon.', 3, '', 0, 0, 0, 45, '2022-10-04 13:19:31');
INSERT INTO `chat_messages` (`id`, `message`, `chat_user_id`, `ip`, `time`, `is_first`, `is_read`, `chat_connection_id`, `created_at`) VALUES (127, 'Please come to Hospital lab for collect your radiology reports.', 3, '', 0, 0, 0, 45, '2022-10-04 13:20:16');
INSERT INTO `chat_messages` (`id`, `message`, `chat_user_id`, `ip`, `time`, `is_first`, `is_read`, `chat_connection_id`, `created_at`) VALUES (130, 'yeah sure sir. I will', 1, '', 0, 0, 1, 13, '2022-10-04 13:22:23');
INSERT INTO `chat_messages` (`id`, `message`, `chat_user_id`, `ip`, `time`, `is_first`, `is_read`, `chat_connection_id`, `created_at`) VALUES (131, 'you are now connected on chat', 3, '', 0, 1, 1, 46, NULL);
INSERT INTO `chat_messages` (`id`, `message`, `chat_user_id`, `ip`, `time`, `is_first`, `is_read`, `chat_connection_id`, `created_at`) VALUES (132, 'Hello Oliver&#44; Good After noon.', 3, '', 0, 0, 0, 46, '2022-10-04 13:41:28');
INSERT INTO `chat_messages` (`id`, `message`, `chat_user_id`, `ip`, `time`, `is_first`, `is_read`, `chat_connection_id`, `created_at`) VALUES (133, 'Hello Sir&#44;', 1, '', 0, 0, 0, 11, '2022-10-04 14:17:06');
INSERT INTO `chat_messages` (`id`, `message`, `chat_user_id`, `ip`, `time`, `is_first`, `is_read`, `chat_connection_id`, `created_at`) VALUES (134, 'How are you..&#63;', 1, '', 0, 0, 0, 11, '2022-10-04 14:17:15');
INSERT INTO `chat_messages` (`id`, `message`, `chat_user_id`, `ip`, `time`, `is_first`, `is_read`, `chat_connection_id`, `created_at`) VALUES (135, 'Yeah Sure sir&#44; please wait i will give you&#44;&#44;&#44;', 5, '', 0, 0, 0, 29, '2022-10-04 14:17:44');
INSERT INTO `chat_messages` (`id`, `message`, `chat_user_id`, `ip`, `time`, `is_first`, `is_read`, `chat_connection_id`, `created_at`) VALUES (136, 'Yeah Sure&#44; Sir', 5, '', 0, 0, 1, 25, '2022-10-04 14:29:40');
INSERT INTO `chat_messages` (`id`, `message`, `chat_user_id`, `ip`, `time`, `is_first`, `is_read`, `chat_connection_id`, `created_at`) VALUES (137, 'Hello Olivier Thomas &#44; please come hospital give me your medical reports.', 3, '', 0, 0, 1, 20, '2022-10-04 14:30:00');
INSERT INTO `chat_messages` (`id`, `message`, `chat_user_id`, `ip`, `time`, `is_first`, `is_read`, `chat_connection_id`, `created_at`) VALUES (140, 'Hello April &#44; please check patient food quality..', 7, '', 0, 0, 1, 14, '2022-10-04 14:37:50');
INSERT INTO `chat_messages` (`id`, `message`, `chat_user_id`, `ip`, `time`, `is_first`, `is_read`, `chat_connection_id`, `created_at`) VALUES (141, 'Yes sir &#44; i will check .', 1, '', 0, 0, 1, 14, '2022-10-04 14:38:18');
INSERT INTO `chat_messages` (`id`, `message`, `chat_user_id`, `ip`, `time`, `is_first`, `is_read`, `chat_connection_id`, `created_at`) VALUES (142, 'patient food  quality delivery .', 1, '', 0, 0, 1, 14, '2022-10-04 14:38:56');
INSERT INTO `chat_messages` (`id`, `message`, `chat_user_id`, `ip`, `time`, `is_first`, `is_read`, `chat_connection_id`, `created_at`) VALUES (143, 'Hello Sonia&#44; Please come to hospital staff discussion for patient last month operation payment reports.', 4, '', 0, 0, 0, 33, '2022-10-04 14:42:00');
INSERT INTO `chat_messages` (`id`, `message`, `chat_user_id`, `ip`, `time`, `is_first`, `is_read`, `chat_connection_id`, `created_at`) VALUES (144, 'Hello Oliver Thomas&#44; your payment is complete please come to hospital and collect your medical bill report.', 3, '', 0, 0, 0, 35, '2022-10-04 14:43:08');
INSERT INTO `chat_messages` (`id`, `message`, `chat_user_id`, `ip`, `time`, `is_first`, `is_read`, `chat_connection_id`, `created_at`) VALUES (147, 'Hello sir &#44; please give me new patient admission reports .', 1, '', 0, 0, 1, 41, '2022-10-04 14:44:33');
INSERT INTO `chat_messages` (`id`, `message`, `chat_user_id`, `ip`, `time`, `is_first`, `is_read`, `chat_connection_id`, `created_at`) VALUES (148, 'you are now connected on chat', 23, '', 0, 1, 1, 47, NULL);
INSERT INTO `chat_messages` (`id`, `message`, `chat_user_id`, `ip`, `time`, `is_first`, `is_read`, `chat_connection_id`, `created_at`) VALUES (149, 'Hello sir&#44; please come to hospital staff room discussion for your salary.', 23, '', 0, 0, 0, 47, '2022-10-04 14:45:31');
INSERT INTO `chat_messages` (`id`, `message`, `chat_user_id`, `ip`, `time`, `is_first`, `is_read`, `chat_connection_id`, `created_at`) VALUES (150, 'Hello Amit&#44;  please submit new patient medical reports.', 23, '', 0, 0, 0, 26, '2022-10-04 14:55:54');
INSERT INTO `chat_messages` (`id`, `message`, `chat_user_id`, `ip`, `time`, `is_first`, `is_read`, `chat_connection_id`, `created_at`) VALUES (151, 'Hello Sir', 23, '', 0, 0, 0, 31, '2022-10-06 12:50:57');
INSERT INTO `chat_messages` (`id`, `message`, `chat_user_id`, `ip`, `time`, `is_first`, `is_read`, `chat_connection_id`, `created_at`) VALUES (152, 'Good Morning', 23, '', 0, 0, 0, 31, '2022-10-06 12:51:00');
INSERT INTO `chat_messages` (`id`, `message`, `chat_user_id`, `ip`, `time`, `is_first`, `is_read`, `chat_connection_id`, `created_at`) VALUES (153, 'Hello Sir&#44; please give me patient payment details records.', 1, '', 0, 0, 1, 41, '2022-11-02 15:42:13');
INSERT INTO `chat_messages` (`id`, `message`, `chat_user_id`, `ip`, `time`, `is_first`, `is_read`, `chat_connection_id`, `created_at`) VALUES (154, 'Hello Oliver Thomas&#44; your payment is complete please collect your  bill .', 3, '', 0, 0, 0, 35, '2022-11-02 15:43:05');
INSERT INTO `chat_messages` (`id`, `message`, `chat_user_id`, `ip`, `time`, `is_first`, `is_read`, `chat_connection_id`, `created_at`) VALUES (157, 'Hello Oliver&#44; Good Evening .', 3, '', 0, 0, 0, 46, '2022-11-02 18:12:44');
INSERT INTO `chat_messages` (`id`, `message`, `chat_user_id`, `ip`, `time`, `is_first`, `is_read`, `chat_connection_id`, `created_at`) VALUES (158, 'Please come to hospital collect your medicine.', 3, '', 0, 0, 0, 46, '2022-11-02 18:13:22');
INSERT INTO `chat_messages` (`id`, `message`, `chat_user_id`, `ip`, `time`, `is_first`, `is_read`, `chat_connection_id`, `created_at`) VALUES (159, 'Hello Sir&#44; please give me new medicine details.', 5, '', 0, 0, 0, 29, '2022-11-02 18:13:56');
INSERT INTO `chat_messages` (`id`, `message`, `chat_user_id`, `ip`, `time`, `is_first`, `is_read`, `chat_connection_id`, `created_at`) VALUES (160, 'Hello Sir&#44; please provide me new pharmacy  medical details.', 1, '', 0, 0, 0, 11, '2022-11-02 18:14:49');
INSERT INTO `chat_messages` (`id`, `message`, `chat_user_id`, `ip`, `time`, `is_first`, `is_read`, `chat_connection_id`, `created_at`) VALUES (161, 'Hello sir&#44;', 1, '', 0, 0, 1, 14, '2022-11-02 18:15:41');
INSERT INTO `chat_messages` (`id`, `message`, `chat_user_id`, `ip`, `time`, `is_first`, `is_read`, `chat_connection_id`, `created_at`) VALUES (162, 'Hello Good Evening Sir.', 23, '', 0, 0, 0, 31, '2022-11-03 17:08:57');
INSERT INTO `chat_messages` (`id`, `message`, `chat_user_id`, `ip`, `time`, `is_first`, `is_read`, `chat_connection_id`, `created_at`) VALUES (163, 'Hello mam', 8, '', 0, 0, 0, 21, '2022-11-03 17:09:42');
INSERT INTO `chat_messages` (`id`, `message`, `chat_user_id`, `ip`, `time`, `is_first`, `is_read`, `chat_connection_id`, `created_at`) VALUES (164, 'Hello sir please provide me new patient record details.', 1, '', 0, 0, 1, 14, '2022-11-03 17:10:28');
INSERT INTO `chat_messages` (`id`, `message`, `chat_user_id`, `ip`, `time`, `is_first`, `is_read`, `chat_connection_id`, `created_at`) VALUES (165, 'Hello Mam&#44; please check the patient .', 4, '', 0, 0, 0, 6, '2022-11-03 17:11:55');
INSERT INTO `chat_messages` (`id`, `message`, `chat_user_id`, `ip`, `time`, `is_first`, `is_read`, `chat_connection_id`, `created_at`) VALUES (168, 'Hello Olivier &#44;please come to hospital collect your medical report.', 3, '', 0, 0, 1, 20, '2022-11-03 18:05:36');
INSERT INTO `chat_messages` (`id`, `message`, `chat_user_id`, `ip`, `time`, `is_first`, `is_read`, `chat_connection_id`, `created_at`) VALUES (169, 'hello Natasha please come staff for salary discussion.', 24, '', 0, 0, 0, 27, '2022-11-03 18:07:42');
INSERT INTO `chat_messages` (`id`, `message`, `chat_user_id`, `ip`, `time`, `is_first`, `is_read`, `chat_connection_id`, `created_at`) VALUES (170, 'hello Natasha please come staff for salary discussion', 25, '', 0, 0, 0, 28, '2022-11-03 18:07:54');
INSERT INTO `chat_messages` (`id`, `message`, `chat_user_id`, `ip`, `time`, `is_first`, `is_read`, `chat_connection_id`, `created_at`) VALUES (171, 'hello John please come staff for salary discussion.', 13, '', 0, 0, 0, 40, '2022-11-03 18:08:21');
INSERT INTO `chat_messages` (`id`, `message`, `chat_user_id`, `ip`, `time`, `is_first`, `is_read`, `chat_connection_id`, `created_at`) VALUES (172, 'Hello Maria &#44;', 25, '', 0, 0, 1, 30, '2022-11-03 18:09:59');
INSERT INTO `chat_messages` (`id`, `message`, `chat_user_id`, `ip`, `time`, `is_first`, `is_read`, `chat_connection_id`, `created_at`) VALUES (173, 'Hello sir&#44; Good Evening.', 1, '', 0, 0, 1, 30, '2022-11-03 18:10:26');
INSERT INTO `chat_messages` (`id`, `message`, `chat_user_id`, `ip`, `time`, `is_first`, `is_read`, `chat_connection_id`, `created_at`) VALUES (174, 'Hello sir i want some new patient details please give me.', 1, '', 0, 0, 1, 30, '2022-11-03 18:10:31');
INSERT INTO `chat_messages` (`id`, `message`, `chat_user_id`, `ip`, `time`, `is_first`, `is_read`, `chat_connection_id`, `created_at`) VALUES (175, 'Hello Olivier.', 3, '', 0, 0, 0, 2, '2022-11-03 18:11:12');
INSERT INTO `chat_messages` (`id`, `message`, `chat_user_id`, `ip`, `time`, `is_first`, `is_read`, `chat_connection_id`, `created_at`) VALUES (176, 'Please read How can we take care of sugar patients.', 3, '', 0, 0, 0, 2, '2022-11-03 18:11:36');
INSERT INTO `chat_messages` (`id`, `message`, `chat_user_id`, `ip`, `time`, `is_first`, `is_read`, `chat_connection_id`, `created_at`) VALUES (177, 'Don&#39;t Smoke.', 3, '', 0, 0, 0, 2, '2022-11-03 18:11:43');
INSERT INTO `chat_messages` (`id`, `message`, `chat_user_id`, `ip`, `time`, `is_first`, `is_read`, `chat_connection_id`, `created_at`) VALUES (178, 'Hello Sir&#44; Good Evening.', 5, '', 0, 0, 0, 7, '2022-11-03 18:13:05');
INSERT INTO `chat_messages` (`id`, `message`, `chat_user_id`, `ip`, `time`, `is_first`, `is_read`, `chat_connection_id`, `created_at`) VALUES (190, 'Good Afternoon sir&#44;', 1, '', 0, 0, 1, 13, '2022-12-05 15:21:34');
INSERT INTO `chat_messages` (`id`, `message`, `chat_user_id`, `ip`, `time`, `is_first`, `is_read`, `chat_connection_id`, `created_at`) VALUES (191, 'please provide me new patient radiology report details.', 1, '', 0, 0, 1, 13, '2022-12-05 15:22:00');
INSERT INTO `chat_messages` (`id`, `message`, `chat_user_id`, `ip`, `time`, `is_first`, `is_read`, `chat_connection_id`, `created_at`) VALUES (192, 'hello Thomas &#44; please collect your radiology reports.', 3, '', 0, 0, 0, 45, '2022-12-05 15:22:30');
INSERT INTO `chat_messages` (`id`, `message`, `chat_user_id`, `ip`, `time`, `is_first`, `is_read`, `chat_connection_id`, `created_at`) VALUES (193, 'Hello Olivier &#44; please come to hospital collect your reports.', 3, '', 0, 0, 0, 44, '2022-12-05 15:32:13');
INSERT INTO `chat_messages` (`id`, `message`, `chat_user_id`, `ip`, `time`, `is_first`, `is_read`, `chat_connection_id`, `created_at`) VALUES (194, 'Yes mam', 4, '', 0, 0, 0, 38, '2022-12-05 15:32:23');
INSERT INTO `chat_messages` (`id`, `message`, `chat_user_id`, `ip`, `time`, `is_first`, `is_read`, `chat_connection_id`, `created_at`) VALUES (195, 'I will give..', 4, '', 0, 0, 0, 38, '2022-12-05 15:32:31');
INSERT INTO `chat_messages` (`id`, `message`, `chat_user_id`, `ip`, `time`, `is_first`, `is_read`, `chat_connection_id`, `created_at`) VALUES (196, 'you are now connected on chat', 5, '', 0, 1, 1, 53, NULL);
INSERT INTO `chat_messages` (`id`, `message`, `chat_user_id`, `ip`, `time`, `is_first`, `is_read`, `chat_connection_id`, `created_at`) VALUES (197, 'Hello Sir', 5, '', 0, 0, 0, 53, '2022-12-05 15:32:44');
INSERT INTO `chat_messages` (`id`, `message`, `chat_user_id`, `ip`, `time`, `is_first`, `is_read`, `chat_connection_id`, `created_at`) VALUES (198, 'hello Olivier &#44; please collect your medicine', 3, '', 0, 0, 0, 46, '2022-12-05 16:15:47');
INSERT INTO `chat_messages` (`id`, `message`, `chat_user_id`, `ip`, `time`, `is_first`, `is_read`, `chat_connection_id`, `created_at`) VALUES (199, 'hello Good afternoon sir', 23, '', 0, 0, 0, 31, '2022-12-06 12:11:38');
INSERT INTO `chat_messages` (`id`, `message`, `chat_user_id`, `ip`, `time`, `is_first`, `is_read`, `chat_connection_id`, `created_at`) VALUES (200, 'Hello Olivier please collect your medical report.', 3, '', 0, 0, 0, 2, '2022-12-06 12:12:06');
INSERT INTO `chat_messages` (`id`, `message`, `chat_user_id`, `ip`, `time`, `is_first`, `is_read`, `chat_connection_id`, `created_at`) VALUES (201, 'Hello Doctor&#39;s please given my medical reports', 8, '', 0, 0, 0, 21, '2023-01-04 18:24:34');
INSERT INTO `chat_messages` (`id`, `message`, `chat_user_id`, `ip`, `time`, `is_first`, `is_read`, `chat_connection_id`, `created_at`) VALUES (202, 'Hello Olivier &#44;Please come to hospital for collect your pathology report.', 3, '', 0, 0, 0, 44, '2023-01-04 18:27:28');
INSERT INTO `chat_messages` (`id`, `message`, `chat_user_id`, `ip`, `time`, `is_first`, `is_read`, `chat_connection_id`, `created_at`) VALUES (203, 'Good Evening Sir', 5, '', 0, 0, 0, 53, '2023-01-04 18:27:50');
INSERT INTO `chat_messages` (`id`, `message`, `chat_user_id`, `ip`, `time`, `is_first`, `is_read`, `chat_connection_id`, `created_at`) VALUES (204, 'Good Evening SIr', 1, '', 0, 0, 0, 12, '2023-01-04 18:28:06');
INSERT INTO `chat_messages` (`id`, `message`, `chat_user_id`, `ip`, `time`, `is_first`, `is_read`, `chat_connection_id`, `created_at`) VALUES (205, 'Hello Sir', 1, '', 0, 0, 1, 13, '2023-01-04 18:28:46');
INSERT INTO `chat_messages` (`id`, `message`, `chat_user_id`, `ip`, `time`, `is_first`, `is_read`, `chat_connection_id`, `created_at`) VALUES (206, 'please provide me new patient radiology report details.', 1, '', 0, 0, 1, 13, '2023-01-04 18:28:47');
INSERT INTO `chat_messages` (`id`, `message`, `chat_user_id`, `ip`, `time`, `is_first`, `is_read`, `chat_connection_id`, `created_at`) VALUES (207, 'Good Evening &#44; Thomas.', 3, '', 0, 0, 0, 45, '2023-01-04 18:29:12');
INSERT INTO `chat_messages` (`id`, `message`, `chat_user_id`, `ip`, `time`, `is_first`, `is_read`, `chat_connection_id`, `created_at`) VALUES (208, 'hello Thomas &#44; please collect your radiology reports.', 3, '', 0, 0, 0, 45, '2023-01-04 18:29:15');
INSERT INTO `chat_messages` (`id`, `message`, `chat_user_id`, `ip`, `time`, `is_first`, `is_read`, `chat_connection_id`, `created_at`) VALUES (210, 'Hello sir please provide me new patient record details.', 1, '', 0, 0, 1, 14, '2023-01-04 18:30:19');
INSERT INTO `chat_messages` (`id`, `message`, `chat_user_id`, `ip`, `time`, `is_first`, `is_read`, `chat_connection_id`, `created_at`) VALUES (211, 'Hello mam please provide me new patient record details.', 4, '', 0, 0, 0, 6, '2023-01-04 18:30:28');
INSERT INTO `chat_messages` (`id`, `message`, `chat_user_id`, `ip`, `time`, `is_first`, `is_read`, `chat_connection_id`, `created_at`) VALUES (212, 'Hello Oliver please give me your last health check&#45;up report', 3, '', 0, 0, 0, 2, '2023-01-04 18:32:06');
INSERT INTO `chat_messages` (`id`, `message`, `chat_user_id`, `ip`, `time`, `is_first`, `is_read`, `chat_connection_id`, `created_at`) VALUES (214, 'Hello Olivier &#44; Good morning', 3, '', 0, 0, 1, 20, '2023-02-01 10:49:04');
INSERT INTO `chat_messages` (`id`, `message`, `chat_user_id`, `ip`, `time`, `is_first`, `is_read`, `chat_connection_id`, `created_at`) VALUES (215, 'please come hospital give me your medical reports.', 3, '', 0, 0, 1, 20, '2023-02-01 10:49:15');
INSERT INTO `chat_messages` (`id`, `message`, `chat_user_id`, `ip`, `time`, `is_first`, `is_read`, `chat_connection_id`, `created_at`) VALUES (218, 'Good Morning Sir', 1, '', 0, 0, 0, 11, '2023-02-01 10:52:08');
INSERT INTO `chat_messages` (`id`, `message`, `chat_user_id`, `ip`, `time`, `is_first`, `is_read`, `chat_connection_id`, `created_at`) VALUES (219, 'Good Morning Sir', 1, '', 0, 0, 1, 13, '2023-02-01 10:53:06');
INSERT INTO `chat_messages` (`id`, `message`, `chat_user_id`, `ip`, `time`, `is_first`, `is_read`, `chat_connection_id`, `created_at`) VALUES (220, 'please provide me new patient radiology report details.', 1, '', 0, 0, 1, 13, '2023-02-01 10:53:11');
INSERT INTO `chat_messages` (`id`, `message`, `chat_user_id`, `ip`, `time`, `is_first`, `is_read`, `chat_connection_id`, `created_at`) VALUES (221, 'Good Morning Sir', 1, '', 0, 0, 1, 14, '2023-02-01 10:54:39');
INSERT INTO `chat_messages` (`id`, `message`, `chat_user_id`, `ip`, `time`, `is_first`, `is_read`, `chat_connection_id`, `created_at`) VALUES (222, 'Good Morning Mam', 4, '', 0, 0, 0, 6, '2023-02-01 10:54:48');
INSERT INTO `chat_messages` (`id`, `message`, `chat_user_id`, `ip`, `time`, `is_first`, `is_read`, `chat_connection_id`, `created_at`) VALUES (223, 'Good Morning Sir', 1, '', 0, 0, 1, 41, '2023-02-01 10:59:36');
INSERT INTO `chat_messages` (`id`, `message`, `chat_user_id`, `ip`, `time`, `is_first`, `is_read`, `chat_connection_id`, `created_at`) VALUES (224, 'Good Morning Olivier&#44; your payment is complete please collect your bill .', 3, '', 0, 0, 0, 35, '2023-02-01 11:00:01');
INSERT INTO `chat_messages` (`id`, `message`, `chat_user_id`, `ip`, `time`, `is_first`, `is_read`, `chat_connection_id`, `created_at`) VALUES (225, 'Good morning Sir', 1, '', 0, 0, 0, 4, '2023-02-01 11:04:06');
INSERT INTO `chat_messages` (`id`, `message`, `chat_user_id`, `ip`, `time`, `is_first`, `is_read`, `chat_connection_id`, `created_at`) VALUES (226, 'Hello Doctor&#39;s please given my medical reports', 8, '', 0, 0, 0, 21, '2023-02-01 16:56:35');
INSERT INTO `chat_messages` (`id`, `message`, `chat_user_id`, `ip`, `time`, `is_first`, `is_read`, `chat_connection_id`, `created_at`) VALUES (227, 'Hello Oliver&#44; Good After noon.', 3, '', 0, 0, 0, 46, '2023-03-06 13:35:57');
INSERT INTO `chat_messages` (`id`, `message`, `chat_user_id`, `ip`, `time`, `is_first`, `is_read`, `chat_connection_id`, `created_at`) VALUES (228, 'hello Olivier &#44; please collect your medicine', 3, '', 0, 0, 0, 46, '2023-03-06 13:36:03');
INSERT INTO `chat_messages` (`id`, `message`, `chat_user_id`, `ip`, `time`, `is_first`, `is_read`, `chat_connection_id`, `created_at`) VALUES (229, 'Hello Oliver&#44; Good After noon.', 1, '', 0, 0, 0, 11, '2023-03-06 13:36:09');
INSERT INTO `chat_messages` (`id`, `message`, `chat_user_id`, `ip`, `time`, `is_first`, `is_read`, `chat_connection_id`, `created_at`) VALUES (230, 'Hello Jason&#44; Good After noon.', 5, '', 0, 0, 0, 29, '2023-03-06 13:36:29');
INSERT INTO `chat_messages` (`id`, `message`, `chat_user_id`, `ip`, `time`, `is_first`, `is_read`, `chat_connection_id`, `created_at`) VALUES (231, 'Hello Oliver&#44; Good After noon.', 3, '', 0, 0, 1, 20, '2023-03-06 13:36:54');
INSERT INTO `chat_messages` (`id`, `message`, `chat_user_id`, `ip`, `time`, `is_first`, `is_read`, `chat_connection_id`, `created_at`) VALUES (232, 'Hello Olivier &#44;please come to hospital collect your medical report.', 3, '', 0, 0, 1, 20, '2023-03-06 13:37:03');
INSERT INTO `chat_messages` (`id`, `message`, `chat_user_id`, `ip`, `time`, `is_first`, `is_read`, `chat_connection_id`, `created_at`) VALUES (233, 'hello Natasha please come staff for salary discussion.', 24, '', 0, 0, 0, 27, '2023-03-06 13:37:44');
INSERT INTO `chat_messages` (`id`, `message`, `chat_user_id`, `ip`, `time`, `is_first`, `is_read`, `chat_connection_id`, `created_at`) VALUES (234, 'hello Maria please come staff for salary discussion.', 25, '', 0, 0, 0, 28, '2023-03-06 13:38:00');
INSERT INTO `chat_messages` (`id`, `message`, `chat_user_id`, `ip`, `time`, `is_first`, `is_read`, `chat_connection_id`, `created_at`) VALUES (235, 'Good Afternoon sir', 1, '', 0, 0, 0, 12, '2023-03-06 15:03:10');
INSERT INTO `chat_messages` (`id`, `message`, `chat_user_id`, `ip`, `time`, `is_first`, `is_read`, `chat_connection_id`, `created_at`) VALUES (236, 'Hello Olivier &#44;please come to hospital collect your medical report.', 3, '', 0, 0, 1, 20, '2023-04-04 17:52:40');
INSERT INTO `chat_messages` (`id`, `message`, `chat_user_id`, `ip`, `time`, `is_first`, `is_read`, `chat_connection_id`, `created_at`) VALUES (238, 'hello John please come staff for salary discussion.', 13, '', 0, 0, 0, 40, '2023-04-04 17:54:56');
INSERT INTO `chat_messages` (`id`, `message`, `chat_user_id`, `ip`, `time`, `is_first`, `is_read`, `chat_connection_id`, `created_at`) VALUES (239, 'hello John please come staff for salary discussion.', 4, '', 0, 0, 0, 25, '2023-04-04 17:55:15');
INSERT INTO `chat_messages` (`id`, `message`, `chat_user_id`, `ip`, `time`, `is_first`, `is_read`, `chat_connection_id`, `created_at`) VALUES (240, 'hello Sonia please come staff for salary discussion.', 4, '', 0, 0, 0, 25, '2023-04-04 17:55:26');
INSERT INTO `chat_messages` (`id`, `message`, `chat_user_id`, `ip`, `time`, `is_first`, `is_read`, `chat_connection_id`, `created_at`) VALUES (241, 'Good Evening Mam &#44; please give me new patient medical reports.', 4, '', 0, 0, 0, 6, '2023-04-04 17:56:15');
INSERT INTO `chat_messages` (`id`, `message`, `chat_user_id`, `ip`, `time`, `is_first`, `is_read`, `chat_connection_id`, `created_at`) VALUES (242, 'Hello sir please provide me new patient record details.', 1, '', 0, 0, 1, 14, '2023-04-04 17:56:30');
INSERT INTO `chat_messages` (`id`, `message`, `chat_user_id`, `ip`, `time`, `is_first`, `is_read`, `chat_connection_id`, `created_at`) VALUES (243, 'Hello Oliver please give me your last health check&#45;up report.', 3, '', 0, 0, 0, 2, '2023-04-04 17:57:31');
INSERT INTO `chat_messages` (`id`, `message`, `chat_user_id`, `ip`, `time`, `is_first`, `is_read`, `chat_connection_id`, `created_at`) VALUES (244, 'Hello Doctor&#39;s please given my medical reports', 8, '', 0, 0, 0, 21, '2023-04-04 17:57:59');
INSERT INTO `chat_messages` (`id`, `message`, `chat_user_id`, `ip`, `time`, `is_first`, `is_read`, `chat_connection_id`, `created_at`) VALUES (245, 'Hello Doctor&#39;s please given my medical reports.', 26, '', 0, 0, 0, 36, '2023-04-04 17:58:15');
INSERT INTO `chat_messages` (`id`, `message`, `chat_user_id`, `ip`, `time`, `is_first`, `is_read`, `chat_connection_id`, `created_at`) VALUES (246, 'Hello Oliver&#44; Good After noon.', 3, '', 0, 0, 1, 20, '2023-05-03 18:10:46');
INSERT INTO `chat_messages` (`id`, `message`, `chat_user_id`, `ip`, `time`, `is_first`, `is_read`, `chat_connection_id`, `created_at`) VALUES (247, 'please come to hospital collect your medical report.', 3, '', 0, 0, 1, 20, '2023-05-03 18:11:02');
INSERT INTO `chat_messages` (`id`, `message`, `chat_user_id`, `ip`, `time`, `is_first`, `is_read`, `chat_connection_id`, `created_at`) VALUES (249, 'Hello Sir&#44; please provide me new pharmacy medical details.', 1, '', 0, 0, 0, 11, '2023-05-03 18:12:44');
INSERT INTO `chat_messages` (`id`, `message`, `chat_user_id`, `ip`, `time`, `is_first`, `is_read`, `chat_connection_id`, `created_at`) VALUES (250, 'Hello Sir&#44; please give me new medicine details.', 5, '', 0, 0, 0, 29, '2023-05-03 18:12:58');
INSERT INTO `chat_messages` (`id`, `message`, `chat_user_id`, `ip`, `time`, `is_first`, `is_read`, `chat_connection_id`, `created_at`) VALUES (251, 'Please come to Hospital lab for collect your radiology reports.', 3, '', 0, 0, 0, 45, '2023-05-03 18:14:00');
INSERT INTO `chat_messages` (`id`, `message`, `chat_user_id`, `ip`, `time`, `is_first`, `is_read`, `chat_connection_id`, `created_at`) VALUES (252, 'please provide me new patient radiology report details.', 1, '', 0, 0, 1, 13, '2023-05-03 18:14:12');
INSERT INTO `chat_messages` (`id`, `message`, `chat_user_id`, `ip`, `time`, `is_first`, `is_read`, `chat_connection_id`, `created_at`) VALUES (253, 'Hello Oliver please give me your last health check&#45;up report', 3, '', 0, 0, 0, 2, '2023-05-04 18:06:31');
INSERT INTO `chat_messages` (`id`, `message`, `chat_user_id`, `ip`, `time`, `is_first`, `is_read`, `chat_connection_id`, `created_at`) VALUES (254, 'Hello Olivier', 3, '', 0, 0, 1, 20, '2023-06-02 17:44:24');
INSERT INTO `chat_messages` (`id`, `message`, `chat_user_id`, `ip`, `time`, `is_first`, `is_read`, `chat_connection_id`, `created_at`) VALUES (255, 'please come hospital give me your medical reports.', 3, '', 0, 0, 1, 20, '2023-06-02 17:44:26');
INSERT INTO `chat_messages` (`id`, `message`, `chat_user_id`, `ip`, `time`, `is_first`, `is_read`, `chat_connection_id`, `created_at`) VALUES (256, 'Hello Oliver&#44; Good Afternoon.', 3, '', 0, 0, 0, 45, '2023-06-06 16:35:37');
INSERT INTO `chat_messages` (`id`, `message`, `chat_user_id`, `ip`, `time`, `is_first`, `is_read`, `chat_connection_id`, `created_at`) VALUES (257, 'please collect your radiology reports.', 3, '', 0, 0, 0, 45, '2023-06-06 16:35:44');
INSERT INTO `chat_messages` (`id`, `message`, `chat_user_id`, `ip`, `time`, `is_first`, `is_read`, `chat_connection_id`, `created_at`) VALUES (258, 'Hello si&#44; Good Afternoon.', 1, '', 0, 0, 1, 13, '2023-06-06 16:35:53');
INSERT INTO `chat_messages` (`id`, `message`, `chat_user_id`, `ip`, `time`, `is_first`, `is_read`, `chat_connection_id`, `created_at`) VALUES (259, 'Hello Oliver&#44; Good Afternoon.', 3, '', 0, 0, 0, 46, '2023-06-06 16:46:50');
INSERT INTO `chat_messages` (`id`, `message`, `chat_user_id`, `ip`, `time`, `is_first`, `is_read`, `chat_connection_id`, `created_at`) VALUES (260, 'Hello sir&#44; good morning', 23, '', 0, 0, 0, 31, '2023-06-07 10:01:18');
INSERT INTO `chat_messages` (`id`, `message`, `chat_user_id`, `ip`, `time`, `is_first`, `is_read`, `chat_connection_id`, `created_at`) VALUES (261, 'hello Sonia please come staff for salary discussion.', 4, '', 0, 0, 0, 25, '2023-07-05 17:48:02');
INSERT INTO `chat_messages` (`id`, `message`, `chat_user_id`, `ip`, `time`, `is_first`, `is_read`, `chat_connection_id`, `created_at`) VALUES (262, 'Hello Olivier &#44;please come to hospital collect your medical report.', 3, '', 0, 0, 1, 20, '2023-07-05 17:49:02');
INSERT INTO `chat_messages` (`id`, `message`, `chat_user_id`, `ip`, `time`, `is_first`, `is_read`, `chat_connection_id`, `created_at`) VALUES (263, 'Hello sir i want some new patient details please give me.', 1, '', 0, 0, 1, 30, '2023-07-05 17:53:14');
INSERT INTO `chat_messages` (`id`, `message`, `chat_user_id`, `ip`, `time`, `is_first`, `is_read`, `chat_connection_id`, `created_at`) VALUES (264, 'Hello sir please provide me new patient record details.', 1, '', 0, 0, 1, 14, '2023-07-05 17:53:36');
INSERT INTO `chat_messages` (`id`, `message`, `chat_user_id`, `ip`, `time`, `is_first`, `is_read`, `chat_connection_id`, `created_at`) VALUES (265, 'Hello mam i&#39;ll will share you patient details please check', 4, '', 0, 0, 0, 6, '2023-07-05 17:53:47');
INSERT INTO `chat_messages` (`id`, `message`, `chat_user_id`, `ip`, `time`, `is_first`, `is_read`, `chat_connection_id`, `created_at`) VALUES (266, 'please provide me new patient radiology report details', 1, '', 0, 0, 1, 13, '2023-07-05 17:55:30');
INSERT INTO `chat_messages` (`id`, `message`, `chat_user_id`, `ip`, `time`, `is_first`, `is_read`, `chat_connection_id`, `created_at`) VALUES (267, 'hello Maria please come staff for salary discussion.', 25, '', 0, 0, 0, 28, '2023-07-06 16:19:49');
INSERT INTO `chat_messages` (`id`, `message`, `chat_user_id`, `ip`, `time`, `is_first`, `is_read`, `chat_connection_id`, `created_at`) VALUES (268, 'hello Natasha please come staff for salary discussion.', 24, '', 0, 0, 0, 27, '2023-07-06 16:20:00');
INSERT INTO `chat_messages` (`id`, `message`, `chat_user_id`, `ip`, `time`, `is_first`, `is_read`, `chat_connection_id`, `created_at`) VALUES (269, 'Hello Sir&#44; please provide me new pharmacy medical details.', 1, '', 0, 0, 0, 11, '2023-08-02 15:00:05');
INSERT INTO `chat_messages` (`id`, `message`, `chat_user_id`, `ip`, `time`, `is_first`, `is_read`, `chat_connection_id`, `created_at`) VALUES (270, 'Hello Oliver&#44; Good After noon.', 3, '', 0, 0, 1, 20, '2023-08-02 15:00:49');
INSERT INTO `chat_messages` (`id`, `message`, `chat_user_id`, `ip`, `time`, `is_first`, `is_read`, `chat_connection_id`, `created_at`) VALUES (271, 'Hello Olivier &#44;please come to hospital collect your medical report.', 3, '', 0, 0, 1, 20, '2023-08-02 15:00:56');
INSERT INTO `chat_messages` (`id`, `message`, `chat_user_id`, `ip`, `time`, `is_first`, `is_read`, `chat_connection_id`, `created_at`) VALUES (272, 'Hello sir &#44;Good After noon.', 1, '', 0, 0, 0, 12, '2023-08-02 15:02:17');
INSERT INTO `chat_messages` (`id`, `message`, `chat_user_id`, `ip`, `time`, `is_first`, `is_read`, `chat_connection_id`, `created_at`) VALUES (273, 'Hello doctor &#44; Good After noon.', 4, '', 0, 0, 0, 38, '2023-08-02 15:02:31');
INSERT INTO `chat_messages` (`id`, `message`, `chat_user_id`, `ip`, `time`, `is_first`, `is_read`, `chat_connection_id`, `created_at`) VALUES (274, 'Hello Oliver&#44; Good After noon.', 3, '', 0, 0, 0, 44, '2023-08-02 15:02:44');
INSERT INTO `chat_messages` (`id`, `message`, `chat_user_id`, `ip`, `time`, `is_first`, `is_read`, `chat_connection_id`, `created_at`) VALUES (275, 'Please come to hospital for collect your pathology report.', 3, '', 0, 0, 0, 44, '2023-08-02 15:02:50');
INSERT INTO `chat_messages` (`id`, `message`, `chat_user_id`, `ip`, `time`, `is_first`, `is_read`, `chat_connection_id`, `created_at`) VALUES (276, 'Hello Oliver&#44; Good After noon.', 3, '', 0, 0, 0, 45, '2023-08-02 15:03:22');
INSERT INTO `chat_messages` (`id`, `message`, `chat_user_id`, `ip`, `time`, `is_first`, `is_read`, `chat_connection_id`, `created_at`) VALUES (277, 'Please come to Hospital lab for collect your radiology reports.', 3, '', 0, 0, 0, 45, '2023-08-02 15:03:29');
INSERT INTO `chat_messages` (`id`, `message`, `chat_user_id`, `ip`, `time`, `is_first`, `is_read`, `chat_connection_id`, `created_at`) VALUES (278, 'Hello sir&#44;Good After noon.', 1, '', 0, 0, 1, 13, '2023-08-02 15:03:40');
INSERT INTO `chat_messages` (`id`, `message`, `chat_user_id`, `ip`, `time`, `is_first`, `is_read`, `chat_connection_id`, `created_at`) VALUES (279, 'Hello Sir&#44; please give me patient payment details records.', 1, '', 0, 0, 1, 41, '2023-08-02 15:25:41');
INSERT INTO `chat_messages` (`id`, `message`, `chat_user_id`, `ip`, `time`, `is_first`, `is_read`, `chat_connection_id`, `created_at`) VALUES (280, 'Hello Oliver Thomas&#44; your payment is complete but due to technical error we will send you bill after later', 3, '', 0, 0, 0, 35, '2023-08-02 15:25:48');
INSERT INTO `chat_messages` (`id`, `message`, `chat_user_id`, `ip`, `time`, `is_first`, `is_read`, `chat_connection_id`, `created_at`) VALUES (281, 'Hello Sonia&#44; Please come to hospital staff discussion for patient last month operation payment reports.', 4, '', 0, 0, 0, 33, '2023-08-02 15:25:55');
INSERT INTO `chat_messages` (`id`, `message`, `chat_user_id`, `ip`, `time`, `is_first`, `is_read`, `chat_connection_id`, `created_at`) VALUES (282, 'Hello April&#44; please come staff room discussion for salary.', 7, '', 0, 0, 0, 32, '2023-08-02 15:26:03');
INSERT INTO `chat_messages` (`id`, `message`, `chat_user_id`, `ip`, `time`, `is_first`, `is_read`, `chat_connection_id`, `created_at`) VALUES (283, 'Good morning&#44; Olivier', 3, '', 0, 0, 0, 44, '2023-09-04 11:00:32');
INSERT INTO `chat_messages` (`id`, `message`, `chat_user_id`, `ip`, `time`, `is_first`, `is_read`, `chat_connection_id`, `created_at`) VALUES (284, 'Please come to hospital for collect your pathology report.', 3, '', 0, 0, 0, 44, '2023-09-04 11:00:40');
INSERT INTO `chat_messages` (`id`, `message`, `chat_user_id`, `ip`, `time`, `is_first`, `is_read`, `chat_connection_id`, `created_at`) VALUES (285, 'Good Morning .sir', 1, '', 0, 0, 0, 12, '2023-09-04 11:00:54');
INSERT INTO `chat_messages` (`id`, `message`, `chat_user_id`, `ip`, `time`, `is_first`, `is_read`, `chat_connection_id`, `created_at`) VALUES (286, 'Good Morning &#44; Doctor', 4, '', 0, 0, 0, 38, '2023-09-04 11:01:24');
INSERT INTO `chat_messages` (`id`, `message`, `chat_user_id`, `ip`, `time`, `is_first`, `is_read`, `chat_connection_id`, `created_at`) VALUES (287, 'Please provide me with medical reports of new patients.', 4, '', 0, 0, 0, 38, '2023-09-04 11:02:38');
INSERT INTO `chat_messages` (`id`, `message`, `chat_user_id`, `ip`, `time`, `is_first`, `is_read`, `chat_connection_id`, `created_at`) VALUES (288, 'Hello Sir&#44; Please give me health reports of new patients.', 1, '', 0, 0, 0, 3, '2023-09-04 11:19:23');
INSERT INTO `chat_messages` (`id`, `message`, `chat_user_id`, `ip`, `time`, `is_first`, `is_read`, `chat_connection_id`, `created_at`) VALUES (289, 'Dear Olivier Thomas&#44; This is a reminder of your upcoming appointment with Dr. Ankit Singh on September 15&#44; 2023&#44; at 2&#58;30 p.m. Please reply &#39;Confirm&#39; to this message to secure your appointment. If you need to reschedule&#44; please reply with &#8216;RESCHEDULE&#8217;&#59; our staff will assist you. Thank you.', 3, '', 0, 0, 1, 20, '2023-09-04 11:23:02');
INSERT INTO `chat_messages` (`id`, `message`, `chat_user_id`, `ip`, `time`, `is_first`, `is_read`, `chat_connection_id`, `created_at`) VALUES (290, 'Good Morning sir', 1, '', 0, 0, 0, 11, '2023-09-04 11:34:58');
INSERT INTO `chat_messages` (`id`, `message`, `chat_user_id`, `ip`, `time`, `is_first`, `is_read`, `chat_connection_id`, `created_at`) VALUES (291, 'Good Morning &#44; Olivier', 3, '', 0, 0, 0, 46, '2023-09-04 11:35:57');
INSERT INTO `chat_messages` (`id`, `message`, `chat_user_id`, `ip`, `time`, `is_first`, `is_read`, `chat_connection_id`, `created_at`) VALUES (292, 'please collect your medicine', 3, '', 0, 0, 0, 46, '2023-09-04 11:36:04');
INSERT INTO `chat_messages` (`id`, `message`, `chat_user_id`, `ip`, `time`, `is_first`, `is_read`, `chat_connection_id`, `created_at`) VALUES (293, 'Hello sir please give me some new pharmacy details list.', 5, '', 0, 0, 0, 29, '2023-09-04 11:36:18');
INSERT INTO `chat_messages` (`id`, `message`, `chat_user_id`, `ip`, `time`, `is_first`, `is_read`, `chat_connection_id`, `created_at`) VALUES (294, 'Hello Olivier&#44;please come to hospital collect your medical report.', 3, '', 0, 0, 1, 20, '2023-10-04 18:12:59');
INSERT INTO `chat_messages` (`id`, `message`, `chat_user_id`, `ip`, `time`, `is_first`, `is_read`, `chat_connection_id`, `created_at`) VALUES (295, 'Hello sir&#44; please give me some medical equipment list', 1, '', 0, 0, 0, 3, '2023-10-04 18:13:13');
INSERT INTO `chat_messages` (`id`, `message`, `chat_user_id`, `ip`, `time`, `is_first`, `is_read`, `chat_connection_id`, `created_at`) VALUES (296, 'Hello Sir &#44; please give me new guideline datails.', 1, '', 0, 0, 1, 30, '2023-10-05 14:56:38');
INSERT INTO `chat_messages` (`id`, `message`, `chat_user_id`, `ip`, `time`, `is_first`, `is_read`, `chat_connection_id`, `created_at`) VALUES (297, 'Hello Sir &#44; please give me new guideline datails.', 5, '', 0, 0, 0, 7, '2023-10-05 14:57:17');
INSERT INTO `chat_messages` (`id`, `message`, `chat_user_id`, `ip`, `time`, `is_first`, `is_read`, `chat_connection_id`, `created_at`) VALUES (298, 'Hello mam i&#39;ll will share you patient details please check .', 4, '', 0, 0, 0, 6, '2023-10-05 14:57:27');
INSERT INTO `chat_messages` (`id`, `message`, `chat_user_id`, `ip`, `time`, `is_first`, `is_read`, `chat_connection_id`, `created_at`) VALUES (299, 'Wishing you and your family a very Happy and Prosperous Diwali&#8230;. May this festive occasion fill your life with new hopes&#44; great health and success&#8230;. Have a wonderful time&#33;&#33;&#33;', 1, '', 0, 0, 0, 4, '2023-11-03 17:26:45');
INSERT INTO `chat_messages` (`id`, `message`, `chat_user_id`, `ip`, `time`, `is_first`, `is_read`, `chat_connection_id`, `created_at`) VALUES (300, 'Wishing you and your family a very Happy and Prosperous Diwali&#8230;. May this festive occasion fill your life with new hopes&#44; great health and success&#8230;. Have a wonderful time&#33;&#33;&#33;', 24, '', 0, 0, 0, 27, '2023-11-03 17:26:49');
INSERT INTO `chat_messages` (`id`, `message`, `chat_user_id`, `ip`, `time`, `is_first`, `is_read`, `chat_connection_id`, `created_at`) VALUES (301, 'Wishing you and your family a very Happy and Prosperous Diwali&#8230;. May this festive occasion fill your life with new hopes&#44; great health and success&#8230;. Have a wonderful time&#33;&#33;&#33;', 4, '', 0, 0, 0, 25, '2023-11-03 17:26:53');
INSERT INTO `chat_messages` (`id`, `message`, `chat_user_id`, `ip`, `time`, `is_first`, `is_read`, `chat_connection_id`, `created_at`) VALUES (302, 'Wishing you and your family a very Happy  Diwali', 1, '', 0, 0, 0, 3, '2023-11-03 17:27:42');
INSERT INTO `chat_messages` (`id`, `message`, `chat_user_id`, `ip`, `time`, `is_first`, `is_read`, `chat_connection_id`, `created_at`) VALUES (303, 'Hello Olivier &#44;please come to hospital collect your medical report.', 3, '', 0, 0, 1, 20, '2023-11-03 17:27:57');
INSERT INTO `chat_messages` (`id`, `message`, `chat_user_id`, `ip`, `time`, `is_first`, `is_read`, `chat_connection_id`, `created_at`) VALUES (304, 'Hello Doctor&#44; Good Morning', 8, '', 0, 0, 0, 21, '2023-12-04 10:49:46');
INSERT INTO `chat_messages` (`id`, `message`, `chat_user_id`, `ip`, `time`, `is_first`, `is_read`, `chat_connection_id`, `created_at`) VALUES (305, 'please given my medical reports', 8, '', 0, 0, 0, 21, '2023-12-04 10:49:53');
INSERT INTO `chat_messages` (`id`, `message`, `chat_user_id`, `ip`, `time`, `is_first`, `is_read`, `chat_connection_id`, `created_at`) VALUES (306, 'please given my medical reports', 23, '', 0, 0, 0, 31, '2023-12-04 10:50:01');
INSERT INTO `chat_messages` (`id`, `message`, `chat_user_id`, `ip`, `time`, `is_first`, `is_read`, `chat_connection_id`, `created_at`) VALUES (307, 'please provide me new patient radiology report details.', 1, '', 0, 0, 1, 13, '2023-12-04 12:35:14');
INSERT INTO `chat_messages` (`id`, `message`, `chat_user_id`, `ip`, `time`, `is_first`, `is_read`, `chat_connection_id`, `created_at`) VALUES (308, 'Wishing you and your family a very Happy New Year..', 1, '', 0, 0, 0, 4, '2024-01-03 17:59:00');
INSERT INTO `chat_messages` (`id`, `message`, `chat_user_id`, `ip`, `time`, `is_first`, `is_read`, `chat_connection_id`, `created_at`) VALUES (309, 'Wishing you and your family a very Happy New Year..', 23, '', 0, 0, 0, 26, '2024-01-03 17:59:08');
INSERT INTO `chat_messages` (`id`, `message`, `chat_user_id`, `ip`, `time`, `is_first`, `is_read`, `chat_connection_id`, `created_at`) VALUES (310, 'Wishing you and your family a very Happy New Year..', 25, '', 0, 0, 0, 28, '2024-01-03 17:59:13');
INSERT INTO `chat_messages` (`id`, `message`, `chat_user_id`, `ip`, `time`, `is_first`, `is_read`, `chat_connection_id`, `created_at`) VALUES (311, 'Wishing you and your family a very Happy New Year..', 3, '', 0, 0, 1, 20, '2024-01-03 17:59:49');
INSERT INTO `chat_messages` (`id`, `message`, `chat_user_id`, `ip`, `time`, `is_first`, `is_read`, `chat_connection_id`, `created_at`) VALUES (312, 'please come to hospital collect your medical report', 3, '', 0, 0, 1, 20, '2024-01-03 17:59:58');
INSERT INTO `chat_messages` (`id`, `message`, `chat_user_id`, `ip`, `time`, `is_first`, `is_read`, `chat_connection_id`, `created_at`) VALUES (313, 'Wishing you and your family a very Happy New Year..', 1, '', 0, 0, 0, 3, '2024-01-03 18:00:08');
INSERT INTO `chat_messages` (`id`, `message`, `chat_user_id`, `ip`, `time`, `is_first`, `is_read`, `chat_connection_id`, `created_at`) VALUES (314, 'Wishing you and your family a very Happy New Year..', 1, '', 0, 0, 0, 11, '2024-01-03 18:00:44');
INSERT INTO `chat_messages` (`id`, `message`, `chat_user_id`, `ip`, `time`, `is_first`, `is_read`, `chat_connection_id`, `created_at`) VALUES (315, 'Wishing you and your family a very Happy New Year..', 5, '', 0, 0, 0, 29, '2024-01-03 18:00:52');
INSERT INTO `chat_messages` (`id`, `message`, `chat_user_id`, `ip`, `time`, `is_first`, `is_read`, `chat_connection_id`, `created_at`) VALUES (316, 'Wishing you and your family a very Happy New Year..', 1, '', 0, 0, 0, 12, '2024-01-03 18:01:44');
INSERT INTO `chat_messages` (`id`, `message`, `chat_user_id`, `ip`, `time`, `is_first`, `is_read`, `chat_connection_id`, `created_at`) VALUES (317, 'Hello Olivier &#44;Please come to hospital for collect your pathology report.', 3, '', 0, 0, 0, 44, '2024-01-03 18:01:58');
INSERT INTO `chat_messages` (`id`, `message`, `chat_user_id`, `ip`, `time`, `is_first`, `is_read`, `chat_connection_id`, `created_at`) VALUES (318, 'Hello sir&#44; good afternoon', 23, '', 0, 0, 0, 31, '2024-02-01 15:28:19');
INSERT INTO `chat_messages` (`id`, `message`, `chat_user_id`, `ip`, `time`, `is_first`, `is_read`, `chat_connection_id`, `created_at`) VALUES (319, 'please given my medical reports', 23, '', 0, 0, 0, 31, '2024-02-01 15:28:29');
INSERT INTO `chat_messages` (`id`, `message`, `chat_user_id`, `ip`, `time`, `is_first`, `is_read`, `chat_connection_id`, `created_at`) VALUES (320, 'please given my medical reports', 8, '', 0, 0, 0, 21, '2024-02-01 15:28:42');
INSERT INTO `chat_messages` (`id`, `message`, `chat_user_id`, `ip`, `time`, `is_first`, `is_read`, `chat_connection_id`, `created_at`) VALUES (321, 'Hello sir please give me staff reports .', 1, '', 0, 0, 0, 4, '2024-02-01 16:00:47');
INSERT INTO `chat_messages` (`id`, `message`, `chat_user_id`, `ip`, `time`, `is_first`, `is_read`, `chat_connection_id`, `created_at`) VALUES (322, 'Hello Sonia&#44; please give me new patient health reports .', 4, '', 0, 0, 0, 25, '2024-02-01 16:01:25');
INSERT INTO `chat_messages` (`id`, `message`, `chat_user_id`, `ip`, `time`, `is_first`, `is_read`, `chat_connection_id`, `created_at`) VALUES (323, 'Hello Olivier &#44;please come to hospital collect your medical report.', 3, '', 0, 0, 1, 20, '2024-02-01 16:02:32');
INSERT INTO `chat_messages` (`id`, `message`, `chat_user_id`, `ip`, `time`, `is_first`, `is_read`, `chat_connection_id`, `created_at`) VALUES (324, 'Hello sir &#44;please give me some medical equipment list.', 1, '', 0, 0, 0, 3, '2024-02-01 16:02:49');
INSERT INTO `chat_messages` (`id`, `message`, `chat_user_id`, `ip`, `time`, `is_first`, `is_read`, `chat_connection_id`, `created_at`) VALUES (325, 'Please come to hospital collect your medicine.', 3, '', 0, 0, 0, 46, '2024-02-01 16:04:13');
INSERT INTO `chat_messages` (`id`, `message`, `chat_user_id`, `ip`, `time`, `is_first`, `is_read`, `chat_connection_id`, `created_at`) VALUES (326, 'Hello Sir&#44; please give me new medicine details.', 5, '', 0, 0, 0, 29, '2024-02-01 16:04:21');
INSERT INTO `chat_messages` (`id`, `message`, `chat_user_id`, `ip`, `time`, `is_first`, `is_read`, `chat_connection_id`, `created_at`) VALUES (327, 'Hello Sir&#44; please provide me new pharmacy medical details.', 1, '', 0, 0, 0, 11, '2024-02-01 16:04:28');
INSERT INTO `chat_messages` (`id`, `message`, `chat_user_id`, `ip`, `time`, `is_first`, `is_read`, `chat_connection_id`, `created_at`) VALUES (328, 'hello Thomas &#44; please collect your radiology reports.', 3, '', 0, 0, 0, 45, '2024-02-01 16:05:10');
INSERT INTO `chat_messages` (`id`, `message`, `chat_user_id`, `ip`, `time`, `is_first`, `is_read`, `chat_connection_id`, `created_at`) VALUES (329, 'Hello mam i&#39;ll will share you patient details please check .', 4, '', 0, 0, 0, 6, '2024-02-01 16:05:59');
INSERT INTO `chat_messages` (`id`, `message`, `chat_user_id`, `ip`, `time`, `is_first`, `is_read`, `chat_connection_id`, `created_at`) VALUES (330, 'Hello Sir &#44; please give me new guideline datails.', 1, '', 0, 0, 1, 30, '2024-02-01 16:07:42');
INSERT INTO `chat_messages` (`id`, `message`, `chat_user_id`, `ip`, `time`, `is_first`, `is_read`, `chat_connection_id`, `created_at`) VALUES (331, 'Hello sir please give me staff reports .', 1, '', 0, 0, 0, 4, '2024-03-01 15:59:03');
INSERT INTO `chat_messages` (`id`, `message`, `chat_user_id`, `ip`, `time`, `is_first`, `is_read`, `chat_connection_id`, `created_at`) VALUES (332, 'Hello Olivier Thomas &#44; please come hospital give me your medical reports.', 3, '', 0, 0, 1, 20, '2024-03-01 15:59:24');
INSERT INTO `chat_messages` (`id`, `message`, `chat_user_id`, `ip`, `time`, `is_first`, `is_read`, `chat_connection_id`, `created_at`) VALUES (333, 'Hello sir&#44; please give me some medical equipment list', 1, '', 0, 0, 0, 3, '2024-03-01 15:59:42');
INSERT INTO `chat_messages` (`id`, `message`, `chat_user_id`, `ip`, `time`, `is_first`, `is_read`, `chat_connection_id`, `created_at`) VALUES (334, 'hello Olivier &#44; please collect your medicine.', 3, '', 0, 0, 0, 46, '2024-03-01 16:03:52');
INSERT INTO `chat_messages` (`id`, `message`, `chat_user_id`, `ip`, `time`, `is_first`, `is_read`, `chat_connection_id`, `created_at`) VALUES (335, 'Hello Sir&#44; please provide me new pharmacy medical details.', 1, '', 0, 0, 0, 11, '2024-03-01 16:04:03');
INSERT INTO `chat_messages` (`id`, `message`, `chat_user_id`, `ip`, `time`, `is_first`, `is_read`, `chat_connection_id`, `created_at`) VALUES (336, 'Hello Sir&#44; please give me new medicine details.', 5, '', 0, 0, 0, 29, '2024-03-01 16:04:10');
INSERT INTO `chat_messages` (`id`, `message`, `chat_user_id`, `ip`, `time`, `is_first`, `is_read`, `chat_connection_id`, `created_at`) VALUES (337, 'Please come to Hospital lab for collect your radiology reports.', 3, '', 0, 0, 0, 45, '2024-03-01 16:06:29');
INSERT INTO `chat_messages` (`id`, `message`, `chat_user_id`, `ip`, `time`, `is_first`, `is_read`, `chat_connection_id`, `created_at`) VALUES (338, 'please provide me new patient radiology report details.', 1, '', 0, 0, 1, 13, '2024-03-01 16:07:18');
INSERT INTO `chat_messages` (`id`, `message`, `chat_user_id`, `ip`, `time`, `is_first`, `is_read`, `chat_connection_id`, `created_at`) VALUES (339, 'Hello Oliver please give me your last health check&#45;up report', 3, '', 0, 0, 0, 2, '2024-03-02 13:21:06');
INSERT INTO `chat_messages` (`id`, `message`, `chat_user_id`, `ip`, `time`, `is_first`, `is_read`, `chat_connection_id`, `created_at`) VALUES (340, 'Hello sir please provide me new patient record details.', 1, '', 0, 0, 1, 14, '2024-04-01 17:21:20');
INSERT INTO `chat_messages` (`id`, `message`, `chat_user_id`, `ip`, `time`, `is_first`, `is_read`, `chat_connection_id`, `created_at`) VALUES (341, 'Hello Sir &#44; please give me new guideline datails.', 1, '', 0, 0, 1, 30, '2024-04-01 17:22:12');
INSERT INTO `chat_messages` (`id`, `message`, `chat_user_id`, `ip`, `time`, `is_first`, `is_read`, `chat_connection_id`, `created_at`) VALUES (342, 'Hello Oliver Thomas&#44; your payment is complete please come to hospital and collect your medical bill report.', 3, '', 0, 0, 0, 35, '2024-04-01 17:23:05');
INSERT INTO `chat_messages` (`id`, `message`, `chat_user_id`, `ip`, `time`, `is_first`, `is_read`, `chat_connection_id`, `created_at`) VALUES (343, 'Hello Sir&#44; please give me patient payment details records.', 1, '', 0, 0, 1, 41, '2024-04-01 17:23:14');
INSERT INTO `chat_messages` (`id`, `message`, `chat_user_id`, `ip`, `time`, `is_first`, `is_read`, `chat_connection_id`, `created_at`) VALUES (344, 'Hello Sonia&#44; Please come to hospital staff discussion for patient previous month operation payment reports.', 4, '', 0, 0, 0, 33, '2024-04-01 17:23:32');
INSERT INTO `chat_messages` (`id`, `message`, `chat_user_id`, `ip`, `time`, `is_first`, `is_read`, `chat_connection_id`, `created_at`) VALUES (345, 'Hello sir&#44;please provide me new patient radiology report details.', 1, '', 0, 0, 1, 13, '2024-04-01 17:24:16');
INSERT INTO `chat_messages` (`id`, `message`, `chat_user_id`, `ip`, `time`, `is_first`, `is_read`, `chat_connection_id`, `created_at`) VALUES (346, 'Hello olivier Thomas&#44; please collect your radiology reports.', 3, '', 0, 0, 0, 45, '2024-04-01 17:24:45');
INSERT INTO `chat_messages` (`id`, `message`, `chat_user_id`, `ip`, `time`, `is_first`, `is_read`, `chat_connection_id`, `created_at`) VALUES (347, 'Hello Olivier &#44;please come to hospital collect your medical report', 3, '', 0, 0, 1, 20, '2024-04-01 17:29:15');
INSERT INTO `chat_messages` (`id`, `message`, `chat_user_id`, `ip`, `time`, `is_first`, `is_read`, `chat_connection_id`, `created_at`) VALUES (348, 'Hello Sir&#44; Please give me health reports of new patients.', 1, '', 0, 0, 0, 3, '2024-04-01 17:29:25');
INSERT INTO `chat_messages` (`id`, `message`, `chat_user_id`, `ip`, `time`, `is_first`, `is_read`, `chat_connection_id`, `created_at`) VALUES (349, 'Hello sir please give me staff reports .', 1, '', 0, 0, 0, 4, '2024-05-02 15:40:23');
INSERT INTO `chat_messages` (`id`, `message`, `chat_user_id`, `ip`, `time`, `is_first`, `is_read`, `chat_connection_id`, `created_at`) VALUES (350, 'Hello Sonia&#44; please give me new patient health reports .', 4, '', 0, 0, 0, 25, '2024-05-02 15:40:30');
INSERT INTO `chat_messages` (`id`, `message`, `chat_user_id`, `ip`, `time`, `is_first`, `is_read`, `chat_connection_id`, `created_at`) VALUES (351, 'Hello sir&#44; please give me some medical equipment list', 1, '', 0, 0, 0, 3, '2024-05-02 15:41:19');
INSERT INTO `chat_messages` (`id`, `message`, `chat_user_id`, `ip`, `time`, `is_first`, `is_read`, `chat_connection_id`, `created_at`) VALUES (352, 'Hello Olivier &#44;please come to hospital collect your medical report.', 3, '', 0, 0, 1, 20, '2024-05-02 15:41:27');
INSERT INTO `chat_messages` (`id`, `message`, `chat_user_id`, `ip`, `time`, `is_first`, `is_read`, `chat_connection_id`, `created_at`) VALUES (353, 'hello Olivier &#44; please collect your medicine', 3, '', 0, 0, 0, 46, '2024-05-02 15:42:33');
INSERT INTO `chat_messages` (`id`, `message`, `chat_user_id`, `ip`, `time`, `is_first`, `is_read`, `chat_connection_id`, `created_at`) VALUES (354, 'Hello Olivier &#44;Please come to hospital for collect your pathology report.', 3, '', 0, 0, 0, 44, '2024-05-02 15:43:40');
INSERT INTO `chat_messages` (`id`, `message`, `chat_user_id`, `ip`, `time`, `is_first`, `is_read`, `chat_connection_id`, `created_at`) VALUES (355, 'Hello Good morning sir&#44;', 1, '', 0, 0, 0, 4, '2024-06-03 09:53:51');
INSERT INTO `chat_messages` (`id`, `message`, `chat_user_id`, `ip`, `time`, `is_first`, `is_read`, `chat_connection_id`, `created_at`) VALUES (356, 'Hello sir please give me staff reports .', 1, '', 0, 0, 0, 4, '2024-06-03 09:54:02');
INSERT INTO `chat_messages` (`id`, `message`, `chat_user_id`, `ip`, `time`, `is_first`, `is_read`, `chat_connection_id`, `created_at`) VALUES (357, 'Hello Olivier &#44;please come hospital give me your medical reports.', 3, '', 0, 0, 1, 20, '2024-06-03 09:55:25');
INSERT INTO `chat_messages` (`id`, `message`, `chat_user_id`, `ip`, `time`, `is_first`, `is_read`, `chat_connection_id`, `created_at`) VALUES (358, 'today i will send you my test report so please check report and response me quickly', 4, '', 0, 0, 0, 20, '2024-06-03 09:55:52');
INSERT INTO `chat_messages` (`id`, `message`, `chat_user_id`, `ip`, `time`, `is_first`, `is_read`, `chat_connection_id`, `created_at`) VALUES (359, 'Hello Sir&#44; please provide me new pharmacy medical details.', 1, '', 0, 0, 0, 11, '2024-06-03 10:00:40');
INSERT INTO `chat_messages` (`id`, `message`, `chat_user_id`, `ip`, `time`, `is_first`, `is_read`, `chat_connection_id`, `created_at`) VALUES (360, 'please collect your medicine', 3, '', 0, 0, 0, 46, '2024-06-03 10:00:45');
INSERT INTO `chat_messages` (`id`, `message`, `chat_user_id`, `ip`, `time`, `is_first`, `is_read`, `chat_connection_id`, `created_at`) VALUES (361, 'Hello sir please give me staff reports', 1, '', 0, 0, 0, 4, '2024-07-01 16:26:00');
INSERT INTO `chat_messages` (`id`, `message`, `chat_user_id`, `ip`, `time`, `is_first`, `is_read`, `chat_connection_id`, `created_at`) VALUES (362, 'Hello sir&#44; please give me some medical equipment list.', 1, '', 0, 0, 0, 3, '2024-07-01 16:26:34');
INSERT INTO `chat_messages` (`id`, `message`, `chat_user_id`, `ip`, `time`, `is_first`, `is_read`, `chat_connection_id`, `created_at`) VALUES (363, 'Hello sir please give me staff reports .', 1, '', 0, 0, 0, 4, '2024-08-02 16:43:57');
INSERT INTO `chat_messages` (`id`, `message`, `chat_user_id`, `ip`, `time`, `is_first`, `is_read`, `chat_connection_id`, `created_at`) VALUES (364, 'Hello sir&#44; Good Afternoon.', 1, '', 0, 0, 1, 13, '2024-08-02 16:55:18');
INSERT INTO `chat_messages` (`id`, `message`, `chat_user_id`, `ip`, `time`, `is_first`, `is_read`, `chat_connection_id`, `created_at`) VALUES (365, 'please provide me new patient radiology report details.', 1, '', 0, 0, 1, 13, '2024-08-02 16:55:23');
INSERT INTO `chat_messages` (`id`, `message`, `chat_user_id`, `ip`, `time`, `is_first`, `is_read`, `chat_connection_id`, `created_at`) VALUES (366, '&#1607;&#1604;&#1575;', 13, '', 0, 0, 0, 13, '2024-12-14 02:04:58');
INSERT INTO `chat_messages` (`id`, `message`, `chat_user_id`, `ip`, `time`, `is_first`, `is_read`, `chat_connection_id`, `created_at`) VALUES (367, 'you are now connected on chat', 34, '', 0, 1, 1, 55, NULL);
INSERT INTO `chat_messages` (`id`, `message`, `chat_user_id`, `ip`, `time`, `is_first`, `is_read`, `chat_connection_id`, `created_at`) VALUES (368, '&#1607;&#1604;&#1575;', 34, '', 0, 0, 0, 55, '2024-12-14 02:05:31');


#
# TABLE STRUCTURE FOR: chat_users
#


CREATE TABLE `chat_users` (
  `id` int NOT NULL AUTO_INCREMENT,
  `user_type` varchar(20) DEFAULT NULL,
  `staff_id` int DEFAULT NULL,
  `patient_id` int DEFAULT NULL,
  `create_staff_id` int DEFAULT NULL,
  `create_patient_id` int DEFAULT NULL,
  `is_active` int DEFAULT '0',
  `created_at` timestamp NOT NULL DEFAULT CURRENT_TIMESTAMP ON UPDATE CURRENT_TIMESTAMP,
  `updated_at` date DEFAULT NULL,
  PRIMARY KEY (`id`),
  KEY `staff_id` (`staff_id`),
  KEY `patient_id` (`patient_id`),
  KEY `create_staff_id` (`create_staff_id`),
  KEY `create_patient_id` (`create_patient_id`),
  CONSTRAINT `chat_users_ibfk_1` FOREIGN KEY (`staff_id`) REFERENCES `staff` (`id`) ON DELETE CASCADE,
  CONSTRAINT `chat_users_ibfk_2` FOREIGN KEY (`patient_id`) REFERENCES `patients` (`id`) ON DELETE CASCADE,
  CONSTRAINT `chat_users_ibfk_3` FOREIGN KEY (`create_staff_id`) REFERENCES `staff` (`id`) ON DELETE CASCADE,
  CONSTRAINT `chat_users_ibfk_4` FOREIGN KEY (`create_patient_id`) REFERENCES `patients` (`id`) ON DELETE CASCADE
) ENGINE=InnoDB AUTO_INCREMENT=35 DEFAULT CHARSET=utf8mb3;

INSERT INTO `chat_users` (`id`, `user_type`, `staff_id`, `patient_id`, `create_staff_id`, `create_patient_id`, `is_active`, `created_at`, `updated_at`) VALUES (1, 'staff', 1, NULL, NULL, NULL, 0, '2021-10-26 06:15:54', NULL);
INSERT INTO `chat_users` (`id`, `user_type`, `staff_id`, `patient_id`, `create_staff_id`, `create_patient_id`, `is_active`, `created_at`, `updated_at`) VALUES (3, 'patient', NULL, 1, 1, NULL, 0, '2021-10-28 09:27:25', NULL);
INSERT INTO `chat_users` (`id`, `user_type`, `staff_id`, `patient_id`, `create_staff_id`, `create_patient_id`, `is_active`, `created_at`, `updated_at`) VALUES (4, 'staff', 2, NULL, 1, NULL, 0, '2021-10-28 09:30:03', NULL);
INSERT INTO `chat_users` (`id`, `user_type`, `staff_id`, `patient_id`, `create_staff_id`, `create_patient_id`, `is_active`, `created_at`, `updated_at`) VALUES (5, 'staff', 14, NULL, 1, NULL, 0, '2021-10-28 09:30:08', NULL);
INSERT INTO `chat_users` (`id`, `user_type`, `staff_id`, `patient_id`, `create_staff_id`, `create_patient_id`, `is_active`, `created_at`, `updated_at`) VALUES (7, 'staff', 16, NULL, NULL, NULL, 0, '2021-12-02 12:41:30', NULL);
INSERT INTO `chat_users` (`id`, `user_type`, `staff_id`, `patient_id`, `create_staff_id`, `create_patient_id`, `is_active`, `created_at`, `updated_at`) VALUES (8, 'staff', 4, NULL, 2, NULL, 0, '2022-01-07 06:21:04', NULL);
INSERT INTO `chat_users` (`id`, `user_type`, `staff_id`, `patient_id`, `create_staff_id`, `create_patient_id`, `is_active`, `created_at`, `updated_at`) VALUES (11, 'staff', 13, NULL, 1, NULL, 0, '2022-02-03 10:19:11', NULL);
INSERT INTO `chat_users` (`id`, `user_type`, `staff_id`, `patient_id`, `create_staff_id`, `create_patient_id`, `is_active`, `created_at`, `updated_at`) VALUES (12, 'staff', 5, NULL, 1, NULL, 0, '2022-02-03 10:19:27', NULL);
INSERT INTO `chat_users` (`id`, `user_type`, `staff_id`, `patient_id`, `create_staff_id`, `create_patient_id`, `is_active`, `created_at`, `updated_at`) VALUES (13, 'staff', 6, NULL, 1, NULL, 0, '2022-02-03 10:20:22', NULL);
INSERT INTO `chat_users` (`id`, `user_type`, `staff_id`, `patient_id`, `create_staff_id`, `create_patient_id`, `is_active`, `created_at`, `updated_at`) VALUES (14, 'staff', 9, NULL, NULL, NULL, 0, '2022-03-04 05:30:36', NULL);
INSERT INTO `chat_users` (`id`, `user_type`, `staff_id`, `patient_id`, `create_staff_id`, `create_patient_id`, `is_active`, `created_at`, `updated_at`) VALUES (23, 'staff', 11, NULL, 14, NULL, 0, '2022-08-04 10:12:49', NULL);
INSERT INTO `chat_users` (`id`, `user_type`, `staff_id`, `patient_id`, `create_staff_id`, `create_patient_id`, `is_active`, `created_at`, `updated_at`) VALUES (24, 'staff', 10, NULL, 14, NULL, 0, '2022-08-04 10:13:30', NULL);
INSERT INTO `chat_users` (`id`, `user_type`, `staff_id`, `patient_id`, `create_staff_id`, `create_patient_id`, `is_active`, `created_at`, `updated_at`) VALUES (25, 'staff', 15, NULL, 14, NULL, 0, '2022-08-04 10:14:15', NULL);
INSERT INTO `chat_users` (`id`, `user_type`, `staff_id`, `patient_id`, `create_staff_id`, `create_patient_id`, `is_active`, `created_at`, `updated_at`) VALUES (26, 'staff', 12, NULL, NULL, 1, 0, '2022-09-03 10:28:54', NULL);
INSERT INTO `chat_users` (`id`, `user_type`, `staff_id`, `patient_id`, `create_staff_id`, `create_patient_id`, `is_active`, `created_at`, `updated_at`) VALUES (34, 'patient', NULL, 1144, 1, NULL, 0, '2024-12-13 23:05:23', NULL);


#
# TABLE STRUCTURE FOR: complaint
#


CREATE TABLE `complaint` (
  `id` int NOT NULL AUTO_INCREMENT,
  `complaint_type_id` int DEFAULT NULL,
  `source` varchar(100) NOT NULL,
  `name` varchar(100) NOT NULL,
  `contact` varchar(20) NOT NULL,
  `email` varchar(200) NOT NULL,
  `date` date DEFAULT NULL,
  `description` text,
  `action_taken` varchar(200) NOT NULL,
  `assigned` varchar(50) NOT NULL,
  `note` text,
  `image` text CHARACTER SET utf8mb3 COLLATE utf8mb3_general_ci NOT NULL,
  `created_at` timestamp NULL DEFAULT NULL ON UPDATE CURRENT_TIMESTAMP,
  PRIMARY KEY (`id`),
  KEY `complaint_type_id` (`complaint_type_id`),
  CONSTRAINT `complaint_ibfk_1` FOREIGN KEY (`complaint_type_id`) REFERENCES `complaint_type` (`id`) ON DELETE CASCADE
) ENGINE=InnoDB AUTO_INCREMENT=268 DEFAULT CHARSET=utf8mb3;

INSERT INTO `complaint` (`id`, `complaint_type_id`, `source`, `name`, `contact`, `email`, `date`, `description`, `action_taken`, `assigned`, `note`, `image`, `created_at`) VALUES (220, 1, 'From visitors', 'Nelson', '1418015150', '', '2024-05-05', '', '', '', '', '', NULL);
INSERT INTO `complaint` (`id`, `complaint_type_id`, `source`, `name`, `contact`, `email`, `date`, `description`, `action_taken`, `assigned`, `note`, `image`, `created_at`) VALUES (221, 2, 'Front Office', 'Scott', '2165015610', '', '2024-05-10', '', '', '', '', '', NULL);
INSERT INTO `complaint` (`id`, `complaint_type_id`, `source`, `name`, `contact`, `email`, `date`, `description`, `action_taken`, `assigned`, `note`, `image`, `created_at`) VALUES (222, 3, 'Online Advertising', 'Anderson', '125480842', '', '2024-05-15', '', '', '', '', '', NULL);
INSERT INTO `complaint` (`id`, `complaint_type_id`, `source`, `name`, `contact`, `email`, `date`, `description`, `action_taken`, `assigned`, `note`, `image`, `created_at`) VALUES (223, 4, 'From visitors', 'Hardy', '4186401512', '', '2024-05-20', '', '', '', '', '', NULL);
INSERT INTO `complaint` (`id`, `complaint_type_id`, `source`, `name`, `contact`, `email`, `date`, `description`, `action_taken`, `assigned`, `note`, `image`, `created_at`) VALUES (224, 1, 'Front Office', 'Frank', '2181015152', '', '2024-05-25', '', '', '', '', '', NULL);
INSERT INTO `complaint` (`id`, `complaint_type_id`, `source`, `name`, `contact`, `email`, `date`, `description`, `action_taken`, `assigned`, `note`, `image`, `created_at`) VALUES (225, 2, 'Online Advertising', 'Richard', '548404845', '', '2024-05-31', '', '', '', '', '', NULL);
INSERT INTO `complaint` (`id`, `complaint_type_id`, `source`, `name`, `contact`, `email`, `date`, `description`, `action_taken`, `assigned`, `note`, `image`, `created_at`) VALUES (226, 1, 'Online Advertising', 'Tim David	', '90980464', '', '2024-06-01', '', '', '', '', '', NULL);
INSERT INTO `complaint` (`id`, `complaint_type_id`, `source`, `name`, `contact`, `email`, `date`, `description`, `action_taken`, `assigned`, `note`, `image`, `created_at`) VALUES (227, 2, 'From visitors', 'William	', '67895745', '', '2024-06-05', '', '', '', '', '', NULL);
INSERT INTO `complaint` (`id`, `complaint_type_id`, `source`, `name`, `contact`, `email`, `date`, `description`, `action_taken`, `assigned`, `note`, `image`, `created_at`) VALUES (228, 3, 'Front Office', 'David Wood	', '980657545', '', '2024-06-10', '', '', '', '', '', NULL);
INSERT INTO `complaint` (`id`, `complaint_type_id`, `source`, `name`, `contact`, `email`, `date`, `description`, `action_taken`, `assigned`, `note`, `image`, `created_at`) VALUES (229, 4, 'From visitors', 'Sophia Henry	', '890575646', '', '2024-06-15', '', '', '', '', '', NULL);
INSERT INTO `complaint` (`id`, `complaint_type_id`, `source`, `name`, `contact`, `email`, `date`, `description`, `action_taken`, `assigned`, `note`, `image`, `created_at`) VALUES (230, 2, 'Online Advertising', 'Kelvin smith	', '089678678', '', '2024-06-20', '', '', '', '', '', NULL);
INSERT INTO `complaint` (`id`, `complaint_type_id`, `source`, `name`, `contact`, `email`, `date`, `description`, `action_taken`, `assigned`, `note`, `image`, `created_at`) VALUES (231, 3, 'Online Advertising', 'Richard', '08906575', '', '2024-06-25', '', '', '', '', '', NULL);
INSERT INTO `complaint` (`id`, `complaint_type_id`, `source`, `name`, `contact`, `email`, `date`, `description`, `action_taken`, `assigned`, `note`, `image`, `created_at`) VALUES (232, 2, 'Front Office', 'George	', '566789567', '', '2024-06-30', '', '', '', '', '', NULL);
INSERT INTO `complaint` (`id`, `complaint_type_id`, `source`, `name`, `contact`, `email`, `date`, `description`, `action_taken`, `assigned`, `note`, `image`, `created_at`) VALUES (233, 1, 'Online Advertising', 'Darwin', '8909867865', '', '2024-07-01', '', '', '', '', '', NULL);
INSERT INTO `complaint` (`id`, `complaint_type_id`, `source`, `name`, `contact`, `email`, `date`, `description`, `action_taken`, `assigned`, `note`, `image`, `created_at`) VALUES (234, 3, 'From visitors', 'Aston Marsh	', '89056732', '', '2024-07-05', '', '', '', '', '', NULL);
INSERT INTO `complaint` (`id`, `complaint_type_id`, `source`, `name`, `contact`, `email`, `date`, `description`, `action_taken`, `assigned`, `note`, `image`, `created_at`) VALUES (235, 2, 'Front Office', 'Lawrence	', '87964623', '', '2024-07-10', '', '', '', '', '', NULL);
INSERT INTO `complaint` (`id`, `complaint_type_id`, `source`, `name`, `contact`, `email`, `date`, `description`, `action_taken`, `assigned`, `note`, `image`, `created_at`) VALUES (236, 1, 'Online Advertising', 'Kelvin smith	', '787896574', '', '2024-07-15', '', '', '', '', '', NULL);
INSERT INTO `complaint` (`id`, `complaint_type_id`, `source`, `name`, `contact`, `email`, `date`, `description`, `action_taken`, `assigned`, `note`, `image`, `created_at`) VALUES (237, 4, 'Front Office', 'Anderson', '879707678', '', '2024-07-20', '', '', '', '', '', NULL);
INSERT INTO `complaint` (`id`, `complaint_type_id`, `source`, `name`, `contact`, `email`, `date`, `description`, `action_taken`, `assigned`, `note`, `image`, `created_at`) VALUES (238, 2, 'From visitors', 'Allen', '789078574', '', '2024-07-25', '', '', '', '', '', NULL);
INSERT INTO `complaint` (`id`, `complaint_type_id`, `source`, `name`, `contact`, `email`, `date`, `description`, `action_taken`, `assigned`, `note`, `image`, `created_at`) VALUES (239, 1, 'Online Advertising', 'Amelia	', '89067864', '', '2024-07-31', '', '', '', '', '', NULL);
INSERT INTO `complaint` (`id`, `complaint_type_id`, `source`, `name`, `contact`, `email`, `date`, `description`, `action_taken`, `assigned`, `note`, `image`, `created_at`) VALUES (240, 2, 'Online Advertising', 'Sterling', '890787896', '', '2024-08-01', '', '', '', '', '', NULL);
INSERT INTO `complaint` (`id`, `complaint_type_id`, `source`, `name`, `contact`, `email`, `date`, `description`, `action_taken`, `assigned`, `note`, `image`, `created_at`) VALUES (241, 2, 'From visitors', 'Jackson', '879566787', '', '2024-08-05', '', '', '', '', '', NULL);
INSERT INTO `complaint` (`id`, `complaint_type_id`, `source`, `name`, `contact`, `email`, `date`, `description`, `action_taken`, `assigned`, `note`, `image`, `created_at`) VALUES (242, 4, 'Front Office', 'Darwin	', '907856745', '', '2024-08-10', '', '', '', '', '', NULL);
INSERT INTO `complaint` (`id`, `complaint_type_id`, `source`, `name`, `contact`, `email`, `date`, `description`, `action_taken`, `assigned`, `note`, `image`, `created_at`) VALUES (243, 3, 'From visitors', 'Sophia Henry	', '890656345', '', '2024-08-15', '', '', '', '', '', NULL);
INSERT INTO `complaint` (`id`, `complaint_type_id`, `source`, `name`, `contact`, `email`, `date`, `description`, `action_taken`, `assigned`, `note`, `image`, `created_at`) VALUES (244, 1, 'Online Advertising', 'Kelvin smith		', '788795674', '', '2024-08-20', '', '', '', '', '', NULL);
INSERT INTO `complaint` (`id`, `complaint_type_id`, `source`, `name`, `contact`, `email`, `date`, `description`, `action_taken`, `assigned`, `note`, `image`, `created_at`) VALUES (245, 3, 'From visitors', 'David Wood	', '890678564', '', '2024-08-25', '', '', '', '', '', NULL);
INSERT INTO `complaint` (`id`, `complaint_type_id`, `source`, `name`, `contact`, `email`, `date`, `description`, `action_taken`, `assigned`, `note`, `image`, `created_at`) VALUES (246, 2, 'Front Office', 'Tim David	', '898905675', '', '2024-08-30', '', '', '', '', '', NULL);
INSERT INTO `complaint` (`id`, `complaint_type_id`, `source`, `name`, `contact`, `email`, `date`, `description`, `action_taken`, `assigned`, `note`, `image`, `created_at`) VALUES (247, 1, 'Online Advertising', 'April Clinton', '890456322', '', '2024-10-01', '', '', '', '', '', NULL);
INSERT INTO `complaint` (`id`, `complaint_type_id`, `source`, `name`, `contact`, `email`, `date`, `description`, `action_taken`, `assigned`, `note`, `image`, `created_at`) VALUES (248, 2, 'From visitors', 'Hudson', '890055443', '', '2024-10-05', '', '', '', '', '', NULL);
INSERT INTO `complaint` (`id`, `complaint_type_id`, `source`, `name`, `contact`, `email`, `date`, `description`, `action_taken`, `assigned`, `note`, `image`, `created_at`) VALUES (249, 3, 'Front Office', 'Jackson', '789067843', '', '2024-10-10', '', '', '', '', '', NULL);
INSERT INTO `complaint` (`id`, `complaint_type_id`, `source`, `name`, `contact`, `email`, `date`, `description`, `action_taken`, `assigned`, `note`, `image`, `created_at`) VALUES (250, 4, 'Online Advertising', 'Sterling', '8904563413', '', '2024-10-15', '', '', '', '', '', NULL);
INSERT INTO `complaint` (`id`, `complaint_type_id`, `source`, `name`, `contact`, `email`, `date`, `description`, `action_taken`, `assigned`, `note`, `image`, `created_at`) VALUES (251, 1, 'From visitors', 'Evander John', '890046323', '', '2024-10-20', '', '', '', '', '', NULL);
INSERT INTO `complaint` (`id`, `complaint_type_id`, `source`, `name`, `contact`, `email`, `date`, `description`, `action_taken`, `assigned`, `note`, `image`, `created_at`) VALUES (252, 4, 'From visitors', 'Mahima Shinde', '700994534', '', '2024-10-25', '', '', '', '', '', NULL);
INSERT INTO `complaint` (`id`, `complaint_type_id`, `source`, `name`, `contact`, `email`, `date`, `description`, `action_taken`, `assigned`, `note`, `image`, `created_at`) VALUES (253, 3, 'Online Advertising', 'Cristian Messina', '900768546', '', '2024-10-30', '', '', '', '', '', NULL);
INSERT INTO `complaint` (`id`, `complaint_type_id`, `source`, `name`, `contact`, `email`, `date`, `description`, `action_taken`, `assigned`, `note`, `image`, `created_at`) VALUES (254, 1, 'From visitors', 'Marvin', '890656390', '', '2024-11-01', '', '', '', '', '', NULL);
INSERT INTO `complaint` (`id`, `complaint_type_id`, `source`, `name`, `contact`, `email`, `date`, `description`, `action_taken`, `assigned`, `note`, `image`, `created_at`) VALUES (255, 4, 'Online Advertising', 'Kelvin smith	', '8906785640', '', '2024-11-05', '', '', '', '', '', NULL);
INSERT INTO `complaint` (`id`, `complaint_type_id`, `source`, `name`, `contact`, `email`, `date`, `description`, `action_taken`, `assigned`, `note`, `image`, `created_at`) VALUES (256, 2, 'Online Front Site', 'Anderson', '905674455', '', '2024-11-10', '', '', '', '', '', NULL);
INSERT INTO `complaint` (`id`, `complaint_type_id`, `source`, `name`, `contact`, `email`, `date`, `description`, `action_taken`, `assigned`, `note`, `image`, `created_at`) VALUES (257, 5, 'Front Office', 'Aston Marsh	', '8080678564', '', '2024-11-15', '', '', '', '', '', NULL);
INSERT INTO `complaint` (`id`, `complaint_type_id`, `source`, `name`, `contact`, `email`, `date`, `description`, `action_taken`, `assigned`, `note`, `image`, `created_at`) VALUES (258, 3, 'Advertisement', 'Marvin', '890685456', '', '2024-11-20', '', '', '', '', '', NULL);
INSERT INTO `complaint` (`id`, `complaint_type_id`, `source`, `name`, `contact`, `email`, `date`, `description`, `action_taken`, `assigned`, `note`, `image`, `created_at`) VALUES (259, 4, 'From visitors', 'smith Martin', '788908952', '', '2024-11-25', '', '', '', '', '', NULL);
INSERT INTO `complaint` (`id`, `complaint_type_id`, `source`, `name`, `contact`, `email`, `date`, `description`, `action_taken`, `assigned`, `note`, `image`, `created_at`) VALUES (260, 1, 'From visitors', 'John Write', '998056753', '', '2024-11-30', '', '', '', '', '', NULL);
INSERT INTO `complaint` (`id`, `complaint_type_id`, `source`, `name`, `contact`, `email`, `date`, `description`, `action_taken`, `assigned`, `note`, `image`, `created_at`) VALUES (261, 1, 'Online Advertising', 'Anderson', '7800789676', '', '2024-12-01', '', '', '', '', '', NULL);
INSERT INTO `complaint` (`id`, `complaint_type_id`, `source`, `name`, `contact`, `email`, `date`, `description`, `action_taken`, `assigned`, `note`, `image`, `created_at`) VALUES (262, 2, 'From visitors', 'Nelson', '9808896765', '', '2024-12-05', '', '', '', '', '', NULL);
INSERT INTO `complaint` (`id`, `complaint_type_id`, `source`, `name`, `contact`, `email`, `date`, `description`, `action_taken`, `assigned`, `note`, `image`, `created_at`) VALUES (263, 3, 'Front Office', 'Marvin', '79797879654', '', '2024-12-10', '', '', '', '', '', NULL);
INSERT INTO `complaint` (`id`, `complaint_type_id`, `source`, `name`, `contact`, `email`, `date`, `description`, `action_taken`, `assigned`, `note`, `image`, `created_at`) VALUES (264, 4, 'Online Front Site', 'Jimi', '8907896785', '', '2024-12-15', '', '', '', '', '', NULL);
INSERT INTO `complaint` (`id`, `complaint_type_id`, `source`, `name`, `contact`, `email`, `date`, `description`, `action_taken`, `assigned`, `note`, `image`, `created_at`) VALUES (265, 5, 'Advertisement', 'Elvio', '780890895', '', '2024-12-20', '', '', '', '', '', NULL);
INSERT INTO `complaint` (`id`, `complaint_type_id`, `source`, `name`, `contact`, `email`, `date`, `description`, `action_taken`, `assigned`, `note`, `image`, `created_at`) VALUES (266, 3, 'Online Advertising', 'Sterling', '0089078967', '', '2024-12-25', '', '', '', '', '', NULL);
INSERT INTO `complaint` (`id`, `complaint_type_id`, `source`, `name`, `contact`, `email`, `date`, `description`, `action_taken`, `assigned`, `note`, `image`, `created_at`) VALUES (267, 5, 'Online Front Site', 'Hudson', '8909807897', '', '2024-12-30', '', '', '', '', '', NULL);


#
# TABLE STRUCTURE FOR: complaint_type
#


CREATE TABLE `complaint_type` (
  `id` int NOT NULL AUTO_INCREMENT,
  `complaint_type` varchar(100) NOT NULL,
  `description` mediumtext,
  `created_at` timestamp NOT NULL DEFAULT CURRENT_TIMESTAMP ON UPDATE CURRENT_TIMESTAMP,
  PRIMARY KEY (`id`),
  KEY `index_complaint_type` (`complaint_type`)
) ENGINE=InnoDB AUTO_INCREMENT=6 DEFAULT CHARSET=utf8mb3;

INSERT INTO `complaint_type` (`id`, `complaint_type`, `description`, `created_at`) VALUES (1, 'Food quality', 'A reference to a set of rules that were followed when the resource was constructed, and which must be understood when processing the content. Often, this is a reference to an implementation guide that defines the special rules along with other profiles etc.', '2021-10-29 05:24:34');
INSERT INTO `complaint_type` (`id`, `complaint_type`, `description`, `created_at`) VALUES (2, 'Hospital services', '', '2021-10-25 07:24:12');
INSERT INTO `complaint_type` (`id`, `complaint_type`, `description`, `created_at`) VALUES (3, 'Long Wait Times', 'Long Wait Times', '2022-10-04 05:33:40');
INSERT INTO `complaint_type` (`id`, `complaint_type`, `description`, `created_at`) VALUES (4, 'Billing Discrepancies', '', '2022-10-04 05:34:57');
INSERT INTO `complaint_type` (`id`, `complaint_type`, `description`, `created_at`) VALUES (5, 'Poor communication.', '', '2024-11-06 09:55:56');


#
# TABLE STRUCTURE FOR: conference_staff
#


CREATE TABLE `conference_staff` (
  `id` int NOT NULL AUTO_INCREMENT,
  `conference_id` int DEFAULT NULL,
  `staff_id` int DEFAULT NULL,
  `created_at` timestamp NOT NULL DEFAULT CURRENT_TIMESTAMP ON UPDATE CURRENT_TIMESTAMP,
  PRIMARY KEY (`id`),
  KEY `conference_id` (`conference_id`),
  KEY `staff_id` (`staff_id`),
  CONSTRAINT `conference_staff_ibfk_1` FOREIGN KEY (`conference_id`) REFERENCES `conferences` (`id`) ON DELETE CASCADE,
  CONSTRAINT `conference_staff_ibfk_2` FOREIGN KEY (`staff_id`) REFERENCES `staff` (`id`) ON DELETE CASCADE
) ENGINE=InnoDB AUTO_INCREMENT=1352 DEFAULT CHARSET=utf8mb3;

INSERT INTO `conference_staff` (`id`, `conference_id`, `staff_id`, `created_at`) VALUES (267, 122, 6, '2022-03-03 05:59:22');
INSERT INTO `conference_staff` (`id`, `conference_id`, `staff_id`, `created_at`) VALUES (268, 122, 9, '2022-03-03 05:59:22');
INSERT INTO `conference_staff` (`id`, `conference_id`, `staff_id`, `created_at`) VALUES (269, 122, 10, '2022-03-03 05:59:22');
INSERT INTO `conference_staff` (`id`, `conference_id`, `staff_id`, `created_at`) VALUES (270, 122, 11, '2022-03-03 05:59:22');
INSERT INTO `conference_staff` (`id`, `conference_id`, `staff_id`, `created_at`) VALUES (275, 154, 1, '2022-03-31 09:58:21');
INSERT INTO `conference_staff` (`id`, `conference_id`, `staff_id`, `created_at`) VALUES (276, 154, 2, '2022-03-31 09:58:21');
INSERT INTO `conference_staff` (`id`, `conference_id`, `staff_id`, `created_at`) VALUES (277, 154, 4, '2022-03-31 09:58:21');
INSERT INTO `conference_staff` (`id`, `conference_id`, `staff_id`, `created_at`) VALUES (278, 154, 6, '2022-03-31 09:58:21');
INSERT INTO `conference_staff` (`id`, `conference_id`, `staff_id`, `created_at`) VALUES (279, 154, 10, '2022-03-31 09:58:21');
INSERT INTO `conference_staff` (`id`, `conference_id`, `staff_id`, `created_at`) VALUES (280, 154, 14, '2022-03-31 09:58:21');
INSERT INTO `conference_staff` (`id`, `conference_id`, `staff_id`, `created_at`) VALUES (281, 154, 15, '2022-03-31 09:58:21');
INSERT INTO `conference_staff` (`id`, `conference_id`, `staff_id`, `created_at`) VALUES (282, 154, 16, '2022-03-31 09:58:21');
INSERT INTO `conference_staff` (`id`, `conference_id`, `staff_id`, `created_at`) VALUES (299, 157, 2, '2022-03-31 10:13:41');
INSERT INTO `conference_staff` (`id`, `conference_id`, `staff_id`, `created_at`) VALUES (300, 157, 4, '2022-03-31 10:13:41');
INSERT INTO `conference_staff` (`id`, `conference_id`, `staff_id`, `created_at`) VALUES (301, 157, 5, '2022-03-31 10:13:41');
INSERT INTO `conference_staff` (`id`, `conference_id`, `staff_id`, `created_at`) VALUES (302, 157, 6, '2022-03-31 10:13:41');
INSERT INTO `conference_staff` (`id`, `conference_id`, `staff_id`, `created_at`) VALUES (303, 157, 9, '2022-03-31 10:13:41');
INSERT INTO `conference_staff` (`id`, `conference_id`, `staff_id`, `created_at`) VALUES (304, 157, 10, '2022-03-31 10:13:41');
INSERT INTO `conference_staff` (`id`, `conference_id`, `staff_id`, `created_at`) VALUES (305, 158, 1, '2022-03-31 10:16:11');
INSERT INTO `conference_staff` (`id`, `conference_id`, `staff_id`, `created_at`) VALUES (306, 158, 2, '2022-03-31 10:16:11');
INSERT INTO `conference_staff` (`id`, `conference_id`, `staff_id`, `created_at`) VALUES (307, 158, 4, '2022-03-31 10:16:11');
INSERT INTO `conference_staff` (`id`, `conference_id`, `staff_id`, `created_at`) VALUES (308, 158, 5, '2022-03-31 10:16:11');
INSERT INTO `conference_staff` (`id`, `conference_id`, `staff_id`, `created_at`) VALUES (309, 158, 6, '2022-03-31 10:16:11');
INSERT INTO `conference_staff` (`id`, `conference_id`, `staff_id`, `created_at`) VALUES (310, 158, 9, '2022-03-31 10:16:11');
INSERT INTO `conference_staff` (`id`, `conference_id`, `staff_id`, `created_at`) VALUES (311, 158, 10, '2022-03-31 10:16:11');
INSERT INTO `conference_staff` (`id`, `conference_id`, `staff_id`, `created_at`) VALUES (328, 193, 1, '2022-05-03 12:15:15');
INSERT INTO `conference_staff` (`id`, `conference_id`, `staff_id`, `created_at`) VALUES (329, 193, 2, '2022-05-03 12:15:15');
INSERT INTO `conference_staff` (`id`, `conference_id`, `staff_id`, `created_at`) VALUES (330, 193, 4, '2022-05-03 12:15:15');
INSERT INTO `conference_staff` (`id`, `conference_id`, `staff_id`, `created_at`) VALUES (331, 193, 5, '2022-05-03 12:15:15');
INSERT INTO `conference_staff` (`id`, `conference_id`, `staff_id`, `created_at`) VALUES (332, 193, 6, '2022-05-03 12:15:15');
INSERT INTO `conference_staff` (`id`, `conference_id`, `staff_id`, `created_at`) VALUES (333, 193, 9, '2022-05-03 12:15:15');
INSERT INTO `conference_staff` (`id`, `conference_id`, `staff_id`, `created_at`) VALUES (334, 193, 10, '2022-05-03 12:15:15');
INSERT INTO `conference_staff` (`id`, `conference_id`, `staff_id`, `created_at`) VALUES (361, 201, 2, '2022-05-03 12:50:06');
INSERT INTO `conference_staff` (`id`, `conference_id`, `staff_id`, `created_at`) VALUES (362, 201, 4, '2022-05-03 12:50:06');
INSERT INTO `conference_staff` (`id`, `conference_id`, `staff_id`, `created_at`) VALUES (363, 201, 5, '2022-05-03 12:50:06');
INSERT INTO `conference_staff` (`id`, `conference_id`, `staff_id`, `created_at`) VALUES (364, 201, 6, '2022-05-03 12:50:06');
INSERT INTO `conference_staff` (`id`, `conference_id`, `staff_id`, `created_at`) VALUES (365, 201, 9, '2022-05-03 12:50:06');
INSERT INTO `conference_staff` (`id`, `conference_id`, `staff_id`, `created_at`) VALUES (366, 201, 10, '2022-05-03 12:50:06');
INSERT INTO `conference_staff` (`id`, `conference_id`, `staff_id`, `created_at`) VALUES (367, 201, 11, '2022-05-03 12:50:06');
INSERT INTO `conference_staff` (`id`, `conference_id`, `staff_id`, `created_at`) VALUES (368, 201, 14, '2022-05-03 12:50:06');
INSERT INTO `conference_staff` (`id`, `conference_id`, `staff_id`, `created_at`) VALUES (401, 218, 1, '2022-06-02 10:03:38');
INSERT INTO `conference_staff` (`id`, `conference_id`, `staff_id`, `created_at`) VALUES (402, 218, 2, '2022-06-02 10:03:38');
INSERT INTO `conference_staff` (`id`, `conference_id`, `staff_id`, `created_at`) VALUES (403, 218, 4, '2022-06-02 10:03:38');
INSERT INTO `conference_staff` (`id`, `conference_id`, `staff_id`, `created_at`) VALUES (404, 218, 5, '2022-06-02 10:03:38');
INSERT INTO `conference_staff` (`id`, `conference_id`, `staff_id`, `created_at`) VALUES (405, 218, 6, '2022-06-02 10:03:38');
INSERT INTO `conference_staff` (`id`, `conference_id`, `staff_id`, `created_at`) VALUES (406, 218, 9, '2022-06-02 10:03:38');
INSERT INTO `conference_staff` (`id`, `conference_id`, `staff_id`, `created_at`) VALUES (407, 218, 10, '2022-06-02 10:03:38');
INSERT INTO `conference_staff` (`id`, `conference_id`, `staff_id`, `created_at`) VALUES (440, 224, 1, '2022-06-02 10:32:24');
INSERT INTO `conference_staff` (`id`, `conference_id`, `staff_id`, `created_at`) VALUES (441, 224, 2, '2022-06-02 10:32:24');
INSERT INTO `conference_staff` (`id`, `conference_id`, `staff_id`, `created_at`) VALUES (442, 224, 4, '2022-06-02 10:32:24');
INSERT INTO `conference_staff` (`id`, `conference_id`, `staff_id`, `created_at`) VALUES (443, 224, 5, '2022-06-02 10:32:24');
INSERT INTO `conference_staff` (`id`, `conference_id`, `staff_id`, `created_at`) VALUES (444, 224, 6, '2022-06-02 10:32:24');
INSERT INTO `conference_staff` (`id`, `conference_id`, `staff_id`, `created_at`) VALUES (445, 224, 9, '2022-06-02 10:32:24');
INSERT INTO `conference_staff` (`id`, `conference_id`, `staff_id`, `created_at`) VALUES (446, 224, 10, '2022-06-02 10:32:24');
INSERT INTO `conference_staff` (`id`, `conference_id`, `staff_id`, `created_at`) VALUES (447, 228, 2, '2022-06-03 05:35:06');
INSERT INTO `conference_staff` (`id`, `conference_id`, `staff_id`, `created_at`) VALUES (448, 228, 4, '2022-06-03 05:35:06');
INSERT INTO `conference_staff` (`id`, `conference_id`, `staff_id`, `created_at`) VALUES (449, 228, 5, '2022-06-03 05:35:06');
INSERT INTO `conference_staff` (`id`, `conference_id`, `staff_id`, `created_at`) VALUES (450, 228, 6, '2022-06-03 05:35:06');
INSERT INTO `conference_staff` (`id`, `conference_id`, `staff_id`, `created_at`) VALUES (451, 228, 9, '2022-06-03 05:35:06');
INSERT INTO `conference_staff` (`id`, `conference_id`, `staff_id`, `created_at`) VALUES (452, 228, 10, '2022-06-03 05:35:06');
INSERT INTO `conference_staff` (`id`, `conference_id`, `staff_id`, `created_at`) VALUES (453, 228, 11, '2022-06-03 05:35:06');
INSERT INTO `conference_staff` (`id`, `conference_id`, `staff_id`, `created_at`) VALUES (454, 243, 1, '2022-07-04 08:40:31');
INSERT INTO `conference_staff` (`id`, `conference_id`, `staff_id`, `created_at`) VALUES (455, 243, 4, '2022-07-04 08:40:31');
INSERT INTO `conference_staff` (`id`, `conference_id`, `staff_id`, `created_at`) VALUES (456, 243, 10, '2022-07-04 08:40:31');
INSERT INTO `conference_staff` (`id`, `conference_id`, `staff_id`, `created_at`) VALUES (457, 243, 11, '2022-07-04 08:40:31');
INSERT INTO `conference_staff` (`id`, `conference_id`, `staff_id`, `created_at`) VALUES (458, 243, 12, '2022-07-04 08:40:31');
INSERT INTO `conference_staff` (`id`, `conference_id`, `staff_id`, `created_at`) VALUES (459, 243, 16, '2022-07-04 08:40:31');
INSERT INTO `conference_staff` (`id`, `conference_id`, `staff_id`, `created_at`) VALUES (558, 278, 2, '2022-08-05 05:19:53');
INSERT INTO `conference_staff` (`id`, `conference_id`, `staff_id`, `created_at`) VALUES (559, 278, 4, '2022-08-05 05:19:53');
INSERT INTO `conference_staff` (`id`, `conference_id`, `staff_id`, `created_at`) VALUES (568, 305, 2, '2022-09-03 12:03:47');
INSERT INTO `conference_staff` (`id`, `conference_id`, `staff_id`, `created_at`) VALUES (569, 305, 4, '2022-09-03 12:03:47');
INSERT INTO `conference_staff` (`id`, `conference_id`, `staff_id`, `created_at`) VALUES (570, 305, 11, '2022-09-03 12:03:47');
INSERT INTO `conference_staff` (`id`, `conference_id`, `staff_id`, `created_at`) VALUES (571, 305, 12, '2022-09-03 12:03:47');
INSERT INTO `conference_staff` (`id`, `conference_id`, `staff_id`, `created_at`) VALUES (635, 330, 1, '2022-10-04 06:19:13');
INSERT INTO `conference_staff` (`id`, `conference_id`, `staff_id`, `created_at`) VALUES (636, 330, 2, '2022-10-04 06:19:13');
INSERT INTO `conference_staff` (`id`, `conference_id`, `staff_id`, `created_at`) VALUES (637, 330, 4, '2022-10-04 06:19:13');
INSERT INTO `conference_staff` (`id`, `conference_id`, `staff_id`, `created_at`) VALUES (638, 330, 11, '2022-10-04 06:19:13');
INSERT INTO `conference_staff` (`id`, `conference_id`, `staff_id`, `created_at`) VALUES (639, 330, 12, '2022-10-04 06:19:13');
INSERT INTO `conference_staff` (`id`, `conference_id`, `staff_id`, `created_at`) VALUES (671, 338, 2, '2022-10-04 06:24:53');
INSERT INTO `conference_staff` (`id`, `conference_id`, `staff_id`, `created_at`) VALUES (672, 338, 4, '2022-10-04 06:24:53');
INSERT INTO `conference_staff` (`id`, `conference_id`, `staff_id`, `created_at`) VALUES (673, 338, 5, '2022-10-04 06:24:53');
INSERT INTO `conference_staff` (`id`, `conference_id`, `staff_id`, `created_at`) VALUES (674, 338, 6, '2022-10-04 06:24:53');
INSERT INTO `conference_staff` (`id`, `conference_id`, `staff_id`, `created_at`) VALUES (675, 338, 10, '2022-10-04 06:24:53');
INSERT INTO `conference_staff` (`id`, `conference_id`, `staff_id`, `created_at`) VALUES (676, 338, 11, '2022-10-04 06:24:53');
INSERT INTO `conference_staff` (`id`, `conference_id`, `staff_id`, `created_at`) VALUES (711, 420, 1, '2022-11-03 05:43:52');
INSERT INTO `conference_staff` (`id`, `conference_id`, `staff_id`, `created_at`) VALUES (712, 420, 2, '2022-11-03 05:43:52');
INSERT INTO `conference_staff` (`id`, `conference_id`, `staff_id`, `created_at`) VALUES (713, 420, 9, '2022-11-03 05:43:52');
INSERT INTO `conference_staff` (`id`, `conference_id`, `staff_id`, `created_at`) VALUES (714, 420, 10, '2022-11-03 05:43:52');
INSERT INTO `conference_staff` (`id`, `conference_id`, `staff_id`, `created_at`) VALUES (715, 421, 2, '2022-11-03 05:44:29');
INSERT INTO `conference_staff` (`id`, `conference_id`, `staff_id`, `created_at`) VALUES (716, 421, 4, '2022-11-03 05:44:29');
INSERT INTO `conference_staff` (`id`, `conference_id`, `staff_id`, `created_at`) VALUES (717, 421, 10, '2022-11-03 05:44:29');
INSERT INTO `conference_staff` (`id`, `conference_id`, `staff_id`, `created_at`) VALUES (718, 421, 11, '2022-11-03 05:44:29');
INSERT INTO `conference_staff` (`id`, `conference_id`, `staff_id`, `created_at`) VALUES (719, 421, 12, '2022-11-03 05:44:29');
INSERT INTO `conference_staff` (`id`, `conference_id`, `staff_id`, `created_at`) VALUES (720, 421, 16, '2022-11-03 05:44:29');
INSERT INTO `conference_staff` (`id`, `conference_id`, `staff_id`, `created_at`) VALUES (725, 528, 2, '2022-12-05 06:54:27');
INSERT INTO `conference_staff` (`id`, `conference_id`, `staff_id`, `created_at`) VALUES (726, 528, 4, '2022-12-05 06:54:27');
INSERT INTO `conference_staff` (`id`, `conference_id`, `staff_id`, `created_at`) VALUES (727, 528, 10, '2022-12-05 06:54:27');
INSERT INTO `conference_staff` (`id`, `conference_id`, `staff_id`, `created_at`) VALUES (728, 528, 11, '2022-12-05 06:54:27');
INSERT INTO `conference_staff` (`id`, `conference_id`, `staff_id`, `created_at`) VALUES (729, 528, 12, '2022-12-05 06:54:27');
INSERT INTO `conference_staff` (`id`, `conference_id`, `staff_id`, `created_at`) VALUES (730, 529, 2, '2022-12-05 06:54:55');
INSERT INTO `conference_staff` (`id`, `conference_id`, `staff_id`, `created_at`) VALUES (731, 529, 4, '2022-12-05 06:54:55');
INSERT INTO `conference_staff` (`id`, `conference_id`, `staff_id`, `created_at`) VALUES (732, 529, 5, '2022-12-05 06:54:55');
INSERT INTO `conference_staff` (`id`, `conference_id`, `staff_id`, `created_at`) VALUES (733, 529, 6, '2022-12-05 06:54:55');
INSERT INTO `conference_staff` (`id`, `conference_id`, `staff_id`, `created_at`) VALUES (734, 529, 9, '2022-12-05 06:54:55');
INSERT INTO `conference_staff` (`id`, `conference_id`, `staff_id`, `created_at`) VALUES (735, 529, 10, '2022-12-05 06:54:55');
INSERT INTO `conference_staff` (`id`, `conference_id`, `staff_id`, `created_at`) VALUES (736, 529, 11, '2022-12-05 06:54:55');
INSERT INTO `conference_staff` (`id`, `conference_id`, `staff_id`, `created_at`) VALUES (737, 529, 12, '2022-12-05 06:54:55');
INSERT INTO `conference_staff` (`id`, `conference_id`, `staff_id`, `created_at`) VALUES (738, 529, 13, '2022-12-05 06:54:55');
INSERT INTO `conference_staff` (`id`, `conference_id`, `staff_id`, `created_at`) VALUES (739, 529, 14, '2022-12-05 06:54:55');
INSERT INTO `conference_staff` (`id`, `conference_id`, `staff_id`, `created_at`) VALUES (740, 529, 15, '2022-12-05 06:54:55');
INSERT INTO `conference_staff` (`id`, `conference_id`, `staff_id`, `created_at`) VALUES (741, 529, 16, '2022-12-05 06:54:55');
INSERT INTO `conference_staff` (`id`, `conference_id`, `staff_id`, `created_at`) VALUES (742, 530, 2, '2022-12-05 06:55:25');
INSERT INTO `conference_staff` (`id`, `conference_id`, `staff_id`, `created_at`) VALUES (743, 530, 4, '2022-12-05 06:55:25');
INSERT INTO `conference_staff` (`id`, `conference_id`, `staff_id`, `created_at`) VALUES (744, 530, 6, '2022-12-05 06:55:25');
INSERT INTO `conference_staff` (`id`, `conference_id`, `staff_id`, `created_at`) VALUES (745, 530, 9, '2022-12-05 06:55:25');
INSERT INTO `conference_staff` (`id`, `conference_id`, `staff_id`, `created_at`) VALUES (746, 530, 11, '2022-12-05 06:55:25');
INSERT INTO `conference_staff` (`id`, `conference_id`, `staff_id`, `created_at`) VALUES (747, 530, 12, '2022-12-05 06:55:25');
INSERT INTO `conference_staff` (`id`, `conference_id`, `staff_id`, `created_at`) VALUES (748, 530, 14, '2022-12-05 06:55:25');
INSERT INTO `conference_staff` (`id`, `conference_id`, `staff_id`, `created_at`) VALUES (749, 530, 16, '2022-12-05 06:55:25');
INSERT INTO `conference_staff` (`id`, `conference_id`, `staff_id`, `created_at`) VALUES (757, 532, 1, '2022-12-05 06:57:27');
INSERT INTO `conference_staff` (`id`, `conference_id`, `staff_id`, `created_at`) VALUES (758, 532, 4, '2022-12-05 06:57:27');
INSERT INTO `conference_staff` (`id`, `conference_id`, `staff_id`, `created_at`) VALUES (759, 532, 5, '2022-12-05 06:57:27');
INSERT INTO `conference_staff` (`id`, `conference_id`, `staff_id`, `created_at`) VALUES (760, 532, 9, '2022-12-05 06:57:27');
INSERT INTO `conference_staff` (`id`, `conference_id`, `staff_id`, `created_at`) VALUES (761, 532, 14, '2022-12-05 06:57:27');
INSERT INTO `conference_staff` (`id`, `conference_id`, `staff_id`, `created_at`) VALUES (774, 534, 10, '2022-12-05 07:04:52');
INSERT INTO `conference_staff` (`id`, `conference_id`, `staff_id`, `created_at`) VALUES (775, 534, 16, '2022-12-05 07:04:52');
INSERT INTO `conference_staff` (`id`, `conference_id`, `staff_id`, `created_at`) VALUES (792, 600, 2, '2023-01-05 04:45:06');
INSERT INTO `conference_staff` (`id`, `conference_id`, `staff_id`, `created_at`) VALUES (793, 600, 4, '2023-01-05 04:45:06');
INSERT INTO `conference_staff` (`id`, `conference_id`, `staff_id`, `created_at`) VALUES (794, 600, 5, '2023-01-05 04:45:06');
INSERT INTO `conference_staff` (`id`, `conference_id`, `staff_id`, `created_at`) VALUES (795, 600, 6, '2023-01-05 04:45:06');
INSERT INTO `conference_staff` (`id`, `conference_id`, `staff_id`, `created_at`) VALUES (796, 600, 9, '2023-01-05 04:45:06');
INSERT INTO `conference_staff` (`id`, `conference_id`, `staff_id`, `created_at`) VALUES (797, 600, 10, '2023-01-05 04:45:06');
INSERT INTO `conference_staff` (`id`, `conference_id`, `staff_id`, `created_at`) VALUES (798, 600, 11, '2023-01-05 04:45:06');
INSERT INTO `conference_staff` (`id`, `conference_id`, `staff_id`, `created_at`) VALUES (799, 600, 12, '2023-01-05 04:45:06');
INSERT INTO `conference_staff` (`id`, `conference_id`, `staff_id`, `created_at`) VALUES (800, 600, 13, '2023-01-05 04:45:06');
INSERT INTO `conference_staff` (`id`, `conference_id`, `staff_id`, `created_at`) VALUES (801, 600, 14, '2023-01-05 04:45:06');
INSERT INTO `conference_staff` (`id`, `conference_id`, `staff_id`, `created_at`) VALUES (802, 600, 15, '2023-01-05 04:45:06');
INSERT INTO `conference_staff` (`id`, `conference_id`, `staff_id`, `created_at`) VALUES (803, 600, 16, '2023-01-05 04:45:06');
INSERT INTO `conference_staff` (`id`, `conference_id`, `staff_id`, `created_at`) VALUES (804, 601, 2, '2023-01-05 04:45:29');
INSERT INTO `conference_staff` (`id`, `conference_id`, `staff_id`, `created_at`) VALUES (805, 601, 6, '2023-01-05 04:45:29');
INSERT INTO `conference_staff` (`id`, `conference_id`, `staff_id`, `created_at`) VALUES (806, 601, 9, '2023-01-05 04:45:29');
INSERT INTO `conference_staff` (`id`, `conference_id`, `staff_id`, `created_at`) VALUES (807, 601, 14, '2023-01-05 04:45:29');
INSERT INTO `conference_staff` (`id`, `conference_id`, `staff_id`, `created_at`) VALUES (812, 603, 2, '2023-01-05 04:46:36');
INSERT INTO `conference_staff` (`id`, `conference_id`, `staff_id`, `created_at`) VALUES (813, 603, 4, '2023-01-05 04:46:36');
INSERT INTO `conference_staff` (`id`, `conference_id`, `staff_id`, `created_at`) VALUES (814, 603, 10, '2023-01-05 04:46:36');
INSERT INTO `conference_staff` (`id`, `conference_id`, `staff_id`, `created_at`) VALUES (815, 603, 12, '2023-01-05 04:46:36');
INSERT INTO `conference_staff` (`id`, `conference_id`, `staff_id`, `created_at`) VALUES (816, 603, 16, '2023-01-05 04:46:36');
INSERT INTO `conference_staff` (`id`, `conference_id`, `staff_id`, `created_at`) VALUES (817, 604, 1, '2023-01-05 04:47:46');
INSERT INTO `conference_staff` (`id`, `conference_id`, `staff_id`, `created_at`) VALUES (818, 604, 2, '2023-01-05 04:47:46');
INSERT INTO `conference_staff` (`id`, `conference_id`, `staff_id`, `created_at`) VALUES (819, 604, 9, '2023-01-05 04:47:46');
INSERT INTO `conference_staff` (`id`, `conference_id`, `staff_id`, `created_at`) VALUES (820, 605, 10, '2023-01-05 04:48:21');
INSERT INTO `conference_staff` (`id`, `conference_id`, `staff_id`, `created_at`) VALUES (821, 605, 16, '2023-01-05 04:48:21');
INSERT INTO `conference_staff` (`id`, `conference_id`, `staff_id`, `created_at`) VALUES (822, 606, 1, '2023-01-05 04:49:00');
INSERT INTO `conference_staff` (`id`, `conference_id`, `staff_id`, `created_at`) VALUES (823, 606, 5, '2023-01-05 04:49:00');
INSERT INTO `conference_staff` (`id`, `conference_id`, `staff_id`, `created_at`) VALUES (824, 606, 6, '2023-01-05 04:49:00');
INSERT INTO `conference_staff` (`id`, `conference_id`, `staff_id`, `created_at`) VALUES (825, 606, 10, '2023-01-05 04:49:00');
INSERT INTO `conference_staff` (`id`, `conference_id`, `staff_id`, `created_at`) VALUES (826, 607, 1, '2023-01-05 04:49:39');
INSERT INTO `conference_staff` (`id`, `conference_id`, `staff_id`, `created_at`) VALUES (827, 607, 2, '2023-01-05 04:49:39');
INSERT INTO `conference_staff` (`id`, `conference_id`, `staff_id`, `created_at`) VALUES (828, 607, 4, '2023-01-05 04:49:39');
INSERT INTO `conference_staff` (`id`, `conference_id`, `staff_id`, `created_at`) VALUES (829, 607, 5, '2023-01-05 04:49:39');
INSERT INTO `conference_staff` (`id`, `conference_id`, `staff_id`, `created_at`) VALUES (830, 607, 11, '2023-01-05 04:49:39');
INSERT INTO `conference_staff` (`id`, `conference_id`, `staff_id`, `created_at`) VALUES (831, 607, 12, '2023-01-05 04:49:39');
INSERT INTO `conference_staff` (`id`, `conference_id`, `staff_id`, `created_at`) VALUES (832, 607, 16, '2023-01-05 04:49:39');
INSERT INTO `conference_staff` (`id`, `conference_id`, `staff_id`, `created_at`) VALUES (833, 661, 2, '2023-02-01 05:07:39');
INSERT INTO `conference_staff` (`id`, `conference_id`, `staff_id`, `created_at`) VALUES (834, 661, 4, '2023-02-01 05:07:39');
INSERT INTO `conference_staff` (`id`, `conference_id`, `staff_id`, `created_at`) VALUES (835, 661, 11, '2023-02-01 05:07:39');
INSERT INTO `conference_staff` (`id`, `conference_id`, `staff_id`, `created_at`) VALUES (836, 661, 12, '2023-02-01 05:07:39');
INSERT INTO `conference_staff` (`id`, `conference_id`, `staff_id`, `created_at`) VALUES (837, 663, 2, '2023-02-01 05:08:35');
INSERT INTO `conference_staff` (`id`, `conference_id`, `staff_id`, `created_at`) VALUES (838, 663, 4, '2023-02-01 05:08:35');
INSERT INTO `conference_staff` (`id`, `conference_id`, `staff_id`, `created_at`) VALUES (839, 663, 5, '2023-02-01 05:08:35');
INSERT INTO `conference_staff` (`id`, `conference_id`, `staff_id`, `created_at`) VALUES (840, 663, 6, '2023-02-01 05:08:35');
INSERT INTO `conference_staff` (`id`, `conference_id`, `staff_id`, `created_at`) VALUES (841, 663, 9, '2023-02-01 05:08:35');
INSERT INTO `conference_staff` (`id`, `conference_id`, `staff_id`, `created_at`) VALUES (842, 663, 10, '2023-02-01 05:08:35');
INSERT INTO `conference_staff` (`id`, `conference_id`, `staff_id`, `created_at`) VALUES (843, 663, 11, '2023-02-01 05:08:35');
INSERT INTO `conference_staff` (`id`, `conference_id`, `staff_id`, `created_at`) VALUES (844, 663, 12, '2023-02-01 05:08:35');
INSERT INTO `conference_staff` (`id`, `conference_id`, `staff_id`, `created_at`) VALUES (845, 663, 13, '2023-02-01 05:08:35');
INSERT INTO `conference_staff` (`id`, `conference_id`, `staff_id`, `created_at`) VALUES (846, 663, 14, '2023-02-01 05:08:35');
INSERT INTO `conference_staff` (`id`, `conference_id`, `staff_id`, `created_at`) VALUES (847, 663, 15, '2023-02-01 05:08:35');
INSERT INTO `conference_staff` (`id`, `conference_id`, `staff_id`, `created_at`) VALUES (848, 663, 16, '2023-02-01 05:08:35');
INSERT INTO `conference_staff` (`id`, `conference_id`, `staff_id`, `created_at`) VALUES (849, 664, 2, '2023-02-01 05:08:57');
INSERT INTO `conference_staff` (`id`, `conference_id`, `staff_id`, `created_at`) VALUES (850, 664, 4, '2023-02-01 05:08:57');
INSERT INTO `conference_staff` (`id`, `conference_id`, `staff_id`, `created_at`) VALUES (851, 664, 10, '2023-02-01 05:08:57');
INSERT INTO `conference_staff` (`id`, `conference_id`, `staff_id`, `created_at`) VALUES (852, 664, 11, '2023-02-01 05:08:57');
INSERT INTO `conference_staff` (`id`, `conference_id`, `staff_id`, `created_at`) VALUES (853, 664, 12, '2023-02-01 05:08:57');
INSERT INTO `conference_staff` (`id`, `conference_id`, `staff_id`, `created_at`) VALUES (854, 665, 2, '2023-02-01 05:09:22');
INSERT INTO `conference_staff` (`id`, `conference_id`, `staff_id`, `created_at`) VALUES (855, 665, 4, '2023-02-01 05:09:22');
INSERT INTO `conference_staff` (`id`, `conference_id`, `staff_id`, `created_at`) VALUES (856, 665, 11, '2023-02-01 05:09:22');
INSERT INTO `conference_staff` (`id`, `conference_id`, `staff_id`, `created_at`) VALUES (857, 665, 13, '2023-02-01 05:09:22');
INSERT INTO `conference_staff` (`id`, `conference_id`, `staff_id`, `created_at`) VALUES (858, 665, 14, '2023-02-01 05:09:22');
INSERT INTO `conference_staff` (`id`, `conference_id`, `staff_id`, `created_at`) VALUES (859, 666, 10, '2023-02-01 05:10:10');
INSERT INTO `conference_staff` (`id`, `conference_id`, `staff_id`, `created_at`) VALUES (860, 666, 11, '2023-02-01 05:10:10');
INSERT INTO `conference_staff` (`id`, `conference_id`, `staff_id`, `created_at`) VALUES (861, 666, 14, '2023-02-01 05:10:10');
INSERT INTO `conference_staff` (`id`, `conference_id`, `staff_id`, `created_at`) VALUES (862, 666, 16, '2023-02-01 05:10:10');
INSERT INTO `conference_staff` (`id`, `conference_id`, `staff_id`, `created_at`) VALUES (863, 667, 4, '2023-02-01 05:10:52');
INSERT INTO `conference_staff` (`id`, `conference_id`, `staff_id`, `created_at`) VALUES (864, 667, 11, '2023-02-01 05:10:52');
INSERT INTO `conference_staff` (`id`, `conference_id`, `staff_id`, `created_at`) VALUES (865, 667, 12, '2023-02-01 05:10:52');
INSERT INTO `conference_staff` (`id`, `conference_id`, `staff_id`, `created_at`) VALUES (866, 668, 1, '2023-02-01 05:12:08');
INSERT INTO `conference_staff` (`id`, `conference_id`, `staff_id`, `created_at`) VALUES (867, 668, 2, '2023-02-01 05:12:08');
INSERT INTO `conference_staff` (`id`, `conference_id`, `staff_id`, `created_at`) VALUES (868, 668, 4, '2023-02-01 05:12:08');
INSERT INTO `conference_staff` (`id`, `conference_id`, `staff_id`, `created_at`) VALUES (869, 668, 5, '2023-02-01 05:12:08');
INSERT INTO `conference_staff` (`id`, `conference_id`, `staff_id`, `created_at`) VALUES (870, 668, 6, '2023-02-01 05:12:08');
INSERT INTO `conference_staff` (`id`, `conference_id`, `staff_id`, `created_at`) VALUES (871, 668, 9, '2023-02-01 05:12:08');
INSERT INTO `conference_staff` (`id`, `conference_id`, `staff_id`, `created_at`) VALUES (872, 668, 10, '2023-02-01 05:12:08');
INSERT INTO `conference_staff` (`id`, `conference_id`, `staff_id`, `created_at`) VALUES (873, 668, 11, '2023-02-01 05:12:08');
INSERT INTO `conference_staff` (`id`, `conference_id`, `staff_id`, `created_at`) VALUES (874, 668, 12, '2023-02-01 05:12:08');
INSERT INTO `conference_staff` (`id`, `conference_id`, `staff_id`, `created_at`) VALUES (875, 668, 13, '2023-02-01 05:12:08');
INSERT INTO `conference_staff` (`id`, `conference_id`, `staff_id`, `created_at`) VALUES (876, 668, 15, '2023-02-01 05:12:08');
INSERT INTO `conference_staff` (`id`, `conference_id`, `staff_id`, `created_at`) VALUES (877, 668, 16, '2023-02-01 05:12:08');
INSERT INTO `conference_staff` (`id`, `conference_id`, `staff_id`, `created_at`) VALUES (878, 669, 1, '2023-02-01 05:12:43');
INSERT INTO `conference_staff` (`id`, `conference_id`, `staff_id`, `created_at`) VALUES (879, 669, 2, '2023-02-01 05:12:43');
INSERT INTO `conference_staff` (`id`, `conference_id`, `staff_id`, `created_at`) VALUES (880, 669, 9, '2023-02-01 05:12:43');
INSERT INTO `conference_staff` (`id`, `conference_id`, `staff_id`, `created_at`) VALUES (881, 669, 15, '2023-02-01 05:12:43');
INSERT INTO `conference_staff` (`id`, `conference_id`, `staff_id`, `created_at`) VALUES (882, 669, 16, '2023-02-01 05:12:43');
INSERT INTO `conference_staff` (`id`, `conference_id`, `staff_id`, `created_at`) VALUES (884, 689, 1, '2023-02-01 11:28:17');
INSERT INTO `conference_staff` (`id`, `conference_id`, `staff_id`, `created_at`) VALUES (885, 689, 2, '2023-02-01 11:28:17');
INSERT INTO `conference_staff` (`id`, `conference_id`, `staff_id`, `created_at`) VALUES (886, 689, 4, '2023-02-01 11:28:17');
INSERT INTO `conference_staff` (`id`, `conference_id`, `staff_id`, `created_at`) VALUES (887, 689, 5, '2023-02-01 11:28:17');
INSERT INTO `conference_staff` (`id`, `conference_id`, `staff_id`, `created_at`) VALUES (888, 689, 6, '2023-02-01 11:28:17');
INSERT INTO `conference_staff` (`id`, `conference_id`, `staff_id`, `created_at`) VALUES (889, 689, 9, '2023-02-01 11:28:17');
INSERT INTO `conference_staff` (`id`, `conference_id`, `staff_id`, `created_at`) VALUES (890, 689, 10, '2023-02-01 11:28:17');
INSERT INTO `conference_staff` (`id`, `conference_id`, `staff_id`, `created_at`) VALUES (891, 689, 11, '2023-02-01 11:28:17');
INSERT INTO `conference_staff` (`id`, `conference_id`, `staff_id`, `created_at`) VALUES (892, 689, 12, '2023-02-01 11:28:17');
INSERT INTO `conference_staff` (`id`, `conference_id`, `staff_id`, `created_at`) VALUES (893, 689, 13, '2023-02-01 11:28:17');
INSERT INTO `conference_staff` (`id`, `conference_id`, `staff_id`, `created_at`) VALUES (894, 689, 15, '2023-02-01 11:28:17');
INSERT INTO `conference_staff` (`id`, `conference_id`, `staff_id`, `created_at`) VALUES (895, 689, 16, '2023-02-01 11:28:17');
INSERT INTO `conference_staff` (`id`, `conference_id`, `staff_id`, `created_at`) VALUES (896, 706, 2, '2023-02-04 04:48:34');
INSERT INTO `conference_staff` (`id`, `conference_id`, `staff_id`, `created_at`) VALUES (897, 706, 4, '2023-02-04 04:48:34');
INSERT INTO `conference_staff` (`id`, `conference_id`, `staff_id`, `created_at`) VALUES (898, 706, 5, '2023-02-04 04:48:34');
INSERT INTO `conference_staff` (`id`, `conference_id`, `staff_id`, `created_at`) VALUES (899, 706, 6, '2023-02-04 04:48:34');
INSERT INTO `conference_staff` (`id`, `conference_id`, `staff_id`, `created_at`) VALUES (900, 706, 11, '2023-02-04 04:48:34');
INSERT INTO `conference_staff` (`id`, `conference_id`, `staff_id`, `created_at`) VALUES (901, 706, 12, '2023-02-04 04:48:34');
INSERT INTO `conference_staff` (`id`, `conference_id`, `staff_id`, `created_at`) VALUES (902, 709, 2, '2023-02-06 05:22:59');
INSERT INTO `conference_staff` (`id`, `conference_id`, `staff_id`, `created_at`) VALUES (903, 709, 4, '2023-02-06 05:22:59');
INSERT INTO `conference_staff` (`id`, `conference_id`, `staff_id`, `created_at`) VALUES (904, 709, 5, '2023-02-06 05:22:59');
INSERT INTO `conference_staff` (`id`, `conference_id`, `staff_id`, `created_at`) VALUES (905, 709, 6, '2023-02-06 05:22:59');
INSERT INTO `conference_staff` (`id`, `conference_id`, `staff_id`, `created_at`) VALUES (906, 709, 11, '2023-02-06 05:22:59');
INSERT INTO `conference_staff` (`id`, `conference_id`, `staff_id`, `created_at`) VALUES (907, 709, 12, '2023-02-06 05:22:59');
INSERT INTO `conference_staff` (`id`, `conference_id`, `staff_id`, `created_at`) VALUES (908, 709, 16, '2023-02-06 05:22:59');
INSERT INTO `conference_staff` (`id`, `conference_id`, `staff_id`, `created_at`) VALUES (909, 722, 2, '2023-03-06 05:30:07');
INSERT INTO `conference_staff` (`id`, `conference_id`, `staff_id`, `created_at`) VALUES (910, 722, 4, '2023-03-06 05:30:07');
INSERT INTO `conference_staff` (`id`, `conference_id`, `staff_id`, `created_at`) VALUES (911, 722, 5, '2023-03-06 05:30:07');
INSERT INTO `conference_staff` (`id`, `conference_id`, `staff_id`, `created_at`) VALUES (912, 722, 6, '2023-03-06 05:30:07');
INSERT INTO `conference_staff` (`id`, `conference_id`, `staff_id`, `created_at`) VALUES (913, 722, 9, '2023-03-06 05:30:07');
INSERT INTO `conference_staff` (`id`, `conference_id`, `staff_id`, `created_at`) VALUES (914, 722, 10, '2023-03-06 05:30:07');
INSERT INTO `conference_staff` (`id`, `conference_id`, `staff_id`, `created_at`) VALUES (915, 722, 11, '2023-03-06 05:30:07');
INSERT INTO `conference_staff` (`id`, `conference_id`, `staff_id`, `created_at`) VALUES (916, 722, 12, '2023-03-06 05:30:07');
INSERT INTO `conference_staff` (`id`, `conference_id`, `staff_id`, `created_at`) VALUES (917, 722, 13, '2023-03-06 05:30:07');
INSERT INTO `conference_staff` (`id`, `conference_id`, `staff_id`, `created_at`) VALUES (918, 722, 14, '2023-03-06 05:30:07');
INSERT INTO `conference_staff` (`id`, `conference_id`, `staff_id`, `created_at`) VALUES (919, 722, 15, '2023-03-06 05:30:07');
INSERT INTO `conference_staff` (`id`, `conference_id`, `staff_id`, `created_at`) VALUES (920, 722, 16, '2023-03-06 05:30:07');
INSERT INTO `conference_staff` (`id`, `conference_id`, `staff_id`, `created_at`) VALUES (921, 723, 2, '2023-03-06 05:30:31');
INSERT INTO `conference_staff` (`id`, `conference_id`, `staff_id`, `created_at`) VALUES (922, 723, 4, '2023-03-06 05:30:31');
INSERT INTO `conference_staff` (`id`, `conference_id`, `staff_id`, `created_at`) VALUES (923, 723, 11, '2023-03-06 05:30:31');
INSERT INTO `conference_staff` (`id`, `conference_id`, `staff_id`, `created_at`) VALUES (924, 723, 12, '2023-03-06 05:30:31');
INSERT INTO `conference_staff` (`id`, `conference_id`, `staff_id`, `created_at`) VALUES (928, 725, 1, '2023-03-06 05:31:29');
INSERT INTO `conference_staff` (`id`, `conference_id`, `staff_id`, `created_at`) VALUES (929, 725, 2, '2023-03-06 05:31:29');
INSERT INTO `conference_staff` (`id`, `conference_id`, `staff_id`, `created_at`) VALUES (930, 725, 4, '2023-03-06 05:31:29');
INSERT INTO `conference_staff` (`id`, `conference_id`, `staff_id`, `created_at`) VALUES (931, 725, 11, '2023-03-06 05:31:29');
INSERT INTO `conference_staff` (`id`, `conference_id`, `staff_id`, `created_at`) VALUES (932, 725, 12, '2023-03-06 05:31:29');
INSERT INTO `conference_staff` (`id`, `conference_id`, `staff_id`, `created_at`) VALUES (933, 726, 1, '2023-03-06 05:31:54');
INSERT INTO `conference_staff` (`id`, `conference_id`, `staff_id`, `created_at`) VALUES (934, 726, 2, '2023-03-06 05:31:54');
INSERT INTO `conference_staff` (`id`, `conference_id`, `staff_id`, `created_at`) VALUES (935, 726, 4, '2023-03-06 05:31:54');
INSERT INTO `conference_staff` (`id`, `conference_id`, `staff_id`, `created_at`) VALUES (936, 726, 11, '2023-03-06 05:31:54');
INSERT INTO `conference_staff` (`id`, `conference_id`, `staff_id`, `created_at`) VALUES (937, 726, 12, '2023-03-06 05:31:54');
INSERT INTO `conference_staff` (`id`, `conference_id`, `staff_id`, `created_at`) VALUES (938, 727, 1, '2023-03-06 05:32:16');
INSERT INTO `conference_staff` (`id`, `conference_id`, `staff_id`, `created_at`) VALUES (939, 727, 5, '2023-03-06 05:32:16');
INSERT INTO `conference_staff` (`id`, `conference_id`, `staff_id`, `created_at`) VALUES (940, 727, 6, '2023-03-06 05:32:16');
INSERT INTO `conference_staff` (`id`, `conference_id`, `staff_id`, `created_at`) VALUES (941, 728, 1, '2023-03-06 05:32:48');
INSERT INTO `conference_staff` (`id`, `conference_id`, `staff_id`, `created_at`) VALUES (942, 728, 2, '2023-03-06 05:32:48');
INSERT INTO `conference_staff` (`id`, `conference_id`, `staff_id`, `created_at`) VALUES (943, 728, 9, '2023-03-06 05:32:48');
INSERT INTO `conference_staff` (`id`, `conference_id`, `staff_id`, `created_at`) VALUES (944, 729, 2, '2023-03-06 05:33:20');
INSERT INTO `conference_staff` (`id`, `conference_id`, `staff_id`, `created_at`) VALUES (945, 729, 9, '2023-03-06 05:33:20');
INSERT INTO `conference_staff` (`id`, `conference_id`, `staff_id`, `created_at`) VALUES (946, 729, 14, '2023-03-06 05:33:20');
INSERT INTO `conference_staff` (`id`, `conference_id`, `staff_id`, `created_at`) VALUES (952, 919, 1, '2023-04-03 10:45:07');
INSERT INTO `conference_staff` (`id`, `conference_id`, `staff_id`, `created_at`) VALUES (953, 919, 9, '2023-04-03 10:45:07');
INSERT INTO `conference_staff` (`id`, `conference_id`, `staff_id`, `created_at`) VALUES (954, 920, 2, '2023-04-03 10:45:37');
INSERT INTO `conference_staff` (`id`, `conference_id`, `staff_id`, `created_at`) VALUES (955, 920, 4, '2023-04-03 10:45:37');
INSERT INTO `conference_staff` (`id`, `conference_id`, `staff_id`, `created_at`) VALUES (956, 920, 11, '2023-04-03 10:45:37');
INSERT INTO `conference_staff` (`id`, `conference_id`, `staff_id`, `created_at`) VALUES (957, 920, 12, '2023-04-03 10:45:37');
INSERT INTO `conference_staff` (`id`, `conference_id`, `staff_id`, `created_at`) VALUES (960, 922, 1, '2023-04-03 10:46:29');
INSERT INTO `conference_staff` (`id`, `conference_id`, `staff_id`, `created_at`) VALUES (961, 922, 2, '2023-04-03 10:46:29');
INSERT INTO `conference_staff` (`id`, `conference_id`, `staff_id`, `created_at`) VALUES (962, 922, 4, '2023-04-03 10:46:29');
INSERT INTO `conference_staff` (`id`, `conference_id`, `staff_id`, `created_at`) VALUES (963, 922, 11, '2023-04-03 10:46:29');
INSERT INTO `conference_staff` (`id`, `conference_id`, `staff_id`, `created_at`) VALUES (964, 922, 12, '2023-04-03 10:46:29');
INSERT INTO `conference_staff` (`id`, `conference_id`, `staff_id`, `created_at`) VALUES (965, 923, 1, '2023-04-03 10:47:05');
INSERT INTO `conference_staff` (`id`, `conference_id`, `staff_id`, `created_at`) VALUES (966, 923, 9, '2023-04-03 10:47:05');
INSERT INTO `conference_staff` (`id`, `conference_id`, `staff_id`, `created_at`) VALUES (967, 924, 2, '2023-04-03 10:47:52');
INSERT INTO `conference_staff` (`id`, `conference_id`, `staff_id`, `created_at`) VALUES (968, 924, 4, '2023-04-03 10:47:52');
INSERT INTO `conference_staff` (`id`, `conference_id`, `staff_id`, `created_at`) VALUES (969, 924, 11, '2023-04-03 10:47:52');
INSERT INTO `conference_staff` (`id`, `conference_id`, `staff_id`, `created_at`) VALUES (970, 924, 12, '2023-04-03 10:47:52');
INSERT INTO `conference_staff` (`id`, `conference_id`, `staff_id`, `created_at`) VALUES (971, 924, 14, '2023-04-03 10:47:52');
INSERT INTO `conference_staff` (`id`, `conference_id`, `staff_id`, `created_at`) VALUES (972, 1020, 2, '2023-04-05 05:03:48');
INSERT INTO `conference_staff` (`id`, `conference_id`, `staff_id`, `created_at`) VALUES (973, 1020, 4, '2023-04-05 05:03:48');
INSERT INTO `conference_staff` (`id`, `conference_id`, `staff_id`, `created_at`) VALUES (974, 1020, 11, '2023-04-05 05:03:48');
INSERT INTO `conference_staff` (`id`, `conference_id`, `staff_id`, `created_at`) VALUES (975, 1020, 12, '2023-04-05 05:03:48');
INSERT INTO `conference_staff` (`id`, `conference_id`, `staff_id`, `created_at`) VALUES (976, 1021, 2, '2023-04-05 05:04:10');
INSERT INTO `conference_staff` (`id`, `conference_id`, `staff_id`, `created_at`) VALUES (977, 1021, 4, '2023-04-05 05:04:10');
INSERT INTO `conference_staff` (`id`, `conference_id`, `staff_id`, `created_at`) VALUES (978, 1021, 10, '2023-04-05 05:04:10');
INSERT INTO `conference_staff` (`id`, `conference_id`, `staff_id`, `created_at`) VALUES (979, 1021, 11, '2023-04-05 05:04:10');
INSERT INTO `conference_staff` (`id`, `conference_id`, `staff_id`, `created_at`) VALUES (982, 1023, 2, '2023-04-05 05:05:50');
INSERT INTO `conference_staff` (`id`, `conference_id`, `staff_id`, `created_at`) VALUES (983, 1023, 4, '2023-04-05 05:05:50');
INSERT INTO `conference_staff` (`id`, `conference_id`, `staff_id`, `created_at`) VALUES (984, 1023, 10, '2023-04-05 05:05:50');
INSERT INTO `conference_staff` (`id`, `conference_id`, `staff_id`, `created_at`) VALUES (985, 1023, 11, '2023-04-05 05:05:50');
INSERT INTO `conference_staff` (`id`, `conference_id`, `staff_id`, `created_at`) VALUES (986, 1023, 12, '2023-04-05 05:05:50');
INSERT INTO `conference_staff` (`id`, `conference_id`, `staff_id`, `created_at`) VALUES (987, 1023, 14, '2023-04-05 05:05:50');
INSERT INTO `conference_staff` (`id`, `conference_id`, `staff_id`, `created_at`) VALUES (988, 1060, 2, '2023-05-03 10:24:09');
INSERT INTO `conference_staff` (`id`, `conference_id`, `staff_id`, `created_at`) VALUES (989, 1060, 4, '2023-05-03 10:24:09');
INSERT INTO `conference_staff` (`id`, `conference_id`, `staff_id`, `created_at`) VALUES (990, 1060, 11, '2023-05-03 10:24:09');
INSERT INTO `conference_staff` (`id`, `conference_id`, `staff_id`, `created_at`) VALUES (991, 1060, 12, '2023-05-03 10:24:09');
INSERT INTO `conference_staff` (`id`, `conference_id`, `staff_id`, `created_at`) VALUES (997, 1062, 2, '2023-05-03 10:25:15');
INSERT INTO `conference_staff` (`id`, `conference_id`, `staff_id`, `created_at`) VALUES (998, 1062, 4, '2023-05-03 10:25:15');
INSERT INTO `conference_staff` (`id`, `conference_id`, `staff_id`, `created_at`) VALUES (999, 1062, 10, '2023-05-03 10:25:15');
INSERT INTO `conference_staff` (`id`, `conference_id`, `staff_id`, `created_at`) VALUES (1000, 1062, 11, '2023-05-03 10:25:15');
INSERT INTO `conference_staff` (`id`, `conference_id`, `staff_id`, `created_at`) VALUES (1001, 1062, 12, '2023-05-03 10:25:15');
INSERT INTO `conference_staff` (`id`, `conference_id`, `staff_id`, `created_at`) VALUES (1002, 1062, 16, '2023-05-03 10:25:15');
INSERT INTO `conference_staff` (`id`, `conference_id`, `staff_id`, `created_at`) VALUES (1003, 1063, 2, '2023-05-03 10:25:55');
INSERT INTO `conference_staff` (`id`, `conference_id`, `staff_id`, `created_at`) VALUES (1004, 1063, 4, '2023-05-03 10:25:55');
INSERT INTO `conference_staff` (`id`, `conference_id`, `staff_id`, `created_at`) VALUES (1005, 1063, 5, '2023-05-03 10:25:55');
INSERT INTO `conference_staff` (`id`, `conference_id`, `staff_id`, `created_at`) VALUES (1006, 1063, 6, '2023-05-03 10:25:55');
INSERT INTO `conference_staff` (`id`, `conference_id`, `staff_id`, `created_at`) VALUES (1007, 1063, 9, '2023-05-03 10:25:55');
INSERT INTO `conference_staff` (`id`, `conference_id`, `staff_id`, `created_at`) VALUES (1008, 1063, 10, '2023-05-03 10:25:55');
INSERT INTO `conference_staff` (`id`, `conference_id`, `staff_id`, `created_at`) VALUES (1009, 1063, 11, '2023-05-03 10:25:55');
INSERT INTO `conference_staff` (`id`, `conference_id`, `staff_id`, `created_at`) VALUES (1010, 1063, 12, '2023-05-03 10:25:55');
INSERT INTO `conference_staff` (`id`, `conference_id`, `staff_id`, `created_at`) VALUES (1011, 1063, 13, '2023-05-03 10:25:55');
INSERT INTO `conference_staff` (`id`, `conference_id`, `staff_id`, `created_at`) VALUES (1012, 1063, 14, '2023-05-03 10:25:55');
INSERT INTO `conference_staff` (`id`, `conference_id`, `staff_id`, `created_at`) VALUES (1013, 1063, 15, '2023-05-03 10:25:55');
INSERT INTO `conference_staff` (`id`, `conference_id`, `staff_id`, `created_at`) VALUES (1014, 1063, 16, '2023-05-03 10:25:55');
INSERT INTO `conference_staff` (`id`, `conference_id`, `staff_id`, `created_at`) VALUES (1015, 1065, 1, '2023-05-03 10:26:48');
INSERT INTO `conference_staff` (`id`, `conference_id`, `staff_id`, `created_at`) VALUES (1016, 1065, 2, '2023-05-03 10:26:48');
INSERT INTO `conference_staff` (`id`, `conference_id`, `staff_id`, `created_at`) VALUES (1017, 1065, 4, '2023-05-03 10:26:48');
INSERT INTO `conference_staff` (`id`, `conference_id`, `staff_id`, `created_at`) VALUES (1018, 1065, 9, '2023-05-03 10:26:48');
INSERT INTO `conference_staff` (`id`, `conference_id`, `staff_id`, `created_at`) VALUES (1019, 1065, 16, '2023-05-03 10:26:48');
INSERT INTO `conference_staff` (`id`, `conference_id`, `staff_id`, `created_at`) VALUES (1020, 1067, 2, '2023-05-03 10:27:30');
INSERT INTO `conference_staff` (`id`, `conference_id`, `staff_id`, `created_at`) VALUES (1021, 1067, 4, '2023-05-03 10:27:30');
INSERT INTO `conference_staff` (`id`, `conference_id`, `staff_id`, `created_at`) VALUES (1022, 1067, 11, '2023-05-03 10:27:30');
INSERT INTO `conference_staff` (`id`, `conference_id`, `staff_id`, `created_at`) VALUES (1023, 1067, 12, '2023-05-03 10:27:30');
INSERT INTO `conference_staff` (`id`, `conference_id`, `staff_id`, `created_at`) VALUES (1024, 1073, 1, '2023-05-03 11:22:39');
INSERT INTO `conference_staff` (`id`, `conference_id`, `staff_id`, `created_at`) VALUES (1025, 1073, 2, '2023-05-03 11:22:39');
INSERT INTO `conference_staff` (`id`, `conference_id`, `staff_id`, `created_at`) VALUES (1026, 1073, 4, '2023-05-03 11:22:39');
INSERT INTO `conference_staff` (`id`, `conference_id`, `staff_id`, `created_at`) VALUES (1027, 1073, 10, '2023-05-03 11:22:39');
INSERT INTO `conference_staff` (`id`, `conference_id`, `staff_id`, `created_at`) VALUES (1028, 1073, 11, '2023-05-03 11:22:39');
INSERT INTO `conference_staff` (`id`, `conference_id`, `staff_id`, `created_at`) VALUES (1029, 1073, 12, '2023-05-03 11:22:39');
INSERT INTO `conference_staff` (`id`, `conference_id`, `staff_id`, `created_at`) VALUES (1030, 1074, 2, '2023-05-03 11:23:21');
INSERT INTO `conference_staff` (`id`, `conference_id`, `staff_id`, `created_at`) VALUES (1031, 1074, 4, '2023-05-03 11:23:21');
INSERT INTO `conference_staff` (`id`, `conference_id`, `staff_id`, `created_at`) VALUES (1032, 1074, 10, '2023-05-03 11:23:21');
INSERT INTO `conference_staff` (`id`, `conference_id`, `staff_id`, `created_at`) VALUES (1033, 1074, 11, '2023-05-03 11:23:21');
INSERT INTO `conference_staff` (`id`, `conference_id`, `staff_id`, `created_at`) VALUES (1034, 1074, 12, '2023-05-03 11:23:21');
INSERT INTO `conference_staff` (`id`, `conference_id`, `staff_id`, `created_at`) VALUES (1035, 1075, 2, '2023-05-03 11:24:11');
INSERT INTO `conference_staff` (`id`, `conference_id`, `staff_id`, `created_at`) VALUES (1036, 1075, 4, '2023-05-03 11:24:11');
INSERT INTO `conference_staff` (`id`, `conference_id`, `staff_id`, `created_at`) VALUES (1037, 1075, 10, '2023-05-03 11:24:11');
INSERT INTO `conference_staff` (`id`, `conference_id`, `staff_id`, `created_at`) VALUES (1038, 1075, 11, '2023-05-03 11:24:11');
INSERT INTO `conference_staff` (`id`, `conference_id`, `staff_id`, `created_at`) VALUES (1039, 1075, 12, '2023-05-03 11:24:11');
INSERT INTO `conference_staff` (`id`, `conference_id`, `staff_id`, `created_at`) VALUES (1040, 1232, 1, '2023-06-02 12:20:27');
INSERT INTO `conference_staff` (`id`, `conference_id`, `staff_id`, `created_at`) VALUES (1041, 1232, 2, '2023-06-02 12:20:27');
INSERT INTO `conference_staff` (`id`, `conference_id`, `staff_id`, `created_at`) VALUES (1042, 1232, 4, '2023-06-02 12:20:27');
INSERT INTO `conference_staff` (`id`, `conference_id`, `staff_id`, `created_at`) VALUES (1043, 1232, 5, '2023-06-02 12:20:27');
INSERT INTO `conference_staff` (`id`, `conference_id`, `staff_id`, `created_at`) VALUES (1044, 1232, 11, '2023-06-02 12:20:27');
INSERT INTO `conference_staff` (`id`, `conference_id`, `staff_id`, `created_at`) VALUES (1045, 1232, 12, '2023-06-02 12:20:27');
INSERT INTO `conference_staff` (`id`, `conference_id`, `staff_id`, `created_at`) VALUES (1046, 1234, 2, '2023-06-02 12:22:01');
INSERT INTO `conference_staff` (`id`, `conference_id`, `staff_id`, `created_at`) VALUES (1047, 1234, 4, '2023-06-02 12:22:01');
INSERT INTO `conference_staff` (`id`, `conference_id`, `staff_id`, `created_at`) VALUES (1048, 1234, 11, '2023-06-02 12:22:01');
INSERT INTO `conference_staff` (`id`, `conference_id`, `staff_id`, `created_at`) VALUES (1049, 1234, 12, '2023-06-02 12:22:01');
INSERT INTO `conference_staff` (`id`, `conference_id`, `staff_id`, `created_at`) VALUES (1050, 1235, 2, '2023-06-02 12:22:32');
INSERT INTO `conference_staff` (`id`, `conference_id`, `staff_id`, `created_at`) VALUES (1051, 1235, 4, '2023-06-02 12:22:32');
INSERT INTO `conference_staff` (`id`, `conference_id`, `staff_id`, `created_at`) VALUES (1052, 1235, 11, '2023-06-02 12:22:32');
INSERT INTO `conference_staff` (`id`, `conference_id`, `staff_id`, `created_at`) VALUES (1053, 1235, 12, '2023-06-02 12:22:32');
INSERT INTO `conference_staff` (`id`, `conference_id`, `staff_id`, `created_at`) VALUES (1054, 1237, 2, '2023-06-02 12:23:04');
INSERT INTO `conference_staff` (`id`, `conference_id`, `staff_id`, `created_at`) VALUES (1055, 1237, 9, '2023-06-02 12:23:04');
INSERT INTO `conference_staff` (`id`, `conference_id`, `staff_id`, `created_at`) VALUES (1056, 1237, 14, '2023-06-02 12:23:04');
INSERT INTO `conference_staff` (`id`, `conference_id`, `staff_id`, `created_at`) VALUES (1057, 1238, 2, '2023-06-02 12:23:58');
INSERT INTO `conference_staff` (`id`, `conference_id`, `staff_id`, `created_at`) VALUES (1058, 1238, 4, '2023-06-02 12:23:58');
INSERT INTO `conference_staff` (`id`, `conference_id`, `staff_id`, `created_at`) VALUES (1059, 1238, 11, '2023-06-02 12:23:58');
INSERT INTO `conference_staff` (`id`, `conference_id`, `staff_id`, `created_at`) VALUES (1060, 1238, 14, '2023-06-02 12:23:58');
INSERT INTO `conference_staff` (`id`, `conference_id`, `staff_id`, `created_at`) VALUES (1061, 1239, 10, '2023-06-02 12:24:54');
INSERT INTO `conference_staff` (`id`, `conference_id`, `staff_id`, `created_at`) VALUES (1062, 1239, 14, '2023-06-02 12:24:54');
INSERT INTO `conference_staff` (`id`, `conference_id`, `staff_id`, `created_at`) VALUES (1063, 1239, 16, '2023-06-02 12:24:54');
INSERT INTO `conference_staff` (`id`, `conference_id`, `staff_id`, `created_at`) VALUES (1064, 1241, 1, '2023-06-02 12:26:18');
INSERT INTO `conference_staff` (`id`, `conference_id`, `staff_id`, `created_at`) VALUES (1065, 1241, 2, '2023-06-02 12:26:18');
INSERT INTO `conference_staff` (`id`, `conference_id`, `staff_id`, `created_at`) VALUES (1066, 1241, 4, '2023-06-02 12:26:18');
INSERT INTO `conference_staff` (`id`, `conference_id`, `staff_id`, `created_at`) VALUES (1067, 1241, 5, '2023-06-02 12:26:18');
INSERT INTO `conference_staff` (`id`, `conference_id`, `staff_id`, `created_at`) VALUES (1068, 1241, 6, '2023-06-02 12:26:18');
INSERT INTO `conference_staff` (`id`, `conference_id`, `staff_id`, `created_at`) VALUES (1069, 1241, 9, '2023-06-02 12:26:18');
INSERT INTO `conference_staff` (`id`, `conference_id`, `staff_id`, `created_at`) VALUES (1070, 1241, 10, '2023-06-02 12:26:18');
INSERT INTO `conference_staff` (`id`, `conference_id`, `staff_id`, `created_at`) VALUES (1071, 1241, 11, '2023-06-02 12:26:18');
INSERT INTO `conference_staff` (`id`, `conference_id`, `staff_id`, `created_at`) VALUES (1072, 1241, 12, '2023-06-02 12:26:18');
INSERT INTO `conference_staff` (`id`, `conference_id`, `staff_id`, `created_at`) VALUES (1073, 1241, 13, '2023-06-02 12:26:18');
INSERT INTO `conference_staff` (`id`, `conference_id`, `staff_id`, `created_at`) VALUES (1074, 1241, 15, '2023-06-02 12:26:18');
INSERT INTO `conference_staff` (`id`, `conference_id`, `staff_id`, `created_at`) VALUES (1075, 1241, 16, '2023-06-02 12:26:18');
INSERT INTO `conference_staff` (`id`, `conference_id`, `staff_id`, `created_at`) VALUES (1076, 1498, 2, '2023-07-05 11:17:19');
INSERT INTO `conference_staff` (`id`, `conference_id`, `staff_id`, `created_at`) VALUES (1077, 1498, 4, '2023-07-05 11:17:19');
INSERT INTO `conference_staff` (`id`, `conference_id`, `staff_id`, `created_at`) VALUES (1078, 1498, 11, '2023-07-05 11:17:19');
INSERT INTO `conference_staff` (`id`, `conference_id`, `staff_id`, `created_at`) VALUES (1079, 1498, 12, '2023-07-05 11:17:19');
INSERT INTO `conference_staff` (`id`, `conference_id`, `staff_id`, `created_at`) VALUES (1080, 1499, 2, '2023-07-05 11:17:43');
INSERT INTO `conference_staff` (`id`, `conference_id`, `staff_id`, `created_at`) VALUES (1081, 1499, 4, '2023-07-05 11:17:43');
INSERT INTO `conference_staff` (`id`, `conference_id`, `staff_id`, `created_at`) VALUES (1082, 1499, 5, '2023-07-05 11:17:43');
INSERT INTO `conference_staff` (`id`, `conference_id`, `staff_id`, `created_at`) VALUES (1083, 1499, 6, '2023-07-05 11:17:43');
INSERT INTO `conference_staff` (`id`, `conference_id`, `staff_id`, `created_at`) VALUES (1084, 1499, 9, '2023-07-05 11:17:43');
INSERT INTO `conference_staff` (`id`, `conference_id`, `staff_id`, `created_at`) VALUES (1085, 1499, 10, '2023-07-05 11:17:43');
INSERT INTO `conference_staff` (`id`, `conference_id`, `staff_id`, `created_at`) VALUES (1086, 1499, 11, '2023-07-05 11:17:43');
INSERT INTO `conference_staff` (`id`, `conference_id`, `staff_id`, `created_at`) VALUES (1087, 1499, 12, '2023-07-05 11:17:43');
INSERT INTO `conference_staff` (`id`, `conference_id`, `staff_id`, `created_at`) VALUES (1088, 1499, 13, '2023-07-05 11:17:43');
INSERT INTO `conference_staff` (`id`, `conference_id`, `staff_id`, `created_at`) VALUES (1089, 1499, 14, '2023-07-05 11:17:43');
INSERT INTO `conference_staff` (`id`, `conference_id`, `staff_id`, `created_at`) VALUES (1090, 1499, 15, '2023-07-05 11:17:43');
INSERT INTO `conference_staff` (`id`, `conference_id`, `staff_id`, `created_at`) VALUES (1091, 1499, 16, '2023-07-05 11:17:43');
INSERT INTO `conference_staff` (`id`, `conference_id`, `staff_id`, `created_at`) VALUES (1092, 1500, 2, '2023-07-05 11:21:00');
INSERT INTO `conference_staff` (`id`, `conference_id`, `staff_id`, `created_at`) VALUES (1093, 1500, 4, '2023-07-05 11:21:00');
INSERT INTO `conference_staff` (`id`, `conference_id`, `staff_id`, `created_at`) VALUES (1094, 1500, 11, '2023-07-05 11:21:00');
INSERT INTO `conference_staff` (`id`, `conference_id`, `staff_id`, `created_at`) VALUES (1095, 1500, 16, '2023-07-05 11:21:00');
INSERT INTO `conference_staff` (`id`, `conference_id`, `staff_id`, `created_at`) VALUES (1096, 1501, 1, '2023-07-05 11:22:09');
INSERT INTO `conference_staff` (`id`, `conference_id`, `staff_id`, `created_at`) VALUES (1097, 1501, 2, '2023-07-05 11:22:09');
INSERT INTO `conference_staff` (`id`, `conference_id`, `staff_id`, `created_at`) VALUES (1098, 1501, 4, '2023-07-05 11:22:09');
INSERT INTO `conference_staff` (`id`, `conference_id`, `staff_id`, `created_at`) VALUES (1099, 1501, 5, '2023-07-05 11:22:09');
INSERT INTO `conference_staff` (`id`, `conference_id`, `staff_id`, `created_at`) VALUES (1100, 1501, 6, '2023-07-05 11:22:09');
INSERT INTO `conference_staff` (`id`, `conference_id`, `staff_id`, `created_at`) VALUES (1101, 1501, 9, '2023-07-05 11:22:09');
INSERT INTO `conference_staff` (`id`, `conference_id`, `staff_id`, `created_at`) VALUES (1102, 1501, 10, '2023-07-05 11:22:09');
INSERT INTO `conference_staff` (`id`, `conference_id`, `staff_id`, `created_at`) VALUES (1103, 1501, 11, '2023-07-05 11:22:09');
INSERT INTO `conference_staff` (`id`, `conference_id`, `staff_id`, `created_at`) VALUES (1104, 1501, 12, '2023-07-05 11:22:09');
INSERT INTO `conference_staff` (`id`, `conference_id`, `staff_id`, `created_at`) VALUES (1105, 1501, 13, '2023-07-05 11:22:09');
INSERT INTO `conference_staff` (`id`, `conference_id`, `staff_id`, `created_at`) VALUES (1106, 1501, 15, '2023-07-05 11:22:09');
INSERT INTO `conference_staff` (`id`, `conference_id`, `staff_id`, `created_at`) VALUES (1107, 1501, 16, '2023-07-05 11:22:09');
INSERT INTO `conference_staff` (`id`, `conference_id`, `staff_id`, `created_at`) VALUES (1108, 1502, 10, '2023-07-05 11:22:52');
INSERT INTO `conference_staff` (`id`, `conference_id`, `staff_id`, `created_at`) VALUES (1109, 1502, 16, '2023-07-05 11:22:52');
INSERT INTO `conference_staff` (`id`, `conference_id`, `staff_id`, `created_at`) VALUES (1110, 1503, 2, '2023-07-05 11:23:23');
INSERT INTO `conference_staff` (`id`, `conference_id`, `staff_id`, `created_at`) VALUES (1111, 1503, 4, '2023-07-05 11:23:23');
INSERT INTO `conference_staff` (`id`, `conference_id`, `staff_id`, `created_at`) VALUES (1112, 1503, 11, '2023-07-05 11:23:23');
INSERT INTO `conference_staff` (`id`, `conference_id`, `staff_id`, `created_at`) VALUES (1113, 1503, 12, '2023-07-05 11:23:23');
INSERT INTO `conference_staff` (`id`, `conference_id`, `staff_id`, `created_at`) VALUES (1114, 1504, 2, '2023-07-05 11:23:57');
INSERT INTO `conference_staff` (`id`, `conference_id`, `staff_id`, `created_at`) VALUES (1115, 1504, 4, '2023-07-05 11:23:57');
INSERT INTO `conference_staff` (`id`, `conference_id`, `staff_id`, `created_at`) VALUES (1116, 1505, 4, '2023-07-05 11:24:38');
INSERT INTO `conference_staff` (`id`, `conference_id`, `staff_id`, `created_at`) VALUES (1117, 1505, 5, '2023-07-05 11:24:38');
INSERT INTO `conference_staff` (`id`, `conference_id`, `staff_id`, `created_at`) VALUES (1118, 1506, 9, '2023-07-05 11:25:19');
INSERT INTO `conference_staff` (`id`, `conference_id`, `staff_id`, `created_at`) VALUES (1119, 1506, 14, '2023-07-05 11:25:19');
INSERT INTO `conference_staff` (`id`, `conference_id`, `staff_id`, `created_at`) VALUES (1120, 1615, 2, '2023-08-02 06:32:29');
INSERT INTO `conference_staff` (`id`, `conference_id`, `staff_id`, `created_at`) VALUES (1121, 1615, 4, '2023-08-02 06:32:29');
INSERT INTO `conference_staff` (`id`, `conference_id`, `staff_id`, `created_at`) VALUES (1122, 1615, 11, '2023-08-02 06:32:29');
INSERT INTO `conference_staff` (`id`, `conference_id`, `staff_id`, `created_at`) VALUES (1123, 1615, 12, '2023-08-02 06:32:29');
INSERT INTO `conference_staff` (`id`, `conference_id`, `staff_id`, `created_at`) VALUES (1124, 1616, 2, '2023-08-02 06:33:18');
INSERT INTO `conference_staff` (`id`, `conference_id`, `staff_id`, `created_at`) VALUES (1125, 1616, 4, '2023-08-02 06:33:18');
INSERT INTO `conference_staff` (`id`, `conference_id`, `staff_id`, `created_at`) VALUES (1126, 1616, 11, '2023-08-02 06:33:18');
INSERT INTO `conference_staff` (`id`, `conference_id`, `staff_id`, `created_at`) VALUES (1127, 1617, 2, '2023-08-02 06:33:45');
INSERT INTO `conference_staff` (`id`, `conference_id`, `staff_id`, `created_at`) VALUES (1128, 1617, 9, '2023-08-02 06:33:45');
INSERT INTO `conference_staff` (`id`, `conference_id`, `staff_id`, `created_at`) VALUES (1129, 1617, 14, '2023-08-02 06:33:45');
INSERT INTO `conference_staff` (`id`, `conference_id`, `staff_id`, `created_at`) VALUES (1130, 1618, 4, '2023-08-02 06:34:09');
INSERT INTO `conference_staff` (`id`, `conference_id`, `staff_id`, `created_at`) VALUES (1131, 1618, 9, '2023-08-02 06:34:09');
INSERT INTO `conference_staff` (`id`, `conference_id`, `staff_id`, `created_at`) VALUES (1132, 1618, 14, '2023-08-02 06:34:09');
INSERT INTO `conference_staff` (`id`, `conference_id`, `staff_id`, `created_at`) VALUES (1133, 1619, 5, '2023-08-02 06:34:37');
INSERT INTO `conference_staff` (`id`, `conference_id`, `staff_id`, `created_at`) VALUES (1134, 1619, 14, '2023-08-02 06:34:37');
INSERT INTO `conference_staff` (`id`, `conference_id`, `staff_id`, `created_at`) VALUES (1135, 1620, 1, '2023-08-02 06:37:35');
INSERT INTO `conference_staff` (`id`, `conference_id`, `staff_id`, `created_at`) VALUES (1136, 1620, 2, '2023-08-02 06:37:35');
INSERT INTO `conference_staff` (`id`, `conference_id`, `staff_id`, `created_at`) VALUES (1137, 1620, 4, '2023-08-02 06:37:35');
INSERT INTO `conference_staff` (`id`, `conference_id`, `staff_id`, `created_at`) VALUES (1138, 1620, 5, '2023-08-02 06:37:35');
INSERT INTO `conference_staff` (`id`, `conference_id`, `staff_id`, `created_at`) VALUES (1139, 1620, 6, '2023-08-02 06:37:35');
INSERT INTO `conference_staff` (`id`, `conference_id`, `staff_id`, `created_at`) VALUES (1140, 1620, 9, '2023-08-02 06:37:35');
INSERT INTO `conference_staff` (`id`, `conference_id`, `staff_id`, `created_at`) VALUES (1141, 1620, 10, '2023-08-02 06:37:35');
INSERT INTO `conference_staff` (`id`, `conference_id`, `staff_id`, `created_at`) VALUES (1142, 1620, 11, '2023-08-02 06:37:35');
INSERT INTO `conference_staff` (`id`, `conference_id`, `staff_id`, `created_at`) VALUES (1143, 1620, 12, '2023-08-02 06:37:35');
INSERT INTO `conference_staff` (`id`, `conference_id`, `staff_id`, `created_at`) VALUES (1144, 1620, 13, '2023-08-02 06:37:35');
INSERT INTO `conference_staff` (`id`, `conference_id`, `staff_id`, `created_at`) VALUES (1145, 1620, 15, '2023-08-02 06:37:35');
INSERT INTO `conference_staff` (`id`, `conference_id`, `staff_id`, `created_at`) VALUES (1146, 1620, 16, '2023-08-02 06:37:35');
INSERT INTO `conference_staff` (`id`, `conference_id`, `staff_id`, `created_at`) VALUES (1147, 1621, 1, '2023-08-02 06:38:13');
INSERT INTO `conference_staff` (`id`, `conference_id`, `staff_id`, `created_at`) VALUES (1148, 1621, 11, '2023-08-02 06:38:13');
INSERT INTO `conference_staff` (`id`, `conference_id`, `staff_id`, `created_at`) VALUES (1149, 1621, 12, '2023-08-02 06:38:13');
INSERT INTO `conference_staff` (`id`, `conference_id`, `staff_id`, `created_at`) VALUES (1150, 1621, 16, '2023-08-02 06:38:13');
INSERT INTO `conference_staff` (`id`, `conference_id`, `staff_id`, `created_at`) VALUES (1151, 1806, 2, '2023-09-02 11:18:28');
INSERT INTO `conference_staff` (`id`, `conference_id`, `staff_id`, `created_at`) VALUES (1152, 1806, 4, '2023-09-02 11:18:28');
INSERT INTO `conference_staff` (`id`, `conference_id`, `staff_id`, `created_at`) VALUES (1153, 1806, 5, '2023-09-02 11:18:28');
INSERT INTO `conference_staff` (`id`, `conference_id`, `staff_id`, `created_at`) VALUES (1154, 1806, 6, '2023-09-02 11:18:28');
INSERT INTO `conference_staff` (`id`, `conference_id`, `staff_id`, `created_at`) VALUES (1155, 1806, 9, '2023-09-02 11:18:28');
INSERT INTO `conference_staff` (`id`, `conference_id`, `staff_id`, `created_at`) VALUES (1156, 1806, 10, '2023-09-02 11:18:28');
INSERT INTO `conference_staff` (`id`, `conference_id`, `staff_id`, `created_at`) VALUES (1157, 1806, 11, '2023-09-02 11:18:28');
INSERT INTO `conference_staff` (`id`, `conference_id`, `staff_id`, `created_at`) VALUES (1158, 1806, 12, '2023-09-02 11:18:28');
INSERT INTO `conference_staff` (`id`, `conference_id`, `staff_id`, `created_at`) VALUES (1159, 1806, 13, '2023-09-02 11:18:28');
INSERT INTO `conference_staff` (`id`, `conference_id`, `staff_id`, `created_at`) VALUES (1160, 1806, 14, '2023-09-02 11:18:28');
INSERT INTO `conference_staff` (`id`, `conference_id`, `staff_id`, `created_at`) VALUES (1161, 1806, 15, '2023-09-02 11:18:28');
INSERT INTO `conference_staff` (`id`, `conference_id`, `staff_id`, `created_at`) VALUES (1162, 1806, 16, '2023-09-02 11:18:28');
INSERT INTO `conference_staff` (`id`, `conference_id`, `staff_id`, `created_at`) VALUES (1163, 1807, 2, '2023-09-02 11:18:50');
INSERT INTO `conference_staff` (`id`, `conference_id`, `staff_id`, `created_at`) VALUES (1164, 1807, 4, '2023-09-02 11:18:50');
INSERT INTO `conference_staff` (`id`, `conference_id`, `staff_id`, `created_at`) VALUES (1165, 1807, 9, '2023-09-02 11:18:50');
INSERT INTO `conference_staff` (`id`, `conference_id`, `staff_id`, `created_at`) VALUES (1166, 1807, 14, '2023-09-02 11:18:50');
INSERT INTO `conference_staff` (`id`, `conference_id`, `staff_id`, `created_at`) VALUES (1167, 1808, 2, '2023-09-02 11:19:16');
INSERT INTO `conference_staff` (`id`, `conference_id`, `staff_id`, `created_at`) VALUES (1168, 1808, 4, '2023-09-02 11:19:16');
INSERT INTO `conference_staff` (`id`, `conference_id`, `staff_id`, `created_at`) VALUES (1169, 1808, 6, '2023-09-02 11:19:16');
INSERT INTO `conference_staff` (`id`, `conference_id`, `staff_id`, `created_at`) VALUES (1170, 1808, 9, '2023-09-02 11:19:16');
INSERT INTO `conference_staff` (`id`, `conference_id`, `staff_id`, `created_at`) VALUES (1171, 1808, 11, '2023-09-02 11:19:16');
INSERT INTO `conference_staff` (`id`, `conference_id`, `staff_id`, `created_at`) VALUES (1172, 1808, 14, '2023-09-02 11:19:16');
INSERT INTO `conference_staff` (`id`, `conference_id`, `staff_id`, `created_at`) VALUES (1173, 1808, 15, '2023-09-02 11:19:16');
INSERT INTO `conference_staff` (`id`, `conference_id`, `staff_id`, `created_at`) VALUES (1174, 1809, 2, '2023-09-02 11:19:53');
INSERT INTO `conference_staff` (`id`, `conference_id`, `staff_id`, `created_at`) VALUES (1175, 1809, 10, '2023-09-02 11:19:53');
INSERT INTO `conference_staff` (`id`, `conference_id`, `staff_id`, `created_at`) VALUES (1176, 1809, 12, '2023-09-02 11:19:53');
INSERT INTO `conference_staff` (`id`, `conference_id`, `staff_id`, `created_at`) VALUES (1177, 1809, 14, '2023-09-02 11:19:53');
INSERT INTO `conference_staff` (`id`, `conference_id`, `staff_id`, `created_at`) VALUES (1178, 1810, 2, '2023-09-02 11:20:46');
INSERT INTO `conference_staff` (`id`, `conference_id`, `staff_id`, `created_at`) VALUES (1179, 1810, 4, '2023-09-02 11:20:46');
INSERT INTO `conference_staff` (`id`, `conference_id`, `staff_id`, `created_at`) VALUES (1180, 1810, 11, '2023-09-02 11:20:46');
INSERT INTO `conference_staff` (`id`, `conference_id`, `staff_id`, `created_at`) VALUES (1181, 1810, 12, '2023-09-02 11:20:46');
INSERT INTO `conference_staff` (`id`, `conference_id`, `staff_id`, `created_at`) VALUES (1182, 1810, 14, '2023-09-02 11:20:46');
INSERT INTO `conference_staff` (`id`, `conference_id`, `staff_id`, `created_at`) VALUES (1183, 1811, 10, '2023-09-02 11:21:33');
INSERT INTO `conference_staff` (`id`, `conference_id`, `staff_id`, `created_at`) VALUES (1184, 1811, 16, '2023-09-02 11:21:33');
INSERT INTO `conference_staff` (`id`, `conference_id`, `staff_id`, `created_at`) VALUES (1185, 1819, 1, '2023-09-02 11:42:04');
INSERT INTO `conference_staff` (`id`, `conference_id`, `staff_id`, `created_at`) VALUES (1186, 1819, 2, '2023-09-02 11:42:04');
INSERT INTO `conference_staff` (`id`, `conference_id`, `staff_id`, `created_at`) VALUES (1187, 1819, 4, '2023-09-02 11:42:04');
INSERT INTO `conference_staff` (`id`, `conference_id`, `staff_id`, `created_at`) VALUES (1188, 1819, 12, '2023-09-02 11:42:04');
INSERT INTO `conference_staff` (`id`, `conference_id`, `staff_id`, `created_at`) VALUES (1189, 1919, 2, '2024-08-28 09:37:57');
INSERT INTO `conference_staff` (`id`, `conference_id`, `staff_id`, `created_at`) VALUES (1190, 1919, 4, '2024-08-28 09:37:57');
INSERT INTO `conference_staff` (`id`, `conference_id`, `staff_id`, `created_at`) VALUES (1191, 1919, 5, '2024-08-28 09:37:57');
INSERT INTO `conference_staff` (`id`, `conference_id`, `staff_id`, `created_at`) VALUES (1192, 1919, 6, '2024-08-28 09:37:57');
INSERT INTO `conference_staff` (`id`, `conference_id`, `staff_id`, `created_at`) VALUES (1193, 1919, 9, '2024-08-28 09:37:57');
INSERT INTO `conference_staff` (`id`, `conference_id`, `staff_id`, `created_at`) VALUES (1194, 1919, 10, '2024-08-28 09:37:57');
INSERT INTO `conference_staff` (`id`, `conference_id`, `staff_id`, `created_at`) VALUES (1195, 1919, 11, '2024-08-28 09:37:57');
INSERT INTO `conference_staff` (`id`, `conference_id`, `staff_id`, `created_at`) VALUES (1196, 1956, 2, '2024-10-03 08:15:50');
INSERT INTO `conference_staff` (`id`, `conference_id`, `staff_id`, `created_at`) VALUES (1197, 1956, 5, '2024-10-03 08:15:50');
INSERT INTO `conference_staff` (`id`, `conference_id`, `staff_id`, `created_at`) VALUES (1198, 1956, 10, '2024-10-03 08:15:50');
INSERT INTO `conference_staff` (`id`, `conference_id`, `staff_id`, `created_at`) VALUES (1199, 1956, 11, '2024-10-03 08:15:50');
INSERT INTO `conference_staff` (`id`, `conference_id`, `staff_id`, `created_at`) VALUES (1200, 1957, 2, '2024-10-03 08:16:17');
INSERT INTO `conference_staff` (`id`, `conference_id`, `staff_id`, `created_at`) VALUES (1201, 1957, 4, '2024-10-03 08:16:17');
INSERT INTO `conference_staff` (`id`, `conference_id`, `staff_id`, `created_at`) VALUES (1202, 1957, 14, '2024-10-03 08:16:17');
INSERT INTO `conference_staff` (`id`, `conference_id`, `staff_id`, `created_at`) VALUES (1203, 1957, 15, '2024-10-03 08:16:17');
INSERT INTO `conference_staff` (`id`, `conference_id`, `staff_id`, `created_at`) VALUES (1204, 1957, 16, '2024-10-03 08:16:17');
INSERT INTO `conference_staff` (`id`, `conference_id`, `staff_id`, `created_at`) VALUES (1205, 1958, 1, '2024-10-03 08:17:16');
INSERT INTO `conference_staff` (`id`, `conference_id`, `staff_id`, `created_at`) VALUES (1206, 1958, 4, '2024-10-03 08:17:16');
INSERT INTO `conference_staff` (`id`, `conference_id`, `staff_id`, `created_at`) VALUES (1207, 1958, 5, '2024-10-03 08:17:16');
INSERT INTO `conference_staff` (`id`, `conference_id`, `staff_id`, `created_at`) VALUES (1208, 1958, 10, '2024-10-03 08:17:16');
INSERT INTO `conference_staff` (`id`, `conference_id`, `staff_id`, `created_at`) VALUES (1209, 1958, 11, '2024-10-03 08:17:16');
INSERT INTO `conference_staff` (`id`, `conference_id`, `staff_id`, `created_at`) VALUES (1210, 1958, 15, '2024-10-03 08:17:16');
INSERT INTO `conference_staff` (`id`, `conference_id`, `staff_id`, `created_at`) VALUES (1211, 1959, 1, '2024-10-03 08:25:11');
INSERT INTO `conference_staff` (`id`, `conference_id`, `staff_id`, `created_at`) VALUES (1212, 1959, 2, '2024-10-03 08:25:11');
INSERT INTO `conference_staff` (`id`, `conference_id`, `staff_id`, `created_at`) VALUES (1213, 1959, 4, '2024-10-03 08:25:11');
INSERT INTO `conference_staff` (`id`, `conference_id`, `staff_id`, `created_at`) VALUES (1214, 1959, 5, '2024-10-03 08:25:11');
INSERT INTO `conference_staff` (`id`, `conference_id`, `staff_id`, `created_at`) VALUES (1215, 1959, 6, '2024-10-03 08:25:11');
INSERT INTO `conference_staff` (`id`, `conference_id`, `staff_id`, `created_at`) VALUES (1216, 1959, 9, '2024-10-03 08:25:11');
INSERT INTO `conference_staff` (`id`, `conference_id`, `staff_id`, `created_at`) VALUES (1217, 1959, 10, '2024-10-03 08:25:11');
INSERT INTO `conference_staff` (`id`, `conference_id`, `staff_id`, `created_at`) VALUES (1218, 1959, 11, '2024-10-03 08:25:11');
INSERT INTO `conference_staff` (`id`, `conference_id`, `staff_id`, `created_at`) VALUES (1219, 1959, 12, '2024-10-03 08:25:11');
INSERT INTO `conference_staff` (`id`, `conference_id`, `staff_id`, `created_at`) VALUES (1220, 1959, 13, '2024-10-03 08:25:11');
INSERT INTO `conference_staff` (`id`, `conference_id`, `staff_id`, `created_at`) VALUES (1221, 1959, 15, '2024-10-03 08:25:11');
INSERT INTO `conference_staff` (`id`, `conference_id`, `staff_id`, `created_at`) VALUES (1222, 1959, 16, '2024-10-03 08:25:11');
INSERT INTO `conference_staff` (`id`, `conference_id`, `staff_id`, `created_at`) VALUES (1223, 1960, 1, '2024-10-03 08:25:36');
INSERT INTO `conference_staff` (`id`, `conference_id`, `staff_id`, `created_at`) VALUES (1224, 1960, 2, '2024-10-03 08:25:36');
INSERT INTO `conference_staff` (`id`, `conference_id`, `staff_id`, `created_at`) VALUES (1225, 1960, 9, '2024-10-03 08:25:36');
INSERT INTO `conference_staff` (`id`, `conference_id`, `staff_id`, `created_at`) VALUES (1226, 1960, 10, '2024-10-03 08:25:36');
INSERT INTO `conference_staff` (`id`, `conference_id`, `staff_id`, `created_at`) VALUES (1227, 1960, 15, '2024-10-03 08:25:36');
INSERT INTO `conference_staff` (`id`, `conference_id`, `staff_id`, `created_at`) VALUES (1228, 1961, 2, '2024-10-03 08:27:00');
INSERT INTO `conference_staff` (`id`, `conference_id`, `staff_id`, `created_at`) VALUES (1229, 1961, 4, '2024-10-03 08:27:00');
INSERT INTO `conference_staff` (`id`, `conference_id`, `staff_id`, `created_at`) VALUES (1230, 1961, 5, '2024-10-03 08:27:00');
INSERT INTO `conference_staff` (`id`, `conference_id`, `staff_id`, `created_at`) VALUES (1231, 1961, 9, '2024-10-03 08:27:00');
INSERT INTO `conference_staff` (`id`, `conference_id`, `staff_id`, `created_at`) VALUES (1232, 1961, 10, '2024-10-03 08:27:00');
INSERT INTO `conference_staff` (`id`, `conference_id`, `staff_id`, `created_at`) VALUES (1233, 1961, 14, '2024-10-03 08:27:00');
INSERT INTO `conference_staff` (`id`, `conference_id`, `staff_id`, `created_at`) VALUES (1234, 2045, 2, '2024-11-07 10:42:02');
INSERT INTO `conference_staff` (`id`, `conference_id`, `staff_id`, `created_at`) VALUES (1235, 2045, 4, '2024-11-07 10:42:02');
INSERT INTO `conference_staff` (`id`, `conference_id`, `staff_id`, `created_at`) VALUES (1236, 2045, 5, '2024-11-07 10:42:02');
INSERT INTO `conference_staff` (`id`, `conference_id`, `staff_id`, `created_at`) VALUES (1237, 2045, 6, '2024-11-07 10:42:02');
INSERT INTO `conference_staff` (`id`, `conference_id`, `staff_id`, `created_at`) VALUES (1238, 2045, 9, '2024-11-07 10:42:02');
INSERT INTO `conference_staff` (`id`, `conference_id`, `staff_id`, `created_at`) VALUES (1239, 2045, 10, '2024-11-07 10:42:02');
INSERT INTO `conference_staff` (`id`, `conference_id`, `staff_id`, `created_at`) VALUES (1240, 2045, 11, '2024-11-07 10:42:02');
INSERT INTO `conference_staff` (`id`, `conference_id`, `staff_id`, `created_at`) VALUES (1241, 2045, 12, '2024-11-07 10:42:02');
INSERT INTO `conference_staff` (`id`, `conference_id`, `staff_id`, `created_at`) VALUES (1242, 2045, 13, '2024-11-07 10:42:02');
INSERT INTO `conference_staff` (`id`, `conference_id`, `staff_id`, `created_at`) VALUES (1243, 2045, 15, '2024-11-07 10:42:02');
INSERT INTO `conference_staff` (`id`, `conference_id`, `staff_id`, `created_at`) VALUES (1244, 2045, 16, '2024-11-07 10:42:02');
INSERT INTO `conference_staff` (`id`, `conference_id`, `staff_id`, `created_at`) VALUES (1245, 2046, 2, '2024-11-07 10:42:28');
INSERT INTO `conference_staff` (`id`, `conference_id`, `staff_id`, `created_at`) VALUES (1246, 2046, 4, '2024-11-07 10:42:28');
INSERT INTO `conference_staff` (`id`, `conference_id`, `staff_id`, `created_at`) VALUES (1247, 2046, 5, '2024-11-07 10:42:28');
INSERT INTO `conference_staff` (`id`, `conference_id`, `staff_id`, `created_at`) VALUES (1248, 2046, 6, '2024-11-07 10:42:28');
INSERT INTO `conference_staff` (`id`, `conference_id`, `staff_id`, `created_at`) VALUES (1249, 2046, 9, '2024-11-07 10:42:28');
INSERT INTO `conference_staff` (`id`, `conference_id`, `staff_id`, `created_at`) VALUES (1250, 2046, 10, '2024-11-07 10:42:28');
INSERT INTO `conference_staff` (`id`, `conference_id`, `staff_id`, `created_at`) VALUES (1251, 2046, 11, '2024-11-07 10:42:28');
INSERT INTO `conference_staff` (`id`, `conference_id`, `staff_id`, `created_at`) VALUES (1252, 2046, 12, '2024-11-07 10:42:28');
INSERT INTO `conference_staff` (`id`, `conference_id`, `staff_id`, `created_at`) VALUES (1253, 2046, 13, '2024-11-07 10:42:28');
INSERT INTO `conference_staff` (`id`, `conference_id`, `staff_id`, `created_at`) VALUES (1254, 2046, 14, '2024-11-07 10:42:28');
INSERT INTO `conference_staff` (`id`, `conference_id`, `staff_id`, `created_at`) VALUES (1255, 2046, 15, '2024-11-07 10:42:28');
INSERT INTO `conference_staff` (`id`, `conference_id`, `staff_id`, `created_at`) VALUES (1256, 2046, 16, '2024-11-07 10:42:28');
INSERT INTO `conference_staff` (`id`, `conference_id`, `staff_id`, `created_at`) VALUES (1257, 2047, 2, '2024-11-07 10:42:50');
INSERT INTO `conference_staff` (`id`, `conference_id`, `staff_id`, `created_at`) VALUES (1258, 2047, 4, '2024-11-07 10:42:50');
INSERT INTO `conference_staff` (`id`, `conference_id`, `staff_id`, `created_at`) VALUES (1259, 2047, 10, '2024-11-07 10:42:50');
INSERT INTO `conference_staff` (`id`, `conference_id`, `staff_id`, `created_at`) VALUES (1260, 2047, 11, '2024-11-07 10:42:50');
INSERT INTO `conference_staff` (`id`, `conference_id`, `staff_id`, `created_at`) VALUES (1261, 2047, 12, '2024-11-07 10:42:50');
INSERT INTO `conference_staff` (`id`, `conference_id`, `staff_id`, `created_at`) VALUES (1262, 2048, 2, '2024-11-07 10:47:57');
INSERT INTO `conference_staff` (`id`, `conference_id`, `staff_id`, `created_at`) VALUES (1263, 2048, 4, '2024-11-07 10:47:57');
INSERT INTO `conference_staff` (`id`, `conference_id`, `staff_id`, `created_at`) VALUES (1264, 2048, 6, '2024-11-07 10:47:57');
INSERT INTO `conference_staff` (`id`, `conference_id`, `staff_id`, `created_at`) VALUES (1265, 2048, 9, '2024-11-07 10:47:57');
INSERT INTO `conference_staff` (`id`, `conference_id`, `staff_id`, `created_at`) VALUES (1266, 2048, 11, '2024-11-07 10:47:57');
INSERT INTO `conference_staff` (`id`, `conference_id`, `staff_id`, `created_at`) VALUES (1267, 2048, 12, '2024-11-07 10:47:57');
INSERT INTO `conference_staff` (`id`, `conference_id`, `staff_id`, `created_at`) VALUES (1268, 2048, 16, '2024-11-07 10:47:57');
INSERT INTO `conference_staff` (`id`, `conference_id`, `staff_id`, `created_at`) VALUES (1269, 2049, 2, '2024-11-07 10:48:18');
INSERT INTO `conference_staff` (`id`, `conference_id`, `staff_id`, `created_at`) VALUES (1270, 2049, 4, '2024-11-07 10:48:18');
INSERT INTO `conference_staff` (`id`, `conference_id`, `staff_id`, `created_at`) VALUES (1271, 2049, 5, '2024-11-07 10:48:18');
INSERT INTO `conference_staff` (`id`, `conference_id`, `staff_id`, `created_at`) VALUES (1272, 2049, 6, '2024-11-07 10:48:18');
INSERT INTO `conference_staff` (`id`, `conference_id`, `staff_id`, `created_at`) VALUES (1273, 2049, 11, '2024-11-07 10:48:18');
INSERT INTO `conference_staff` (`id`, `conference_id`, `staff_id`, `created_at`) VALUES (1274, 2049, 12, '2024-11-07 10:48:18');
INSERT INTO `conference_staff` (`id`, `conference_id`, `staff_id`, `created_at`) VALUES (1275, 2049, 13, '2024-11-07 10:48:18');
INSERT INTO `conference_staff` (`id`, `conference_id`, `staff_id`, `created_at`) VALUES (1276, 2050, 2, '2024-11-07 10:48:48');
INSERT INTO `conference_staff` (`id`, `conference_id`, `staff_id`, `created_at`) VALUES (1277, 2050, 4, '2024-11-07 10:48:48');
INSERT INTO `conference_staff` (`id`, `conference_id`, `staff_id`, `created_at`) VALUES (1278, 2050, 5, '2024-11-07 10:48:48');
INSERT INTO `conference_staff` (`id`, `conference_id`, `staff_id`, `created_at`) VALUES (1279, 2050, 9, '2024-11-07 10:48:48');
INSERT INTO `conference_staff` (`id`, `conference_id`, `staff_id`, `created_at`) VALUES (1280, 2050, 10, '2024-11-07 10:48:48');
INSERT INTO `conference_staff` (`id`, `conference_id`, `staff_id`, `created_at`) VALUES (1281, 2050, 12, '2024-11-07 10:48:48');
INSERT INTO `conference_staff` (`id`, `conference_id`, `staff_id`, `created_at`) VALUES (1282, 2050, 13, '2024-11-07 10:48:48');
INSERT INTO `conference_staff` (`id`, `conference_id`, `staff_id`, `created_at`) VALUES (1283, 2050, 14, '2024-11-07 10:48:48');
INSERT INTO `conference_staff` (`id`, `conference_id`, `staff_id`, `created_at`) VALUES (1284, 2050, 15, '2024-11-07 10:48:48');
INSERT INTO `conference_staff` (`id`, `conference_id`, `staff_id`, `created_at`) VALUES (1285, 2050, 16, '2024-11-07 10:48:48');
INSERT INTO `conference_staff` (`id`, `conference_id`, `staff_id`, `created_at`) VALUES (1286, 2051, 2, '2024-11-07 10:49:09');
INSERT INTO `conference_staff` (`id`, `conference_id`, `staff_id`, `created_at`) VALUES (1287, 2051, 4, '2024-11-07 10:49:09');
INSERT INTO `conference_staff` (`id`, `conference_id`, `staff_id`, `created_at`) VALUES (1288, 2051, 11, '2024-11-07 10:49:09');
INSERT INTO `conference_staff` (`id`, `conference_id`, `staff_id`, `created_at`) VALUES (1289, 2051, 12, '2024-11-07 10:49:09');
INSERT INTO `conference_staff` (`id`, `conference_id`, `staff_id`, `created_at`) VALUES (1290, 2065, 2, '2024-12-05 09:18:02');
INSERT INTO `conference_staff` (`id`, `conference_id`, `staff_id`, `created_at`) VALUES (1291, 2065, 4, '2024-12-05 09:18:02');
INSERT INTO `conference_staff` (`id`, `conference_id`, `staff_id`, `created_at`) VALUES (1292, 2065, 10, '2024-12-05 09:18:02');
INSERT INTO `conference_staff` (`id`, `conference_id`, `staff_id`, `created_at`) VALUES (1293, 2065, 11, '2024-12-05 09:18:02');
INSERT INTO `conference_staff` (`id`, `conference_id`, `staff_id`, `created_at`) VALUES (1294, 2065, 12, '2024-12-05 09:18:02');
INSERT INTO `conference_staff` (`id`, `conference_id`, `staff_id`, `created_at`) VALUES (1295, 2065, 13, '2024-12-05 09:18:02');
INSERT INTO `conference_staff` (`id`, `conference_id`, `staff_id`, `created_at`) VALUES (1296, 2065, 16, '2024-12-05 09:18:02');
INSERT INTO `conference_staff` (`id`, `conference_id`, `staff_id`, `created_at`) VALUES (1297, 2066, 2, '2024-12-05 09:18:31');
INSERT INTO `conference_staff` (`id`, `conference_id`, `staff_id`, `created_at`) VALUES (1298, 2066, 4, '2024-12-05 09:18:31');
INSERT INTO `conference_staff` (`id`, `conference_id`, `staff_id`, `created_at`) VALUES (1299, 2066, 5, '2024-12-05 09:18:31');
INSERT INTO `conference_staff` (`id`, `conference_id`, `staff_id`, `created_at`) VALUES (1300, 2066, 10, '2024-12-05 09:18:31');
INSERT INTO `conference_staff` (`id`, `conference_id`, `staff_id`, `created_at`) VALUES (1301, 2066, 11, '2024-12-05 09:18:31');
INSERT INTO `conference_staff` (`id`, `conference_id`, `staff_id`, `created_at`) VALUES (1302, 2066, 12, '2024-12-05 09:18:31');
INSERT INTO `conference_staff` (`id`, `conference_id`, `staff_id`, `created_at`) VALUES (1303, 2066, 14, '2024-12-05 09:18:31');
INSERT INTO `conference_staff` (`id`, `conference_id`, `staff_id`, `created_at`) VALUES (1304, 2066, 16, '2024-12-05 09:18:31');
INSERT INTO `conference_staff` (`id`, `conference_id`, `staff_id`, `created_at`) VALUES (1305, 2067, 2, '2024-12-05 09:25:44');
INSERT INTO `conference_staff` (`id`, `conference_id`, `staff_id`, `created_at`) VALUES (1306, 2067, 4, '2024-12-05 09:25:44');
INSERT INTO `conference_staff` (`id`, `conference_id`, `staff_id`, `created_at`) VALUES (1307, 2067, 6, '2024-12-05 09:25:44');
INSERT INTO `conference_staff` (`id`, `conference_id`, `staff_id`, `created_at`) VALUES (1308, 2067, 9, '2024-12-05 09:25:44');
INSERT INTO `conference_staff` (`id`, `conference_id`, `staff_id`, `created_at`) VALUES (1309, 2067, 11, '2024-12-05 09:25:44');
INSERT INTO `conference_staff` (`id`, `conference_id`, `staff_id`, `created_at`) VALUES (1310, 2067, 12, '2024-12-05 09:25:44');
INSERT INTO `conference_staff` (`id`, `conference_id`, `staff_id`, `created_at`) VALUES (1311, 2067, 14, '2024-12-05 09:25:44');
INSERT INTO `conference_staff` (`id`, `conference_id`, `staff_id`, `created_at`) VALUES (1312, 2067, 16, '2024-12-05 09:25:44');
INSERT INTO `conference_staff` (`id`, `conference_id`, `staff_id`, `created_at`) VALUES (1313, 2068, 2, '2024-12-05 09:26:11');
INSERT INTO `conference_staff` (`id`, `conference_id`, `staff_id`, `created_at`) VALUES (1314, 2068, 4, '2024-12-05 09:26:11');
INSERT INTO `conference_staff` (`id`, `conference_id`, `staff_id`, `created_at`) VALUES (1315, 2068, 5, '2024-12-05 09:26:11');
INSERT INTO `conference_staff` (`id`, `conference_id`, `staff_id`, `created_at`) VALUES (1316, 2068, 6, '2024-12-05 09:26:11');
INSERT INTO `conference_staff` (`id`, `conference_id`, `staff_id`, `created_at`) VALUES (1317, 2068, 9, '2024-12-05 09:26:11');
INSERT INTO `conference_staff` (`id`, `conference_id`, `staff_id`, `created_at`) VALUES (1318, 2068, 10, '2024-12-05 09:26:11');
INSERT INTO `conference_staff` (`id`, `conference_id`, `staff_id`, `created_at`) VALUES (1319, 2068, 11, '2024-12-05 09:26:11');
INSERT INTO `conference_staff` (`id`, `conference_id`, `staff_id`, `created_at`) VALUES (1320, 2068, 12, '2024-12-05 09:26:11');
INSERT INTO `conference_staff` (`id`, `conference_id`, `staff_id`, `created_at`) VALUES (1321, 2068, 13, '2024-12-05 09:26:11');
INSERT INTO `conference_staff` (`id`, `conference_id`, `staff_id`, `created_at`) VALUES (1322, 2068, 14, '2024-12-05 09:26:11');
INSERT INTO `conference_staff` (`id`, `conference_id`, `staff_id`, `created_at`) VALUES (1323, 2068, 15, '2024-12-05 09:26:11');
INSERT INTO `conference_staff` (`id`, `conference_id`, `staff_id`, `created_at`) VALUES (1324, 2068, 16, '2024-12-05 09:26:11');
INSERT INTO `conference_staff` (`id`, `conference_id`, `staff_id`, `created_at`) VALUES (1325, 2069, 2, '2024-12-05 09:27:24');
INSERT INTO `conference_staff` (`id`, `conference_id`, `staff_id`, `created_at`) VALUES (1326, 2069, 4, '2024-12-05 09:27:24');
INSERT INTO `conference_staff` (`id`, `conference_id`, `staff_id`, `created_at`) VALUES (1327, 2069, 5, '2024-12-05 09:27:24');
INSERT INTO `conference_staff` (`id`, `conference_id`, `staff_id`, `created_at`) VALUES (1328, 2069, 6, '2024-12-05 09:27:24');
INSERT INTO `conference_staff` (`id`, `conference_id`, `staff_id`, `created_at`) VALUES (1329, 2069, 9, '2024-12-05 09:27:24');
INSERT INTO `conference_staff` (`id`, `conference_id`, `staff_id`, `created_at`) VALUES (1330, 2069, 13, '2024-12-05 09:27:24');
INSERT INTO `conference_staff` (`id`, `conference_id`, `staff_id`, `created_at`) VALUES (1331, 2069, 14, '2024-12-05 09:27:24');
INSERT INTO `conference_staff` (`id`, `conference_id`, `staff_id`, `created_at`) VALUES (1332, 2070, 2, '2024-12-05 09:27:59');
INSERT INTO `conference_staff` (`id`, `conference_id`, `staff_id`, `created_at`) VALUES (1333, 2070, 4, '2024-12-05 09:27:59');
INSERT INTO `conference_staff` (`id`, `conference_id`, `staff_id`, `created_at`) VALUES (1334, 2070, 6, '2024-12-05 09:27:59');
INSERT INTO `conference_staff` (`id`, `conference_id`, `staff_id`, `created_at`) VALUES (1335, 2070, 10, '2024-12-05 09:27:59');
INSERT INTO `conference_staff` (`id`, `conference_id`, `staff_id`, `created_at`) VALUES (1336, 2070, 11, '2024-12-05 09:27:59');
INSERT INTO `conference_staff` (`id`, `conference_id`, `staff_id`, `created_at`) VALUES (1337, 2070, 12, '2024-12-05 09:27:59');
INSERT INTO `conference_staff` (`id`, `conference_id`, `staff_id`, `created_at`) VALUES (1338, 2070, 14, '2024-12-05 09:27:59');
INSERT INTO `conference_staff` (`id`, `conference_id`, `staff_id`, `created_at`) VALUES (1339, 2070, 16, '2024-12-05 09:27:59');
INSERT INTO `conference_staff` (`id`, `conference_id`, `staff_id`, `created_at`) VALUES (1340, 2071, 1, '2024-12-05 09:29:30');
INSERT INTO `conference_staff` (`id`, `conference_id`, `staff_id`, `created_at`) VALUES (1341, 2071, 2, '2024-12-05 09:29:30');
INSERT INTO `conference_staff` (`id`, `conference_id`, `staff_id`, `created_at`) VALUES (1342, 2071, 4, '2024-12-05 09:29:30');
INSERT INTO `conference_staff` (`id`, `conference_id`, `staff_id`, `created_at`) VALUES (1343, 2071, 5, '2024-12-05 09:29:30');
INSERT INTO `conference_staff` (`id`, `conference_id`, `staff_id`, `created_at`) VALUES (1344, 2071, 6, '2024-12-05 09:29:30');
INSERT INTO `conference_staff` (`id`, `conference_id`, `staff_id`, `created_at`) VALUES (1345, 2071, 9, '2024-12-05 09:29:30');
INSERT INTO `conference_staff` (`id`, `conference_id`, `staff_id`, `created_at`) VALUES (1346, 2071, 10, '2024-12-05 09:29:30');
INSERT INTO `conference_staff` (`id`, `conference_id`, `staff_id`, `created_at`) VALUES (1347, 2071, 11, '2024-12-05 09:29:30');
INSERT INTO `conference_staff` (`id`, `conference_id`, `staff_id`, `created_at`) VALUES (1348, 2071, 12, '2024-12-05 09:29:30');
INSERT INTO `conference_staff` (`id`, `conference_id`, `staff_id`, `created_at`) VALUES (1349, 2071, 13, '2024-12-05 09:29:30');
INSERT INTO `conference_staff` (`id`, `conference_id`, `staff_id`, `created_at`) VALUES (1350, 2071, 15, '2024-12-05 09:29:30');
INSERT INTO `conference_staff` (`id`, `conference_id`, `staff_id`, `created_at`) VALUES (1351, 2071, 16, '2024-12-05 09:29:30');


#
# TABLE STRUCTURE FOR: conferences
#


CREATE TABLE `conferences` (
  `id` int NOT NULL AUTO_INCREMENT,
  `purpose` varchar(200) NOT NULL,
  `staff_id` int DEFAULT NULL,
  `patient_id` int DEFAULT NULL,
  `visit_details_id` int DEFAULT NULL,
  `ipd_id` int DEFAULT NULL,
  `created_id` int DEFAULT NULL,
  `title` text,
  `date` datetime NOT NULL,
  `duration` int NOT NULL,
  `password` varchar(100) NOT NULL,
  `host_video` int NOT NULL,
  `client_video` int NOT NULL,
  `description` mediumtext,
  `timezone` text,
  `return_response` text,
  `api_type` varchar(50) NOT NULL,
  `status` int NOT NULL,
  `live_consult_link` int NOT NULL DEFAULT '1' COMMENT 'appointment zoom link for front user status',
  `created_at` timestamp NOT NULL DEFAULT CURRENT_TIMESTAMP ON UPDATE CURRENT_TIMESTAMP,
  PRIMARY KEY (`id`),
  KEY `staff_id` (`staff_id`),
  KEY `patient_id` (`patient_id`),
  KEY `visit_details_id` (`visit_details_id`),
  KEY `ipd_id` (`ipd_id`),
  KEY `created_id` (`created_id`),
  CONSTRAINT `conferences_ibfk_1` FOREIGN KEY (`staff_id`) REFERENCES `staff` (`id`) ON DELETE CASCADE,
  CONSTRAINT `conferences_ibfk_2` FOREIGN KEY (`patient_id`) REFERENCES `patients` (`id`) ON DELETE CASCADE,
  CONSTRAINT `conferences_ibfk_3` FOREIGN KEY (`visit_details_id`) REFERENCES `visit_details` (`id`) ON DELETE CASCADE,
  CONSTRAINT `conferences_ibfk_4` FOREIGN KEY (`ipd_id`) REFERENCES `ipd_details` (`id`) ON DELETE CASCADE,
  CONSTRAINT `conferences_ibfk_5` FOREIGN KEY (`created_id`) REFERENCES `staff` (`id`) ON DELETE CASCADE
) ENGINE=InnoDB AUTO_INCREMENT=2100 DEFAULT CHARSET=utf8mb3;

INSERT INTO `conferences` (`id`, `purpose`, `staff_id`, `patient_id`, `visit_details_id`, `ipd_id`, `created_id`, `title`, `date`, `duration`, `password`, `host_video`, `client_video`, `description`, `timezone`, `return_response`, `api_type`, `status`, `live_consult_link`, `created_at`) VALUES (5, 'consult', 11, NULL, 13, NULL, 1, 'Online consult for Revisit OPDN13', '2021-10-30 10:00:00', 45, 'XzGTx', 1, 1, NULL, 'UTC', '{\"uuid\":\"W62VwjPQR9ywp8+AGkSkew==\",\"id\":73077814668,\"host_id\":\"O-DGVhFGT9aCYPO_Sx5eig\",\"host_email\":\"garimas663@gmail.com\",\"topic\":\"Online consult for Revisit OPDN13\",\"type\":2,\"status\":\"waiting\",\"start_time\":\"2021-10-30T10:00:00Z\",\"duration\":45,\"timezone\":\"UTC\",\"created_at\":\"2021-10-26T10:38:24Z\",\"start_url\":\"https:\\/\\/us04web.zoom.us\\/s\\/73077814668?zak=eyJ0eXAiOiJKV1QiLCJzdiI6IjAwMDAwMSIsInptX3NrbSI6InptX28ybSIsImFsZyI6IkhTMjU2In0.eyJhdWQiOiJjbGllbnRzbSIsInVpZCI6Ik8tREdWaEZHVDlhQ1lQT19TeDVlaWciLCJpc3MiOiJ3ZWIiLCJzdHkiOjEsIndjZCI6InVzMDQiLCJjbHQiOjAsIm1udW0iOiI3MzA3NzgxNDY2OCIsInN0ayI6IkNoZDNZVU95dGZvLVZsU0VPc0lkek1tN1JNNEphSzZablVoYm90ODhucmMuQUcuUHJFb3k2QlNHQzNqNVVMdVdNZl9OWXY1WUhxQ3dLWEhaeGppSHVyUDVwZUFIVnlWYTZVYlYtSU1fMDVQU0NaU2JvTVVwVlc0ZlFCajl0VnIubDRETHE3ZE1rVFFTX2g3SnoweUNrdy5zcDcxNklEZXNPS0ZRSVJwIiwiZXhwIjoxNjM1MjUxOTA0LCJpYXQiOjE2MzUyNDQ3MDQsImFpZCI6IlIxeDRyckNiUUVDNUN5UFJqUHUxY2ciLCJjaWQiOiIifQ.If8Juq3iArZYdlpB2UdHHTBnrnO8FI-Pic2eqR-_rHs\",\"join_url\":\"https:\\/\\/us04web.zoom.us\\/j\\/73077814668?pwd=N2ZtNFhQcVVVNGdvcG9YeWJPMDJzQT09\",\"password\":\"XzGTx\",\"h323_password\":\"756168\",\"pstn_password\":\"756168\",\"encrypted_password\":\"N2ZtNFhQcVVVNGdvcG9YeWJPMDJzQT09\",\"settings\":{\"host_video\":true,\"participant_video\":true,\"cn_meeting\":false,\"in_meeting\":false,\"join_before_host\":false,\"jbh_time\":0,\"mute_upon_entry\":false,\"watermark\":false,\"use_pmi\":false,\"approval_type\":2,\"audio\":\"voip\",\"auto_recording\":\"none\",\"enforce_login\":false,\"enforce_login_domains\":\"\",\"alternative_hosts\":\"\",\"close_registration\":false,\"show_share_button\":false,\"allow_multiple_devices\":false,\"registrants_confirmation_email\":true,\"waiting_room\":true,\"request_permission_to_unmute_participants\":false,\"registrants_email_notification\":true,\"meeting_authentication\":false,\"encryption_type\":\"enhanced_encryption\",\"approved_or_denied_countries_or_regions\":{\"enable\":false},\"breakout_room\":{\"enable\":false},\"alternative_hosts_email_notification\":true,\"device_testing\":false},\"pre_schedule\":false}', 'global', 0, 1, '2021-10-26 10:38:24');
INSERT INTO `conferences` (`id`, `purpose`, `staff_id`, `patient_id`, `visit_details_id`, `ipd_id`, `created_id`, `title`, `date`, `duration`, `password`, `host_video`, `client_video`, `description`, `timezone`, `return_response`, `api_type`, `status`, `live_consult_link`, `created_at`) VALUES (8, 'consult', 11, NULL, 16, NULL, 1, 'Online consult for OPDN16 Checkup ID 16', '2021-10-15 18:00:00', 45, 'zaoUj', 1, 1, NULL, 'UTC', '{\"uuid\":\"Lx57gFagTaeqUL9nzpmfrA==\",\"id\":72997316293,\"host_id\":\"O-DGVhFGT9aCYPO_Sx5eig\",\"host_email\":\"garimas663@gmail.com\",\"topic\":\"Online consult for OPDN16 Checkup ID 16\",\"type\":2,\"status\":\"waiting\",\"start_time\":\"2021-10-26T12:52:28Z\",\"duration\":45,\"timezone\":\"UTC\",\"created_at\":\"2021-10-26T12:52:28Z\",\"start_url\":\"https:\\/\\/us04web.zoom.us\\/s\\/72997316293?zak=eyJ0eXAiOiJKV1QiLCJzdiI6IjAwMDAwMSIsInptX3NrbSI6InptX28ybSIsImFsZyI6IkhTMjU2In0.eyJhdWQiOiJjbGllbnRzbSIsInVpZCI6Ik8tREdWaEZHVDlhQ1lQT19TeDVlaWciLCJpc3MiOiJ3ZWIiLCJzdHkiOjEsIndjZCI6InVzMDQiLCJjbHQiOjAsIm1udW0iOiI3Mjk5NzMxNjI5MyIsInN0ayI6InpET0JmS1d6d2JSa3pRS3ZGMHVKcWdpVWZkdXFadDZSS0FnRGJOMGsyZ3cuQUcuc0pjODB4LUxEU3pRRTdIVndJcnViOU0tY1l0QmYzeTFyN051WjNzNUJ2RjhWVjNzTUtsdmRWNDFmWU1lUmlldXRDbVlvcUJnWnU2QzA0Z1cuWU8tQUtmd0VDV2xldUp6ZXkyc1NhUS52MVdzdFo1c3UzMXNLWEt1IiwiZXhwIjoxNjM1MjU5OTQ4LCJpYXQiOjE2MzUyNTI3NDgsImFpZCI6IlIxeDRyckNiUUVDNUN5UFJqUHUxY2ciLCJjaWQiOiIifQ.Y3q6pICwdRGwrnfO0M0duNGUeH3BpU2UKuS8IMpKsko\",\"join_url\":\"https:\\/\\/us04web.zoom.us\\/j\\/72997316293?pwd=eFNkWXNoWHZCMXBtc2JvQzJiZmsyQT09\",\"password\":\"zaoUj\",\"h323_password\":\"438034\",\"pstn_password\":\"438034\",\"encrypted_password\":\"eFNkWXNoWHZCMXBtc2JvQzJiZmsyQT09\",\"settings\":{\"host_video\":true,\"participant_video\":true,\"cn_meeting\":false,\"in_meeting\":false,\"join_before_host\":false,\"jbh_time\":0,\"mute_upon_entry\":false,\"watermark\":false,\"use_pmi\":false,\"approval_type\":2,\"audio\":\"voip\",\"auto_recording\":\"none\",\"enforce_login\":false,\"enforce_login_domains\":\"\",\"alternative_hosts\":\"\",\"close_registration\":false,\"show_share_button\":false,\"allow_multiple_devices\":false,\"registrants_confirmation_email\":true,\"waiting_room\":true,\"request_permission_to_unmute_participants\":false,\"registrants_email_notification\":true,\"meeting_authentication\":false,\"encryption_type\":\"enhanced_encryption\",\"approved_or_denied_countries_or_regions\":{\"enable\":false},\"breakout_room\":{\"enable\":false},\"alternative_hosts_email_notification\":true,\"device_testing\":false},\"pre_schedule\":false}', 'global', 0, 1, '2021-10-26 12:52:28');
INSERT INTO `conferences` (`id`, `purpose`, `staff_id`, `patient_id`, `visit_details_id`, `ipd_id`, `created_id`, `title`, `date`, `duration`, `password`, `host_video`, `client_video`, `description`, `timezone`, `return_response`, `api_type`, `status`, `live_consult_link`, `created_at`) VALUES (13, 'consult', 11, NULL, 18, NULL, 1, 'Online consult for Revisit OPDN18', '2021-10-28 00:00:00', 45, 'JyRLL', 1, 1, NULL, 'UTC', '{\"uuid\":\"Yuv\\/RqdeTLmnxwPuycs\\/fA==\",\"id\":76350139241,\"host_id\":\"O-DGVhFGT9aCYPO_Sx5eig\",\"host_email\":\"garimas663@gmail.com\",\"topic\":\"Online consult for Revisit OPDN18\",\"type\":2,\"status\":\"waiting\",\"start_time\":\"2021-10-28T08:47:34Z\",\"duration\":45,\"timezone\":\"UTC\",\"created_at\":\"2021-10-28T08:47:34Z\",\"start_url\":\"https:\\/\\/us04web.zoom.us\\/s\\/76350139241?zak=eyJ0eXAiOiJKV1QiLCJzdiI6IjAwMDAwMSIsInptX3NrbSI6InptX28ybSIsImFsZyI6IkhTMjU2In0.eyJhdWQiOiJjbGllbnRzbSIsInVpZCI6Ik8tREdWaEZHVDlhQ1lQT19TeDVlaWciLCJpc3MiOiJ3ZWIiLCJzdHkiOjEsIndjZCI6InVzMDQiLCJjbHQiOjAsIm1udW0iOiI3NjM1MDEzOTI0MSIsInN0ayI6InFac3JPWDdoczRTNURucmdLREpIN09EbUFuWThfR1FQYXk5UDYwd3paLXcuQUcuWUV5VkRQZURMWWNObDJfVGhONXM0X0VKbUhvS005X3FOU01JZVVELXZsNWo1OVVwcE5ZRkEyTzBac3Jyb0tENkI0OE9qZ0JSNkJfMXN4UWguNm9rQ196Mm1XWlEyYml2dnNKZER3Zy5ZVVY2MVRTLUxEa0JGc3NiIiwiZXhwIjoxNjM1NDE4MDU0LCJpYXQiOjE2MzU0MTA4NTQsImFpZCI6IlIxeDRyckNiUUVDNUN5UFJqUHUxY2ciLCJjaWQiOiIifQ.XvL3lhzStPQd0BMmfxwwh2rBvghP66DMT-iBN5y7iaM\",\"join_url\":\"https:\\/\\/us04web.zoom.us\\/j\\/76350139241?pwd=U0VvMm9VU0NwYy9zb3VrbXlZL2Yydz09\",\"password\":\"JyRLL\",\"h323_password\":\"270353\",\"pstn_password\":\"270353\",\"encrypted_password\":\"U0VvMm9VU0NwYy9zb3VrbXlZL2Yydz09\",\"settings\":{\"host_video\":true,\"participant_video\":true,\"cn_meeting\":false,\"in_meeting\":false,\"join_before_host\":false,\"jbh_time\":0,\"mute_upon_entry\":false,\"watermark\":false,\"use_pmi\":false,\"approval_type\":2,\"audio\":\"voip\",\"auto_recording\":\"none\",\"enforce_login\":false,\"enforce_login_domains\":\"\",\"alternative_hosts\":\"\",\"close_registration\":false,\"show_share_button\":false,\"allow_multiple_devices\":false,\"registrants_confirmation_email\":true,\"waiting_room\":true,\"request_permission_to_unmute_participants\":false,\"registrants_email_notification\":true,\"meeting_authentication\":false,\"encryption_type\":\"enhanced_encryption\",\"approved_or_denied_countries_or_regions\":{\"enable\":false},\"breakout_room\":{\"enable\":false},\"alternative_hosts_email_notification\":true,\"device_testing\":false},\"pre_schedule\":false}', 'global', 0, 1, '2021-10-28 08:47:34');
INSERT INTO `conferences` (`id`, `purpose`, `staff_id`, `patient_id`, `visit_details_id`, `ipd_id`, `created_id`, `title`, `date`, `duration`, `password`, `host_video`, `client_video`, `description`, `timezone`, `return_response`, `api_type`, `status`, `live_consult_link`, `created_at`) VALUES (14, 'consult', 11, NULL, NULL, 8, 1, 'Online consult for IPDN8', '2021-10-29 14:20:00', 40, '7rlyY', 1, 1, NULL, 'UTC', '{\"uuid\":\"8QmqeSCmR2KeSeIyANSi0A==\",\"id\":75466495191,\"host_id\":\"O-DGVhFGT9aCYPO_Sx5eig\",\"host_email\":\"garimas663@gmail.com\",\"topic\":\"Online consult for IPDN8\",\"type\":2,\"status\":\"waiting\",\"start_time\":\"2021-10-29T14:20:00Z\",\"duration\":40,\"timezone\":\"UTC\",\"created_at\":\"2021-10-28T08:51:33Z\",\"start_url\":\"https:\\/\\/us04web.zoom.us\\/s\\/75466495191?zak=eyJ0eXAiOiJKV1QiLCJzdiI6IjAwMDAwMSIsInptX3NrbSI6InptX28ybSIsImFsZyI6IkhTMjU2In0.eyJhdWQiOiJjbGllbnRzbSIsInVpZCI6Ik8tREdWaEZHVDlhQ1lQT19TeDVlaWciLCJpc3MiOiJ3ZWIiLCJzdHkiOjEsIndjZCI6InVzMDQiLCJjbHQiOjAsIm1udW0iOiI3NTQ2NjQ5NTE5MSIsInN0ayI6IkptSVJyY0VzMGpEaUNyTm9pbS1za3NVZ1M2UWxaVlo2bERrblpQRlpFYXcuQUcuUXZCaGtUMTJVSGZLSXhBYWtOQkprZ1NBZ1ZtSzJVcXhzRm10QmVUMWZMTm94Q1AtbmNTby1hSC1mMndIbzZJV0FKRFh3bjRHbmdTNEdFcVguSTFJUWZhai1GeTI2b1JsZVg4TFVYQS5oeVlzTlAySmNqcHFQb29BIiwiZXhwIjoxNjM1NDE4MjkzLCJpYXQiOjE2MzU0MTEwOTMsImFpZCI6IlIxeDRyckNiUUVDNUN5UFJqUHUxY2ciLCJjaWQiOiIifQ.S9rm9SfqDwNT4pFKi0TwsFFD9rRZZVs1I3wUEgI12RE\",\"join_url\":\"https:\\/\\/us04web.zoom.us\\/j\\/75466495191?pwd=cTNsR05sV1hJWWErZnUzU2sva1g1Zz09\",\"password\":\"7rlyY\",\"h323_password\":\"098680\",\"pstn_password\":\"098680\",\"encrypted_password\":\"cTNsR05sV1hJWWErZnUzU2sva1g1Zz09\",\"settings\":{\"host_video\":true,\"participant_video\":true,\"cn_meeting\":false,\"in_meeting\":false,\"join_before_host\":false,\"jbh_time\":0,\"mute_upon_entry\":false,\"watermark\":false,\"use_pmi\":false,\"approval_type\":2,\"audio\":\"voip\",\"auto_recording\":\"none\",\"enforce_login\":false,\"enforce_login_domains\":\"\",\"alternative_hosts\":\"\",\"close_registration\":false,\"show_share_button\":false,\"allow_multiple_devices\":false,\"registrants_confirmation_email\":true,\"waiting_room\":true,\"request_permission_to_unmute_participants\":false,\"registrants_email_notification\":true,\"meeting_authentication\":false,\"encryption_type\":\"enhanced_encryption\",\"approved_or_denied_countries_or_regions\":{\"enable\":false},\"breakout_room\":{\"enable\":false},\"alternative_hosts_email_notification\":true,\"device_testing\":false},\"pre_schedule\":false}', 'global', 0, 1, '2021-10-28 08:51:33');
INSERT INTO `conferences` (`id`, `purpose`, `staff_id`, `patient_id`, `visit_details_id`, `ipd_id`, `created_id`, `title`, `date`, `duration`, `password`, `host_video`, `client_video`, `description`, `timezone`, `return_response`, `api_type`, `status`, `live_consult_link`, `created_at`) VALUES (59, 'consult', 11, NULL, NULL, 14, 1, 'Online consult for IPDN14', '2021-12-02 10:00:00', 40, '0q6hr', 1, 1, NULL, 'UTC', '{\"uuid\":\"MtxA6E6DR5Cyo8uCJiP20g==\",\"id\":76819118324,\"host_id\":\"O-DGVhFGT9aCYPO_Sx5eig\",\"host_email\":\"garimas663@gmail.com\",\"topic\":\"Online consult for IPDN14\",\"type\":2,\"status\":\"waiting\",\"start_time\":\"2021-12-02T10:00:00Z\",\"duration\":40,\"timezone\":\"UTC\",\"created_at\":\"2021-12-02T09:40:34Z\",\"start_url\":\"https:\\/\\/us04web.zoom.us\\/s\\/76819118324?zak=eyJ0eXAiOiJKV1QiLCJzdiI6IjAwMDAwMSIsInptX3NrbSI6InptX28ybSIsImFsZyI6IkhTMjU2In0.eyJhdWQiOiJjbGllbnRzbSIsInVpZCI6Ik8tREdWaEZHVDlhQ1lQT19TeDVlaWciLCJpc3MiOiJ3ZWIiLCJzdHkiOjEsIndjZCI6InVzMDQiLCJjbHQiOjAsIm1udW0iOiI3NjgxOTExODMyNCIsInN0ayI6IlppS21pVEc3aWMwcHVsNk9MaXlWZnc0NERGMUFTUmIybmFjbUNOUXNVRUUuQUcuUlJHOG9yQWtwOENPY051YTh0UDhySmZFb3o5aXk3WExOQTdvMjVLNURXQ1RfOTVPcXJHU1VMakhwX0Vubm1ab3Jnc25mUmIxZURBRkNwQUIuaEhZdWFBQ2VEakhfZ2lMbzRUQ0lPUS5ub3ZTaHJZdTlzREtESlNpIiwiZXhwIjoxNjM4NDQ1MjM0LCJpYXQiOjE2Mzg0MzgwMzQsImFpZCI6IlIxeDRyckNiUUVDNUN5UFJqUHUxY2ciLCJjaWQiOiIifQ.qZ0D1uFQjUQGleBMgR_DkzfB_cgcFr4Dshi2RCkry_s\",\"join_url\":\"https:\\/\\/us04web.zoom.us\\/j\\/76819118324?pwd=VVBFM0hrSDloSEFManBPeUdrVHNTdz09\",\"password\":\"0q6hr\",\"h323_password\":\"570150\",\"pstn_password\":\"570150\",\"encrypted_password\":\"VVBFM0hrSDloSEFManBPeUdrVHNTdz09\",\"settings\":{\"host_video\":true,\"participant_video\":true,\"cn_meeting\":false,\"in_meeting\":false,\"join_before_host\":false,\"jbh_time\":0,\"mute_upon_entry\":false,\"watermark\":false,\"use_pmi\":false,\"approval_type\":2,\"audio\":\"voip\",\"auto_recording\":\"none\",\"enforce_login\":false,\"enforce_login_domains\":\"\",\"alternative_hosts\":\"\",\"close_registration\":false,\"show_share_button\":false,\"allow_multiple_devices\":false,\"registrants_confirmation_email\":true,\"waiting_room\":true,\"request_permission_to_unmute_participants\":false,\"registrants_email_notification\":true,\"meeting_authentication\":false,\"encryption_type\":\"enhanced_encryption\",\"approved_or_denied_countries_or_regions\":{\"enable\":false},\"breakout_room\":{\"enable\":false},\"alternative_hosts_email_notification\":true,\"device_testing\":false,\"focus_mode\":false},\"pre_schedule\":false}', 'global', 0, 1, '2021-12-02 09:40:34');
INSERT INTO `conferences` (`id`, `purpose`, `staff_id`, `patient_id`, `visit_details_id`, `ipd_id`, `created_id`, `title`, `date`, `duration`, `password`, `host_video`, `client_video`, `description`, `timezone`, `return_response`, `api_type`, `status`, `live_consult_link`, `created_at`) VALUES (107, 'consult', 11, NULL, NULL, 21, 1, 'Online consult for IPDN21', '2022-02-07 16:00:00', 40, 'nRWSv', 1, 1, NULL, 'UTC', '{\"uuid\":\"FfzLZzxjQKuKLQy121nCYQ==\",\"id\":71079636040,\"host_id\":\"O-DGVhFGT9aCYPO_Sx5eig\",\"host_email\":\"garimas663@gmail.com\",\"topic\":\"Online consult for IPDN21\",\"type\":2,\"status\":\"waiting\",\"start_time\":\"2022-02-07T16:00:00Z\",\"duration\":40,\"timezone\":\"UTC\",\"created_at\":\"2022-02-03T11:28:32Z\",\"start_url\":\"https:\\/\\/us04web.zoom.us\\/s\\/71079636040?zak=eyJ0eXAiOiJKV1QiLCJzdiI6IjAwMDAwMSIsInptX3NrbSI6InptX28ybSIsImFsZyI6IkhTMjU2In0.eyJhdWQiOiJjbGllbnRzbSIsInVpZCI6Ik8tREdWaEZHVDlhQ1lQT19TeDVlaWciLCJpc3MiOiJ3ZWIiLCJzayI6IjAiLCJzdHkiOjEsIndjZCI6InVzMDQiLCJjbHQiOjAsIm1udW0iOiI3MTA3OTYzNjA0MCIsImV4cCI6MTY0Mzg5NDkxMiwiaWF0IjoxNjQzODg3NzEyLCJhaWQiOiJSMXg0cnJDYlFFQzVDeVBSalB1MWNnIiwiY2lkIjoiIn0.e7ooJGQrr5LWV9hI63-H2MY-afyftoUJ73xVAFZVVZs\",\"join_url\":\"https:\\/\\/us04web.zoom.us\\/j\\/71079636040?pwd=NFlCf_QbsiaSgod6oCSPeUmw1thVj7.1\",\"password\":\"nRWSv\",\"h323_password\":\"826230\",\"pstn_password\":\"826230\",\"encrypted_password\":\"NFlCf_QbsiaSgod6oCSPeUmw1thVj7.1\",\"settings\":{\"host_video\":true,\"participant_video\":true,\"cn_meeting\":false,\"in_meeting\":false,\"join_before_host\":false,\"jbh_time\":0,\"mute_upon_entry\":false,\"watermark\":false,\"use_pmi\":false,\"approval_type\":2,\"audio\":\"voip\",\"auto_recording\":\"none\",\"enforce_login\":false,\"enforce_login_domains\":\"\",\"alternative_hosts\":\"\",\"close_registration\":false,\"show_share_button\":false,\"allow_multiple_devices\":false,\"registrants_confirmation_email\":true,\"waiting_room\":true,\"request_permission_to_unmute_participants\":false,\"registrants_email_notification\":true,\"meeting_authentication\":false,\"encryption_type\":\"enhanced_encryption\",\"approved_or_denied_countries_or_regions\":{\"enable\":false},\"breakout_room\":{\"enable\":false},\"alternative_hosts_email_notification\":true,\"device_testing\":false,\"focus_mode\":false,\"private_meeting\":false,\"email_notification\":true},\"pre_schedule\":false}', 'global', 0, 1, '2022-02-03 11:28:32');
INSERT INTO `conferences` (`id`, `purpose`, `staff_id`, `patient_id`, `visit_details_id`, `ipd_id`, `created_id`, `title`, `date`, `duration`, `password`, `host_video`, `client_video`, `description`, `timezone`, `return_response`, `api_type`, `status`, `live_consult_link`, `created_at`) VALUES (122, 'meeting', NULL, NULL, NULL, NULL, 2, 'Corona New Guideline -Discussion', '2022-03-26 17:00:00', 30, 'tM0FY', 1, 1, '', 'UTC', '{\"uuid\":\"wsLzaT0aSWSfOyfAY5lSLA==\",\"id\":73906565349,\"host_id\":\"O-DGVhFGT9aCYPO_Sx5eig\",\"host_email\":\"garimas663@gmail.com\",\"topic\":\"Corona New Guideline -Discussion\",\"type\":2,\"status\":\"waiting\",\"start_time\":\"2022-03-26T17:00:00Z\",\"duration\":30,\"timezone\":\"UTC\",\"created_at\":\"2022-03-03T05:59:22Z\",\"start_url\":\"https:\\/\\/us04web.zoom.us\\/s\\/73906565349?zak=eyJ0eXAiOiJKV1QiLCJzdiI6IjAwMDAwMSIsInptX3NrbSI6InptX28ybSIsImFsZyI6IkhTMjU2In0.eyJhdWQiOiJjbGllbnRzbSIsInVpZCI6Ik8tREdWaEZHVDlhQ1lQT19TeDVlaWciLCJpc3MiOiJ3ZWIiLCJzayI6IjAiLCJzdHkiOjEsIndjZCI6InVzMDQiLCJjbHQiOjAsIm1udW0iOiI3MzkwNjU2NTM0OSIsImV4cCI6MTY0NjI5NDM2MiwiaWF0IjoxNjQ2Mjg3MTYyLCJhaWQiOiJSMXg0cnJDYlFFQzVDeVBSalB1MWNnIiwiY2lkIjoiIn0.jwSVBAi4-mdPqongTlEPWmMf2PKpp1d6NvfAR3fD6a4\",\"join_url\":\"https:\\/\\/us04web.zoom.us\\/j\\/73906565349?pwd=TH8as-gKTH6J_W5yluy6Jxm7E4773d.1\",\"password\":\"tM0FY\",\"h323_password\":\"700019\",\"pstn_password\":\"700019\",\"encrypted_password\":\"TH8as-gKTH6J_W5yluy6Jxm7E4773d.1\",\"settings\":{\"host_video\":true,\"participant_video\":true,\"cn_meeting\":false,\"in_meeting\":false,\"join_before_host\":false,\"jbh_time\":0,\"mute_upon_entry\":false,\"watermark\":false,\"use_pmi\":false,\"approval_type\":2,\"audio\":\"voip\",\"auto_recording\":\"none\",\"enforce_login\":false,\"enforce_login_domains\":\"\",\"alternative_hosts\":\"\",\"close_registration\":false,\"show_share_button\":false,\"allow_multiple_devices\":false,\"registrants_confirmation_email\":true,\"waiting_room\":true,\"request_permission_to_unmute_participants\":false,\"registrants_email_notification\":true,\"meeting_authentication\":false,\"encryption_type\":\"enhanced_encryption\",\"approved_or_denied_countries_or_regions\":{\"enable\":false},\"breakout_room\":{\"enable\":false},\"alternative_hosts_email_notification\":true,\"device_testing\":false,\"focus_mode\":false,\"private_meeting\":false,\"email_notification\":true},\"pre_schedule\":false}', 'global', 0, 1, '2022-03-03 05:59:22');
INSERT INTO `conferences` (`id`, `purpose`, `staff_id`, `patient_id`, `visit_details_id`, `ipd_id`, `created_id`, `title`, `date`, `duration`, `password`, `host_video`, `client_video`, `description`, `timezone`, `return_response`, `api_type`, `status`, `live_consult_link`, `created_at`) VALUES (154, 'meeting', NULL, NULL, NULL, NULL, 11, 'Formal meeting', '2022-04-01 13:00:00', 45, 'VOYjk', 1, 1, '', 'UTC', '{\"uuid\":\"4A0gVyGqQ761ndEDOFrBFw==\",\"id\":77766668791,\"host_id\":\"O-DGVhFGT9aCYPO_Sx5eig\",\"host_email\":\"garimas663@gmail.com\",\"topic\":\"Formal meeting\",\"type\":2,\"status\":\"waiting\",\"start_time\":\"2022-04-01T13:00:00Z\",\"duration\":45,\"timezone\":\"UTC\",\"created_at\":\"2022-03-31T09:58:20Z\",\"start_url\":\"https:\\/\\/us04web.zoom.us\\/s\\/77766668791?zak=eyJ0eXAiOiJKV1QiLCJzdiI6IjAwMDAwMSIsInptX3NrbSI6InptX28ybSIsImFsZyI6IkhTMjU2In0.eyJhdWQiOiJjbGllbnRzbSIsInVpZCI6Ik8tREdWaEZHVDlhQ1lQT19TeDVlaWciLCJpc3MiOiJ3ZWIiLCJzayI6IjAiLCJzdHkiOjEsIndjZCI6InVzMDQiLCJjbHQiOjAsIm1udW0iOiI3Nzc2NjY2ODc5MSIsImV4cCI6MTY0ODcyNzkwMSwiaWF0IjoxNjQ4NzIwNzAxLCJhaWQiOiJSMXg0cnJDYlFFQzVDeVBSalB1MWNnIiwiY2lkIjoiIn0.fM4tUTMOtwGvx7ckz_bJ4Q5uqe1Y8kz5pYGtmYTLnTY\",\"join_url\":\"https:\\/\\/us04web.zoom.us\\/j\\/77766668791?pwd=1EPYgKJ2NZekKzJzUEscLcElfx-_7C.1\",\"password\":\"VOYjk\",\"h323_password\":\"776542\",\"pstn_password\":\"776542\",\"encrypted_password\":\"1EPYgKJ2NZekKzJzUEscLcElfx-_7C.1\",\"settings\":{\"host_video\":true,\"participant_video\":true,\"cn_meeting\":false,\"in_meeting\":false,\"join_before_host\":false,\"jbh_time\":0,\"mute_upon_entry\":false,\"watermark\":false,\"use_pmi\":false,\"approval_type\":2,\"audio\":\"voip\",\"auto_recording\":\"none\",\"enforce_login\":false,\"enforce_login_domains\":\"\",\"alternative_hosts\":\"\",\"alternative_host_update_polls\":false,\"close_registration\":false,\"show_share_button\":false,\"allow_multiple_devices\":false,\"registrants_confirmation_email\":true,\"waiting_room\":true,\"request_permission_to_unmute_participants\":false,\"registrants_email_notification\":true,\"meeting_authentication\":false,\"encryption_type\":\"enhanced_encryption\",\"approved_or_denied_countries_or_regions\":{\"enable\":false},\"breakout_room\":{\"enable\":false},\"alternative_hosts_email_notification\":true,\"device_testing\":false,\"focus_mode\":false,\"private_meeting\":false,\"email_notification\":true},\"pre_schedule\":false}', 'global', 0, 1, '2022-03-31 09:58:21');
INSERT INTO `conferences` (`id`, `purpose`, `staff_id`, `patient_id`, `visit_details_id`, `ipd_id`, `created_id`, `title`, `date`, `duration`, `password`, `host_video`, `client_video`, `description`, `timezone`, `return_response`, `api_type`, `status`, `live_consult_link`, `created_at`) VALUES (157, 'meeting', NULL, NULL, NULL, NULL, 11, 'Plastic Surgery', '2022-04-15 13:00:00', 45, 'GZmFI', 1, 1, '', 'UTC', '{\"uuid\":\"pGSccn6yRtCZ1cPCHg84CQ==\",\"id\":79983813771,\"host_id\":\"O-DGVhFGT9aCYPO_Sx5eig\",\"host_email\":\"garimas663@gmail.com\",\"topic\":\"Plastic Surgery\",\"type\":2,\"status\":\"waiting\",\"start_time\":\"2022-04-15T13:00:00Z\",\"duration\":45,\"timezone\":\"UTC\",\"created_at\":\"2022-03-31T10:13:41Z\",\"start_url\":\"https:\\/\\/us04web.zoom.us\\/s\\/79983813771?zak=eyJ0eXAiOiJKV1QiLCJzdiI6IjAwMDAwMSIsInptX3NrbSI6InptX28ybSIsImFsZyI6IkhTMjU2In0.eyJhdWQiOiJjbGllbnRzbSIsInVpZCI6Ik8tREdWaEZHVDlhQ1lQT19TeDVlaWciLCJpc3MiOiJ3ZWIiLCJzayI6IjAiLCJzdHkiOjEsIndjZCI6InVzMDQiLCJjbHQiOjAsIm1udW0iOiI3OTk4MzgxMzc3MSIsImV4cCI6MTY0ODcyODgyMSwiaWF0IjoxNjQ4NzIxNjIxLCJhaWQiOiJSMXg0cnJDYlFFQzVDeVBSalB1MWNnIiwiY2lkIjoiIn0.w1y0epIta4MJ_jNaVvuPgqHyTVqfV0gX8EnJL3iUFvU\",\"join_url\":\"https:\\/\\/us04web.zoom.us\\/j\\/79983813771?pwd=nSZHUZT6GEZ_D2QmTbJusgbpVikdXL.1\",\"password\":\"GZmFI\",\"h323_password\":\"761946\",\"pstn_password\":\"761946\",\"encrypted_password\":\"nSZHUZT6GEZ_D2QmTbJusgbpVikdXL.1\",\"settings\":{\"host_video\":true,\"participant_video\":true,\"cn_meeting\":false,\"in_meeting\":false,\"join_before_host\":false,\"jbh_time\":0,\"mute_upon_entry\":false,\"watermark\":false,\"use_pmi\":false,\"approval_type\":2,\"audio\":\"voip\",\"auto_recording\":\"none\",\"enforce_login\":false,\"enforce_login_domains\":\"\",\"alternative_hosts\":\"\",\"alternative_host_update_polls\":false,\"close_registration\":false,\"show_share_button\":false,\"allow_multiple_devices\":false,\"registrants_confirmation_email\":true,\"waiting_room\":true,\"request_permission_to_unmute_participants\":false,\"registrants_email_notification\":true,\"meeting_authentication\":false,\"encryption_type\":\"enhanced_encryption\",\"approved_or_denied_countries_or_regions\":{\"enable\":false},\"breakout_room\":{\"enable\":false},\"alternative_hosts_email_notification\":true,\"device_testing\":false,\"focus_mode\":false,\"private_meeting\":false,\"email_notification\":true},\"pre_schedule\":false}', 'global', 0, 1, '2022-03-31 10:13:41');
INSERT INTO `conferences` (`id`, `purpose`, `staff_id`, `patient_id`, `visit_details_id`, `ipd_id`, `created_id`, `title`, `date`, `duration`, `password`, `host_video`, `client_video`, `description`, `timezone`, `return_response`, `api_type`, `status`, `live_consult_link`, `created_at`) VALUES (158, 'meeting', NULL, NULL, NULL, NULL, 11, 'Old Instrument replacement', '2022-04-18 14:30:00', 45, 'RAjuW', 1, 1, '', 'UTC', '{\"uuid\":\"UFlOeGcRTxyijrXE48fyBg==\",\"id\":73013929002,\"host_id\":\"O-DGVhFGT9aCYPO_Sx5eig\",\"host_email\":\"garimas663@gmail.com\",\"topic\":\"Old Instrument replacement\",\"type\":2,\"status\":\"waiting\",\"start_time\":\"2022-04-18T14:30:00Z\",\"duration\":45,\"timezone\":\"UTC\",\"created_at\":\"2022-03-31T10:16:11Z\",\"start_url\":\"https:\\/\\/us04web.zoom.us\\/s\\/73013929002?zak=eyJ0eXAiOiJKV1QiLCJzdiI6IjAwMDAwMSIsInptX3NrbSI6InptX28ybSIsImFsZyI6IkhTMjU2In0.eyJhdWQiOiJjbGllbnRzbSIsInVpZCI6Ik8tREdWaEZHVDlhQ1lQT19TeDVlaWciLCJpc3MiOiJ3ZWIiLCJzayI6IjAiLCJzdHkiOjEsIndjZCI6InVzMDQiLCJjbHQiOjAsIm1udW0iOiI3MzAxMzkyOTAwMiIsImV4cCI6MTY0ODcyODk3MSwiaWF0IjoxNjQ4NzIxNzcxLCJhaWQiOiJSMXg0cnJDYlFFQzVDeVBSalB1MWNnIiwiY2lkIjoiIn0.b6ATaGFeVF03FzFp9CZLei5a74O7NdSrv8tagIFJjZk\",\"join_url\":\"https:\\/\\/us04web.zoom.us\\/j\\/73013929002?pwd=U58p88YwQf_6KFQwF2LTbFpl4PvKQR.1\",\"password\":\"RAjuW\",\"h323_password\":\"121625\",\"pstn_password\":\"121625\",\"encrypted_password\":\"U58p88YwQf_6KFQwF2LTbFpl4PvKQR.1\",\"settings\":{\"host_video\":true,\"participant_video\":true,\"cn_meeting\":false,\"in_meeting\":false,\"join_before_host\":false,\"jbh_time\":0,\"mute_upon_entry\":false,\"watermark\":false,\"use_pmi\":false,\"approval_type\":2,\"audio\":\"voip\",\"auto_recording\":\"none\",\"enforce_login\":false,\"enforce_login_domains\":\"\",\"alternative_hosts\":\"\",\"alternative_host_update_polls\":false,\"close_registration\":false,\"show_share_button\":false,\"allow_multiple_devices\":false,\"registrants_confirmation_email\":true,\"waiting_room\":true,\"request_permission_to_unmute_participants\":false,\"registrants_email_notification\":true,\"meeting_authentication\":false,\"encryption_type\":\"enhanced_encryption\",\"approved_or_denied_countries_or_regions\":{\"enable\":false},\"breakout_room\":{\"enable\":false},\"alternative_hosts_email_notification\":true,\"device_testing\":false,\"focus_mode\":false,\"private_meeting\":false,\"email_notification\":true},\"pre_schedule\":false}', 'global', 0, 1, '2022-03-31 10:16:11');
INSERT INTO `conferences` (`id`, `purpose`, `staff_id`, `patient_id`, `visit_details_id`, `ipd_id`, `created_id`, `title`, `date`, `duration`, `password`, `host_video`, `client_video`, `description`, `timezone`, `return_response`, `api_type`, `status`, `live_consult_link`, `created_at`) VALUES (176, 'consult', 11, NULL, NULL, 26, 1, 'Online consult for IPDN26', '2022-04-03 13:00:00', 40, '2aJ8Z', 1, 1, NULL, 'UTC', '{\"uuid\":\"WEvANRZ6QwSDIkSCjslWXw==\",\"id\":74583021820,\"host_id\":\"O-DGVhFGT9aCYPO_Sx5eig\",\"host_email\":\"garimas663@gmail.com\",\"topic\":\"Online consult for IPDN26\",\"type\":2,\"status\":\"waiting\",\"start_time\":\"2022-04-03T13:00:00Z\",\"duration\":40,\"timezone\":\"UTC\",\"created_at\":\"2022-04-02T07:42:03Z\",\"start_url\":\"https:\\/\\/us04web.zoom.us\\/s\\/74583021820?zak=eyJ0eXAiOiJKV1QiLCJzdiI6IjAwMDAwMSIsInptX3NrbSI6InptX28ybSIsImFsZyI6IkhTMjU2In0.eyJhdWQiOiJjbGllbnRzbSIsInVpZCI6Ik8tREdWaEZHVDlhQ1lQT19TeDVlaWciLCJpc3MiOiJ3ZWIiLCJzayI6IjAiLCJzdHkiOjEsIndjZCI6InVzMDQiLCJjbHQiOjAsIm1udW0iOiI3NDU4MzAyMTgyMCIsImV4cCI6MTY0ODg5MjUyMywiaWF0IjoxNjQ4ODg1MzIzLCJhaWQiOiJSMXg0cnJDYlFFQzVDeVBSalB1MWNnIiwiY2lkIjoiIn0.ZFSyQkJ4WrWdnUty3eTjr-QxocpPXrgUJaeGEVa3zGo\",\"join_url\":\"https:\\/\\/us04web.zoom.us\\/j\\/74583021820?pwd=B5_MMJ4ubw4s7104JmNRNKhLzJwyKS.1\",\"password\":\"2aJ8Z\",\"h323_password\":\"747337\",\"pstn_password\":\"747337\",\"encrypted_password\":\"B5_MMJ4ubw4s7104JmNRNKhLzJwyKS.1\",\"settings\":{\"host_video\":true,\"participant_video\":true,\"cn_meeting\":false,\"in_meeting\":false,\"join_before_host\":false,\"jbh_time\":0,\"mute_upon_entry\":false,\"watermark\":false,\"use_pmi\":false,\"approval_type\":2,\"audio\":\"voip\",\"auto_recording\":\"none\",\"enforce_login\":false,\"enforce_login_domains\":\"\",\"alternative_hosts\":\"\",\"alternative_host_update_polls\":false,\"close_registration\":false,\"show_share_button\":false,\"allow_multiple_devices\":false,\"registrants_confirmation_email\":true,\"waiting_room\":true,\"request_permission_to_unmute_participants\":false,\"registrants_email_notification\":true,\"meeting_authentication\":false,\"encryption_type\":\"enhanced_encryption\",\"approved_or_denied_countries_or_regions\":{\"enable\":false},\"breakout_room\":{\"enable\":false},\"alternative_hosts_email_notification\":true,\"device_testing\":false,\"focus_mode\":false,\"private_meeting\":false,\"email_notification\":true},\"pre_schedule\":false}', 'global', 0, 1, '2022-04-02 07:42:03');
INSERT INTO `conferences` (`id`, `purpose`, `staff_id`, `patient_id`, `visit_details_id`, `ipd_id`, `created_id`, `title`, `date`, `duration`, `password`, `host_video`, `client_video`, `description`, `timezone`, `return_response`, `api_type`, `status`, `live_consult_link`, `created_at`) VALUES (193, 'meeting', NULL, NULL, NULL, NULL, 14, 'Meeting For All Staff', '2022-05-03 09:30:00', 40, 'aEV3A', 1, 1, '', 'UTC', '{\"uuid\":\"xMJVvI5vQGy\\/597AlC7D0A==\",\"id\":73943743380,\"host_id\":\"O-DGVhFGT9aCYPO_Sx5eig\",\"host_email\":\"garimas663@gmail.com\",\"topic\":\"Meeting For All Staff\",\"type\":2,\"status\":\"waiting\",\"start_time\":\"2022-05-03T12:15:15Z\",\"duration\":40,\"timezone\":\"UTC\",\"created_at\":\"2022-05-03T12:15:15Z\",\"start_url\":\"https:\\/\\/us04web.zoom.us\\/s\\/73943743380?zak=eyJ0eXAiOiJKV1QiLCJzdiI6IjAwMDAwMSIsInptX3NrbSI6InptX28ybSIsImFsZyI6IkhTMjU2In0.eyJhdWQiOiJjbGllbnRzbSIsInVpZCI6Ik8tREdWaEZHVDlhQ1lQT19TeDVlaWciLCJpc3MiOiJ3ZWIiLCJzayI6IjAiLCJzdHkiOjEsIndjZCI6InVzMDQiLCJjbHQiOjAsIm1udW0iOiI3Mzk0Mzc0MzM4MCIsImV4cCI6MTY1MTU4NzMxNSwiaWF0IjoxNjUxNTgwMTE1LCJhaWQiOiJSMXg0cnJDYlFFQzVDeVBSalB1MWNnIiwiY2lkIjoiIn0.RF0VVDJ75B9xf25lU3cIUxslu8e-u7ee0E3s2__d6AY\",\"join_url\":\"https:\\/\\/us04web.zoom.us\\/j\\/73943743380?pwd=_XKpWyjLm3oc32Mx4WVXe5U3IYst-j.1\",\"password\":\"aEV3A\",\"h323_password\":\"754648\",\"pstn_password\":\"754648\",\"encrypted_password\":\"_XKpWyjLm3oc32Mx4WVXe5U3IYst-j.1\",\"settings\":{\"host_video\":true,\"participant_video\":true,\"cn_meeting\":false,\"in_meeting\":false,\"join_before_host\":false,\"jbh_time\":0,\"mute_upon_entry\":false,\"watermark\":false,\"use_pmi\":false,\"approval_type\":2,\"audio\":\"voip\",\"auto_recording\":\"none\",\"enforce_login\":false,\"enforce_login_domains\":\"\",\"alternative_hosts\":\"\",\"alternative_host_update_polls\":false,\"close_registration\":false,\"show_share_button\":false,\"allow_multiple_devices\":false,\"registrants_confirmation_email\":true,\"waiting_room\":true,\"request_permission_to_unmute_participants\":false,\"registrants_email_notification\":true,\"meeting_authentication\":false,\"encryption_type\":\"enhanced_encryption\",\"approved_or_denied_countries_or_regions\":{\"enable\":false},\"breakout_room\":{\"enable\":false},\"alternative_hosts_email_notification\":true,\"device_testing\":false,\"focus_mode\":false,\"private_meeting\":false,\"email_notification\":true},\"pre_schedule\":false}', 'global', 0, 1, '2022-05-03 12:15:15');
INSERT INTO `conferences` (`id`, `purpose`, `staff_id`, `patient_id`, `visit_details_id`, `ipd_id`, `created_id`, `title`, `date`, `duration`, `password`, `host_video`, `client_video`, `description`, `timezone`, `return_response`, `api_type`, `status`, `live_consult_link`, `created_at`) VALUES (201, 'meeting', NULL, NULL, NULL, NULL, 1, 'Eyes Operation Discussion', '2022-05-15 09:00:00', 40, 'gdkGG', 1, 1, '', 'UTC', '{\"uuid\":\"f+CqmkCKQJqNZUisd78LDg==\",\"id\":76724217820,\"host_id\":\"O-DGVhFGT9aCYPO_Sx5eig\",\"host_email\":\"garimas663@gmail.com\",\"topic\":\"Eyes Operation Discussion\",\"type\":2,\"status\":\"waiting\",\"start_time\":\"2022-05-15T09:00:00Z\",\"duration\":40,\"timezone\":\"UTC\",\"created_at\":\"2022-05-03T12:50:06Z\",\"start_url\":\"https:\\/\\/us04web.zoom.us\\/s\\/76724217820?zak=eyJ0eXAiOiJKV1QiLCJzdiI6IjAwMDAwMSIsInptX3NrbSI6InptX28ybSIsImFsZyI6IkhTMjU2In0.eyJhdWQiOiJjbGllbnRzbSIsInVpZCI6Ik8tREdWaEZHVDlhQ1lQT19TeDVlaWciLCJpc3MiOiJ3ZWIiLCJzayI6IjAiLCJzdHkiOjEsIndjZCI6InVzMDQiLCJjbHQiOjAsIm1udW0iOiI3NjcyNDIxNzgyMCIsImV4cCI6MTY1MTU4OTQwNiwiaWF0IjoxNjUxNTgyMjA2LCJhaWQiOiJSMXg0cnJDYlFFQzVDeVBSalB1MWNnIiwiY2lkIjoiIn0.IqP3H9-BKCM0BrbAuLM1HWKpzMdBqLuCdePxTGW3rxg\",\"join_url\":\"https:\\/\\/us04web.zoom.us\\/j\\/76724217820?pwd=ewWO_9t--NIFMGND90KT3c8E_1yjIu.1\",\"password\":\"gdkGG\",\"h323_password\":\"017645\",\"pstn_password\":\"017645\",\"encrypted_password\":\"ewWO_9t--NIFMGND90KT3c8E_1yjIu.1\",\"settings\":{\"host_video\":true,\"participant_video\":true,\"cn_meeting\":false,\"in_meeting\":false,\"join_before_host\":false,\"jbh_time\":0,\"mute_upon_entry\":false,\"watermark\":false,\"use_pmi\":false,\"approval_type\":2,\"audio\":\"voip\",\"auto_recording\":\"none\",\"enforce_login\":false,\"enforce_login_domains\":\"\",\"alternative_hosts\":\"\",\"alternative_host_update_polls\":false,\"close_registration\":false,\"show_share_button\":false,\"allow_multiple_devices\":false,\"registrants_confirmation_email\":true,\"waiting_room\":true,\"request_permission_to_unmute_participants\":false,\"registrants_email_notification\":true,\"meeting_authentication\":false,\"encryption_type\":\"enhanced_encryption\",\"approved_or_denied_countries_or_regions\":{\"enable\":false},\"breakout_room\":{\"enable\":false},\"alternative_hosts_email_notification\":true,\"device_testing\":false,\"focus_mode\":false,\"private_meeting\":false,\"email_notification\":true},\"pre_schedule\":false}', 'global', 1, 1, '2022-05-03 12:51:52');
INSERT INTO `conferences` (`id`, `purpose`, `staff_id`, `patient_id`, `visit_details_id`, `ipd_id`, `created_id`, `title`, `date`, `duration`, `password`, `host_video`, `client_video`, `description`, `timezone`, `return_response`, `api_type`, `status`, `live_consult_link`, `created_at`) VALUES (218, 'meeting', NULL, NULL, NULL, NULL, 14, 'Meeting For All staff', '2022-06-01 10:30:00', 40, 'DUiP2', 1, 1, '', 'UTC', '{\"uuid\":\"G3qeeLxqTF2VJSlDnViUxg==\",\"id\":74856907379,\"host_id\":\"O-DGVhFGT9aCYPO_Sx5eig\",\"host_email\":\"garimas663@gmail.com\",\"topic\":\"Meeting For All staff\",\"type\":2,\"status\":\"waiting\",\"start_time\":\"2022-06-02T10:03:38Z\",\"duration\":40,\"timezone\":\"UTC\",\"created_at\":\"2022-06-02T10:03:38Z\",\"start_url\":\"https:\\/\\/us04web.zoom.us\\/s\\/74856907379?zak=eyJ0eXAiOiJKV1QiLCJzdiI6IjAwMDAwMSIsInptX3NrbSI6InptX28ybSIsImFsZyI6IkhTMjU2In0.eyJhdWQiOiJjbGllbnRzbSIsInVpZCI6Ik8tREdWaEZHVDlhQ1lQT19TeDVlaWciLCJpc3MiOiJ3ZWIiLCJzayI6IjAiLCJzdHkiOjEsIndjZCI6InVzMDQiLCJjbHQiOjAsIm1udW0iOiI3NDg1NjkwNzM3OSIsImV4cCI6MTY1NDE3MTQxOCwiaWF0IjoxNjU0MTY0MjE4LCJhaWQiOiJSMXg0cnJDYlFFQzVDeVBSalB1MWNnIiwiY2lkIjoiIn0.5ByakQfakYsED5OBDvMXTeZI01yDCJ7mffo5ZavGrnU\",\"join_url\":\"https:\\/\\/us04web.zoom.us\\/j\\/74856907379?pwd=RGWWPcd5gMrdo5TETR6Q2WYbGgtagb.1\",\"password\":\"DUiP2\",\"h323_password\":\"768720\",\"pstn_password\":\"768720\",\"encrypted_password\":\"RGWWPcd5gMrdo5TETR6Q2WYbGgtagb.1\",\"settings\":{\"host_video\":true,\"participant_video\":true,\"cn_meeting\":false,\"in_meeting\":false,\"join_before_host\":false,\"jbh_time\":0,\"mute_upon_entry\":false,\"watermark\":false,\"use_pmi\":false,\"approval_type\":2,\"audio\":\"voip\",\"auto_recording\":\"none\",\"enforce_login\":false,\"enforce_login_domains\":\"\",\"alternative_hosts\":\"\",\"alternative_host_update_polls\":false,\"close_registration\":false,\"show_share_button\":false,\"allow_multiple_devices\":false,\"registrants_confirmation_email\":true,\"waiting_room\":true,\"request_permission_to_unmute_participants\":false,\"registrants_email_notification\":true,\"meeting_authentication\":false,\"encryption_type\":\"enhanced_encryption\",\"approved_or_denied_countries_or_regions\":{\"enable\":false},\"breakout_room\":{\"enable\":false},\"alternative_hosts_email_notification\":true,\"device_testing\":false,\"focus_mode\":false,\"private_meeting\":false,\"email_notification\":true,\"host_save_video_order\":false},\"pre_schedule\":false}', 'global', 0, 1, '2022-06-02 10:03:38');
INSERT INTO `conferences` (`id`, `purpose`, `staff_id`, `patient_id`, `visit_details_id`, `ipd_id`, `created_id`, `title`, `date`, `duration`, `password`, `host_video`, `client_video`, `description`, `timezone`, `return_response`, `api_type`, `status`, `live_consult_link`, `created_at`) VALUES (224, 'meeting', NULL, NULL, NULL, NULL, 14, 'General Guideline', '2022-06-30 17:30:00', 40, 'mAzX8', 1, 1, '', 'UTC', '{\"uuid\":\"wyWGTYehTs+ayc9yrP6mPg==\",\"id\":78145827124,\"host_id\":\"O-DGVhFGT9aCYPO_Sx5eig\",\"host_email\":\"garimas663@gmail.com\",\"topic\":\"General Guideline\",\"type\":2,\"status\":\"waiting\",\"start_time\":\"2022-06-30T17:30:00Z\",\"duration\":40,\"timezone\":\"UTC\",\"created_at\":\"2022-06-02T10:32:24Z\",\"start_url\":\"https:\\/\\/us04web.zoom.us\\/s\\/78145827124?zak=eyJ0eXAiOiJKV1QiLCJzdiI6IjAwMDAwMSIsInptX3NrbSI6InptX28ybSIsImFsZyI6IkhTMjU2In0.eyJhdWQiOiJjbGllbnRzbSIsInVpZCI6Ik8tREdWaEZHVDlhQ1lQT19TeDVlaWciLCJpc3MiOiJ3ZWIiLCJzayI6IjAiLCJzdHkiOjEsIndjZCI6InVzMDQiLCJjbHQiOjAsIm1udW0iOiI3ODE0NTgyNzEyNCIsImV4cCI6MTY1NDE3MzE0NCwiaWF0IjoxNjU0MTY1OTQ0LCJhaWQiOiJSMXg0cnJDYlFFQzVDeVBSalB1MWNnIiwiY2lkIjoiIn0.wg1jAXE1GjAhNtYXuecMfbnKVFEZmrinUhlYPGz3Y60\",\"join_url\":\"https:\\/\\/us04web.zoom.us\\/j\\/78145827124?pwd=Klp28PFlA7p4ZlJsh7z65-xnz75JRx.1\",\"password\":\"mAzX8\",\"h323_password\":\"755057\",\"pstn_password\":\"755057\",\"encrypted_password\":\"Klp28PFlA7p4ZlJsh7z65-xnz75JRx.1\",\"settings\":{\"host_video\":true,\"participant_video\":true,\"cn_meeting\":false,\"in_meeting\":false,\"join_before_host\":false,\"jbh_time\":0,\"mute_upon_entry\":false,\"watermark\":false,\"use_pmi\":false,\"approval_type\":2,\"audio\":\"voip\",\"auto_recording\":\"none\",\"enforce_login\":false,\"enforce_login_domains\":\"\",\"alternative_hosts\":\"\",\"alternative_host_update_polls\":false,\"close_registration\":false,\"show_share_button\":false,\"allow_multiple_devices\":false,\"registrants_confirmation_email\":true,\"waiting_room\":true,\"request_permission_to_unmute_participants\":false,\"registrants_email_notification\":true,\"meeting_authentication\":false,\"encryption_type\":\"enhanced_encryption\",\"approved_or_denied_countries_or_regions\":{\"enable\":false},\"breakout_room\":{\"enable\":false},\"alternative_hosts_email_notification\":true,\"device_testing\":false,\"focus_mode\":false,\"private_meeting\":false,\"email_notification\":true,\"host_save_video_order\":false},\"pre_schedule\":false}', 'global', 0, 1, '2022-06-02 10:32:24');
INSERT INTO `conferences` (`id`, `purpose`, `staff_id`, `patient_id`, `visit_details_id`, `ipd_id`, `created_id`, `title`, `date`, `duration`, `password`, `host_video`, `client_video`, `description`, `timezone`, `return_response`, `api_type`, `status`, `live_consult_link`, `created_at`) VALUES (228, 'meeting', NULL, NULL, NULL, NULL, 1, 'General Meeting', '2022-06-02 11:00:00', 20, '4R6Pm', 1, 1, '', 'UTC', '{\"uuid\":\"nHq4Bmn6SnaJWB7SWm5khQ==\",\"id\":79059874731,\"host_id\":\"O-DGVhFGT9aCYPO_Sx5eig\",\"host_email\":\"garimas663@gmail.com\",\"topic\":\"General Meeting\",\"type\":2,\"status\":\"waiting\",\"start_time\":\"2022-06-03T05:35:06Z\",\"duration\":20,\"timezone\":\"UTC\",\"created_at\":\"2022-06-03T05:35:06Z\",\"start_url\":\"https:\\/\\/us04web.zoom.us\\/s\\/79059874731?zak=eyJ0eXAiOiJKV1QiLCJzdiI6IjAwMDAwMSIsInptX3NrbSI6InptX28ybSIsImFsZyI6IkhTMjU2In0.eyJhdWQiOiJjbGllbnRzbSIsInVpZCI6Ik8tREdWaEZHVDlhQ1lQT19TeDVlaWciLCJpc3MiOiJ3ZWIiLCJzayI6IjAiLCJzdHkiOjEsIndjZCI6InVzMDQiLCJjbHQiOjAsIm1udW0iOiI3OTA1OTg3NDczMSIsImV4cCI6MTY1NDI0MTcwNiwiaWF0IjoxNjU0MjM0NTA2LCJhaWQiOiJSMXg0cnJDYlFFQzVDeVBSalB1MWNnIiwiY2lkIjoiIn0.gLcK8qfsdkTu-AIfVXXp8gykSp-36wAF-KZfz9asWG4\",\"join_url\":\"https:\\/\\/us04web.zoom.us\\/j\\/79059874731?pwd=AavdCmSPs9p8Bw-IhvGS3wmD8TUjpg.1\",\"password\":\"4R6Pm\",\"h323_password\":\"829691\",\"pstn_password\":\"829691\",\"encrypted_password\":\"AavdCmSPs9p8Bw-IhvGS3wmD8TUjpg.1\",\"settings\":{\"host_video\":true,\"participant_video\":true,\"cn_meeting\":false,\"in_meeting\":false,\"join_before_host\":false,\"jbh_time\":0,\"mute_upon_entry\":false,\"watermark\":false,\"use_pmi\":false,\"approval_type\":2,\"audio\":\"voip\",\"auto_recording\":\"none\",\"enforce_login\":false,\"enforce_login_domains\":\"\",\"alternative_hosts\":\"\",\"alternative_host_update_polls\":false,\"close_registration\":false,\"show_share_button\":false,\"allow_multiple_devices\":false,\"registrants_confirmation_email\":true,\"waiting_room\":true,\"request_permission_to_unmute_participants\":false,\"registrants_email_notification\":true,\"meeting_authentication\":false,\"encryption_type\":\"enhanced_encryption\",\"approved_or_denied_countries_or_regions\":{\"enable\":false},\"breakout_room\":{\"enable\":false},\"alternative_hosts_email_notification\":true,\"device_testing\":false,\"focus_mode\":false,\"private_meeting\":false,\"email_notification\":true,\"host_save_video_order\":false},\"pre_schedule\":false}', 'global', 2, 1, '2022-06-03 05:36:27');
INSERT INTO `conferences` (`id`, `purpose`, `staff_id`, `patient_id`, `visit_details_id`, `ipd_id`, `created_id`, `title`, `date`, `duration`, `password`, `host_video`, `client_video`, `description`, `timezone`, `return_response`, `api_type`, `status`, `live_consult_link`, `created_at`) VALUES (243, 'meeting', NULL, NULL, NULL, NULL, 2, 'Urgent Meeting', '2022-07-01 14:00:00', 35, 'XVTlF', 1, 1, '', 'UTC', '{\"uuid\":\"sFQNLUDiTza3jpDzLdbKFg==\",\"id\":77793942026,\"host_id\":\"O-DGVhFGT9aCYPO_Sx5eig\",\"host_email\":\"garimas663@gmail.com\",\"topic\":\"Urgent Meeting\",\"type\":2,\"status\":\"waiting\",\"start_time\":\"2022-07-04T08:40:30Z\",\"duration\":35,\"timezone\":\"UTC\",\"created_at\":\"2022-07-04T08:40:30Z\",\"start_url\":\"https:\\/\\/us04web.zoom.us\\/s\\/77793942026?zak=eyJ0eXAiOiJKV1QiLCJzdiI6IjAwMDAwMSIsInptX3NrbSI6InptX28ybSIsImFsZyI6IkhTMjU2In0.eyJhdWQiOiJjbGllbnRzbSIsInVpZCI6Ik8tREdWaEZHVDlhQ1lQT19TeDVlaWciLCJpc3MiOiJ3ZWIiLCJzayI6IjAiLCJzdHkiOjEsIndjZCI6InVzMDQiLCJjbHQiOjAsIm1udW0iOiI3Nzc5Mzk0MjAyNiIsImV4cCI6MTY1NjkzMTIzMCwiaWF0IjoxNjU2OTI0MDMwLCJhaWQiOiJSMXg0cnJDYlFFQzVDeVBSalB1MWNnIiwiY2lkIjoiIn0.EMohbETk79FX_svySsmSN5xDVGNgyKNoF7ojLHu1lko\",\"join_url\":\"https:\\/\\/us04web.zoom.us\\/j\\/77793942026?pwd=5x0LVdOhwdGGt0UqhOHcsaRka4qH7_.1\",\"password\":\"XVTlF\",\"h323_password\":\"776757\",\"pstn_password\":\"776757\",\"encrypted_password\":\"5x0LVdOhwdGGt0UqhOHcsaRka4qH7_.1\",\"settings\":{\"host_video\":true,\"participant_video\":true,\"cn_meeting\":false,\"in_meeting\":false,\"join_before_host\":false,\"jbh_time\":0,\"mute_upon_entry\":false,\"watermark\":false,\"use_pmi\":false,\"approval_type\":2,\"audio\":\"voip\",\"auto_recording\":\"none\",\"enforce_login\":false,\"enforce_login_domains\":\"\",\"alternative_hosts\":\"\",\"alternative_host_update_polls\":false,\"close_registration\":false,\"show_share_button\":false,\"allow_multiple_devices\":false,\"registrants_confirmation_email\":true,\"waiting_room\":true,\"request_permission_to_unmute_participants\":false,\"registrants_email_notification\":true,\"meeting_authentication\":false,\"encryption_type\":\"enhanced_encryption\",\"approved_or_denied_countries_or_regions\":{\"enable\":false},\"breakout_room\":{\"enable\":false},\"alternative_hosts_email_notification\":true,\"device_testing\":false,\"focus_mode\":false,\"private_meeting\":false,\"email_notification\":true,\"host_save_video_order\":false},\"pre_schedule\":false}', 'global', 2, 1, '2022-07-04 08:55:32');
INSERT INTO `conferences` (`id`, `purpose`, `staff_id`, `patient_id`, `visit_details_id`, `ipd_id`, `created_id`, `title`, `date`, `duration`, `password`, `host_video`, `client_video`, `description`, `timezone`, `return_response`, `api_type`, `status`, `live_consult_link`, `created_at`) VALUES (261, 'consult', 4, 1, NULL, 7, 2, 'Cancer Symptoms Discussion', '2022-08-05 14:00:00', 35, 'l3hP7', 1, 1, '', 'UTC', '{\"uuid\":\"l20Ojm0mQk2hXPzjfgjVPA==\",\"id\":73672477652,\"host_id\":\"O-DGVhFGT9aCYPO_Sx5eig\",\"host_email\":\"garimas663@gmail.com\",\"topic\":\"Cancer Symptoms Discussion\",\"type\":2,\"status\":\"waiting\",\"start_time\":\"2022-08-05T14:00:00Z\",\"duration\":35,\"timezone\":\"UTC\",\"created_at\":\"2022-08-03T12:45:24Z\",\"start_url\":\"https:\\/\\/us04web.zoom.us\\/s\\/73672477652?zak=eyJ0eXAiOiJKV1QiLCJzdiI6IjAwMDAwMSIsInptX3NrbSI6InptX28ybSIsImFsZyI6IkhTMjU2In0.eyJhdWQiOiJjbGllbnRzbSIsInVpZCI6Ik8tREdWaEZHVDlhQ1lQT19TeDVlaWciLCJpc3MiOiJ3ZWIiLCJzayI6IjAiLCJzdHkiOjEsIndjZCI6InVzMDQiLCJjbHQiOjAsIm1udW0iOiI3MzY3MjQ3NzY1MiIsImV4cCI6MTY1OTUzNzkyNCwiaWF0IjoxNjU5NTMwNzI0LCJhaWQiOiJSMXg0cnJDYlFFQzVDeVBSalB1MWNnIiwiY2lkIjoiIn0.S3dMoqoEEHQcR2WBbVWoV13w5SWGe9TOvoY8GJl0hLU\",\"join_url\":\"https:\\/\\/us04web.zoom.us\\/j\\/73672477652?pwd=P1gWI7vY9EuqpMO40eEDsH4xbjQ_t0.1\",\"password\":\"l3hP7\",\"h323_password\":\"517995\",\"pstn_password\":\"517995\",\"encrypted_password\":\"P1gWI7vY9EuqpMO40eEDsH4xbjQ_t0.1\",\"settings\":{\"host_video\":true,\"participant_video\":true,\"cn_meeting\":false,\"in_meeting\":false,\"join_before_host\":false,\"jbh_time\":0,\"mute_upon_entry\":false,\"watermark\":false,\"use_pmi\":false,\"approval_type\":2,\"audio\":\"voip\",\"auto_recording\":\"none\",\"enforce_login\":false,\"enforce_login_domains\":\"\",\"alternative_hosts\":\"\",\"alternative_host_update_polls\":false,\"close_registration\":false,\"show_share_button\":false,\"allow_multiple_devices\":false,\"registrants_confirmation_email\":true,\"waiting_room\":true,\"request_permission_to_unmute_participants\":false,\"registrants_email_notification\":true,\"meeting_authentication\":false,\"encryption_type\":\"enhanced_encryption\",\"approved_or_denied_countries_or_regions\":{\"enable\":false},\"breakout_room\":{\"enable\":false},\"alternative_hosts_email_notification\":true,\"device_testing\":false,\"focus_mode\":false,\"private_meeting\":false,\"email_notification\":true,\"host_save_video_order\":false},\"pre_schedule\":false}', 'global', 0, 1, '2022-08-03 12:45:24');
INSERT INTO `conferences` (`id`, `purpose`, `staff_id`, `patient_id`, `visit_details_id`, `ipd_id`, `created_id`, `title`, `date`, `duration`, `password`, `host_video`, `client_video`, `description`, `timezone`, `return_response`, `api_type`, `status`, `live_consult_link`, `created_at`) VALUES (278, 'meeting', NULL, NULL, NULL, NULL, 1, 'Meeting', '2022-08-05 10:30:00', 25, '5yl5y', 1, 1, '', 'UTC', '{\"uuid\":\"5vIrWtq3S3qFpu07f5y0pw==\",\"id\":74045396807,\"host_id\":\"O-DGVhFGT9aCYPO_Sx5eig\",\"host_email\":\"garimas663@gmail.com\",\"topic\":\"Meeting\",\"type\":2,\"status\":\"waiting\",\"start_time\":\"2022-08-05T10:30:00Z\",\"duration\":25,\"timezone\":\"UTC\",\"created_at\":\"2022-08-05T05:19:53Z\",\"start_url\":\"https:\\/\\/us04web.zoom.us\\/s\\/74045396807?zak=eyJ0eXAiOiJKV1QiLCJzdiI6IjAwMDAwMSIsInptX3NrbSI6InptX28ybSIsImFsZyI6IkhTMjU2In0.eyJhdWQiOiJjbGllbnRzbSIsInVpZCI6Ik8tREdWaEZHVDlhQ1lQT19TeDVlaWciLCJpc3MiOiJ3ZWIiLCJzayI6IjAiLCJzdHkiOjEsIndjZCI6InVzMDQiLCJjbHQiOjAsIm1udW0iOiI3NDA0NTM5NjgwNyIsImV4cCI6MTY1OTY4Mzk5MywiaWF0IjoxNjU5Njc2NzkzLCJhaWQiOiJSMXg0cnJDYlFFQzVDeVBSalB1MWNnIiwiY2lkIjoiIn0.IehG_IL6bCu56FqVf9S0BOuuXOy35NzdMhPBgDjIOig\",\"join_url\":\"https:\\/\\/us04web.zoom.us\\/j\\/74045396807?pwd=DqlOJYxQsM8Lq9V1MYJUL1fsyDoqif.1\",\"password\":\"5yl5y\",\"h323_password\":\"314350\",\"pstn_password\":\"314350\",\"encrypted_password\":\"DqlOJYxQsM8Lq9V1MYJUL1fsyDoqif.1\",\"settings\":{\"host_video\":true,\"participant_video\":true,\"cn_meeting\":false,\"in_meeting\":false,\"join_before_host\":false,\"jbh_time\":0,\"mute_upon_entry\":false,\"watermark\":false,\"use_pmi\":false,\"approval_type\":2,\"audio\":\"voip\",\"auto_recording\":\"none\",\"enforce_login\":false,\"enforce_login_domains\":\"\",\"alternative_hosts\":\"\",\"alternative_host_update_polls\":false,\"close_registration\":false,\"show_share_button\":false,\"allow_multiple_devices\":false,\"registrants_confirmation_email\":true,\"waiting_room\":true,\"request_permission_to_unmute_participants\":false,\"registrants_email_notification\":true,\"meeting_authentication\":false,\"encryption_type\":\"enhanced_encryption\",\"approved_or_denied_countries_or_regions\":{\"enable\":false},\"breakout_room\":{\"enable\":false},\"alternative_hosts_email_notification\":true,\"device_testing\":false,\"focus_mode\":false,\"private_meeting\":false,\"email_notification\":true,\"host_save_video_order\":false},\"pre_schedule\":false}', 'global', 2, 1, '2022-08-05 05:23:41');
INSERT INTO `conferences` (`id`, `purpose`, `staff_id`, `patient_id`, `visit_details_id`, `ipd_id`, `created_id`, `title`, `date`, `duration`, `password`, `host_video`, `client_video`, `description`, `timezone`, `return_response`, `api_type`, `status`, `live_consult_link`, `created_at`) VALUES (305, 'meeting', NULL, NULL, NULL, NULL, 1, 'Doctor\'s Meeting For Operation Discussion', '2022-09-05 12:30:00', 45, 'MEQqG', 1, 1, '', 'UTC', '{\"uuid\":\"g\\/JqHlMbRXeNAJGThTgnyg==\",\"id\":73230139536,\"host_id\":\"O-DGVhFGT9aCYPO_Sx5eig\",\"host_email\":\"garimas663@gmail.com\",\"topic\":\"Doctor\'s Meeting For Operation Discussion\",\"type\":2,\"status\":\"waiting\",\"start_time\":\"2022-09-05T12:30:00Z\",\"duration\":45,\"timezone\":\"UTC\",\"created_at\":\"2022-09-03T12:03:46Z\",\"start_url\":\"https:\\/\\/us04web.zoom.us\\/s\\/73230139536?zak=eyJ0eXAiOiJKV1QiLCJzdiI6IjAwMDAwMSIsInptX3NrbSI6InptX28ybSIsImFsZyI6IkhTMjU2In0.eyJhdWQiOiJjbGllbnRzbSIsInVpZCI6Ik8tREdWaEZHVDlhQ1lQT19TeDVlaWciLCJpc3MiOiJ3ZWIiLCJzayI6IjAiLCJzdHkiOjEsIndjZCI6InVzMDQiLCJjbHQiOjAsIm1udW0iOiI3MzIzMDEzOTUzNiIsImV4cCI6MTY2MjIxMzgyNywiaWF0IjoxNjYyMjA2NjI3LCJhaWQiOiJSMXg0cnJDYlFFQzVDeVBSalB1MWNnIiwiY2lkIjoiIn0.xSiKYWqd4xcfxUDRQuEF64ajiFL4RQYEznxqTTqSYQ0\",\"join_url\":\"https:\\/\\/us04web.zoom.us\\/j\\/73230139536?pwd=3JnH7kpUaxSaDF4Mx2SWyDYlxTveA3.1\",\"password\":\"MEQqG\",\"h323_password\":\"543900\",\"pstn_password\":\"543900\",\"encrypted_password\":\"3JnH7kpUaxSaDF4Mx2SWyDYlxTveA3.1\",\"settings\":{\"host_video\":true,\"participant_video\":true,\"cn_meeting\":false,\"in_meeting\":false,\"join_before_host\":false,\"jbh_time\":0,\"mute_upon_entry\":false,\"watermark\":false,\"use_pmi\":false,\"approval_type\":2,\"audio\":\"voip\",\"auto_recording\":\"none\",\"enforce_login\":false,\"enforce_login_domains\":\"\",\"alternative_hosts\":\"\",\"alternative_host_update_polls\":false,\"close_registration\":false,\"show_share_button\":false,\"allow_multiple_devices\":false,\"registrants_confirmation_email\":true,\"waiting_room\":true,\"request_permission_to_unmute_participants\":false,\"registrants_email_notification\":true,\"meeting_authentication\":false,\"encryption_type\":\"enhanced_encryption\",\"approved_or_denied_countries_or_regions\":{\"enable\":false},\"breakout_room\":{\"enable\":false},\"alternative_hosts_email_notification\":true,\"device_testing\":false,\"focus_mode\":false,\"private_meeting\":false,\"email_notification\":true,\"host_save_video_order\":false},\"pre_schedule\":false}', 'global', 2, 1, '2022-09-03 12:07:23');
INSERT INTO `conferences` (`id`, `purpose`, `staff_id`, `patient_id`, `visit_details_id`, `ipd_id`, `created_id`, `title`, `date`, `duration`, `password`, `host_video`, `client_video`, `description`, `timezone`, `return_response`, `api_type`, `status`, `live_consult_link`, `created_at`) VALUES (330, 'meeting', NULL, NULL, NULL, NULL, 14, 'Doctors Meeting', '2022-10-05 11:30:00', 35, 'lgKDl', 1, 1, '', 'UTC', '{\"uuid\":\"pK1ONtoBSSeGUg77fXHkIQ==\",\"id\":78971594600,\"host_id\":\"O-DGVhFGT9aCYPO_Sx5eig\",\"host_email\":\"garimas663@gmail.com\",\"topic\":\"Doctors Meeting\",\"type\":2,\"status\":\"waiting\",\"start_time\":\"2022-10-05T11:30:00Z\",\"duration\":35,\"timezone\":\"UTC\",\"created_at\":\"2022-10-04T06:19:13Z\",\"start_url\":\"https:\\/\\/us04web.zoom.us\\/s\\/78971594600?zak=eyJ0eXAiOiJKV1QiLCJzdiI6IjAwMDAwMSIsInptX3NrbSI6InptX28ybSIsImFsZyI6IkhTMjU2In0.eyJhdWQiOiJjbGllbnRzbSIsInVpZCI6Ik8tREdWaEZHVDlhQ1lQT19TeDVlaWciLCJpc3MiOiJ3ZWIiLCJzayI6IjAiLCJzdHkiOjEsIndjZCI6InVzMDQiLCJjbHQiOjAsIm1udW0iOiI3ODk3MTU5NDYwMCIsImV4cCI6MTY2NDg3MTU1MywiaWF0IjoxNjY0ODY0MzUzLCJhaWQiOiJSMXg0cnJDYlFFQzVDeVBSalB1MWNnIiwiY2lkIjoiIn0.AfpyWVsP-f08_I85UZ4Gg_2Wg0V7x0XjcDVGAsjLFPI\",\"join_url\":\"https:\\/\\/us04web.zoom.us\\/j\\/78971594600?pwd=x0b2OSnDd6VqXauIgYUrFeD4SZGOI4.1\",\"password\":\"lgKDl\",\"h323_password\":\"016882\",\"pstn_password\":\"016882\",\"encrypted_password\":\"x0b2OSnDd6VqXauIgYUrFeD4SZGOI4.1\",\"settings\":{\"host_video\":true,\"participant_video\":true,\"cn_meeting\":false,\"in_meeting\":false,\"join_before_host\":false,\"jbh_time\":0,\"mute_upon_entry\":false,\"watermark\":false,\"use_pmi\":false,\"approval_type\":2,\"audio\":\"voip\",\"auto_recording\":\"none\",\"enforce_login\":false,\"enforce_login_domains\":\"\",\"alternative_hosts\":\"\",\"alternative_host_update_polls\":false,\"close_registration\":false,\"show_share_button\":false,\"allow_multiple_devices\":false,\"registrants_confirmation_email\":true,\"waiting_room\":true,\"request_permission_to_unmute_participants\":false,\"registrants_email_notification\":true,\"meeting_authentication\":false,\"encryption_type\":\"enhanced_encryption\",\"approved_or_denied_countries_or_regions\":{\"enable\":false},\"breakout_room\":{\"enable\":false},\"alternative_hosts_email_notification\":true,\"device_testing\":false,\"focus_mode\":false,\"private_meeting\":false,\"email_notification\":true,\"host_save_video_order\":false},\"pre_schedule\":false}', 'global', 2, 1, '2022-10-04 06:26:16');
INSERT INTO `conferences` (`id`, `purpose`, `staff_id`, `patient_id`, `visit_details_id`, `ipd_id`, `created_id`, `title`, `date`, `duration`, `password`, `host_video`, `client_video`, `description`, `timezone`, `return_response`, `api_type`, `status`, `live_consult_link`, `created_at`) VALUES (338, 'meeting', NULL, NULL, NULL, NULL, 1, 'Hospital Equipment for Operation', '2022-10-30 12:30:00', 35, '0WFFO', 1, 1, '', 'UTC', '{\"uuid\":\"yY\\/B89e5TTGWdeUpRANJKw==\",\"id\":73481955335,\"host_id\":\"O-DGVhFGT9aCYPO_Sx5eig\",\"host_email\":\"garimas663@gmail.com\",\"topic\":\"Hospital Equipment for Operation\",\"type\":2,\"status\":\"waiting\",\"start_time\":\"2022-10-30T12:30:00Z\",\"duration\":35,\"timezone\":\"UTC\",\"created_at\":\"2022-10-04T06:24:53Z\",\"start_url\":\"https:\\/\\/us04web.zoom.us\\/s\\/73481955335?zak=eyJ0eXAiOiJKV1QiLCJzdiI6IjAwMDAwMSIsInptX3NrbSI6InptX28ybSIsImFsZyI6IkhTMjU2In0.eyJhdWQiOiJjbGllbnRzbSIsInVpZCI6Ik8tREdWaEZHVDlhQ1lQT19TeDVlaWciLCJpc3MiOiJ3ZWIiLCJzayI6IjAiLCJzdHkiOjEsIndjZCI6InVzMDQiLCJjbHQiOjAsIm1udW0iOiI3MzQ4MTk1NTMzNSIsImV4cCI6MTY2NDg3MTg5MywiaWF0IjoxNjY0ODY0NjkzLCJhaWQiOiJSMXg0cnJDYlFFQzVDeVBSalB1MWNnIiwiY2lkIjoiIn0._4MKoHALd4JMjnX6oUTBpREDoD3TWxxMq_iGg7hw14Q\",\"join_url\":\"https:\\/\\/us04web.zoom.us\\/j\\/73481955335?pwd=97Tm5orGQ7yOMBvxWn2hjbXqNmYOki.1\",\"password\":\"0WFFO\",\"h323_password\":\"149609\",\"pstn_password\":\"149609\",\"encrypted_password\":\"97Tm5orGQ7yOMBvxWn2hjbXqNmYOki.1\",\"settings\":{\"host_video\":true,\"participant_video\":true,\"cn_meeting\":false,\"in_meeting\":false,\"join_before_host\":false,\"jbh_time\":0,\"mute_upon_entry\":false,\"watermark\":false,\"use_pmi\":false,\"approval_type\":2,\"audio\":\"voip\",\"auto_recording\":\"none\",\"enforce_login\":false,\"enforce_login_domains\":\"\",\"alternative_hosts\":\"\",\"alternative_host_update_polls\":false,\"close_registration\":false,\"show_share_button\":false,\"allow_multiple_devices\":false,\"registrants_confirmation_email\":true,\"waiting_room\":true,\"request_permission_to_unmute_participants\":false,\"registrants_email_notification\":true,\"meeting_authentication\":false,\"encryption_type\":\"enhanced_encryption\",\"approved_or_denied_countries_or_regions\":{\"enable\":false},\"breakout_room\":{\"enable\":false},\"alternative_hosts_email_notification\":true,\"device_testing\":false,\"focus_mode\":false,\"private_meeting\":false,\"email_notification\":true,\"host_save_video_order\":false},\"pre_schedule\":false}', 'global', 0, 1, '2022-10-04 06:24:53');
INSERT INTO `conferences` (`id`, `purpose`, `staff_id`, `patient_id`, `visit_details_id`, `ipd_id`, `created_id`, `title`, `date`, `duration`, `password`, `host_video`, `client_video`, `description`, `timezone`, `return_response`, `api_type`, `status`, `live_consult_link`, `created_at`) VALUES (420, 'meeting', NULL, NULL, NULL, NULL, 14, 'Hospital Equipment for Operation', '2022-11-25 15:00:00', 35, 'BJwRu', 1, 1, '', 'UTC', '{\"uuid\":\"NdPbBmiPQui+S1QFciG8Ow==\",\"id\":72552320755,\"host_id\":\"O-DGVhFGT9aCYPO_Sx5eig\",\"host_email\":\"garimas663@gmail.com\",\"topic\":\"Hospital Equipment for Operation\",\"type\":2,\"status\":\"waiting\",\"start_time\":\"2022-11-25T15:00:00Z\",\"duration\":35,\"timezone\":\"UTC\",\"created_at\":\"2022-11-03T05:43:52Z\",\"start_url\":\"https:\\/\\/us04web.zoom.us\\/s\\/72552320755?zak=eyJ0eXAiOiJKV1QiLCJzdiI6IjAwMDAwMSIsInptX3NrbSI6InptX28ybSIsImFsZyI6IkhTMjU2In0.eyJhdWQiOiJjbGllbnRzbSIsInVpZCI6Ik8tREdWaEZHVDlhQ1lQT19TeDVlaWciLCJpc3MiOiJ3ZWIiLCJzayI6IjAiLCJzdHkiOjEsIndjZCI6InVzMDQiLCJjbHQiOjAsIm1udW0iOiI3MjU1MjMyMDc1NSIsImV4cCI6MTY2NzQ2MTQzMiwiaWF0IjoxNjY3NDU0MjMyLCJhaWQiOiJSMXg0cnJDYlFFQzVDeVBSalB1MWNnIiwiY2lkIjoiIn0.U7Q38RWG6jWSbXcnxP8U2HBJ96hAYtdLU94up1vWe38\",\"join_url\":\"https:\\/\\/us04web.zoom.us\\/j\\/72552320755?pwd=3muKganrC1jaM2rIbKbgGkXaU4k0Eh.1\",\"password\":\"BJwRu\",\"h323_password\":\"242733\",\"pstn_password\":\"242733\",\"encrypted_password\":\"3muKganrC1jaM2rIbKbgGkXaU4k0Eh.1\",\"settings\":{\"host_video\":true,\"participant_video\":true,\"cn_meeting\":false,\"in_meeting\":false,\"join_before_host\":false,\"jbh_time\":0,\"mute_upon_entry\":false,\"watermark\":false,\"use_pmi\":false,\"approval_type\":2,\"audio\":\"voip\",\"auto_recording\":\"none\",\"enforce_login\":false,\"enforce_login_domains\":\"\",\"alternative_hosts\":\"\",\"alternative_host_update_polls\":false,\"close_registration\":false,\"show_share_button\":false,\"allow_multiple_devices\":false,\"registrants_confirmation_email\":true,\"waiting_room\":true,\"request_permission_to_unmute_participants\":false,\"registrants_email_notification\":true,\"meeting_authentication\":false,\"encryption_type\":\"enhanced_encryption\",\"approved_or_denied_countries_or_regions\":{\"enable\":false},\"breakout_room\":{\"enable\":false},\"alternative_hosts_email_notification\":true,\"device_testing\":false,\"focus_mode\":false,\"enable_dedicated_group_chat\":false,\"private_meeting\":false,\"email_notification\":true,\"host_save_video_order\":false},\"pre_schedule\":false}', 'global', 0, 1, '2022-11-03 05:43:52');
INSERT INTO `conferences` (`id`, `purpose`, `staff_id`, `patient_id`, `visit_details_id`, `ipd_id`, `created_id`, `title`, `date`, `duration`, `password`, `host_video`, `client_video`, `description`, `timezone`, `return_response`, `api_type`, `status`, `live_consult_link`, `created_at`) VALUES (421, 'meeting', NULL, NULL, NULL, NULL, 1, 'Plastic Surgery', '2022-11-28 11:30:00', 45, 'Sl0xd', 1, 1, '', 'UTC', '{\"uuid\":\"bfYn47PQSqmt1fp8zfp+XA==\",\"id\":76208037203,\"host_id\":\"O-DGVhFGT9aCYPO_Sx5eig\",\"host_email\":\"garimas663@gmail.com\",\"topic\":\"Plastic Surgery\",\"type\":2,\"status\":\"waiting\",\"start_time\":\"2022-11-28T11:30:00Z\",\"duration\":45,\"timezone\":\"UTC\",\"created_at\":\"2022-11-03T05:44:29Z\",\"start_url\":\"https:\\/\\/us04web.zoom.us\\/s\\/76208037203?zak=eyJ0eXAiOiJKV1QiLCJzdiI6IjAwMDAwMSIsInptX3NrbSI6InptX28ybSIsImFsZyI6IkhTMjU2In0.eyJhdWQiOiJjbGllbnRzbSIsInVpZCI6Ik8tREdWaEZHVDlhQ1lQT19TeDVlaWciLCJpc3MiOiJ3ZWIiLCJzayI6IjAiLCJzdHkiOjEsIndjZCI6InVzMDQiLCJjbHQiOjAsIm1udW0iOiI3NjIwODAzNzIwMyIsImV4cCI6MTY2NzQ2MTQ2OSwiaWF0IjoxNjY3NDU0MjY5LCJhaWQiOiJSMXg0cnJDYlFFQzVDeVBSalB1MWNnIiwiY2lkIjoiIn0.7KzesskfdVvc43DP5sUZwadU0T04hJ7lIneIYwXKPg8\",\"join_url\":\"https:\\/\\/us04web.zoom.us\\/j\\/76208037203?pwd=K30Npd8ADvzKIPu3mTKEkbjKBqLwYY.1\",\"password\":\"Sl0xd\",\"h323_password\":\"141821\",\"pstn_password\":\"141821\",\"encrypted_password\":\"K30Npd8ADvzKIPu3mTKEkbjKBqLwYY.1\",\"settings\":{\"host_video\":true,\"participant_video\":true,\"cn_meeting\":false,\"in_meeting\":false,\"join_before_host\":false,\"jbh_time\":0,\"mute_upon_entry\":false,\"watermark\":false,\"use_pmi\":false,\"approval_type\":2,\"audio\":\"voip\",\"auto_recording\":\"none\",\"enforce_login\":false,\"enforce_login_domains\":\"\",\"alternative_hosts\":\"\",\"alternative_host_update_polls\":false,\"close_registration\":false,\"show_share_button\":false,\"allow_multiple_devices\":false,\"registrants_confirmation_email\":true,\"waiting_room\":true,\"request_permission_to_unmute_participants\":false,\"registrants_email_notification\":true,\"meeting_authentication\":false,\"encryption_type\":\"enhanced_encryption\",\"approved_or_denied_countries_or_regions\":{\"enable\":false},\"breakout_room\":{\"enable\":false},\"alternative_hosts_email_notification\":true,\"device_testing\":false,\"focus_mode\":false,\"enable_dedicated_group_chat\":false,\"private_meeting\":false,\"email_notification\":true,\"host_save_video_order\":false},\"pre_schedule\":false}', 'global', 0, 1, '2022-11-03 05:44:29');
INSERT INTO `conferences` (`id`, `purpose`, `staff_id`, `patient_id`, `visit_details_id`, `ipd_id`, `created_id`, `title`, `date`, `duration`, `password`, `host_video`, `client_video`, `description`, `timezone`, `return_response`, `api_type`, `status`, `live_consult_link`, `created_at`) VALUES (528, 'meeting', NULL, NULL, NULL, NULL, 1, 'Heart Operation Discussion', '2022-12-01 12:30:00', 35, 'XW84M', 1, 1, '', 'UTC', '{\"uuid\":\"O50JmWMoTfqBBPf0q1yu5A==\",\"id\":71627266504,\"host_id\":\"O-DGVhFGT9aCYPO_Sx5eig\",\"host_email\":\"garimas663@gmail.com\",\"topic\":\"Heart Operation Discussion\",\"type\":2,\"status\":\"waiting\",\"start_time\":\"2022-12-05T06:54:27Z\",\"duration\":35,\"timezone\":\"UTC\",\"created_at\":\"2022-12-05T06:54:27Z\",\"start_url\":\"https:\\/\\/us04web.zoom.us\\/s\\/71627266504?zak=eyJ0eXAiOiJKV1QiLCJzdiI6IjAwMDAwMSIsInptX3NrbSI6InptX28ybSIsImFsZyI6IkhTMjU2In0.eyJhdWQiOiJjbGllbnRzbSIsInVpZCI6Ik8tREdWaEZHVDlhQ1lQT19TeDVlaWciLCJpc3MiOiJ3ZWIiLCJzayI6IjAiLCJzdHkiOjEsIndjZCI6InVzMDQiLCJjbHQiOjAsIm1udW0iOiI3MTYyNzI2NjUwNCIsImV4cCI6MTY3MDIzMDQ2NywiaWF0IjoxNjcwMjIzMjY3LCJhaWQiOiJSMXg0cnJDYlFFQzVDeVBSalB1MWNnIiwiY2lkIjoiIn0.iKh2RnRyVW9Ociw2tXfU2ngWku79KXYgFr8TNBAV86U\",\"join_url\":\"https:\\/\\/us04web.zoom.us\\/j\\/71627266504?pwd=avPOwoS5EUWFnAEzCZ0cFhyM6DV5hD.1\",\"password\":\"XW84M\",\"h323_password\":\"257557\",\"pstn_password\":\"257557\",\"encrypted_password\":\"avPOwoS5EUWFnAEzCZ0cFhyM6DV5hD.1\",\"settings\":{\"host_video\":true,\"participant_video\":true,\"cn_meeting\":false,\"in_meeting\":false,\"join_before_host\":false,\"jbh_time\":0,\"mute_upon_entry\":false,\"watermark\":false,\"use_pmi\":false,\"approval_type\":2,\"audio\":\"voip\",\"auto_recording\":\"none\",\"enforce_login\":false,\"enforce_login_domains\":\"\",\"alternative_hosts\":\"\",\"alternative_host_update_polls\":false,\"close_registration\":false,\"show_share_button\":false,\"allow_multiple_devices\":false,\"registrants_confirmation_email\":true,\"waiting_room\":true,\"request_permission_to_unmute_participants\":false,\"registrants_email_notification\":true,\"meeting_authentication\":false,\"encryption_type\":\"enhanced_encryption\",\"approved_or_denied_countries_or_regions\":{\"enable\":false},\"breakout_room\":{\"enable\":false},\"alternative_hosts_email_notification\":true,\"device_testing\":false,\"focus_mode\":false,\"enable_dedicated_group_chat\":false,\"private_meeting\":false,\"email_notification\":true,\"host_save_video_order\":false},\"pre_schedule\":false}', 'global', 2, 1, '2022-12-05 07:10:54');
INSERT INTO `conferences` (`id`, `purpose`, `staff_id`, `patient_id`, `visit_details_id`, `ipd_id`, `created_id`, `title`, `date`, `duration`, `password`, `host_video`, `client_video`, `description`, `timezone`, `return_response`, `api_type`, `status`, `live_consult_link`, `created_at`) VALUES (529, 'meeting', NULL, NULL, NULL, NULL, 1, 'Salary Discussion', '2022-12-05 16:30:00', 35, 'FCez9', 1, 1, '', 'UTC', '{\"uuid\":\"Zr4wNATqQB+0Is1lKOaluQ==\",\"id\":71537985198,\"host_id\":\"O-DGVhFGT9aCYPO_Sx5eig\",\"host_email\":\"garimas663@gmail.com\",\"topic\":\"Salary Discussion\",\"type\":2,\"status\":\"waiting\",\"start_time\":\"2022-12-05T16:30:00Z\",\"duration\":35,\"timezone\":\"UTC\",\"created_at\":\"2022-12-05T06:54:55Z\",\"start_url\":\"https:\\/\\/us04web.zoom.us\\/s\\/71537985198?zak=eyJ0eXAiOiJKV1QiLCJzdiI6IjAwMDAwMSIsInptX3NrbSI6InptX28ybSIsImFsZyI6IkhTMjU2In0.eyJhdWQiOiJjbGllbnRzbSIsInVpZCI6Ik8tREdWaEZHVDlhQ1lQT19TeDVlaWciLCJpc3MiOiJ3ZWIiLCJzayI6IjAiLCJzdHkiOjEsIndjZCI6InVzMDQiLCJjbHQiOjAsIm1udW0iOiI3MTUzNzk4NTE5OCIsImV4cCI6MTY3MDIzMDQ5NSwiaWF0IjoxNjcwMjIzMjk1LCJhaWQiOiJSMXg0cnJDYlFFQzVDeVBSalB1MWNnIiwiY2lkIjoiIn0.O6REOVLtnnNpYyX8iOzbQll5hn_j_cBMpDDQwuVBu2E\",\"join_url\":\"https:\\/\\/us04web.zoom.us\\/j\\/71537985198?pwd=R2fZ4WcxBELita9nPA8Ox9OEgCtluN.1\",\"password\":\"FCez9\",\"h323_password\":\"540772\",\"pstn_password\":\"540772\",\"encrypted_password\":\"R2fZ4WcxBELita9nPA8Ox9OEgCtluN.1\",\"settings\":{\"host_video\":true,\"participant_video\":true,\"cn_meeting\":false,\"in_meeting\":false,\"join_before_host\":false,\"jbh_time\":0,\"mute_upon_entry\":false,\"watermark\":false,\"use_pmi\":false,\"approval_type\":2,\"audio\":\"voip\",\"auto_recording\":\"none\",\"enforce_login\":false,\"enforce_login_domains\":\"\",\"alternative_hosts\":\"\",\"alternative_host_update_polls\":false,\"close_registration\":false,\"show_share_button\":false,\"allow_multiple_devices\":false,\"registrants_confirmation_email\":true,\"waiting_room\":true,\"request_permission_to_unmute_participants\":false,\"registrants_email_notification\":true,\"meeting_authentication\":false,\"encryption_type\":\"enhanced_encryption\",\"approved_or_denied_countries_or_regions\":{\"enable\":false},\"breakout_room\":{\"enable\":false},\"alternative_hosts_email_notification\":true,\"device_testing\":false,\"focus_mode\":false,\"enable_dedicated_group_chat\":false,\"private_meeting\":false,\"email_notification\":true,\"host_save_video_order\":false},\"pre_schedule\":false}', 'global', 2, 1, '2022-12-05 07:17:08');
INSERT INTO `conferences` (`id`, `purpose`, `staff_id`, `patient_id`, `visit_details_id`, `ipd_id`, `created_id`, `title`, `date`, `duration`, `password`, `host_video`, `client_video`, `description`, `timezone`, `return_response`, `api_type`, `status`, `live_consult_link`, `created_at`) VALUES (530, 'meeting', NULL, NULL, NULL, NULL, 1, 'Plastic Surgery', '2022-12-08 12:30:00', 45, 'XHxuu', 1, 1, '', 'UTC', '{\"uuid\":\"5V0uBVOKTYiY2HL9Nu6TZg==\",\"id\":73226529843,\"host_id\":\"O-DGVhFGT9aCYPO_Sx5eig\",\"host_email\":\"garimas663@gmail.com\",\"topic\":\"Plastic Surgery\",\"type\":2,\"status\":\"waiting\",\"start_time\":\"2022-12-08T12:30:00Z\",\"duration\":45,\"timezone\":\"UTC\",\"created_at\":\"2022-12-05T06:55:25Z\",\"start_url\":\"https:\\/\\/us04web.zoom.us\\/s\\/73226529843?zak=eyJ0eXAiOiJKV1QiLCJzdiI6IjAwMDAwMSIsInptX3NrbSI6InptX28ybSIsImFsZyI6IkhTMjU2In0.eyJhdWQiOiJjbGllbnRzbSIsInVpZCI6Ik8tREdWaEZHVDlhQ1lQT19TeDVlaWciLCJpc3MiOiJ3ZWIiLCJzayI6IjAiLCJzdHkiOjEsIndjZCI6InVzMDQiLCJjbHQiOjAsIm1udW0iOiI3MzIyNjUyOTg0MyIsImV4cCI6MTY3MDIzMDUyNSwiaWF0IjoxNjcwMjIzMzI1LCJhaWQiOiJSMXg0cnJDYlFFQzVDeVBSalB1MWNnIiwiY2lkIjoiIn0.nqVMUiB1zS79ToTFfYFuNqwFZdXaQ2HeYL765pUVZF4\",\"join_url\":\"https:\\/\\/us04web.zoom.us\\/j\\/73226529843?pwd=7ra8bWYDnR4Np9xIuhDyYTuKz4g4oL.1\",\"password\":\"XHxuu\",\"h323_password\":\"057664\",\"pstn_password\":\"057664\",\"encrypted_password\":\"7ra8bWYDnR4Np9xIuhDyYTuKz4g4oL.1\",\"settings\":{\"host_video\":true,\"participant_video\":true,\"cn_meeting\":false,\"in_meeting\":false,\"join_before_host\":false,\"jbh_time\":0,\"mute_upon_entry\":false,\"watermark\":false,\"use_pmi\":false,\"approval_type\":2,\"audio\":\"voip\",\"auto_recording\":\"none\",\"enforce_login\":false,\"enforce_login_domains\":\"\",\"alternative_hosts\":\"\",\"alternative_host_update_polls\":false,\"close_registration\":false,\"show_share_button\":false,\"allow_multiple_devices\":false,\"registrants_confirmation_email\":true,\"waiting_room\":true,\"request_permission_to_unmute_participants\":false,\"registrants_email_notification\":true,\"meeting_authentication\":false,\"encryption_type\":\"enhanced_encryption\",\"approved_or_denied_countries_or_regions\":{\"enable\":false},\"breakout_room\":{\"enable\":false},\"alternative_hosts_email_notification\":true,\"device_testing\":false,\"focus_mode\":false,\"enable_dedicated_group_chat\":false,\"private_meeting\":false,\"email_notification\":true,\"host_save_video_order\":false},\"pre_schedule\":false}', 'global', 0, 1, '2022-12-05 06:55:25');
INSERT INTO `conferences` (`id`, `purpose`, `staff_id`, `patient_id`, `visit_details_id`, `ipd_id`, `created_id`, `title`, `date`, `duration`, `password`, `host_video`, `client_video`, `description`, `timezone`, `return_response`, `api_type`, `status`, `live_consult_link`, `created_at`) VALUES (532, 'meeting', NULL, NULL, NULL, NULL, 2, 'Hospital Equipment for Operation', '2022-12-15 12:30:00', 45, 'gNgOP', 1, 1, '', 'UTC', '{\"uuid\":\"XI2d5RgzTOe6jgKhgZu\\/DA==\",\"id\":71535672668,\"host_id\":\"O-DGVhFGT9aCYPO_Sx5eig\",\"host_email\":\"garimas663@gmail.com\",\"topic\":\"Hospital Equipment for Operation\",\"type\":2,\"status\":\"waiting\",\"start_time\":\"2022-12-15T12:30:00Z\",\"duration\":45,\"timezone\":\"UTC\",\"created_at\":\"2022-12-05T06:57:26Z\",\"start_url\":\"https:\\/\\/us04web.zoom.us\\/s\\/71535672668?zak=eyJ0eXAiOiJKV1QiLCJzdiI6IjAwMDAwMSIsInptX3NrbSI6InptX28ybSIsImFsZyI6IkhTMjU2In0.eyJhdWQiOiJjbGllbnRzbSIsInVpZCI6Ik8tREdWaEZHVDlhQ1lQT19TeDVlaWciLCJpc3MiOiJ3ZWIiLCJzayI6IjAiLCJzdHkiOjEsIndjZCI6InVzMDQiLCJjbHQiOjAsIm1udW0iOiI3MTUzNTY3MjY2OCIsImV4cCI6MTY3MDIzMDY0NywiaWF0IjoxNjcwMjIzNDQ3LCJhaWQiOiJSMXg0cnJDYlFFQzVDeVBSalB1MWNnIiwiY2lkIjoiIn0.aj_0Zx2izDERVnNI2wuZM4aLJea6LlNdCdOHUF8Ks6I\",\"join_url\":\"https:\\/\\/us04web.zoom.us\\/j\\/71535672668?pwd=5QvhGmsUNgACDZEAa47Cygpd0btkC1.1\",\"password\":\"gNgOP\",\"h323_password\":\"743689\",\"pstn_password\":\"743689\",\"encrypted_password\":\"5QvhGmsUNgACDZEAa47Cygpd0btkC1.1\",\"settings\":{\"host_video\":true,\"participant_video\":true,\"cn_meeting\":false,\"in_meeting\":false,\"join_before_host\":false,\"jbh_time\":0,\"mute_upon_entry\":false,\"watermark\":false,\"use_pmi\":false,\"approval_type\":2,\"audio\":\"voip\",\"auto_recording\":\"none\",\"enforce_login\":false,\"enforce_login_domains\":\"\",\"alternative_hosts\":\"\",\"alternative_host_update_polls\":false,\"close_registration\":false,\"show_share_button\":false,\"allow_multiple_devices\":false,\"registrants_confirmation_email\":true,\"waiting_room\":true,\"request_permission_to_unmute_participants\":false,\"registrants_email_notification\":true,\"meeting_authentication\":false,\"encryption_type\":\"enhanced_encryption\",\"approved_or_denied_countries_or_regions\":{\"enable\":false},\"breakout_room\":{\"enable\":false},\"alternative_hosts_email_notification\":true,\"device_testing\":false,\"focus_mode\":false,\"enable_dedicated_group_chat\":false,\"private_meeting\":false,\"email_notification\":true,\"host_save_video_order\":false},\"pre_schedule\":false}', 'global', 0, 1, '2022-12-05 06:57:27');
INSERT INTO `conferences` (`id`, `purpose`, `staff_id`, `patient_id`, `visit_details_id`, `ipd_id`, `created_id`, `title`, `date`, `duration`, `password`, `host_video`, `client_video`, `description`, `timezone`, `return_response`, `api_type`, `status`, `live_consult_link`, `created_at`) VALUES (534, 'meeting', NULL, NULL, NULL, NULL, 1, 'Nursing Meeting', '2022-12-18 13:30:00', 35, '52mq3', 1, 1, '', 'UTC', '{\"uuid\":\"YRW8vMeoTvyl7hTN7H6UVw==\",\"id\":78940805724,\"host_id\":\"O-DGVhFGT9aCYPO_Sx5eig\",\"host_email\":\"garimas663@gmail.com\",\"topic\":\"Nursing Meeting\",\"type\":2,\"status\":\"waiting\",\"start_time\":\"2022-12-18T13:30:00Z\",\"duration\":35,\"timezone\":\"UTC\",\"created_at\":\"2022-12-05T07:04:52Z\",\"start_url\":\"https:\\/\\/us04web.zoom.us\\/s\\/78940805724?zak=eyJ0eXAiOiJKV1QiLCJzdiI6IjAwMDAwMSIsInptX3NrbSI6InptX28ybSIsImFsZyI6IkhTMjU2In0.eyJhdWQiOiJjbGllbnRzbSIsInVpZCI6Ik8tREdWaEZHVDlhQ1lQT19TeDVlaWciLCJpc3MiOiJ3ZWIiLCJzayI6IjAiLCJzdHkiOjEsIndjZCI6InVzMDQiLCJjbHQiOjAsIm1udW0iOiI3ODk0MDgwNTcyNCIsImV4cCI6MTY3MDIzMTA5MiwiaWF0IjoxNjcwMjIzODkyLCJhaWQiOiJSMXg0cnJDYlFFQzVDeVBSalB1MWNnIiwiY2lkIjoiIn0._Nxj98qz7rSH-MtYectTqMWqHDtDrcvwWUBMEl_hf98\",\"join_url\":\"https:\\/\\/us04web.zoom.us\\/j\\/78940805724?pwd=skWlScjXGEBcF2j0jeSPaCmyiVpD4z.1\",\"password\":\"52mq3\",\"h323_password\":\"161725\",\"pstn_password\":\"161725\",\"encrypted_password\":\"skWlScjXGEBcF2j0jeSPaCmyiVpD4z.1\",\"settings\":{\"host_video\":true,\"participant_video\":true,\"cn_meeting\":false,\"in_meeting\":false,\"join_before_host\":false,\"jbh_time\":0,\"mute_upon_entry\":false,\"watermark\":false,\"use_pmi\":false,\"approval_type\":2,\"audio\":\"voip\",\"auto_recording\":\"none\",\"enforce_login\":false,\"enforce_login_domains\":\"\",\"alternative_hosts\":\"\",\"alternative_host_update_polls\":false,\"close_registration\":false,\"show_share_button\":false,\"allow_multiple_devices\":false,\"registrants_confirmation_email\":true,\"waiting_room\":true,\"request_permission_to_unmute_participants\":false,\"registrants_email_notification\":true,\"meeting_authentication\":false,\"encryption_type\":\"enhanced_encryption\",\"approved_or_denied_countries_or_regions\":{\"enable\":false},\"breakout_room\":{\"enable\":false},\"alternative_hosts_email_notification\":true,\"device_testing\":false,\"focus_mode\":false,\"enable_dedicated_group_chat\":false,\"private_meeting\":false,\"email_notification\":true,\"host_save_video_order\":false},\"pre_schedule\":false}', 'global', 0, 1, '2022-12-05 07:04:52');
INSERT INTO `conferences` (`id`, `purpose`, `staff_id`, `patient_id`, `visit_details_id`, `ipd_id`, `created_id`, `title`, `date`, `duration`, `password`, `host_video`, `client_video`, `description`, `timezone`, `return_response`, `api_type`, `status`, `live_consult_link`, `created_at`) VALUES (600, 'meeting', NULL, NULL, NULL, NULL, 1, 'Meeting For All Staff', '2023-01-05 17:30:00', 35, 'vPRnQ', 1, 1, '', 'Asia/Kolkata', '{\"uuid\":\"HmAvzCCmQci3VM8zjzX8Xg==\",\"id\":71970891873,\"host_id\":\"O-DGVhFGT9aCYPO_Sx5eig\",\"host_email\":\"garimas663@gmail.com\",\"topic\":\"Meeting For All Staff\",\"type\":2,\"status\":\"waiting\",\"start_time\":\"2023-01-05T06:30:00Z\",\"duration\":35,\"timezone\":\"Asia\\/Kolkata\",\"created_at\":\"2023-01-05T04:45:05Z\",\"start_url\":\"https:\\/\\/us04web.zoom.us\\/s\\/71970891873?zak=eyJ0eXAiOiJKV1QiLCJzdiI6IjAwMDAwMSIsInptX3NrbSI6InptX28ybSIsImFsZyI6IkhTMjU2In0.eyJhdWQiOiJjbGllbnRzbSIsInVpZCI6Ik8tREdWaEZHVDlhQ1lQT19TeDVlaWciLCJpc3MiOiJ3ZWIiLCJzayI6IjAiLCJzdHkiOjEsIndjZCI6InVzMDQiLCJjbHQiOjAsIm1udW0iOiI3MTk3MDg5MTg3MyIsImV4cCI6MTY3MjkwMTEwNSwiaWF0IjoxNjcyODkzOTA1LCJhaWQiOiJSMXg0cnJDYlFFQzVDeVBSalB1MWNnIiwiY2lkIjoiIn0.JVehD4TZdy-xEuiyocUEL78KOkBk6FFasj9gUvpWDm0\",\"join_url\":\"https:\\/\\/us04web.zoom.us\\/j\\/71970891873?pwd=2pj4DMY7PNHArgLYVN1p5L4pk2IwQA.1\",\"password\":\"vPRnQ\",\"h323_password\":\"829635\",\"pstn_password\":\"829635\",\"encrypted_password\":\"2pj4DMY7PNHArgLYVN1p5L4pk2IwQA.1\",\"settings\":{\"host_video\":true,\"participant_video\":true,\"cn_meeting\":false,\"in_meeting\":false,\"join_before_host\":false,\"jbh_time\":0,\"mute_upon_entry\":false,\"watermark\":false,\"use_pmi\":false,\"approval_type\":2,\"audio\":\"voip\",\"auto_recording\":\"none\",\"enforce_login\":false,\"enforce_login_domains\":\"\",\"alternative_hosts\":\"\",\"alternative_host_update_polls\":false,\"close_registration\":false,\"show_share_button\":false,\"allow_multiple_devices\":false,\"registrants_confirmation_email\":true,\"waiting_room\":true,\"request_permission_to_unmute_participants\":false,\"registrants_email_notification\":true,\"meeting_authentication\":false,\"encryption_type\":\"enhanced_encryption\",\"approved_or_denied_countries_or_regions\":{\"enable\":false},\"breakout_room\":{\"enable\":false},\"alternative_hosts_email_notification\":true,\"device_testing\":false,\"focus_mode\":false,\"enable_dedicated_group_chat\":false,\"private_meeting\":false,\"email_notification\":true,\"host_save_video_order\":false},\"pre_schedule\":false}', 'global', 2, 1, '2023-01-05 04:51:13');
INSERT INTO `conferences` (`id`, `purpose`, `staff_id`, `patient_id`, `visit_details_id`, `ipd_id`, `created_id`, `title`, `date`, `duration`, `password`, `host_video`, `client_video`, `description`, `timezone`, `return_response`, `api_type`, `status`, `live_consult_link`, `created_at`) VALUES (601, 'meeting', NULL, NULL, NULL, NULL, 1, 'Hospital Equipment for Operation', '2023-01-10 14:30:00', 45, '0hweE', 1, 1, '', 'Asia/Kolkata', '{\"uuid\":\"+eyEMi85SMqAwSyIpP1\\/JQ==\",\"id\":77256395283,\"host_id\":\"O-DGVhFGT9aCYPO_Sx5eig\",\"host_email\":\"garimas663@gmail.com\",\"topic\":\"Hospital Equipment for Operation\",\"type\":2,\"status\":\"waiting\",\"start_time\":\"2023-01-10T03:30:00Z\",\"duration\":45,\"timezone\":\"Asia\\/Kolkata\",\"created_at\":\"2023-01-05T04:45:29Z\",\"start_url\":\"https:\\/\\/us04web.zoom.us\\/s\\/77256395283?zak=eyJ0eXAiOiJKV1QiLCJzdiI6IjAwMDAwMSIsInptX3NrbSI6InptX28ybSIsImFsZyI6IkhTMjU2In0.eyJhdWQiOiJjbGllbnRzbSIsInVpZCI6Ik8tREdWaEZHVDlhQ1lQT19TeDVlaWciLCJpc3MiOiJ3ZWIiLCJzayI6IjAiLCJzdHkiOjEsIndjZCI6InVzMDQiLCJjbHQiOjAsIm1udW0iOiI3NzI1NjM5NTI4MyIsImV4cCI6MTY3MjkwMTEyOSwiaWF0IjoxNjcyODkzOTI5LCJhaWQiOiJSMXg0cnJDYlFFQzVDeVBSalB1MWNnIiwiY2lkIjoiIn0.RV3C_mqdvfuK1aAoXM4edBdbm04FcjOEHPc757bPjjk\",\"join_url\":\"https:\\/\\/us04web.zoom.us\\/j\\/77256395283?pwd=JvY5r1ziStZ5xBVXWUGIgQvZqZL1Ny.1\",\"password\":\"0hweE\",\"h323_password\":\"329935\",\"pstn_password\":\"329935\",\"encrypted_password\":\"JvY5r1ziStZ5xBVXWUGIgQvZqZL1Ny.1\",\"settings\":{\"host_video\":true,\"participant_video\":true,\"cn_meeting\":false,\"in_meeting\":false,\"join_before_host\":false,\"jbh_time\":0,\"mute_upon_entry\":false,\"watermark\":false,\"use_pmi\":false,\"approval_type\":2,\"audio\":\"voip\",\"auto_recording\":\"none\",\"enforce_login\":false,\"enforce_login_domains\":\"\",\"alternative_hosts\":\"\",\"alternative_host_update_polls\":false,\"close_registration\":false,\"show_share_button\":false,\"allow_multiple_devices\":false,\"registrants_confirmation_email\":true,\"waiting_room\":true,\"request_permission_to_unmute_participants\":false,\"registrants_email_notification\":true,\"meeting_authentication\":false,\"encryption_type\":\"enhanced_encryption\",\"approved_or_denied_countries_or_regions\":{\"enable\":false},\"breakout_room\":{\"enable\":false},\"alternative_hosts_email_notification\":true,\"device_testing\":false,\"focus_mode\":false,\"enable_dedicated_group_chat\":false,\"private_meeting\":false,\"email_notification\":true,\"host_save_video_order\":false},\"pre_schedule\":false}', 'global', 0, 1, '2023-01-05 04:45:29');
INSERT INTO `conferences` (`id`, `purpose`, `staff_id`, `patient_id`, `visit_details_id`, `ipd_id`, `created_id`, `title`, `date`, `duration`, `password`, `host_video`, `client_video`, `description`, `timezone`, `return_response`, `api_type`, `status`, `live_consult_link`, `created_at`) VALUES (603, 'meeting', NULL, NULL, NULL, NULL, 1, 'Plastic Surgery', '2023-01-18 14:30:00', 35, 'jxhaX', 1, 1, '', 'Asia/Kolkata', '{\"uuid\":\"mHjTQOJBQfW1Il+YqTYNIA==\",\"id\":79532554216,\"host_id\":\"O-DGVhFGT9aCYPO_Sx5eig\",\"host_email\":\"garimas663@gmail.com\",\"topic\":\"Plastic Surgery\",\"type\":2,\"status\":\"waiting\",\"start_time\":\"2023-01-18T03:30:00Z\",\"duration\":35,\"timezone\":\"Asia\\/Kolkata\",\"created_at\":\"2023-01-05T04:46:36Z\",\"start_url\":\"https:\\/\\/us04web.zoom.us\\/s\\/79532554216?zak=eyJ0eXAiOiJKV1QiLCJzdiI6IjAwMDAwMSIsInptX3NrbSI6InptX28ybSIsImFsZyI6IkhTMjU2In0.eyJhdWQiOiJjbGllbnRzbSIsInVpZCI6Ik8tREdWaEZHVDlhQ1lQT19TeDVlaWciLCJpc3MiOiJ3ZWIiLCJzayI6IjAiLCJzdHkiOjEsIndjZCI6InVzMDQiLCJjbHQiOjAsIm1udW0iOiI3OTUzMjU1NDIxNiIsImV4cCI6MTY3MjkwMTE5NiwiaWF0IjoxNjcyODkzOTk2LCJhaWQiOiJSMXg0cnJDYlFFQzVDeVBSalB1MWNnIiwiY2lkIjoiIn0.QUXlXQhgVV0UAaUZsGOVf5KsVhmenGJVHZ_nZKkYs6Q\",\"join_url\":\"https:\\/\\/us04web.zoom.us\\/j\\/79532554216?pwd=XewoJNWkF0RQ9JTwq6r4m3YTFGdrs7.1\",\"password\":\"jxhaX\",\"h323_password\":\"847062\",\"pstn_password\":\"847062\",\"encrypted_password\":\"XewoJNWkF0RQ9JTwq6r4m3YTFGdrs7.1\",\"settings\":{\"host_video\":true,\"participant_video\":true,\"cn_meeting\":false,\"in_meeting\":false,\"join_before_host\":false,\"jbh_time\":0,\"mute_upon_entry\":false,\"watermark\":false,\"use_pmi\":false,\"approval_type\":2,\"audio\":\"voip\",\"auto_recording\":\"none\",\"enforce_login\":false,\"enforce_login_domains\":\"\",\"alternative_hosts\":\"\",\"alternative_host_update_polls\":false,\"close_registration\":false,\"show_share_button\":false,\"allow_multiple_devices\":false,\"registrants_confirmation_email\":true,\"waiting_room\":true,\"request_permission_to_unmute_participants\":false,\"registrants_email_notification\":true,\"meeting_authentication\":false,\"encryption_type\":\"enhanced_encryption\",\"approved_or_denied_countries_or_regions\":{\"enable\":false},\"breakout_room\":{\"enable\":false},\"alternative_hosts_email_notification\":true,\"device_testing\":false,\"focus_mode\":false,\"enable_dedicated_group_chat\":false,\"private_meeting\":false,\"email_notification\":true,\"host_save_video_order\":false},\"pre_schedule\":false}', 'global', 0, 1, '2023-01-05 04:46:36');
INSERT INTO `conferences` (`id`, `purpose`, `staff_id`, `patient_id`, `visit_details_id`, `ipd_id`, `created_id`, `title`, `date`, `duration`, `password`, `host_video`, `client_video`, `description`, `timezone`, `return_response`, `api_type`, `status`, `live_consult_link`, `created_at`) VALUES (604, 'meeting', NULL, NULL, NULL, NULL, 14, 'Meeting For Hospital Requirement', '2023-01-20 12:30:00', 35, 'AGi3u', 1, 1, '', 'Asia/Kolkata', '{\"uuid\":\"en74DKd5RxCak2YTILJVZA==\",\"id\":75098655011,\"host_id\":\"O-DGVhFGT9aCYPO_Sx5eig\",\"host_email\":\"garimas663@gmail.com\",\"topic\":\"Meeting For Hospital Requirement\",\"type\":2,\"status\":\"waiting\",\"start_time\":\"2023-01-20T01:30:00Z\",\"duration\":35,\"timezone\":\"Asia\\/Kolkata\",\"created_at\":\"2023-01-05T04:47:46Z\",\"start_url\":\"https:\\/\\/us04web.zoom.us\\/s\\/75098655011?zak=eyJ0eXAiOiJKV1QiLCJzdiI6IjAwMDAwMSIsInptX3NrbSI6InptX28ybSIsImFsZyI6IkhTMjU2In0.eyJhdWQiOiJjbGllbnRzbSIsInVpZCI6Ik8tREdWaEZHVDlhQ1lQT19TeDVlaWciLCJpc3MiOiJ3ZWIiLCJzayI6IjAiLCJzdHkiOjEsIndjZCI6InVzMDQiLCJjbHQiOjAsIm1udW0iOiI3NTA5ODY1NTAxMSIsImV4cCI6MTY3MjkwMTI2NiwiaWF0IjoxNjcyODk0MDY2LCJhaWQiOiJSMXg0cnJDYlFFQzVDeVBSalB1MWNnIiwiY2lkIjoiIn0.KNCO8PqGsAOkoJmBrhqULElajq2yxNBmbOLea0wbUL0\",\"join_url\":\"https:\\/\\/us04web.zoom.us\\/j\\/75098655011?pwd=nYgcHyM7bP4stEUwaDaUU8iuz9oprJ.1\",\"password\":\"AGi3u\",\"h323_password\":\"861043\",\"pstn_password\":\"861043\",\"encrypted_password\":\"nYgcHyM7bP4stEUwaDaUU8iuz9oprJ.1\",\"settings\":{\"host_video\":true,\"participant_video\":true,\"cn_meeting\":false,\"in_meeting\":false,\"join_before_host\":false,\"jbh_time\":0,\"mute_upon_entry\":false,\"watermark\":false,\"use_pmi\":false,\"approval_type\":2,\"audio\":\"voip\",\"auto_recording\":\"none\",\"enforce_login\":false,\"enforce_login_domains\":\"\",\"alternative_hosts\":\"\",\"alternative_host_update_polls\":false,\"close_registration\":false,\"show_share_button\":false,\"allow_multiple_devices\":false,\"registrants_confirmation_email\":true,\"waiting_room\":true,\"request_permission_to_unmute_participants\":false,\"registrants_email_notification\":true,\"meeting_authentication\":false,\"encryption_type\":\"enhanced_encryption\",\"approved_or_denied_countries_or_regions\":{\"enable\":false},\"breakout_room\":{\"enable\":false},\"alternative_hosts_email_notification\":true,\"device_testing\":false,\"focus_mode\":false,\"enable_dedicated_group_chat\":false,\"private_meeting\":false,\"email_notification\":true,\"host_save_video_order\":false},\"pre_schedule\":false}', 'global', 0, 1, '2023-01-05 04:47:46');
INSERT INTO `conferences` (`id`, `purpose`, `staff_id`, `patient_id`, `visit_details_id`, `ipd_id`, `created_id`, `title`, `date`, `duration`, `password`, `host_video`, `client_video`, `description`, `timezone`, `return_response`, `api_type`, `status`, `live_consult_link`, `created_at`) VALUES (605, 'meeting', NULL, NULL, NULL, NULL, 14, 'Nursing Meeting', '2023-01-24 14:30:00', 35, 'l9Och', 1, 1, '', 'Asia/Kolkata', '{\"uuid\":\"RhHLD4YqQXG8oE4qLG2vXQ==\",\"id\":73133783159,\"host_id\":\"O-DGVhFGT9aCYPO_Sx5eig\",\"host_email\":\"garimas663@gmail.com\",\"topic\":\"Nursing Meeting\",\"type\":2,\"status\":\"waiting\",\"start_time\":\"2023-01-24T03:30:00Z\",\"duration\":35,\"timezone\":\"Asia\\/Kolkata\",\"created_at\":\"2023-01-05T04:48:21Z\",\"start_url\":\"https:\\/\\/us04web.zoom.us\\/s\\/73133783159?zak=eyJ0eXAiOiJKV1QiLCJzdiI6IjAwMDAwMSIsInptX3NrbSI6InptX28ybSIsImFsZyI6IkhTMjU2In0.eyJhdWQiOiJjbGllbnRzbSIsInVpZCI6Ik8tREdWaEZHVDlhQ1lQT19TeDVlaWciLCJpc3MiOiJ3ZWIiLCJzayI6IjAiLCJzdHkiOjEsIndjZCI6InVzMDQiLCJjbHQiOjAsIm1udW0iOiI3MzEzMzc4MzE1OSIsImV4cCI6MTY3MjkwMTMwMSwiaWF0IjoxNjcyODk0MTAxLCJhaWQiOiJSMXg0cnJDYlFFQzVDeVBSalB1MWNnIiwiY2lkIjoiIn0.FOH7NmQHU4TbmUZtNBua4dkuiI5jVGfWNFOSJSOhyJI\",\"join_url\":\"https:\\/\\/us04web.zoom.us\\/j\\/73133783159?pwd=3Gv3tkACXgJzrfhWQHuY6HD7Fl5Wuj.1\",\"password\":\"l9Och\",\"h323_password\":\"251906\",\"pstn_password\":\"251906\",\"encrypted_password\":\"3Gv3tkACXgJzrfhWQHuY6HD7Fl5Wuj.1\",\"settings\":{\"host_video\":true,\"participant_video\":true,\"cn_meeting\":false,\"in_meeting\":false,\"join_before_host\":false,\"jbh_time\":0,\"mute_upon_entry\":false,\"watermark\":false,\"use_pmi\":false,\"approval_type\":2,\"audio\":\"voip\",\"auto_recording\":\"none\",\"enforce_login\":false,\"enforce_login_domains\":\"\",\"alternative_hosts\":\"\",\"alternative_host_update_polls\":false,\"close_registration\":false,\"show_share_button\":false,\"allow_multiple_devices\":false,\"registrants_confirmation_email\":true,\"waiting_room\":true,\"request_permission_to_unmute_participants\":false,\"registrants_email_notification\":true,\"meeting_authentication\":false,\"encryption_type\":\"enhanced_encryption\",\"approved_or_denied_countries_or_regions\":{\"enable\":false},\"breakout_room\":{\"enable\":false},\"alternative_hosts_email_notification\":true,\"device_testing\":false,\"focus_mode\":false,\"enable_dedicated_group_chat\":false,\"private_meeting\":false,\"email_notification\":true,\"host_save_video_order\":false},\"pre_schedule\":false}', 'global', 0, 1, '2023-01-05 04:48:21');
INSERT INTO `conferences` (`id`, `purpose`, `staff_id`, `patient_id`, `visit_details_id`, `ipd_id`, `created_id`, `title`, `date`, `duration`, `password`, `host_video`, `client_video`, `description`, `timezone`, `return_response`, `api_type`, `status`, `live_consult_link`, `created_at`) VALUES (606, 'meeting', NULL, NULL, NULL, NULL, 14, 'Pathology Investigation Setup report discussion', '2023-01-26 17:30:00', 35, 'YJElU', 1, 1, '', 'Asia/Kolkata', '{\"uuid\":\"kK+7MOYaQlO7BMgGXA4+kQ==\",\"id\":78609797508,\"host_id\":\"O-DGVhFGT9aCYPO_Sx5eig\",\"host_email\":\"garimas663@gmail.com\",\"topic\":\"Pathology Investigation Setup report discussion\",\"type\":2,\"status\":\"waiting\",\"start_time\":\"2023-01-26T06:30:00Z\",\"duration\":35,\"timezone\":\"Asia\\/Kolkata\",\"created_at\":\"2023-01-05T04:48:59Z\",\"start_url\":\"https:\\/\\/us04web.zoom.us\\/s\\/78609797508?zak=eyJ0eXAiOiJKV1QiLCJzdiI6IjAwMDAwMSIsInptX3NrbSI6InptX28ybSIsImFsZyI6IkhTMjU2In0.eyJhdWQiOiJjbGllbnRzbSIsInVpZCI6Ik8tREdWaEZHVDlhQ1lQT19TeDVlaWciLCJpc3MiOiJ3ZWIiLCJzayI6IjAiLCJzdHkiOjEsIndjZCI6InVzMDQiLCJjbHQiOjAsIm1udW0iOiI3ODYwOTc5NzUwOCIsImV4cCI6MTY3MjkwMTMzOSwiaWF0IjoxNjcyODk0MTM5LCJhaWQiOiJSMXg0cnJDYlFFQzVDeVBSalB1MWNnIiwiY2lkIjoiIn0.aLxWY-M-p0KI044Lo3oVaawuh5ok3uaPCXugdm8bjo0\",\"join_url\":\"https:\\/\\/us04web.zoom.us\\/j\\/78609797508?pwd=DEY0YZg3XDWvCZb0RBypmuvqaW3acp.1\",\"password\":\"YJElU\",\"h323_password\":\"819326\",\"pstn_password\":\"819326\",\"encrypted_password\":\"DEY0YZg3XDWvCZb0RBypmuvqaW3acp.1\",\"settings\":{\"host_video\":true,\"participant_video\":true,\"cn_meeting\":false,\"in_meeting\":false,\"join_before_host\":false,\"jbh_time\":0,\"mute_upon_entry\":false,\"watermark\":false,\"use_pmi\":false,\"approval_type\":2,\"audio\":\"voip\",\"auto_recording\":\"none\",\"enforce_login\":false,\"enforce_login_domains\":\"\",\"alternative_hosts\":\"\",\"alternative_host_update_polls\":false,\"close_registration\":false,\"show_share_button\":false,\"allow_multiple_devices\":false,\"registrants_confirmation_email\":true,\"waiting_room\":true,\"request_permission_to_unmute_participants\":false,\"registrants_email_notification\":true,\"meeting_authentication\":false,\"encryption_type\":\"enhanced_encryption\",\"approved_or_denied_countries_or_regions\":{\"enable\":false},\"breakout_room\":{\"enable\":false},\"alternative_hosts_email_notification\":true,\"device_testing\":false,\"focus_mode\":false,\"enable_dedicated_group_chat\":false,\"private_meeting\":false,\"email_notification\":true,\"host_save_video_order\":false},\"pre_schedule\":false}', 'global', 0, 1, '2023-01-05 04:49:00');
INSERT INTO `conferences` (`id`, `purpose`, `staff_id`, `patient_id`, `visit_details_id`, `ipd_id`, `created_id`, `title`, `date`, `duration`, `password`, `host_video`, `client_video`, `description`, `timezone`, `return_response`, `api_type`, `status`, `live_consult_link`, `created_at`) VALUES (607, 'meeting', NULL, NULL, NULL, NULL, 14, 'Skin Problem Discussion', '2023-01-30 14:30:00', 35, 'd3tql', 1, 1, '', 'Asia/Kolkata', '{\"uuid\":\"hu19Dnt7TnSyyx0xLNTMfg==\",\"id\":73657953375,\"host_id\":\"O-DGVhFGT9aCYPO_Sx5eig\",\"host_email\":\"garimas663@gmail.com\",\"topic\":\"Skin Problem Discussion\",\"type\":2,\"status\":\"waiting\",\"start_time\":\"2023-01-30T03:30:00Z\",\"duration\":35,\"timezone\":\"Asia\\/Kolkata\",\"created_at\":\"2023-01-05T04:49:39Z\",\"start_url\":\"https:\\/\\/us04web.zoom.us\\/s\\/73657953375?zak=eyJ0eXAiOiJKV1QiLCJzdiI6IjAwMDAwMSIsInptX3NrbSI6InptX28ybSIsImFsZyI6IkhTMjU2In0.eyJhdWQiOiJjbGllbnRzbSIsInVpZCI6Ik8tREdWaEZHVDlhQ1lQT19TeDVlaWciLCJpc3MiOiJ3ZWIiLCJzayI6IjAiLCJzdHkiOjEsIndjZCI6InVzMDQiLCJjbHQiOjAsIm1udW0iOiI3MzY1Nzk1MzM3NSIsImV4cCI6MTY3MjkwMTM3OSwiaWF0IjoxNjcyODk0MTc5LCJhaWQiOiJSMXg0cnJDYlFFQzVDeVBSalB1MWNnIiwiY2lkIjoiIn0.K-Saj1xhI-J2aWltB9hVwssRgUMA2RLVgwkg8k_2q1c\",\"join_url\":\"https:\\/\\/us04web.zoom.us\\/j\\/73657953375?pwd=YI3zOEaR1xWw7eKPbc43bGm74tMNRE.1\",\"password\":\"d3tql\",\"h323_password\":\"028529\",\"pstn_password\":\"028529\",\"encrypted_password\":\"YI3zOEaR1xWw7eKPbc43bGm74tMNRE.1\",\"settings\":{\"host_video\":true,\"participant_video\":true,\"cn_meeting\":false,\"in_meeting\":false,\"join_before_host\":false,\"jbh_time\":0,\"mute_upon_entry\":false,\"watermark\":false,\"use_pmi\":false,\"approval_type\":2,\"audio\":\"voip\",\"auto_recording\":\"none\",\"enforce_login\":false,\"enforce_login_domains\":\"\",\"alternative_hosts\":\"\",\"alternative_host_update_polls\":false,\"close_registration\":false,\"show_share_button\":false,\"allow_multiple_devices\":false,\"registrants_confirmation_email\":true,\"waiting_room\":true,\"request_permission_to_unmute_participants\":false,\"registrants_email_notification\":true,\"meeting_authentication\":false,\"encryption_type\":\"enhanced_encryption\",\"approved_or_denied_countries_or_regions\":{\"enable\":false},\"breakout_room\":{\"enable\":false},\"alternative_hosts_email_notification\":true,\"device_testing\":false,\"focus_mode\":false,\"enable_dedicated_group_chat\":false,\"private_meeting\":false,\"email_notification\":true,\"host_save_video_order\":false},\"pre_schedule\":false}', 'global', 0, 1, '2023-01-05 04:49:39');
INSERT INTO `conferences` (`id`, `purpose`, `staff_id`, `patient_id`, `visit_details_id`, `ipd_id`, `created_id`, `title`, `date`, `duration`, `password`, `host_video`, `client_video`, `description`, `timezone`, `return_response`, `api_type`, `status`, `live_consult_link`, `created_at`) VALUES (661, 'meeting', NULL, NULL, NULL, NULL, 1, 'Fever symptom discussion', '2023-02-01 10:30:00', 35, 'ZxNm4', 1, 1, '', 'Asia/Kolkata', '{\"uuid\":\"KfVG+OmLTtSyyxRHiD1f5g==\",\"id\":76807183982,\"host_id\":\"O-DGVhFGT9aCYPO_Sx5eig\",\"host_email\":\"garimas663@gmail.com\",\"topic\":\"Fever symptom discussion\",\"type\":2,\"status\":\"waiting\",\"start_time\":\"2023-02-01T05:07:39Z\",\"duration\":35,\"timezone\":\"Asia\\/Kolkata\",\"created_at\":\"2023-02-01T05:07:39Z\",\"start_url\":\"https:\\/\\/us04web.zoom.us\\/s\\/76807183982?zak=eyJ0eXAiOiJKV1QiLCJzdiI6IjAwMDAwMSIsInptX3NrbSI6InptX28ybSIsImFsZyI6IkhTMjU2In0.eyJhdWQiOiJjbGllbnRzbSIsInVpZCI6Ik8tREdWaEZHVDlhQ1lQT19TeDVlaWciLCJpc3MiOiJ3ZWIiLCJzayI6IjAiLCJzdHkiOjEsIndjZCI6InVzMDQiLCJjbHQiOjAsIm1udW0iOiI3NjgwNzE4Mzk4MiIsImV4cCI6MTY3NTIzNTI1OSwiaWF0IjoxNjc1MjI4MDU5LCJhaWQiOiJSMXg0cnJDYlFFQzVDeVBSalB1MWNnIiwiY2lkIjoiIn0.Y995qdSy48BRrzhLWunDUZf7rnEQkpmx-XRxs1P9nrg\",\"join_url\":\"https:\\/\\/us04web.zoom.us\\/j\\/76807183982?pwd=byN3DcLZy2LndIztZTxAC8xYmOAMzd.1\",\"password\":\"ZxNm4\",\"h323_password\":\"924716\",\"pstn_password\":\"924716\",\"encrypted_password\":\"byN3DcLZy2LndIztZTxAC8xYmOAMzd.1\",\"settings\":{\"host_video\":true,\"participant_video\":true,\"cn_meeting\":false,\"in_meeting\":false,\"join_before_host\":false,\"jbh_time\":0,\"mute_upon_entry\":false,\"watermark\":false,\"use_pmi\":false,\"approval_type\":2,\"audio\":\"voip\",\"auto_recording\":\"none\",\"enforce_login\":false,\"enforce_login_domains\":\"\",\"alternative_hosts\":\"\",\"alternative_host_update_polls\":false,\"close_registration\":false,\"show_share_button\":false,\"allow_multiple_devices\":false,\"registrants_confirmation_email\":true,\"waiting_room\":true,\"request_permission_to_unmute_participants\":false,\"registrants_email_notification\":true,\"meeting_authentication\":false,\"encryption_type\":\"enhanced_encryption\",\"approved_or_denied_countries_or_regions\":{\"enable\":false},\"breakout_room\":{\"enable\":false},\"alternative_hosts_email_notification\":true,\"device_testing\":false,\"focus_mode\":false,\"enable_dedicated_group_chat\":false,\"private_meeting\":false,\"email_notification\":true,\"host_save_video_order\":false},\"pre_schedule\":false}', 'global', 0, 1, '2023-02-01 05:07:39');
INSERT INTO `conferences` (`id`, `purpose`, `staff_id`, `patient_id`, `visit_details_id`, `ipd_id`, `created_id`, `title`, `date`, `duration`, `password`, `host_video`, `client_video`, `description`, `timezone`, `return_response`, `api_type`, `status`, `live_consult_link`, `created_at`) VALUES (663, 'meeting', NULL, NULL, NULL, NULL, 1, 'Meeting For All Staff', '2023-02-05 14:30:00', 35, 'nqXzz', 1, 1, '', 'Asia/Kolkata', '{\"uuid\":\"cw1jZ\\/g6SCGsYy2Rky5C\\/w==\",\"id\":73846705841,\"host_id\":\"O-DGVhFGT9aCYPO_Sx5eig\",\"host_email\":\"garimas663@gmail.com\",\"topic\":\"Meeting For All Staff\",\"type\":2,\"status\":\"waiting\",\"start_time\":\"2023-02-05T03:30:00Z\",\"duration\":35,\"timezone\":\"Asia\\/Kolkata\",\"created_at\":\"2023-02-01T05:08:35Z\",\"start_url\":\"https:\\/\\/us04web.zoom.us\\/s\\/73846705841?zak=eyJ0eXAiOiJKV1QiLCJzdiI6IjAwMDAwMSIsInptX3NrbSI6InptX28ybSIsImFsZyI6IkhTMjU2In0.eyJhdWQiOiJjbGllbnRzbSIsInVpZCI6Ik8tREdWaEZHVDlhQ1lQT19TeDVlaWciLCJpc3MiOiJ3ZWIiLCJzayI6IjAiLCJzdHkiOjEsIndjZCI6InVzMDQiLCJjbHQiOjAsIm1udW0iOiI3Mzg0NjcwNTg0MSIsImV4cCI6MTY3NTIzNTMxNSwiaWF0IjoxNjc1MjI4MTE1LCJhaWQiOiJSMXg0cnJDYlFFQzVDeVBSalB1MWNnIiwiY2lkIjoiIn0.n1rMUaMZvjXJj-Nv9KialLgFpDAfpc7xYtc0dkYnL5k\",\"join_url\":\"https:\\/\\/us04web.zoom.us\\/j\\/73846705841?pwd=0csxD0ekwRBNmMEzmzzoriQkCzCpm1.1\",\"password\":\"nqXzz\",\"h323_password\":\"727014\",\"pstn_password\":\"727014\",\"encrypted_password\":\"0csxD0ekwRBNmMEzmzzoriQkCzCpm1.1\",\"settings\":{\"host_video\":true,\"participant_video\":true,\"cn_meeting\":false,\"in_meeting\":false,\"join_before_host\":false,\"jbh_time\":0,\"mute_upon_entry\":false,\"watermark\":false,\"use_pmi\":false,\"approval_type\":2,\"audio\":\"voip\",\"auto_recording\":\"none\",\"enforce_login\":false,\"enforce_login_domains\":\"\",\"alternative_hosts\":\"\",\"alternative_host_update_polls\":false,\"close_registration\":false,\"show_share_button\":false,\"allow_multiple_devices\":false,\"registrants_confirmation_email\":true,\"waiting_room\":true,\"request_permission_to_unmute_participants\":false,\"registrants_email_notification\":true,\"meeting_authentication\":false,\"encryption_type\":\"enhanced_encryption\",\"approved_or_denied_countries_or_regions\":{\"enable\":false},\"breakout_room\":{\"enable\":false},\"alternative_hosts_email_notification\":true,\"device_testing\":false,\"focus_mode\":false,\"enable_dedicated_group_chat\":false,\"private_meeting\":false,\"email_notification\":true,\"host_save_video_order\":false},\"pre_schedule\":false}', 'global', 0, 1, '2023-02-01 05:08:35');
INSERT INTO `conferences` (`id`, `purpose`, `staff_id`, `patient_id`, `visit_details_id`, `ipd_id`, `created_id`, `title`, `date`, `duration`, `password`, `host_video`, `client_video`, `description`, `timezone`, `return_response`, `api_type`, `status`, `live_consult_link`, `created_at`) VALUES (664, 'meeting', NULL, NULL, NULL, NULL, 1, 'Plastic Surgery', '2023-02-10 14:00:00', 35, 'Gdp6g', 1, 1, '', 'Asia/Kolkata', '{\"uuid\":\"sCcikdYISL2DTjghFV5moA==\",\"id\":78120250695,\"host_id\":\"O-DGVhFGT9aCYPO_Sx5eig\",\"host_email\":\"garimas663@gmail.com\",\"topic\":\"Plastic Surgery\",\"type\":2,\"status\":\"waiting\",\"start_time\":\"2023-02-10T03:00:00Z\",\"duration\":35,\"timezone\":\"Asia\\/Kolkata\",\"created_at\":\"2023-02-01T05:08:56Z\",\"start_url\":\"https:\\/\\/us04web.zoom.us\\/s\\/78120250695?zak=eyJ0eXAiOiJKV1QiLCJzdiI6IjAwMDAwMSIsInptX3NrbSI6InptX28ybSIsImFsZyI6IkhTMjU2In0.eyJhdWQiOiJjbGllbnRzbSIsInVpZCI6Ik8tREdWaEZHVDlhQ1lQT19TeDVlaWciLCJpc3MiOiJ3ZWIiLCJzayI6IjAiLCJzdHkiOjEsIndjZCI6InVzMDQiLCJjbHQiOjAsIm1udW0iOiI3ODEyMDI1MDY5NSIsImV4cCI6MTY3NTIzNTMzNiwiaWF0IjoxNjc1MjI4MTM2LCJhaWQiOiJSMXg0cnJDYlFFQzVDeVBSalB1MWNnIiwiY2lkIjoiIn0.o7ks6lCyeBh2AAWhoXUvDZUUNhVj9GN-f_FJrKPUiGc\",\"join_url\":\"https:\\/\\/us04web.zoom.us\\/j\\/78120250695?pwd=8TYcpjQdxKBPqTxGrBEtw9TvF7Ai8k.1\",\"password\":\"Gdp6g\",\"h323_password\":\"760741\",\"pstn_password\":\"760741\",\"encrypted_password\":\"8TYcpjQdxKBPqTxGrBEtw9TvF7Ai8k.1\",\"settings\":{\"host_video\":true,\"participant_video\":true,\"cn_meeting\":false,\"in_meeting\":false,\"join_before_host\":false,\"jbh_time\":0,\"mute_upon_entry\":false,\"watermark\":false,\"use_pmi\":false,\"approval_type\":2,\"audio\":\"voip\",\"auto_recording\":\"none\",\"enforce_login\":false,\"enforce_login_domains\":\"\",\"alternative_hosts\":\"\",\"alternative_host_update_polls\":false,\"close_registration\":false,\"show_share_button\":false,\"allow_multiple_devices\":false,\"registrants_confirmation_email\":true,\"waiting_room\":true,\"request_permission_to_unmute_participants\":false,\"registrants_email_notification\":true,\"meeting_authentication\":false,\"encryption_type\":\"enhanced_encryption\",\"approved_or_denied_countries_or_regions\":{\"enable\":false},\"breakout_room\":{\"enable\":false},\"alternative_hosts_email_notification\":true,\"device_testing\":false,\"focus_mode\":false,\"enable_dedicated_group_chat\":false,\"private_meeting\":false,\"email_notification\":true,\"host_save_video_order\":false},\"pre_schedule\":false}', 'global', 0, 1, '2023-02-01 05:08:57');
INSERT INTO `conferences` (`id`, `purpose`, `staff_id`, `patient_id`, `visit_details_id`, `ipd_id`, `created_id`, `title`, `date`, `duration`, `password`, `host_video`, `client_video`, `description`, `timezone`, `return_response`, `api_type`, `status`, `live_consult_link`, `created_at`) VALUES (665, 'meeting', NULL, NULL, NULL, NULL, 1, 'Heart By Discussion', '2023-02-15 12:30:00', 35, 'RngKI', 1, 1, '', 'Asia/Kolkata', '{\"uuid\":\"7+QrWSNBSHqjfBVIR04Ofg==\",\"id\":76258472314,\"host_id\":\"O-DGVhFGT9aCYPO_Sx5eig\",\"host_email\":\"garimas663@gmail.com\",\"topic\":\"Heart By Discussion\",\"type\":2,\"status\":\"waiting\",\"start_time\":\"2023-02-15T01:30:00Z\",\"duration\":35,\"timezone\":\"Asia\\/Kolkata\",\"created_at\":\"2023-02-01T05:09:21Z\",\"start_url\":\"https:\\/\\/us04web.zoom.us\\/s\\/76258472314?zak=eyJ0eXAiOiJKV1QiLCJzdiI6IjAwMDAwMSIsInptX3NrbSI6InptX28ybSIsImFsZyI6IkhTMjU2In0.eyJhdWQiOiJjbGllbnRzbSIsInVpZCI6Ik8tREdWaEZHVDlhQ1lQT19TeDVlaWciLCJpc3MiOiJ3ZWIiLCJzayI6IjAiLCJzdHkiOjEsIndjZCI6InVzMDQiLCJjbHQiOjAsIm1udW0iOiI3NjI1ODQ3MjMxNCIsImV4cCI6MTY3NTIzNTM2MSwiaWF0IjoxNjc1MjI4MTYxLCJhaWQiOiJSMXg0cnJDYlFFQzVDeVBSalB1MWNnIiwiY2lkIjoiIn0.EDdfv5wIEs5ohNjosVu15Orc7_vUocMO8qAEQQSwHbE\",\"join_url\":\"https:\\/\\/us04web.zoom.us\\/j\\/76258472314?pwd=wCXOwwV0iOHW8m1ZnKyrLwRnBpsMlX.1\",\"password\":\"RngKI\",\"h323_password\":\"869043\",\"pstn_password\":\"869043\",\"encrypted_password\":\"wCXOwwV0iOHW8m1ZnKyrLwRnBpsMlX.1\",\"settings\":{\"host_video\":true,\"participant_video\":true,\"cn_meeting\":false,\"in_meeting\":false,\"join_before_host\":false,\"jbh_time\":0,\"mute_upon_entry\":false,\"watermark\":false,\"use_pmi\":false,\"approval_type\":2,\"audio\":\"voip\",\"auto_recording\":\"none\",\"enforce_login\":false,\"enforce_login_domains\":\"\",\"alternative_hosts\":\"\",\"alternative_host_update_polls\":false,\"close_registration\":false,\"show_share_button\":false,\"allow_multiple_devices\":false,\"registrants_confirmation_email\":true,\"waiting_room\":true,\"request_permission_to_unmute_participants\":false,\"registrants_email_notification\":true,\"meeting_authentication\":false,\"encryption_type\":\"enhanced_encryption\",\"approved_or_denied_countries_or_regions\":{\"enable\":false},\"breakout_room\":{\"enable\":false},\"alternative_hosts_email_notification\":true,\"device_testing\":false,\"focus_mode\":false,\"enable_dedicated_group_chat\":false,\"private_meeting\":false,\"email_notification\":true,\"host_save_video_order\":false},\"pre_schedule\":false}', 'global', 0, 1, '2023-02-01 05:09:22');
INSERT INTO `conferences` (`id`, `purpose`, `staff_id`, `patient_id`, `visit_details_id`, `ipd_id`, `created_id`, `title`, `date`, `duration`, `password`, `host_video`, `client_video`, `description`, `timezone`, `return_response`, `api_type`, `status`, `live_consult_link`, `created_at`) VALUES (666, 'meeting', NULL, NULL, NULL, NULL, 2, 'Nursing Meeting', '2023-02-20 17:30:00', 35, 'j5FwI', 1, 1, '', 'Asia/Kolkata', '{\"uuid\":\"dd6I2OzOTimHcw08ayMSBQ==\",\"id\":77536019799,\"host_id\":\"O-DGVhFGT9aCYPO_Sx5eig\",\"host_email\":\"garimas663@gmail.com\",\"topic\":\"Nursing Meeting\",\"type\":2,\"status\":\"waiting\",\"start_time\":\"2023-02-20T06:30:00Z\",\"duration\":35,\"timezone\":\"Asia\\/Kolkata\",\"created_at\":\"2023-02-01T05:10:10Z\",\"start_url\":\"https:\\/\\/us04web.zoom.us\\/s\\/77536019799?zak=eyJ0eXAiOiJKV1QiLCJzdiI6IjAwMDAwMSIsInptX3NrbSI6InptX28ybSIsImFsZyI6IkhTMjU2In0.eyJhdWQiOiJjbGllbnRzbSIsInVpZCI6Ik8tREdWaEZHVDlhQ1lQT19TeDVlaWciLCJpc3MiOiJ3ZWIiLCJzayI6IjAiLCJzdHkiOjEsIndjZCI6InVzMDQiLCJjbHQiOjAsIm1udW0iOiI3NzUzNjAxOTc5OSIsImV4cCI6MTY3NTIzNTQxMCwiaWF0IjoxNjc1MjI4MjEwLCJhaWQiOiJSMXg0cnJDYlFFQzVDeVBSalB1MWNnIiwiY2lkIjoiIn0.uEjDpBKnKhpWihDPuXjg0p3rwIwgOslIQ53S0QZcJzo\",\"join_url\":\"https:\\/\\/us04web.zoom.us\\/j\\/77536019799?pwd=apIFFhnGtsgAhVbopNNMcbKbxQT9Zh.1\",\"password\":\"j5FwI\",\"h323_password\":\"217861\",\"pstn_password\":\"217861\",\"encrypted_password\":\"apIFFhnGtsgAhVbopNNMcbKbxQT9Zh.1\",\"settings\":{\"host_video\":true,\"participant_video\":true,\"cn_meeting\":false,\"in_meeting\":false,\"join_before_host\":false,\"jbh_time\":0,\"mute_upon_entry\":false,\"watermark\":false,\"use_pmi\":false,\"approval_type\":2,\"audio\":\"voip\",\"auto_recording\":\"none\",\"enforce_login\":false,\"enforce_login_domains\":\"\",\"alternative_hosts\":\"\",\"alternative_host_update_polls\":false,\"close_registration\":false,\"show_share_button\":false,\"allow_multiple_devices\":false,\"registrants_confirmation_email\":true,\"waiting_room\":true,\"request_permission_to_unmute_participants\":false,\"registrants_email_notification\":true,\"meeting_authentication\":false,\"encryption_type\":\"enhanced_encryption\",\"approved_or_denied_countries_or_regions\":{\"enable\":false},\"breakout_room\":{\"enable\":false},\"alternative_hosts_email_notification\":true,\"device_testing\":false,\"focus_mode\":false,\"enable_dedicated_group_chat\":false,\"private_meeting\":false,\"email_notification\":true,\"host_save_video_order\":false},\"pre_schedule\":false}', 'global', 0, 1, '2023-02-01 05:10:10');
INSERT INTO `conferences` (`id`, `purpose`, `staff_id`, `patient_id`, `visit_details_id`, `ipd_id`, `created_id`, `title`, `date`, `duration`, `password`, `host_video`, `client_video`, `description`, `timezone`, `return_response`, `api_type`, `status`, `live_consult_link`, `created_at`) VALUES (667, 'meeting', NULL, NULL, NULL, NULL, 2, 'Doctor\'s Meeting For Operation Discussion', '2023-02-25 13:30:00', 35, 'RIzva', 1, 1, '', 'Asia/Kolkata', '{\"uuid\":\"VdfXbAqpQ9yReoC+37uqIw==\",\"id\":73817920955,\"host_id\":\"O-DGVhFGT9aCYPO_Sx5eig\",\"host_email\":\"garimas663@gmail.com\",\"topic\":\"Doctor\'s Meeting For Operation Discussion\",\"type\":2,\"status\":\"waiting\",\"start_time\":\"2023-02-25T02:30:00Z\",\"duration\":35,\"timezone\":\"Asia\\/Kolkata\",\"created_at\":\"2023-02-01T05:10:52Z\",\"start_url\":\"https:\\/\\/us04web.zoom.us\\/s\\/73817920955?zak=eyJ0eXAiOiJKV1QiLCJzdiI6IjAwMDAwMSIsInptX3NrbSI6InptX28ybSIsImFsZyI6IkhTMjU2In0.eyJhdWQiOiJjbGllbnRzbSIsInVpZCI6Ik8tREdWaEZHVDlhQ1lQT19TeDVlaWciLCJpc3MiOiJ3ZWIiLCJzayI6IjAiLCJzdHkiOjEsIndjZCI6InVzMDQiLCJjbHQiOjAsIm1udW0iOiI3MzgxNzkyMDk1NSIsImV4cCI6MTY3NTIzNTQ1MiwiaWF0IjoxNjc1MjI4MjUyLCJhaWQiOiJSMXg0cnJDYlFFQzVDeVBSalB1MWNnIiwiY2lkIjoiIn0.CjNoh5YyAjmG1cc8RwhZE6qtRzpj8-V8PST9p2XUMKU\",\"join_url\":\"https:\\/\\/us04web.zoom.us\\/j\\/73817920955?pwd=GaBpuTt4RpVVWXQNqxazPja9N5CBUo.1\",\"password\":\"RIzva\",\"h323_password\":\"910544\",\"pstn_password\":\"910544\",\"encrypted_password\":\"GaBpuTt4RpVVWXQNqxazPja9N5CBUo.1\",\"settings\":{\"host_video\":true,\"participant_video\":true,\"cn_meeting\":false,\"in_meeting\":false,\"join_before_host\":false,\"jbh_time\":0,\"mute_upon_entry\":false,\"watermark\":false,\"use_pmi\":false,\"approval_type\":2,\"audio\":\"voip\",\"auto_recording\":\"none\",\"enforce_login\":false,\"enforce_login_domains\":\"\",\"alternative_hosts\":\"\",\"alternative_host_update_polls\":false,\"close_registration\":false,\"show_share_button\":false,\"allow_multiple_devices\":false,\"registrants_confirmation_email\":true,\"waiting_room\":true,\"request_permission_to_unmute_participants\":false,\"registrants_email_notification\":true,\"meeting_authentication\":false,\"encryption_type\":\"enhanced_encryption\",\"approved_or_denied_countries_or_regions\":{\"enable\":false},\"breakout_room\":{\"enable\":false},\"alternative_hosts_email_notification\":true,\"device_testing\":false,\"focus_mode\":false,\"enable_dedicated_group_chat\":false,\"private_meeting\":false,\"email_notification\":true,\"host_save_video_order\":false},\"pre_schedule\":false}', 'global', 0, 1, '2023-02-01 05:10:52');
INSERT INTO `conferences` (`id`, `purpose`, `staff_id`, `patient_id`, `visit_details_id`, `ipd_id`, `created_id`, `title`, `date`, `duration`, `password`, `host_video`, `client_video`, `description`, `timezone`, `return_response`, `api_type`, `status`, `live_consult_link`, `created_at`) VALUES (668, 'meeting', NULL, NULL, NULL, NULL, 14, 'Salary Discussion', '2023-02-26 17:30:00', 35, '6EZ4U', 1, 1, '', 'Asia/Kolkata', '{\"uuid\":\"sBP3fP9tRRKoARFvCu9yLA==\",\"id\":76268577141,\"host_id\":\"O-DGVhFGT9aCYPO_Sx5eig\",\"host_email\":\"garimas663@gmail.com\",\"topic\":\"Salary Discussion\",\"type\":2,\"status\":\"waiting\",\"start_time\":\"2023-02-26T06:30:00Z\",\"duration\":35,\"timezone\":\"Asia\\/Kolkata\",\"created_at\":\"2023-02-01T05:12:08Z\",\"start_url\":\"https:\\/\\/us04web.zoom.us\\/s\\/76268577141?zak=eyJ0eXAiOiJKV1QiLCJzdiI6IjAwMDAwMSIsInptX3NrbSI6InptX28ybSIsImFsZyI6IkhTMjU2In0.eyJhdWQiOiJjbGllbnRzbSIsInVpZCI6Ik8tREdWaEZHVDlhQ1lQT19TeDVlaWciLCJpc3MiOiJ3ZWIiLCJzayI6IjAiLCJzdHkiOjEsIndjZCI6InVzMDQiLCJjbHQiOjAsIm1udW0iOiI3NjI2ODU3NzE0MSIsImV4cCI6MTY3NTIzNTUyOCwiaWF0IjoxNjc1MjI4MzI4LCJhaWQiOiJSMXg0cnJDYlFFQzVDeVBSalB1MWNnIiwiY2lkIjoiIn0.BhjJymlA1gNSg4UjpNugQOKYvENCaS2XKYs_j8GTs8k\",\"join_url\":\"https:\\/\\/us04web.zoom.us\\/j\\/76268577141?pwd=rzpgFcK6PJgvFRFoJQ4u3PY4KAKiQ0.1\",\"password\":\"6EZ4U\",\"h323_password\":\"847767\",\"pstn_password\":\"847767\",\"encrypted_password\":\"rzpgFcK6PJgvFRFoJQ4u3PY4KAKiQ0.1\",\"settings\":{\"host_video\":true,\"participant_video\":true,\"cn_meeting\":false,\"in_meeting\":false,\"join_before_host\":false,\"jbh_time\":0,\"mute_upon_entry\":false,\"watermark\":false,\"use_pmi\":false,\"approval_type\":2,\"audio\":\"voip\",\"auto_recording\":\"none\",\"enforce_login\":false,\"enforce_login_domains\":\"\",\"alternative_hosts\":\"\",\"alternative_host_update_polls\":false,\"close_registration\":false,\"show_share_button\":false,\"allow_multiple_devices\":false,\"registrants_confirmation_email\":true,\"waiting_room\":true,\"request_permission_to_unmute_participants\":false,\"registrants_email_notification\":true,\"meeting_authentication\":false,\"encryption_type\":\"enhanced_encryption\",\"approved_or_denied_countries_or_regions\":{\"enable\":false},\"breakout_room\":{\"enable\":false},\"alternative_hosts_email_notification\":true,\"device_testing\":false,\"focus_mode\":false,\"enable_dedicated_group_chat\":false,\"private_meeting\":false,\"email_notification\":true,\"host_save_video_order\":false},\"pre_schedule\":false}', 'global', 0, 1, '2023-02-01 05:12:08');
INSERT INTO `conferences` (`id`, `purpose`, `staff_id`, `patient_id`, `visit_details_id`, `ipd_id`, `created_id`, `title`, `date`, `duration`, `password`, `host_video`, `client_video`, `description`, `timezone`, `return_response`, `api_type`, `status`, `live_consult_link`, `created_at`) VALUES (669, 'meeting', NULL, NULL, NULL, NULL, 14, 'Hospital Equipment for Operation', '2023-02-28 16:30:00', 35, 'gedki', 1, 1, '', 'Asia/Kolkata', '{\"uuid\":\"ZWifdkG\\/ReuzHSAOItcC5Q==\",\"id\":74287725390,\"host_id\":\"O-DGVhFGT9aCYPO_Sx5eig\",\"host_email\":\"garimas663@gmail.com\",\"topic\":\"Hospital Equipment for Operation\",\"type\":2,\"status\":\"waiting\",\"start_time\":\"2023-02-28T05:30:00Z\",\"duration\":35,\"timezone\":\"Asia\\/Kolkata\",\"created_at\":\"2023-02-01T05:12:43Z\",\"start_url\":\"https:\\/\\/us04web.zoom.us\\/s\\/74287725390?zak=eyJ0eXAiOiJKV1QiLCJzdiI6IjAwMDAwMSIsInptX3NrbSI6InptX28ybSIsImFsZyI6IkhTMjU2In0.eyJhdWQiOiJjbGllbnRzbSIsInVpZCI6Ik8tREdWaEZHVDlhQ1lQT19TeDVlaWciLCJpc3MiOiJ3ZWIiLCJzayI6IjAiLCJzdHkiOjEsIndjZCI6InVzMDQiLCJjbHQiOjAsIm1udW0iOiI3NDI4NzcyNTM5MCIsImV4cCI6MTY3NTIzNTU2MywiaWF0IjoxNjc1MjI4MzYzLCJhaWQiOiJSMXg0cnJDYlFFQzVDeVBSalB1MWNnIiwiY2lkIjoiIn0.8Dd2bzBrgYaY2HMuYGlnpAN3VCEwcBc-nmx8nPeobzw\",\"join_url\":\"https:\\/\\/us04web.zoom.us\\/j\\/74287725390?pwd=s1Y2b6W4PQFDxZTUXwwx85o5juZ3re.1\",\"password\":\"gedki\",\"h323_password\":\"815441\",\"pstn_password\":\"815441\",\"encrypted_password\":\"s1Y2b6W4PQFDxZTUXwwx85o5juZ3re.1\",\"settings\":{\"host_video\":true,\"participant_video\":true,\"cn_meeting\":false,\"in_meeting\":false,\"join_before_host\":false,\"jbh_time\":0,\"mute_upon_entry\":false,\"watermark\":false,\"use_pmi\":false,\"approval_type\":2,\"audio\":\"voip\",\"auto_recording\":\"none\",\"enforce_login\":false,\"enforce_login_domains\":\"\",\"alternative_hosts\":\"\",\"alternative_host_update_polls\":false,\"close_registration\":false,\"show_share_button\":false,\"allow_multiple_devices\":false,\"registrants_confirmation_email\":true,\"waiting_room\":true,\"request_permission_to_unmute_participants\":false,\"registrants_email_notification\":true,\"meeting_authentication\":false,\"encryption_type\":\"enhanced_encryption\",\"approved_or_denied_countries_or_regions\":{\"enable\":false},\"breakout_room\":{\"enable\":false},\"alternative_hosts_email_notification\":true,\"device_testing\":false,\"focus_mode\":false,\"enable_dedicated_group_chat\":false,\"private_meeting\":false,\"email_notification\":true,\"host_save_video_order\":false},\"pre_schedule\":false}', 'global', 0, 1, '2023-02-01 05:12:43');
INSERT INTO `conferences` (`id`, `purpose`, `staff_id`, `patient_id`, `visit_details_id`, `ipd_id`, `created_id`, `title`, `date`, `duration`, `password`, `host_video`, `client_video`, `description`, `timezone`, `return_response`, `api_type`, `status`, `live_consult_link`, `created_at`) VALUES (686, 'consult', 12, 643, NULL, 64, 1, 'Operation Discussion -Bones issue', '2023-02-22 16:30:00', 35, 'SjFEB', 1, 1, '', 'Asia/Kolkata', '{\"uuid\":\"mn3R2PYCR8qNItoCu8swew==\",\"id\":75984100464,\"host_id\":\"O-DGVhFGT9aCYPO_Sx5eig\",\"host_email\":\"garimas663@gmail.com\",\"topic\":\"Operation Discussion -Bones issue\",\"type\":2,\"status\":\"waiting\",\"start_time\":\"2023-02-22T05:30:00Z\",\"duration\":35,\"timezone\":\"Asia\\/Kolkata\",\"created_at\":\"2023-02-01T10:46:40Z\",\"start_url\":\"https:\\/\\/us04web.zoom.us\\/s\\/75984100464?zak=eyJ0eXAiOiJKV1QiLCJzdiI6IjAwMDAwMSIsInptX3NrbSI6InptX28ybSIsImFsZyI6IkhTMjU2In0.eyJhdWQiOiJjbGllbnRzbSIsInVpZCI6Ik8tREdWaEZHVDlhQ1lQT19TeDVlaWciLCJpc3MiOiJ3ZWIiLCJzayI6IjAiLCJzdHkiOjEsIndjZCI6InVzMDQiLCJjbHQiOjAsIm1udW0iOiI3NTk4NDEwMDQ2NCIsImV4cCI6MTY3NTI1NTYwMCwiaWF0IjoxNjc1MjQ4NDAwLCJhaWQiOiJSMXg0cnJDYlFFQzVDeVBSalB1MWNnIiwiY2lkIjoiIn0.iIQjDed-BDhHzdqNUo6fQsF_SSozA6CbVE41dl5gDN4\",\"join_url\":\"https:\\/\\/us04web.zoom.us\\/j\\/75984100464?pwd=Gl85PCgkbVyYkCtzVBPE6uMKZtOkYP.1\",\"password\":\"SjFEB\",\"h323_password\":\"441476\",\"pstn_password\":\"441476\",\"encrypted_password\":\"Gl85PCgkbVyYkCtzVBPE6uMKZtOkYP.1\",\"settings\":{\"host_video\":true,\"participant_video\":true,\"cn_meeting\":false,\"in_meeting\":false,\"join_before_host\":false,\"jbh_time\":0,\"mute_upon_entry\":false,\"watermark\":false,\"use_pmi\":false,\"approval_type\":2,\"audio\":\"voip\",\"auto_recording\":\"none\",\"enforce_login\":false,\"enforce_login_domains\":\"\",\"alternative_hosts\":\"\",\"alternative_host_update_polls\":false,\"close_registration\":false,\"show_share_button\":false,\"allow_multiple_devices\":false,\"registrants_confirmation_email\":true,\"waiting_room\":true,\"request_permission_to_unmute_participants\":false,\"registrants_email_notification\":true,\"meeting_authentication\":false,\"encryption_type\":\"enhanced_encryption\",\"approved_or_denied_countries_or_regions\":{\"enable\":false},\"breakout_room\":{\"enable\":false},\"alternative_hosts_email_notification\":true,\"device_testing\":false,\"focus_mode\":false,\"enable_dedicated_group_chat\":false,\"private_meeting\":false,\"email_notification\":true,\"host_save_video_order\":false},\"pre_schedule\":false}', 'global', 0, 1, '2023-02-01 10:46:40');
INSERT INTO `conferences` (`id`, `purpose`, `staff_id`, `patient_id`, `visit_details_id`, `ipd_id`, `created_id`, `title`, `date`, `duration`, `password`, `host_video`, `client_video`, `description`, `timezone`, `return_response`, `api_type`, `status`, `live_consult_link`, `created_at`) VALUES (687, 'consult', 2, 1, NULL, 14, 1, 'Bone Issue Discussion', '2023-02-06 13:30:00', 35, '9ZqOh', 1, 1, '', 'Asia/Kolkata', '{\"uuid\":\"9qGa2edOT2iHnEWDgXt6tw==\",\"id\":73732938130,\"host_id\":\"O-DGVhFGT9aCYPO_Sx5eig\",\"host_email\":\"garimas663@gmail.com\",\"topic\":\"Bone Issue Discussion\",\"type\":2,\"status\":\"waiting\",\"start_time\":\"2023-02-06T02:30:00Z\",\"duration\":35,\"timezone\":\"Asia\\/Kolkata\",\"created_at\":\"2023-02-01T11:15:18Z\",\"start_url\":\"https:\\/\\/us04web.zoom.us\\/s\\/73732938130?zak=eyJ0eXAiOiJKV1QiLCJzdiI6IjAwMDAwMSIsInptX3NrbSI6InptX28ybSIsImFsZyI6IkhTMjU2In0.eyJhdWQiOiJjbGllbnRzbSIsInVpZCI6Ik8tREdWaEZHVDlhQ1lQT19TeDVlaWciLCJpc3MiOiJ3ZWIiLCJzayI6IjAiLCJzdHkiOjEsIndjZCI6InVzMDQiLCJjbHQiOjAsIm1udW0iOiI3MzczMjkzODEzMCIsImV4cCI6MTY3NTI1NzMxOCwiaWF0IjoxNjc1MjUwMTE4LCJhaWQiOiJSMXg0cnJDYlFFQzVDeVBSalB1MWNnIiwiY2lkIjoiIn0.Pc_LJKeT4evHNYuIktI2LGG4mcWI2VeuwkJfO03NuTc\",\"join_url\":\"https:\\/\\/us04web.zoom.us\\/j\\/73732938130?pwd=VEWiSbjlDMaQ3qybS1VSeEuYeOCNLK.1\",\"password\":\"9ZqOh\",\"h323_password\":\"817049\",\"pstn_password\":\"817049\",\"encrypted_password\":\"VEWiSbjlDMaQ3qybS1VSeEuYeOCNLK.1\",\"settings\":{\"host_video\":true,\"participant_video\":true,\"cn_meeting\":false,\"in_meeting\":false,\"join_before_host\":false,\"jbh_time\":0,\"mute_upon_entry\":false,\"watermark\":false,\"use_pmi\":false,\"approval_type\":2,\"audio\":\"voip\",\"auto_recording\":\"none\",\"enforce_login\":false,\"enforce_login_domains\":\"\",\"alternative_hosts\":\"\",\"alternative_host_update_polls\":false,\"close_registration\":false,\"show_share_button\":false,\"allow_multiple_devices\":false,\"registrants_confirmation_email\":true,\"waiting_room\":true,\"request_permission_to_unmute_participants\":false,\"registrants_email_notification\":true,\"meeting_authentication\":false,\"encryption_type\":\"enhanced_encryption\",\"approved_or_denied_countries_or_regions\":{\"enable\":false},\"breakout_room\":{\"enable\":false},\"alternative_hosts_email_notification\":true,\"device_testing\":false,\"focus_mode\":false,\"enable_dedicated_group_chat\":false,\"private_meeting\":false,\"email_notification\":true,\"host_save_video_order\":false},\"pre_schedule\":false}', 'global', 2, 1, '2023-02-04 07:56:25');
INSERT INTO `conferences` (`id`, `purpose`, `staff_id`, `patient_id`, `visit_details_id`, `ipd_id`, `created_id`, `title`, `date`, `duration`, `password`, `host_video`, `client_video`, `description`, `timezone`, `return_response`, `api_type`, `status`, `live_consult_link`, `created_at`) VALUES (689, 'meeting', NULL, NULL, NULL, NULL, 14, 'Staff Meeting', '2023-02-08 16:30:00', 35, '1KEpD', 1, 1, '', 'Asia/Kolkata', '{\"uuid\":\"KPWYEu6ORcW1AbSqxkYGOw==\",\"id\":77161516327,\"host_id\":\"O-DGVhFGT9aCYPO_Sx5eig\",\"host_email\":\"garimas663@gmail.com\",\"topic\":\"Staff Meeting\",\"type\":2,\"status\":\"waiting\",\"start_time\":\"2023-02-08T05:30:00Z\",\"duration\":35,\"timezone\":\"Asia\\/Kolkata\",\"created_at\":\"2023-02-01T11:28:16Z\",\"start_url\":\"https:\\/\\/us04web.zoom.us\\/s\\/77161516327?zak=eyJ0eXAiOiJKV1QiLCJzdiI6IjAwMDAwMSIsInptX3NrbSI6InptX28ybSIsImFsZyI6IkhTMjU2In0.eyJhdWQiOiJjbGllbnRzbSIsInVpZCI6Ik8tREdWaEZHVDlhQ1lQT19TeDVlaWciLCJpc3MiOiJ3ZWIiLCJzayI6IjAiLCJzdHkiOjEsIndjZCI6InVzMDQiLCJjbHQiOjAsIm1udW0iOiI3NzE2MTUxNjMyNyIsImV4cCI6MTY3NTI1ODA5NywiaWF0IjoxNjc1MjUwODk3LCJhaWQiOiJSMXg0cnJDYlFFQzVDeVBSalB1MWNnIiwiY2lkIjoiIn0.w4E5bdUTmUePIqcLAWtS3NTJ7GNBbpkf1al6s-3RC2I\",\"join_url\":\"https:\\/\\/us04web.zoom.us\\/j\\/77161516327?pwd=oGS7xky6P1kJKPjiv40Px4eacjrw41.1\",\"password\":\"1KEpD\",\"h323_password\":\"701065\",\"pstn_password\":\"701065\",\"encrypted_password\":\"oGS7xky6P1kJKPjiv40Px4eacjrw41.1\",\"settings\":{\"host_video\":true,\"participant_video\":true,\"cn_meeting\":false,\"in_meeting\":false,\"join_before_host\":false,\"jbh_time\":0,\"mute_upon_entry\":false,\"watermark\":false,\"use_pmi\":false,\"approval_type\":2,\"audio\":\"voip\",\"auto_recording\":\"none\",\"enforce_login\":false,\"enforce_login_domains\":\"\",\"alternative_hosts\":\"\",\"alternative_host_update_polls\":false,\"close_registration\":false,\"show_share_button\":false,\"allow_multiple_devices\":false,\"registrants_confirmation_email\":true,\"waiting_room\":true,\"request_permission_to_unmute_participants\":false,\"registrants_email_notification\":true,\"meeting_authentication\":false,\"encryption_type\":\"enhanced_encryption\",\"approved_or_denied_countries_or_regions\":{\"enable\":false},\"breakout_room\":{\"enable\":false},\"alternative_hosts_email_notification\":true,\"device_testing\":false,\"focus_mode\":false,\"enable_dedicated_group_chat\":false,\"private_meeting\":false,\"email_notification\":true,\"host_save_video_order\":false},\"pre_schedule\":false}', 'global', 0, 1, '2023-02-01 11:28:17');
INSERT INTO `conferences` (`id`, `purpose`, `staff_id`, `patient_id`, `visit_details_id`, `ipd_id`, `created_id`, `title`, `date`, `duration`, `password`, `host_video`, `client_video`, `description`, `timezone`, `return_response`, `api_type`, `status`, `live_consult_link`, `created_at`) VALUES (704, 'consult', 11, NULL, 3130, NULL, 1, 'Online consult for OPDN3128 Checkup ID 3130', '2023-02-04 18:13:00', 45, '9281f', 1, 1, NULL, 'Asia/Kolkata', '{\"uuid\":\"JAPeuta0TUWqsC1oD621gg==\",\"id\":78411100998,\"host_id\":\"O-DGVhFGT9aCYPO_Sx5eig\",\"host_email\":\"garimas663@gmail.com\",\"topic\":\"Online consult for OPDN3128 Checkup ID 3130\",\"type\":2,\"status\":\"waiting\",\"start_time\":\"2023-02-04T07:13:00Z\",\"duration\":45,\"timezone\":\"Asia\\/Kolkata\",\"created_at\":\"2023-02-02T12:49:23Z\",\"start_url\":\"https:\\/\\/us04web.zoom.us\\/s\\/78411100998?zak=eyJ0eXAiOiJKV1QiLCJzdiI6IjAwMDAwMSIsInptX3NrbSI6InptX28ybSIsImFsZyI6IkhTMjU2In0.eyJhdWQiOiJjbGllbnRzbSIsInVpZCI6Ik8tREdWaEZHVDlhQ1lQT19TeDVlaWciLCJpc3MiOiJ3ZWIiLCJzayI6IjAiLCJzdHkiOjEsIndjZCI6InVzMDQiLCJjbHQiOjAsIm1udW0iOiI3ODQxMTEwMDk5OCIsImV4cCI6MTY3NTM0OTM2NCwiaWF0IjoxNjc1MzQyMTY0LCJhaWQiOiJSMXg0cnJDYlFFQzVDeVBSalB1MWNnIiwiY2lkIjoiIn0.LghQWucQufpeF8ifZ1R3o6cO3UU65N294LlO8ycAwP0\",\"join_url\":\"https:\\/\\/us04web.zoom.us\\/j\\/78411100998?pwd=AbTmevcOfSRziJ6YYyTTbNpbk6fdxC.1\",\"password\":\"9281f\",\"h323_password\":\"932760\",\"pstn_password\":\"932760\",\"encrypted_password\":\"AbTmevcOfSRziJ6YYyTTbNpbk6fdxC.1\",\"settings\":{\"host_video\":true,\"participant_video\":true,\"cn_meeting\":false,\"in_meeting\":false,\"join_before_host\":false,\"jbh_time\":0,\"mute_upon_entry\":false,\"watermark\":false,\"use_pmi\":false,\"approval_type\":2,\"audio\":\"voip\",\"auto_recording\":\"none\",\"enforce_login\":false,\"enforce_login_domains\":\"\",\"alternative_hosts\":\"\",\"alternative_host_update_polls\":false,\"close_registration\":false,\"show_share_button\":false,\"allow_multiple_devices\":false,\"registrants_confirmation_email\":true,\"waiting_room\":true,\"request_permission_to_unmute_participants\":false,\"registrants_email_notification\":true,\"meeting_authentication\":false,\"encryption_type\":\"enhanced_encryption\",\"approved_or_denied_countries_or_regions\":{\"enable\":false},\"breakout_room\":{\"enable\":false},\"alternative_hosts_email_notification\":true,\"device_testing\":false,\"focus_mode\":false,\"enable_dedicated_group_chat\":false,\"private_meeting\":false,\"email_notification\":true,\"host_save_video_order\":false},\"pre_schedule\":false}', 'global', 0, 1, '2023-02-02 12:49:24');
INSERT INTO `conferences` (`id`, `purpose`, `staff_id`, `patient_id`, `visit_details_id`, `ipd_id`, `created_id`, `title`, `date`, `duration`, `password`, `host_video`, `client_video`, `description`, `timezone`, `return_response`, `api_type`, `status`, `live_consult_link`, `created_at`) VALUES (706, 'meeting', NULL, NULL, NULL, NULL, 1, 'Skin Problem Discussion', '2023-02-04 10:30:00', 35, '4PBbU', 1, 1, '', 'Asia/Kolkata', '{\"uuid\":\"fHErl6UrQ7a\\/emwYDBvhSQ==\",\"id\":72168453388,\"host_id\":\"O-DGVhFGT9aCYPO_Sx5eig\",\"host_email\":\"garimas663@gmail.com\",\"topic\":\"Skin Problem Discussion\",\"type\":2,\"status\":\"waiting\",\"start_time\":\"2023-02-04T04:48:34Z\",\"duration\":35,\"timezone\":\"Asia\\/Kolkata\",\"created_at\":\"2023-02-04T04:48:34Z\",\"start_url\":\"https:\\/\\/us04web.zoom.us\\/s\\/72168453388?zak=eyJ0eXAiOiJKV1QiLCJzdiI6IjAwMDAwMSIsInptX3NrbSI6InptX28ybSIsImFsZyI6IkhTMjU2In0.eyJhdWQiOiJjbGllbnRzbSIsInVpZCI6Ik8tREdWaEZHVDlhQ1lQT19TeDVlaWciLCJpc3MiOiJ3ZWIiLCJzayI6IjAiLCJzdHkiOjEsIndjZCI6InVzMDQiLCJjbHQiOjAsIm1udW0iOiI3MjE2ODQ1MzM4OCIsImV4cCI6MTY3NTQ5MzMxNCwiaWF0IjoxNjc1NDg2MTE0LCJhaWQiOiJSMXg0cnJDYlFFQzVDeVBSalB1MWNnIiwiY2lkIjoiIn0.vjcamAkL01G6sHjVBPbHuEJ5QKc2v-c4eOG_769gpe4\",\"join_url\":\"https:\\/\\/us04web.zoom.us\\/j\\/72168453388?pwd=SfZBJDUzShmatAKPHMl8zkWLI1crN4.1\",\"password\":\"4PBbU\",\"h323_password\":\"868674\",\"pstn_password\":\"868674\",\"encrypted_password\":\"SfZBJDUzShmatAKPHMl8zkWLI1crN4.1\",\"settings\":{\"host_video\":true,\"participant_video\":true,\"cn_meeting\":false,\"in_meeting\":false,\"join_before_host\":false,\"jbh_time\":0,\"mute_upon_entry\":false,\"watermark\":false,\"use_pmi\":false,\"approval_type\":2,\"audio\":\"voip\",\"auto_recording\":\"none\",\"enforce_login\":false,\"enforce_login_domains\":\"\",\"alternative_hosts\":\"\",\"alternative_host_update_polls\":false,\"close_registration\":false,\"show_share_button\":false,\"allow_multiple_devices\":false,\"registrants_confirmation_email\":true,\"waiting_room\":true,\"request_permission_to_unmute_participants\":false,\"registrants_email_notification\":true,\"meeting_authentication\":false,\"encryption_type\":\"enhanced_encryption\",\"approved_or_denied_countries_or_regions\":{\"enable\":false},\"breakout_room\":{\"enable\":false},\"alternative_hosts_email_notification\":true,\"device_testing\":false,\"focus_mode\":false,\"enable_dedicated_group_chat\":false,\"private_meeting\":false,\"email_notification\":true,\"host_save_video_order\":false},\"pre_schedule\":false}', 'global', 2, 1, '2023-02-04 04:55:36');
INSERT INTO `conferences` (`id`, `purpose`, `staff_id`, `patient_id`, `visit_details_id`, `ipd_id`, `created_id`, `title`, `date`, `duration`, `password`, `host_video`, `client_video`, `description`, `timezone`, `return_response`, `api_type`, `status`, `live_consult_link`, `created_at`) VALUES (709, 'meeting', NULL, NULL, NULL, NULL, 1, 'Skin Problem Discussion', '2023-02-06 17:30:00', 35, 't3JO4', 1, 1, '', 'Asia/Kolkata', '{\"uuid\":\"K9lhLOO3SD+uqfG0ce4vmg==\",\"id\":72701432060,\"host_id\":\"O-DGVhFGT9aCYPO_Sx5eig\",\"host_email\":\"garimas663@gmail.com\",\"topic\":\"Skin Problem Discussion\",\"type\":2,\"status\":\"waiting\",\"start_time\":\"2023-02-06T06:30:00Z\",\"duration\":35,\"timezone\":\"Asia\\/Kolkata\",\"created_at\":\"2023-02-06T05:22:59Z\",\"start_url\":\"https:\\/\\/us04web.zoom.us\\/s\\/72701432060?zak=eyJ0eXAiOiJKV1QiLCJzdiI6IjAwMDAwMSIsInptX3NrbSI6InptX28ybSIsImFsZyI6IkhTMjU2In0.eyJhdWQiOiJjbGllbnRzbSIsInVpZCI6Ik8tREdWaEZHVDlhQ1lQT19TeDVlaWciLCJpc3MiOiJ3ZWIiLCJzayI6IjAiLCJzdHkiOjEsIndjZCI6InVzMDQiLCJjbHQiOjAsIm1udW0iOiI3MjcwMTQzMjA2MCIsImV4cCI6MTY3NTY2ODE3OSwiaWF0IjoxNjc1NjYwOTc5LCJhaWQiOiJSMXg0cnJDYlFFQzVDeVBSalB1MWNnIiwiY2lkIjoiIn0.0L_Vs8XEfF1izYFr5nSMXzv0mVh3U4WWEBHd9Gmg5BU\",\"join_url\":\"https:\\/\\/us04web.zoom.us\\/j\\/72701432060?pwd=hsVLjXF7uIur0aJ0AFhlCOYsllBHK4.1\",\"password\":\"t3JO4\",\"h323_password\":\"176915\",\"pstn_password\":\"176915\",\"encrypted_password\":\"hsVLjXF7uIur0aJ0AFhlCOYsllBHK4.1\",\"settings\":{\"host_video\":true,\"participant_video\":true,\"cn_meeting\":false,\"in_meeting\":false,\"join_before_host\":false,\"jbh_time\":0,\"mute_upon_entry\":false,\"watermark\":false,\"use_pmi\":false,\"approval_type\":2,\"audio\":\"voip\",\"auto_recording\":\"none\",\"enforce_login\":false,\"enforce_login_domains\":\"\",\"alternative_hosts\":\"\",\"alternative_host_update_polls\":false,\"close_registration\":false,\"show_share_button\":false,\"allow_multiple_devices\":false,\"registrants_confirmation_email\":true,\"waiting_room\":true,\"request_permission_to_unmute_participants\":false,\"registrants_email_notification\":true,\"meeting_authentication\":false,\"encryption_type\":\"enhanced_encryption\",\"approved_or_denied_countries_or_regions\":{\"enable\":false},\"breakout_room\":{\"enable\":false},\"alternative_hosts_email_notification\":true,\"device_testing\":false,\"focus_mode\":false,\"enable_dedicated_group_chat\":false,\"private_meeting\":false,\"email_notification\":true,\"host_save_video_order\":false},\"pre_schedule\":false}', 'global', 2, 1, '2023-02-06 05:24:11');
INSERT INTO `conferences` (`id`, `purpose`, `staff_id`, `patient_id`, `visit_details_id`, `ipd_id`, `created_id`, `title`, `date`, `duration`, `password`, `host_video`, `client_video`, `description`, `timezone`, `return_response`, `api_type`, `status`, `live_consult_link`, `created_at`) VALUES (722, 'meeting', NULL, NULL, NULL, NULL, 1, 'Meeting For All Staff', '2023-03-01 11:00:00', 35, 'n6JHB', 1, 1, '', 'Asia/Kolkata', '{\"uuid\":\"ETpSqLXiStKVgXBMAPGxFA==\",\"id\":73450968498,\"host_id\":\"O-DGVhFGT9aCYPO_Sx5eig\",\"host_email\":\"garimas663@gmail.com\",\"topic\":\"Meeting For All Staff\",\"type\":2,\"status\":\"waiting\",\"start_time\":\"2023-03-06T05:30:07Z\",\"duration\":35,\"timezone\":\"Asia\\/Kolkata\",\"created_at\":\"2023-03-06T05:30:07Z\",\"start_url\":\"https:\\/\\/us04web.zoom.us\\/s\\/73450968498?zak=eyJ0eXAiOiJKV1QiLCJzdiI6IjAwMDAwMSIsInptX3NrbSI6InptX28ybSIsImFsZyI6IkhTMjU2In0.eyJhdWQiOiJjbGllbnRzbSIsInVpZCI6Ik8tREdWaEZHVDlhQ1lQT19TeDVlaWciLCJpc3MiOiJ3ZWIiLCJzayI6IjAiLCJzdHkiOjEsIndjZCI6InVzMDQiLCJjbHQiOjAsIm1udW0iOiI3MzQ1MDk2ODQ5OCIsImV4cCI6MTY3ODA4NzgwNywiaWF0IjoxNjc4MDgwNjA3LCJhaWQiOiJSMXg0cnJDYlFFQzVDeVBSalB1MWNnIiwiY2lkIjoiIn0.d51fxQ-Cp1wRh_xCYNsOjD_yCVHm1iBPZLix0WqqWgw\",\"join_url\":\"https:\\/\\/us04web.zoom.us\\/j\\/73450968498?pwd=cyWbS4gb7r8baffVNmYRRfInbnv8pJ.1\",\"password\":\"n6JHB\",\"h323_password\":\"110824\",\"pstn_password\":\"110824\",\"encrypted_password\":\"cyWbS4gb7r8baffVNmYRRfInbnv8pJ.1\",\"settings\":{\"host_video\":true,\"participant_video\":true,\"cn_meeting\":false,\"in_meeting\":false,\"join_before_host\":false,\"jbh_time\":0,\"mute_upon_entry\":false,\"watermark\":false,\"use_pmi\":false,\"approval_type\":2,\"audio\":\"voip\",\"auto_recording\":\"none\",\"enforce_login\":false,\"enforce_login_domains\":\"\",\"alternative_hosts\":\"\",\"alternative_host_update_polls\":false,\"close_registration\":false,\"show_share_button\":false,\"allow_multiple_devices\":false,\"registrants_confirmation_email\":true,\"waiting_room\":true,\"request_permission_to_unmute_participants\":false,\"registrants_email_notification\":true,\"meeting_authentication\":false,\"encryption_type\":\"enhanced_encryption\",\"approved_or_denied_countries_or_regions\":{\"enable\":false},\"breakout_room\":{\"enable\":false},\"alternative_hosts_email_notification\":true,\"device_testing\":false,\"focus_mode\":false,\"enable_dedicated_group_chat\":false,\"private_meeting\":false,\"email_notification\":true,\"host_save_video_order\":false},\"pre_schedule\":false}', 'global', 2, 1, '2023-03-06 05:35:15');
INSERT INTO `conferences` (`id`, `purpose`, `staff_id`, `patient_id`, `visit_details_id`, `ipd_id`, `created_id`, `title`, `date`, `duration`, `password`, `host_video`, `client_video`, `description`, `timezone`, `return_response`, `api_type`, `status`, `live_consult_link`, `created_at`) VALUES (723, 'meeting', NULL, NULL, NULL, NULL, 1, 'Doctor\'s Meeting For Operation Discussion', '2023-03-05 11:30:00', 35, 'Vvd93', 1, 1, '', 'Asia/Kolkata', '{\"uuid\":\"1qsjEPBxQRS2PsBnPl8ZPQ==\",\"id\":79846470026,\"host_id\":\"O-DGVhFGT9aCYPO_Sx5eig\",\"host_email\":\"garimas663@gmail.com\",\"topic\":\"Doctor\'s Meeting For Operation Discussion\",\"type\":2,\"status\":\"waiting\",\"start_time\":\"2023-03-06T05:30:31Z\",\"duration\":35,\"timezone\":\"Asia\\/Kolkata\",\"created_at\":\"2023-03-06T05:30:31Z\",\"start_url\":\"https:\\/\\/us04web.zoom.us\\/s\\/79846470026?zak=eyJ0eXAiOiJKV1QiLCJzdiI6IjAwMDAwMSIsInptX3NrbSI6InptX28ybSIsImFsZyI6IkhTMjU2In0.eyJhdWQiOiJjbGllbnRzbSIsInVpZCI6Ik8tREdWaEZHVDlhQ1lQT19TeDVlaWciLCJpc3MiOiJ3ZWIiLCJzayI6IjAiLCJzdHkiOjEsIndjZCI6InVzMDQiLCJjbHQiOjAsIm1udW0iOiI3OTg0NjQ3MDAyNiIsImV4cCI6MTY3ODA4NzgzMSwiaWF0IjoxNjc4MDgwNjMxLCJhaWQiOiJSMXg0cnJDYlFFQzVDeVBSalB1MWNnIiwiY2lkIjoiIn0.jbN9MH8XYdC1mn6EtH64tc2qUQtdzb8nal3qxH-Yzsg\",\"join_url\":\"https:\\/\\/us04web.zoom.us\\/j\\/79846470026?pwd=RP698WAbAwrGCk3kiYc6WoQ9BJoUe0.1\",\"password\":\"Vvd93\",\"h323_password\":\"507051\",\"pstn_password\":\"507051\",\"encrypted_password\":\"RP698WAbAwrGCk3kiYc6WoQ9BJoUe0.1\",\"settings\":{\"host_video\":true,\"participant_video\":true,\"cn_meeting\":false,\"in_meeting\":false,\"join_before_host\":false,\"jbh_time\":0,\"mute_upon_entry\":false,\"watermark\":false,\"use_pmi\":false,\"approval_type\":2,\"audio\":\"voip\",\"auto_recording\":\"none\",\"enforce_login\":false,\"enforce_login_domains\":\"\",\"alternative_hosts\":\"\",\"alternative_host_update_polls\":false,\"close_registration\":false,\"show_share_button\":false,\"allow_multiple_devices\":false,\"registrants_confirmation_email\":true,\"waiting_room\":true,\"request_permission_to_unmute_participants\":false,\"registrants_email_notification\":true,\"meeting_authentication\":false,\"encryption_type\":\"enhanced_encryption\",\"approved_or_denied_countries_or_regions\":{\"enable\":false},\"breakout_room\":{\"enable\":false},\"alternative_hosts_email_notification\":true,\"device_testing\":false,\"focus_mode\":false,\"enable_dedicated_group_chat\":false,\"private_meeting\":false,\"email_notification\":true,\"host_save_video_order\":false},\"pre_schedule\":false}', 'global', 0, 1, '2023-03-06 05:30:31');
INSERT INTO `conferences` (`id`, `purpose`, `staff_id`, `patient_id`, `visit_details_id`, `ipd_id`, `created_id`, `title`, `date`, `duration`, `password`, `host_video`, `client_video`, `description`, `timezone`, `return_response`, `api_type`, `status`, `live_consult_link`, `created_at`) VALUES (725, 'meeting', NULL, NULL, NULL, NULL, 14, 'Heart Operation Discussion', '2023-03-15 12:30:00', 35, 'RppE3', 1, 1, '', 'Asia/Kolkata', '{\"uuid\":\"2Rf55Tz\\/Q1CnTI5\\/VEVMEA==\",\"id\":76390279987,\"host_id\":\"O-DGVhFGT9aCYPO_Sx5eig\",\"host_email\":\"garimas663@gmail.com\",\"topic\":\"Heart Operation Discussion\",\"type\":2,\"status\":\"waiting\",\"start_time\":\"2023-03-15T01:30:00Z\",\"duration\":35,\"timezone\":\"Asia\\/Kolkata\",\"created_at\":\"2023-03-06T05:31:29Z\",\"start_url\":\"https:\\/\\/us04web.zoom.us\\/s\\/76390279987?zak=eyJ0eXAiOiJKV1QiLCJzdiI6IjAwMDAwMSIsInptX3NrbSI6InptX28ybSIsImFsZyI6IkhTMjU2In0.eyJhdWQiOiJjbGllbnRzbSIsInVpZCI6Ik8tREdWaEZHVDlhQ1lQT19TeDVlaWciLCJpc3MiOiJ3ZWIiLCJzayI6IjAiLCJzdHkiOjEsIndjZCI6InVzMDQiLCJjbHQiOjAsIm1udW0iOiI3NjM5MDI3OTk4NyIsImV4cCI6MTY3ODA4Nzg4OSwiaWF0IjoxNjc4MDgwNjg5LCJhaWQiOiJSMXg0cnJDYlFFQzVDeVBSalB1MWNnIiwiY2lkIjoiIn0.Qon1wLMjPWgy3jmz7BQ4_5Do0DyRyE3FULKwe9TKLko\",\"join_url\":\"https:\\/\\/us04web.zoom.us\\/j\\/76390279987?pwd=j9Ex0URcOQtLIGakMFUrCx6trcgGQk.1\",\"password\":\"RppE3\",\"h323_password\":\"367572\",\"pstn_password\":\"367572\",\"encrypted_password\":\"j9Ex0URcOQtLIGakMFUrCx6trcgGQk.1\",\"settings\":{\"host_video\":true,\"participant_video\":true,\"cn_meeting\":false,\"in_meeting\":false,\"join_before_host\":false,\"jbh_time\":0,\"mute_upon_entry\":false,\"watermark\":false,\"use_pmi\":false,\"approval_type\":2,\"audio\":\"voip\",\"auto_recording\":\"none\",\"enforce_login\":false,\"enforce_login_domains\":\"\",\"alternative_hosts\":\"\",\"alternative_host_update_polls\":false,\"close_registration\":false,\"show_share_button\":false,\"allow_multiple_devices\":false,\"registrants_confirmation_email\":true,\"waiting_room\":true,\"request_permission_to_unmute_participants\":false,\"registrants_email_notification\":true,\"meeting_authentication\":false,\"encryption_type\":\"enhanced_encryption\",\"approved_or_denied_countries_or_regions\":{\"enable\":false},\"breakout_room\":{\"enable\":false},\"alternative_hosts_email_notification\":true,\"device_testing\":false,\"focus_mode\":false,\"enable_dedicated_group_chat\":false,\"private_meeting\":false,\"email_notification\":true,\"host_save_video_order\":false},\"pre_schedule\":false}', 'global', 0, 1, '2023-03-06 05:31:29');
INSERT INTO `conferences` (`id`, `purpose`, `staff_id`, `patient_id`, `visit_details_id`, `ipd_id`, `created_id`, `title`, `date`, `duration`, `password`, `host_video`, `client_video`, `description`, `timezone`, `return_response`, `api_type`, `status`, `live_consult_link`, `created_at`) VALUES (726, 'meeting', NULL, NULL, NULL, NULL, 14, 'Plastic Surgery', '2023-03-18 11:30:00', 35, 'cfhp6', 1, 1, '', 'Asia/Kolkata', '{\"uuid\":\"abloOoM4T\\/aA7ZTyZJ53Yw==\",\"id\":72542868634,\"host_id\":\"O-DGVhFGT9aCYPO_Sx5eig\",\"host_email\":\"garimas663@gmail.com\",\"topic\":\"Plastic Surgery\",\"type\":2,\"status\":\"waiting\",\"start_time\":\"2023-03-18T00:30:00Z\",\"duration\":35,\"timezone\":\"Asia\\/Kolkata\",\"created_at\":\"2023-03-06T05:31:54Z\",\"start_url\":\"https:\\/\\/us04web.zoom.us\\/s\\/72542868634?zak=eyJ0eXAiOiJKV1QiLCJzdiI6IjAwMDAwMSIsInptX3NrbSI6InptX28ybSIsImFsZyI6IkhTMjU2In0.eyJhdWQiOiJjbGllbnRzbSIsInVpZCI6Ik8tREdWaEZHVDlhQ1lQT19TeDVlaWciLCJpc3MiOiJ3ZWIiLCJzayI6IjAiLCJzdHkiOjEsIndjZCI6InVzMDQiLCJjbHQiOjAsIm1udW0iOiI3MjU0Mjg2ODYzNCIsImV4cCI6MTY3ODA4NzkxNCwiaWF0IjoxNjc4MDgwNzE0LCJhaWQiOiJSMXg0cnJDYlFFQzVDeVBSalB1MWNnIiwiY2lkIjoiIn0.e0UZFR1iE_m4QmK2BoN85xjH_izyR_7uBCqpuR7D-po\",\"join_url\":\"https:\\/\\/us04web.zoom.us\\/j\\/72542868634?pwd=XSvUkPiNlOFNquVPKnS9aXzJGK8W01.1\",\"password\":\"cfhp6\",\"h323_password\":\"700303\",\"pstn_password\":\"700303\",\"encrypted_password\":\"XSvUkPiNlOFNquVPKnS9aXzJGK8W01.1\",\"settings\":{\"host_video\":true,\"participant_video\":true,\"cn_meeting\":false,\"in_meeting\":false,\"join_before_host\":false,\"jbh_time\":0,\"mute_upon_entry\":false,\"watermark\":false,\"use_pmi\":false,\"approval_type\":2,\"audio\":\"voip\",\"auto_recording\":\"none\",\"enforce_login\":false,\"enforce_login_domains\":\"\",\"alternative_hosts\":\"\",\"alternative_host_update_polls\":false,\"close_registration\":false,\"show_share_button\":false,\"allow_multiple_devices\":false,\"registrants_confirmation_email\":true,\"waiting_room\":true,\"request_permission_to_unmute_participants\":false,\"registrants_email_notification\":true,\"meeting_authentication\":false,\"encryption_type\":\"enhanced_encryption\",\"approved_or_denied_countries_or_regions\":{\"enable\":false},\"breakout_room\":{\"enable\":false},\"alternative_hosts_email_notification\":true,\"device_testing\":false,\"focus_mode\":false,\"enable_dedicated_group_chat\":false,\"private_meeting\":false,\"email_notification\":true,\"host_save_video_order\":false},\"pre_schedule\":false}', 'global', 0, 1, '2023-03-06 05:31:54');
INSERT INTO `conferences` (`id`, `purpose`, `staff_id`, `patient_id`, `visit_details_id`, `ipd_id`, `created_id`, `title`, `date`, `duration`, `password`, `host_video`, `client_video`, `description`, `timezone`, `return_response`, `api_type`, `status`, `live_consult_link`, `created_at`) VALUES (727, 'meeting', NULL, NULL, NULL, NULL, 14, 'Pathology Investigation Setup report discussion', '2023-03-20 14:30:00', 35, 'Kp1hr', 1, 1, '', 'Asia/Kolkata', '{\"uuid\":\"dkNV6EToSpmds5Iu16X84w==\",\"id\":76458029595,\"host_id\":\"O-DGVhFGT9aCYPO_Sx5eig\",\"host_email\":\"garimas663@gmail.com\",\"topic\":\"Pathology Investigation Setup report discussion\",\"type\":2,\"status\":\"waiting\",\"start_time\":\"2023-03-20T03:30:00Z\",\"duration\":35,\"timezone\":\"Asia\\/Kolkata\",\"created_at\":\"2023-03-06T05:32:16Z\",\"start_url\":\"https:\\/\\/us04web.zoom.us\\/s\\/76458029595?zak=eyJ0eXAiOiJKV1QiLCJzdiI6IjAwMDAwMSIsInptX3NrbSI6InptX28ybSIsImFsZyI6IkhTMjU2In0.eyJhdWQiOiJjbGllbnRzbSIsInVpZCI6Ik8tREdWaEZHVDlhQ1lQT19TeDVlaWciLCJpc3MiOiJ3ZWIiLCJzayI6IjAiLCJzdHkiOjEsIndjZCI6InVzMDQiLCJjbHQiOjAsIm1udW0iOiI3NjQ1ODAyOTU5NSIsImV4cCI6MTY3ODA4NzkzNiwiaWF0IjoxNjc4MDgwNzM2LCJhaWQiOiJSMXg0cnJDYlFFQzVDeVBSalB1MWNnIiwiY2lkIjoiIn0.Sz2gFPsSCOFV-m7dRDICqpU2HKMDop7vS_5AOy4rfi0\",\"join_url\":\"https:\\/\\/us04web.zoom.us\\/j\\/76458029595?pwd=NKN5bN4lazEl2sayaqC6pPbljabKaQ.1\",\"password\":\"Kp1hr\",\"h323_password\":\"737928\",\"pstn_password\":\"737928\",\"encrypted_password\":\"NKN5bN4lazEl2sayaqC6pPbljabKaQ.1\",\"settings\":{\"host_video\":true,\"participant_video\":true,\"cn_meeting\":false,\"in_meeting\":false,\"join_before_host\":false,\"jbh_time\":0,\"mute_upon_entry\":false,\"watermark\":false,\"use_pmi\":false,\"approval_type\":2,\"audio\":\"voip\",\"auto_recording\":\"none\",\"enforce_login\":false,\"enforce_login_domains\":\"\",\"alternative_hosts\":\"\",\"alternative_host_update_polls\":false,\"close_registration\":false,\"show_share_button\":false,\"allow_multiple_devices\":false,\"registrants_confirmation_email\":true,\"waiting_room\":true,\"request_permission_to_unmute_participants\":false,\"registrants_email_notification\":true,\"meeting_authentication\":false,\"encryption_type\":\"enhanced_encryption\",\"approved_or_denied_countries_or_regions\":{\"enable\":false},\"breakout_room\":{\"enable\":false},\"alternative_hosts_email_notification\":true,\"device_testing\":false,\"focus_mode\":false,\"enable_dedicated_group_chat\":false,\"private_meeting\":false,\"email_notification\":true,\"host_save_video_order\":false},\"pre_schedule\":false}', 'global', 0, 1, '2023-03-06 05:32:16');
INSERT INTO `conferences` (`id`, `purpose`, `staff_id`, `patient_id`, `visit_details_id`, `ipd_id`, `created_id`, `title`, `date`, `duration`, `password`, `host_video`, `client_video`, `description`, `timezone`, `return_response`, `api_type`, `status`, `live_consult_link`, `created_at`) VALUES (728, 'meeting', NULL, NULL, NULL, NULL, 14, 'Salary Discussion', '2023-03-06 14:30:00', 35, 'UsMwd', 1, 1, '', 'Asia/Kolkata', '{\"uuid\":\"3z8eVNGATUCOLZQl5sS44A==\",\"id\":74621743772,\"host_id\":\"O-DGVhFGT9aCYPO_Sx5eig\",\"host_email\":\"garimas663@gmail.com\",\"topic\":\"Salary Discussion\",\"type\":2,\"status\":\"waiting\",\"start_time\":\"2023-03-06T05:32:48Z\",\"duration\":35,\"timezone\":\"Asia\\/Kolkata\",\"created_at\":\"2023-03-06T05:32:48Z\",\"start_url\":\"https:\\/\\/us04web.zoom.us\\/s\\/74621743772?zak=eyJ0eXAiOiJKV1QiLCJzdiI6IjAwMDAwMSIsInptX3NrbSI6InptX28ybSIsImFsZyI6IkhTMjU2In0.eyJhdWQiOiJjbGllbnRzbSIsInVpZCI6Ik8tREdWaEZHVDlhQ1lQT19TeDVlaWciLCJpc3MiOiJ3ZWIiLCJzayI6IjAiLCJzdHkiOjEsIndjZCI6InVzMDQiLCJjbHQiOjAsIm1udW0iOiI3NDYyMTc0Mzc3MiIsImV4cCI6MTY3ODA4Nzk2OCwiaWF0IjoxNjc4MDgwNzY4LCJhaWQiOiJSMXg0cnJDYlFFQzVDeVBSalB1MWNnIiwiY2lkIjoiIn0.Fi5vXzjfKerE2U3D1WNl98__B0Ye0VLTrtfNXcoYqpI\",\"join_url\":\"https:\\/\\/us04web.zoom.us\\/j\\/74621743772?pwd=u4A0wh7U4IvKlFfcbC1VrXBTf5D728.1\",\"password\":\"UsMwd\",\"h323_password\":\"511637\",\"pstn_password\":\"511637\",\"encrypted_password\":\"u4A0wh7U4IvKlFfcbC1VrXBTf5D728.1\",\"settings\":{\"host_video\":true,\"participant_video\":true,\"cn_meeting\":false,\"in_meeting\":false,\"join_before_host\":false,\"jbh_time\":0,\"mute_upon_entry\":false,\"watermark\":false,\"use_pmi\":false,\"approval_type\":2,\"audio\":\"voip\",\"auto_recording\":\"none\",\"enforce_login\":false,\"enforce_login_domains\":\"\",\"alternative_hosts\":\"\",\"alternative_host_update_polls\":false,\"close_registration\":false,\"show_share_button\":false,\"allow_multiple_devices\":false,\"registrants_confirmation_email\":true,\"waiting_room\":true,\"request_permission_to_unmute_participants\":false,\"registrants_email_notification\":true,\"meeting_authentication\":false,\"encryption_type\":\"enhanced_encryption\",\"approved_or_denied_countries_or_regions\":{\"enable\":false},\"breakout_room\":{\"enable\":false},\"alternative_hosts_email_notification\":true,\"device_testing\":false,\"focus_mode\":false,\"enable_dedicated_group_chat\":false,\"private_meeting\":false,\"email_notification\":true,\"host_save_video_order\":false},\"pre_schedule\":false}', 'global', 0, 1, '2023-03-06 05:32:48');
INSERT INTO `conferences` (`id`, `purpose`, `staff_id`, `patient_id`, `visit_details_id`, `ipd_id`, `created_id`, `title`, `date`, `duration`, `password`, `host_video`, `client_video`, `description`, `timezone`, `return_response`, `api_type`, `status`, `live_consult_link`, `created_at`) VALUES (729, 'meeting', NULL, NULL, NULL, NULL, 1, 'Salary Discussion', '2023-03-25 14:30:00', 35, 'rprJD', 1, 1, '', 'Asia/Kolkata', '{\"uuid\":\"HNAUJedaT6qDO83XOA8dAw==\",\"id\":74356031210,\"host_id\":\"O-DGVhFGT9aCYPO_Sx5eig\",\"host_email\":\"garimas663@gmail.com\",\"topic\":\"Salary Discussion\",\"type\":2,\"status\":\"waiting\",\"start_time\":\"2023-03-25T03:30:00Z\",\"duration\":35,\"timezone\":\"Asia\\/Kolkata\",\"created_at\":\"2023-03-06T05:33:20Z\",\"start_url\":\"https:\\/\\/us04web.zoom.us\\/s\\/74356031210?zak=eyJ0eXAiOiJKV1QiLCJzdiI6IjAwMDAwMSIsInptX3NrbSI6InptX28ybSIsImFsZyI6IkhTMjU2In0.eyJhdWQiOiJjbGllbnRzbSIsInVpZCI6Ik8tREdWaEZHVDlhQ1lQT19TeDVlaWciLCJpc3MiOiJ3ZWIiLCJzayI6IjAiLCJzdHkiOjEsIndjZCI6InVzMDQiLCJjbHQiOjAsIm1udW0iOiI3NDM1NjAzMTIxMCIsImV4cCI6MTY3ODA4ODAwMCwiaWF0IjoxNjc4MDgwODAwLCJhaWQiOiJSMXg0cnJDYlFFQzVDeVBSalB1MWNnIiwiY2lkIjoiIn0.bn39p22yTnCrHey1A2ymsAruVWWqbC--P9BYcCt1lgY\",\"join_url\":\"https:\\/\\/us04web.zoom.us\\/j\\/74356031210?pwd=6AzN5dlcqIg81b9S33d54Ul2RNbhoK.1\",\"password\":\"rprJD\",\"h323_password\":\"239202\",\"pstn_password\":\"239202\",\"encrypted_password\":\"6AzN5dlcqIg81b9S33d54Ul2RNbhoK.1\",\"settings\":{\"host_video\":true,\"participant_video\":true,\"cn_meeting\":false,\"in_meeting\":false,\"join_before_host\":false,\"jbh_time\":0,\"mute_upon_entry\":false,\"watermark\":false,\"use_pmi\":false,\"approval_type\":2,\"audio\":\"voip\",\"auto_recording\":\"none\",\"enforce_login\":false,\"enforce_login_domains\":\"\",\"alternative_hosts\":\"\",\"alternative_host_update_polls\":false,\"close_registration\":false,\"show_share_button\":false,\"allow_multiple_devices\":false,\"registrants_confirmation_email\":true,\"waiting_room\":true,\"request_permission_to_unmute_participants\":false,\"registrants_email_notification\":true,\"meeting_authentication\":false,\"encryption_type\":\"enhanced_encryption\",\"approved_or_denied_countries_or_regions\":{\"enable\":false},\"breakout_room\":{\"enable\":false},\"alternative_hosts_email_notification\":true,\"device_testing\":false,\"focus_mode\":false,\"enable_dedicated_group_chat\":false,\"private_meeting\":false,\"email_notification\":true,\"host_save_video_order\":false},\"pre_schedule\":false}', 'global', 0, 1, '2023-03-06 05:33:20');
INSERT INTO `conferences` (`id`, `purpose`, `staff_id`, `patient_id`, `visit_details_id`, `ipd_id`, `created_id`, `title`, `date`, `duration`, `password`, `host_video`, `client_video`, `description`, `timezone`, `return_response`, `api_type`, `status`, `live_consult_link`, `created_at`) VALUES (919, 'meeting', NULL, NULL, NULL, NULL, 14, 'Hospital Equipment for Operation', '2023-04-01 16:30:00', 45, 'uPWRi', 1, 1, '', 'Asia/Kolkata', '{\"uuid\":\"3XM5dB\\/XSAasulrzSeYM2g==\",\"id\":78432725448,\"host_id\":\"O-DGVhFGT9aCYPO_Sx5eig\",\"host_email\":\"garimas663@gmail.com\",\"topic\":\"Hospital Equipment for Operation\",\"type\":2,\"status\":\"waiting\",\"start_time\":\"2023-04-03T10:45:07Z\",\"duration\":45,\"timezone\":\"Asia\\/Kolkata\",\"created_at\":\"2023-04-03T10:45:07Z\",\"start_url\":\"https:\\/\\/us04web.zoom.us\\/s\\/78432725448?zak=eyJ0eXAiOiJKV1QiLCJzdiI6IjAwMDAwMSIsInptX3NrbSI6InptX28ybSIsImFsZyI6IkhTMjU2In0.eyJhdWQiOiJjbGllbnRzbSIsInVpZCI6Ik8tREdWaEZHVDlhQ1lQT19TeDVlaWciLCJpc3MiOiJ3ZWIiLCJzayI6IjAiLCJzdHkiOjEsIndjZCI6InVzMDQiLCJjbHQiOjAsIm1udW0iOiI3ODQzMjcyNTQ0OCIsImV4cCI6MTY4MDUyNTkwNywiaWF0IjoxNjgwNTE4NzA3LCJhaWQiOiJSMXg0cnJDYlFFQzVDeVBSalB1MWNnIiwiY2lkIjoiIn0.vJ9ujmLi1E33o8YmGz_vuRgImLD8Pnxe2T-99KrMoz4\",\"join_url\":\"https:\\/\\/us04web.zoom.us\\/j\\/78432725448?pwd=s89aYkuOuBvSHelwmJlPY9YAbF2tMp.1\",\"password\":\"uPWRi\",\"h323_password\":\"049677\",\"pstn_password\":\"049677\",\"encrypted_password\":\"s89aYkuOuBvSHelwmJlPY9YAbF2tMp.1\",\"settings\":{\"host_video\":true,\"participant_video\":true,\"cn_meeting\":false,\"in_meeting\":false,\"join_before_host\":false,\"jbh_time\":0,\"mute_upon_entry\":false,\"watermark\":false,\"use_pmi\":false,\"approval_type\":2,\"audio\":\"voip\",\"auto_recording\":\"none\",\"enforce_login\":false,\"enforce_login_domains\":\"\",\"alternative_hosts\":\"\",\"alternative_host_update_polls\":false,\"close_registration\":false,\"show_share_button\":false,\"allow_multiple_devices\":false,\"registrants_confirmation_email\":true,\"waiting_room\":true,\"request_permission_to_unmute_participants\":false,\"registrants_email_notification\":true,\"meeting_authentication\":false,\"encryption_type\":\"enhanced_encryption\",\"approved_or_denied_countries_or_regions\":{\"enable\":false},\"breakout_room\":{\"enable\":false},\"alternative_hosts_email_notification\":true,\"device_testing\":false,\"focus_mode\":false,\"enable_dedicated_group_chat\":false,\"private_meeting\":false,\"email_notification\":true,\"host_save_video_order\":false},\"pre_schedule\":false}', 'global', 0, 1, '2023-04-03 10:45:07');
INSERT INTO `conferences` (`id`, `purpose`, `staff_id`, `patient_id`, `visit_details_id`, `ipd_id`, `created_id`, `title`, `date`, `duration`, `password`, `host_video`, `client_video`, `description`, `timezone`, `return_response`, `api_type`, `status`, `live_consult_link`, `created_at`) VALUES (920, 'meeting', NULL, NULL, NULL, NULL, 14, 'Heart By Discussion', '2023-04-05 14:30:00', 35, 'Ixs4o', 1, 1, '', 'Asia/Kolkata', '{\"uuid\":\"F2ma7RVbRkykiSZA+Y1lgQ==\",\"id\":71962914939,\"host_id\":\"O-DGVhFGT9aCYPO_Sx5eig\",\"host_email\":\"garimas663@gmail.com\",\"topic\":\"Heart By Discussion\",\"type\":2,\"status\":\"waiting\",\"start_time\":\"2023-04-05T03:30:00Z\",\"duration\":35,\"timezone\":\"Asia\\/Kolkata\",\"created_at\":\"2023-04-03T10:45:37Z\",\"start_url\":\"https:\\/\\/us04web.zoom.us\\/s\\/71962914939?zak=eyJ0eXAiOiJKV1QiLCJzdiI6IjAwMDAwMSIsInptX3NrbSI6InptX28ybSIsImFsZyI6IkhTMjU2In0.eyJhdWQiOiJjbGllbnRzbSIsInVpZCI6Ik8tREdWaEZHVDlhQ1lQT19TeDVlaWciLCJpc3MiOiJ3ZWIiLCJzayI6IjAiLCJzdHkiOjEsIndjZCI6InVzMDQiLCJjbHQiOjAsIm1udW0iOiI3MTk2MjkxNDkzOSIsImV4cCI6MTY4MDUyNTkzNywiaWF0IjoxNjgwNTE4NzM3LCJhaWQiOiJSMXg0cnJDYlFFQzVDeVBSalB1MWNnIiwiY2lkIjoiIn0.DUNuUKsyebVw3U9W5i2CNESv_zd3WsofBACD9BcMKVQ\",\"join_url\":\"https:\\/\\/us04web.zoom.us\\/j\\/71962914939?pwd=Jn4szbCAyCXANqNNr5mPhhXLRAHIUk.1\",\"password\":\"Ixs4o\",\"h323_password\":\"725161\",\"pstn_password\":\"725161\",\"encrypted_password\":\"Jn4szbCAyCXANqNNr5mPhhXLRAHIUk.1\",\"settings\":{\"host_video\":true,\"participant_video\":true,\"cn_meeting\":false,\"in_meeting\":false,\"join_before_host\":false,\"jbh_time\":0,\"mute_upon_entry\":false,\"watermark\":false,\"use_pmi\":false,\"approval_type\":2,\"audio\":\"voip\",\"auto_recording\":\"none\",\"enforce_login\":false,\"enforce_login_domains\":\"\",\"alternative_hosts\":\"\",\"alternative_host_update_polls\":false,\"close_registration\":false,\"show_share_button\":false,\"allow_multiple_devices\":false,\"registrants_confirmation_email\":true,\"waiting_room\":true,\"request_permission_to_unmute_participants\":false,\"registrants_email_notification\":true,\"meeting_authentication\":false,\"encryption_type\":\"enhanced_encryption\",\"approved_or_denied_countries_or_regions\":{\"enable\":false},\"breakout_room\":{\"enable\":false},\"alternative_hosts_email_notification\":true,\"device_testing\":false,\"focus_mode\":false,\"enable_dedicated_group_chat\":false,\"private_meeting\":false,\"email_notification\":true,\"host_save_video_order\":false},\"pre_schedule\":false}', 'global', 0, 1, '2023-04-03 10:45:37');
INSERT INTO `conferences` (`id`, `purpose`, `staff_id`, `patient_id`, `visit_details_id`, `ipd_id`, `created_id`, `title`, `date`, `duration`, `password`, `host_video`, `client_video`, `description`, `timezone`, `return_response`, `api_type`, `status`, `live_consult_link`, `created_at`) VALUES (922, 'meeting', NULL, NULL, NULL, NULL, 14, 'Virtual Doctors Meeting', '2023-04-15 16:30:00', 35, 'Ez9XV', 1, 1, '', 'Asia/Kolkata', '{\"uuid\":\"8uEvJttHRFSYiOZv58buXg==\",\"id\":76779701963,\"host_id\":\"O-DGVhFGT9aCYPO_Sx5eig\",\"host_email\":\"garimas663@gmail.com\",\"topic\":\"Virtual Doctors Meeting\",\"type\":2,\"status\":\"waiting\",\"start_time\":\"2023-04-15T05:30:00Z\",\"duration\":35,\"timezone\":\"Asia\\/Kolkata\",\"created_at\":\"2023-04-03T10:46:29Z\",\"start_url\":\"https:\\/\\/us04web.zoom.us\\/s\\/76779701963?zak=eyJ0eXAiOiJKV1QiLCJzdiI6IjAwMDAwMSIsInptX3NrbSI6InptX28ybSIsImFsZyI6IkhTMjU2In0.eyJhdWQiOiJjbGllbnRzbSIsInVpZCI6Ik8tREdWaEZHVDlhQ1lQT19TeDVlaWciLCJpc3MiOiJ3ZWIiLCJzayI6IjAiLCJzdHkiOjEsIndjZCI6InVzMDQiLCJjbHQiOjAsIm1udW0iOiI3Njc3OTcwMTk2MyIsImV4cCI6MTY4MDUyNTk4OSwiaWF0IjoxNjgwNTE4Nzg5LCJhaWQiOiJSMXg0cnJDYlFFQzVDeVBSalB1MWNnIiwiY2lkIjoiIn0.ZGItQRcCN9Sx_DSqcF_VtHKTRmPUK54Yq-i556ibhZo\",\"join_url\":\"https:\\/\\/us04web.zoom.us\\/j\\/76779701963?pwd=jbngicO45l7ARcOvkQo8FvuiOWGiZD.1\",\"password\":\"Ez9XV\",\"h323_password\":\"747751\",\"pstn_password\":\"747751\",\"encrypted_password\":\"jbngicO45l7ARcOvkQo8FvuiOWGiZD.1\",\"settings\":{\"host_video\":true,\"participant_video\":true,\"cn_meeting\":false,\"in_meeting\":false,\"join_before_host\":false,\"jbh_time\":0,\"mute_upon_entry\":false,\"watermark\":false,\"use_pmi\":false,\"approval_type\":2,\"audio\":\"voip\",\"auto_recording\":\"none\",\"enforce_login\":false,\"enforce_login_domains\":\"\",\"alternative_hosts\":\"\",\"alternative_host_update_polls\":false,\"close_registration\":false,\"show_share_button\":false,\"allow_multiple_devices\":false,\"registrants_confirmation_email\":true,\"waiting_room\":true,\"request_permission_to_unmute_participants\":false,\"registrants_email_notification\":true,\"meeting_authentication\":false,\"encryption_type\":\"enhanced_encryption\",\"approved_or_denied_countries_or_regions\":{\"enable\":false},\"breakout_room\":{\"enable\":false},\"alternative_hosts_email_notification\":true,\"device_testing\":false,\"focus_mode\":false,\"enable_dedicated_group_chat\":false,\"private_meeting\":false,\"email_notification\":true,\"host_save_video_order\":false},\"pre_schedule\":false}', 'global', 0, 1, '2023-04-03 10:46:29');
INSERT INTO `conferences` (`id`, `purpose`, `staff_id`, `patient_id`, `visit_details_id`, `ipd_id`, `created_id`, `title`, `date`, `duration`, `password`, `host_video`, `client_video`, `description`, `timezone`, `return_response`, `api_type`, `status`, `live_consult_link`, `created_at`) VALUES (923, 'meeting', NULL, NULL, NULL, NULL, 14, 'Salary Discussion', '2023-04-18 14:30:00', 35, 'vnDk8', 1, 1, '', 'Asia/Kolkata', '{\"uuid\":\"2ADMA+w9QEa60lsndMvxLw==\",\"id\":75312871443,\"host_id\":\"O-DGVhFGT9aCYPO_Sx5eig\",\"host_email\":\"garimas663@gmail.com\",\"topic\":\"Salary Discussion\",\"type\":2,\"status\":\"waiting\",\"start_time\":\"2023-04-18T03:30:00Z\",\"duration\":35,\"timezone\":\"Asia\\/Kolkata\",\"created_at\":\"2023-04-03T10:47:05Z\",\"start_url\":\"https:\\/\\/us04web.zoom.us\\/s\\/75312871443?zak=eyJ0eXAiOiJKV1QiLCJzdiI6IjAwMDAwMSIsInptX3NrbSI6InptX28ybSIsImFsZyI6IkhTMjU2In0.eyJhdWQiOiJjbGllbnRzbSIsInVpZCI6Ik8tREdWaEZHVDlhQ1lQT19TeDVlaWciLCJpc3MiOiJ3ZWIiLCJzayI6IjAiLCJzdHkiOjEsIndjZCI6InVzMDQiLCJjbHQiOjAsIm1udW0iOiI3NTMxMjg3MTQ0MyIsImV4cCI6MTY4MDUyNjAyNSwiaWF0IjoxNjgwNTE4ODI1LCJhaWQiOiJSMXg0cnJDYlFFQzVDeVBSalB1MWNnIiwiY2lkIjoiIn0.PcHU6EWPcw8QYoAW7dsWoTVDA--d6g0j3ozl56QR0CY\",\"join_url\":\"https:\\/\\/us04web.zoom.us\\/j\\/75312871443?pwd=abYIDIvAUsY6JmqFHfyrtTiaoH3OY3.1\",\"password\":\"vnDk8\",\"h323_password\":\"727451\",\"pstn_password\":\"727451\",\"encrypted_password\":\"abYIDIvAUsY6JmqFHfyrtTiaoH3OY3.1\",\"settings\":{\"host_video\":true,\"participant_video\":true,\"cn_meeting\":false,\"in_meeting\":false,\"join_before_host\":false,\"jbh_time\":0,\"mute_upon_entry\":false,\"watermark\":false,\"use_pmi\":false,\"approval_type\":2,\"audio\":\"voip\",\"auto_recording\":\"none\",\"enforce_login\":false,\"enforce_login_domains\":\"\",\"alternative_hosts\":\"\",\"alternative_host_update_polls\":false,\"close_registration\":false,\"show_share_button\":false,\"allow_multiple_devices\":false,\"registrants_confirmation_email\":true,\"waiting_room\":true,\"request_permission_to_unmute_participants\":false,\"registrants_email_notification\":true,\"meeting_authentication\":false,\"encryption_type\":\"enhanced_encryption\",\"approved_or_denied_countries_or_regions\":{\"enable\":false},\"breakout_room\":{\"enable\":false},\"alternative_hosts_email_notification\":true,\"device_testing\":false,\"focus_mode\":false,\"enable_dedicated_group_chat\":false,\"private_meeting\":false,\"email_notification\":true,\"host_save_video_order\":false},\"pre_schedule\":false}', 'global', 0, 1, '2023-04-03 10:47:05');
INSERT INTO `conferences` (`id`, `purpose`, `staff_id`, `patient_id`, `visit_details_id`, `ipd_id`, `created_id`, `title`, `date`, `duration`, `password`, `host_video`, `client_video`, `description`, `timezone`, `return_response`, `api_type`, `status`, `live_consult_link`, `created_at`) VALUES (924, 'meeting', NULL, NULL, NULL, NULL, 1, 'Skin Problem Discussion', '2023-04-03 17:30:00', 35, 'ZduaR', 1, 1, '', 'Asia/Kolkata', '{\"uuid\":\"HwuRkP6sTxihtCHYepXoDw==\",\"id\":77789554794,\"host_id\":\"O-DGVhFGT9aCYPO_Sx5eig\",\"host_email\":\"garimas663@gmail.com\",\"topic\":\"Skin Problem Discussion\",\"type\":2,\"status\":\"waiting\",\"start_time\":\"2023-04-03T10:47:52Z\",\"duration\":35,\"timezone\":\"Asia\\/Kolkata\",\"created_at\":\"2023-04-03T10:47:52Z\",\"start_url\":\"https:\\/\\/us04web.zoom.us\\/s\\/77789554794?zak=eyJ0eXAiOiJKV1QiLCJzdiI6IjAwMDAwMSIsInptX3NrbSI6InptX28ybSIsImFsZyI6IkhTMjU2In0.eyJhdWQiOiJjbGllbnRzbSIsInVpZCI6Ik8tREdWaEZHVDlhQ1lQT19TeDVlaWciLCJpc3MiOiJ3ZWIiLCJzayI6IjAiLCJzdHkiOjEsIndjZCI6InVzMDQiLCJjbHQiOjAsIm1udW0iOiI3Nzc4OTU1NDc5NCIsImV4cCI6MTY4MDUyNjA3MiwiaWF0IjoxNjgwNTE4ODcyLCJhaWQiOiJSMXg0cnJDYlFFQzVDeVBSalB1MWNnIiwiY2lkIjoiIn0.rYlsYFvsGrlreEnmkqhVUyeCRTO3N208_Y6UdTN2-xI\",\"join_url\":\"https:\\/\\/us04web.zoom.us\\/j\\/77789554794?pwd=H90VNV3gjxVzy8DJd4jaCSkPMoJB57.1\",\"password\":\"ZduaR\",\"h323_password\":\"701925\",\"pstn_password\":\"701925\",\"encrypted_password\":\"H90VNV3gjxVzy8DJd4jaCSkPMoJB57.1\",\"settings\":{\"host_video\":true,\"participant_video\":true,\"cn_meeting\":false,\"in_meeting\":false,\"join_before_host\":false,\"jbh_time\":0,\"mute_upon_entry\":false,\"watermark\":false,\"use_pmi\":false,\"approval_type\":2,\"audio\":\"voip\",\"auto_recording\":\"none\",\"enforce_login\":false,\"enforce_login_domains\":\"\",\"alternative_hosts\":\"\",\"alternative_host_update_polls\":false,\"close_registration\":false,\"show_share_button\":false,\"allow_multiple_devices\":false,\"registrants_confirmation_email\":true,\"waiting_room\":true,\"request_permission_to_unmute_participants\":false,\"registrants_email_notification\":true,\"meeting_authentication\":false,\"encryption_type\":\"enhanced_encryption\",\"approved_or_denied_countries_or_regions\":{\"enable\":false},\"breakout_room\":{\"enable\":false},\"alternative_hosts_email_notification\":true,\"device_testing\":false,\"focus_mode\":false,\"enable_dedicated_group_chat\":false,\"private_meeting\":false,\"email_notification\":true,\"host_save_video_order\":false},\"pre_schedule\":false}', 'global', 2, 1, '2023-04-03 11:08:17');
INSERT INTO `conferences` (`id`, `purpose`, `staff_id`, `patient_id`, `visit_details_id`, `ipd_id`, `created_id`, `title`, `date`, `duration`, `password`, `host_video`, `client_video`, `description`, `timezone`, `return_response`, `api_type`, `status`, `live_consult_link`, `created_at`) VALUES (1020, 'meeting', NULL, NULL, NULL, NULL, 1, 'Heart Operation Discussion', '2023-04-20 10:30:00', 35, 'y5YB8', 1, 1, '', 'Asia/Kolkata', '{\"uuid\":\"MdzAdXr2RBun+wQgQl9K5w==\",\"id\":74172996273,\"host_id\":\"O-DGVhFGT9aCYPO_Sx5eig\",\"host_email\":\"garimas663@gmail.com\",\"topic\":\"Heart Operation Discussion\",\"type\":2,\"status\":\"waiting\",\"start_time\":\"2023-04-19T23:30:00Z\",\"duration\":35,\"timezone\":\"Asia\\/Kolkata\",\"created_at\":\"2023-04-05T05:03:47Z\",\"start_url\":\"https:\\/\\/us04web.zoom.us\\/s\\/74172996273?zak=eyJ0eXAiOiJKV1QiLCJzdiI6IjAwMDAwMSIsInptX3NrbSI6InptX28ybSIsImFsZyI6IkhTMjU2In0.eyJhdWQiOiJjbGllbnRzbSIsInVpZCI6Ik8tREdWaEZHVDlhQ1lQT19TeDVlaWciLCJpc3MiOiJ3ZWIiLCJzayI6IjAiLCJzdHkiOjEsIndjZCI6InVzMDQiLCJjbHQiOjAsIm1udW0iOiI3NDE3Mjk5NjI3MyIsImV4cCI6MTY4MDY3ODIyNywiaWF0IjoxNjgwNjcxMDI3LCJhaWQiOiJSMXg0cnJDYlFFQzVDeVBSalB1MWNnIiwiY2lkIjoiIn0.ljyULv4jAMAz9NqiZAYeiJv5qhIjcyZfIV1nulOEbBA\",\"join_url\":\"https:\\/\\/us04web.zoom.us\\/j\\/74172996273?pwd=aqDR5xzu6OeuSFGSaAcu4VJ0D6VO40.1\",\"password\":\"y5YB8\",\"h323_password\":\"752635\",\"pstn_password\":\"752635\",\"encrypted_password\":\"aqDR5xzu6OeuSFGSaAcu4VJ0D6VO40.1\",\"settings\":{\"host_video\":true,\"participant_video\":true,\"cn_meeting\":false,\"in_meeting\":false,\"join_before_host\":false,\"jbh_time\":0,\"mute_upon_entry\":false,\"watermark\":false,\"use_pmi\":false,\"approval_type\":2,\"audio\":\"voip\",\"auto_recording\":\"none\",\"enforce_login\":false,\"enforce_login_domains\":\"\",\"alternative_hosts\":\"\",\"alternative_host_update_polls\":false,\"close_registration\":false,\"show_share_button\":false,\"allow_multiple_devices\":false,\"registrants_confirmation_email\":true,\"waiting_room\":true,\"request_permission_to_unmute_participants\":false,\"registrants_email_notification\":true,\"meeting_authentication\":false,\"encryption_type\":\"enhanced_encryption\",\"approved_or_denied_countries_or_regions\":{\"enable\":false},\"breakout_room\":{\"enable\":false},\"alternative_hosts_email_notification\":true,\"device_testing\":false,\"focus_mode\":false,\"enable_dedicated_group_chat\":false,\"private_meeting\":false,\"email_notification\":true,\"host_save_video_order\":false},\"pre_schedule\":false}', 'global', 0, 1, '2023-04-05 05:03:48');
INSERT INTO `conferences` (`id`, `purpose`, `staff_id`, `patient_id`, `visit_details_id`, `ipd_id`, `created_id`, `title`, `date`, `duration`, `password`, `host_video`, `client_video`, `description`, `timezone`, `return_response`, `api_type`, `status`, `live_consult_link`, `created_at`) VALUES (1021, 'meeting', NULL, NULL, NULL, NULL, 1, 'Doctor\'s Meeting For Operation Discussion', '2023-04-25 14:30:00', 35, '4JTDl', 1, 1, '', 'Asia/Kolkata', '{\"uuid\":\"JxbKfnwEQO+BSDEexw8nJA==\",\"id\":73918983627,\"host_id\":\"O-DGVhFGT9aCYPO_Sx5eig\",\"host_email\":\"garimas663@gmail.com\",\"topic\":\"Doctor\'s Meeting For Operation Discussion\",\"type\":2,\"status\":\"waiting\",\"start_time\":\"2023-04-25T03:30:00Z\",\"duration\":35,\"timezone\":\"Asia\\/Kolkata\",\"created_at\":\"2023-04-05T05:04:10Z\",\"start_url\":\"https:\\/\\/us04web.zoom.us\\/s\\/73918983627?zak=eyJ0eXAiOiJKV1QiLCJzdiI6IjAwMDAwMSIsInptX3NrbSI6InptX28ybSIsImFsZyI6IkhTMjU2In0.eyJhdWQiOiJjbGllbnRzbSIsInVpZCI6Ik8tREdWaEZHVDlhQ1lQT19TeDVlaWciLCJpc3MiOiJ3ZWIiLCJzayI6IjAiLCJzdHkiOjEsIndjZCI6InVzMDQiLCJjbHQiOjAsIm1udW0iOiI3MzkxODk4MzYyNyIsImV4cCI6MTY4MDY3ODI1MCwiaWF0IjoxNjgwNjcxMDUwLCJhaWQiOiJSMXg0cnJDYlFFQzVDeVBSalB1MWNnIiwiY2lkIjoiIn0.gJKYuHHccfSZYLzyE9nDcuR6pNga-4kJyaB2XZg9jU8\",\"join_url\":\"https:\\/\\/us04web.zoom.us\\/j\\/73918983627?pwd=ja2aXFAfuob1eyS5Ia55q3TJbgDlYb.1\",\"password\":\"4JTDl\",\"h323_password\":\"937906\",\"pstn_password\":\"937906\",\"encrypted_password\":\"ja2aXFAfuob1eyS5Ia55q3TJbgDlYb.1\",\"settings\":{\"host_video\":true,\"participant_video\":true,\"cn_meeting\":false,\"in_meeting\":false,\"join_before_host\":false,\"jbh_time\":0,\"mute_upon_entry\":false,\"watermark\":false,\"use_pmi\":false,\"approval_type\":2,\"audio\":\"voip\",\"auto_recording\":\"none\",\"enforce_login\":false,\"enforce_login_domains\":\"\",\"alternative_hosts\":\"\",\"alternative_host_update_polls\":false,\"close_registration\":false,\"show_share_button\":false,\"allow_multiple_devices\":false,\"registrants_confirmation_email\":true,\"waiting_room\":true,\"request_permission_to_unmute_participants\":false,\"registrants_email_notification\":true,\"meeting_authentication\":false,\"encryption_type\":\"enhanced_encryption\",\"approved_or_denied_countries_or_regions\":{\"enable\":false},\"breakout_room\":{\"enable\":false},\"alternative_hosts_email_notification\":true,\"device_testing\":false,\"focus_mode\":false,\"enable_dedicated_group_chat\":false,\"private_meeting\":false,\"email_notification\":true,\"host_save_video_order\":false},\"pre_schedule\":false}', 'global', 0, 1, '2023-04-05 05:04:10');
INSERT INTO `conferences` (`id`, `purpose`, `staff_id`, `patient_id`, `visit_details_id`, `ipd_id`, `created_id`, `title`, `date`, `duration`, `password`, `host_video`, `client_video`, `description`, `timezone`, `return_response`, `api_type`, `status`, `live_consult_link`, `created_at`) VALUES (1023, 'meeting', NULL, NULL, NULL, NULL, 1, 'Plastic Surgery', '2023-04-30 13:30:00', 35, '4evDZ', 1, 1, '', 'Asia/Kolkata', '{\"uuid\":\"N04AJ\\/YKQvK91pk4nvqyaA==\",\"id\":72845866671,\"host_id\":\"O-DGVhFGT9aCYPO_Sx5eig\",\"host_email\":\"garimas663@gmail.com\",\"topic\":\"Plastic Surgery\",\"type\":2,\"status\":\"waiting\",\"start_time\":\"2023-04-30T02:30:00Z\",\"duration\":35,\"timezone\":\"Asia\\/Kolkata\",\"created_at\":\"2023-04-05T05:05:49Z\",\"start_url\":\"https:\\/\\/us04web.zoom.us\\/s\\/72845866671?zak=eyJ0eXAiOiJKV1QiLCJzdiI6IjAwMDAwMSIsInptX3NrbSI6InptX28ybSIsImFsZyI6IkhTMjU2In0.eyJhdWQiOiJjbGllbnRzbSIsInVpZCI6Ik8tREdWaEZHVDlhQ1lQT19TeDVlaWciLCJpc3MiOiJ3ZWIiLCJzayI6IjAiLCJzdHkiOjEsIndjZCI6InVzMDQiLCJjbHQiOjAsIm1udW0iOiI3Mjg0NTg2NjY3MSIsImV4cCI6MTY4MDY3ODM1MCwiaWF0IjoxNjgwNjcxMTUwLCJhaWQiOiJSMXg0cnJDYlFFQzVDeVBSalB1MWNnIiwiY2lkIjoiIn0.uiNF7ojM9iaTS8d4lG_vGkhYwpS-zh2arLqLuo4nV0Q\",\"join_url\":\"https:\\/\\/us04web.zoom.us\\/j\\/72845866671?pwd=VXatWh4nsr9XA8l43EYHiIin74k8bz.1\",\"password\":\"4evDZ\",\"h323_password\":\"446731\",\"pstn_password\":\"446731\",\"encrypted_password\":\"VXatWh4nsr9XA8l43EYHiIin74k8bz.1\",\"settings\":{\"host_video\":true,\"participant_video\":true,\"cn_meeting\":false,\"in_meeting\":false,\"join_before_host\":false,\"jbh_time\":0,\"mute_upon_entry\":false,\"watermark\":false,\"use_pmi\":false,\"approval_type\":2,\"audio\":\"voip\",\"auto_recording\":\"none\",\"enforce_login\":false,\"enforce_login_domains\":\"\",\"alternative_hosts\":\"\",\"alternative_host_update_polls\":false,\"close_registration\":false,\"show_share_button\":false,\"allow_multiple_devices\":false,\"registrants_confirmation_email\":true,\"waiting_room\":true,\"request_permission_to_unmute_participants\":false,\"registrants_email_notification\":true,\"meeting_authentication\":false,\"encryption_type\":\"enhanced_encryption\",\"approved_or_denied_countries_or_regions\":{\"enable\":false},\"breakout_room\":{\"enable\":false},\"alternative_hosts_email_notification\":true,\"device_testing\":false,\"focus_mode\":false,\"enable_dedicated_group_chat\":false,\"private_meeting\":false,\"email_notification\":true,\"host_save_video_order\":false},\"pre_schedule\":false}', 'global', 0, 1, '2023-04-05 05:05:50');
INSERT INTO `conferences` (`id`, `purpose`, `staff_id`, `patient_id`, `visit_details_id`, `ipd_id`, `created_id`, `title`, `date`, `duration`, `password`, `host_video`, `client_video`, `description`, `timezone`, `return_response`, `api_type`, `status`, `live_consult_link`, `created_at`) VALUES (1046, 'consult', 2, 1, NULL, 14, 1, 'Skin Consultation', '2023-05-01 14:30:00', 35, 'LXDUl', 1, 1, '', 'Asia/Kolkata', '{\"uuid\":\"8F1nAdPfRCCu71SS+TEspQ==\",\"id\":71957253504,\"host_id\":\"O-DGVhFGT9aCYPO_Sx5eig\",\"host_email\":\"garimas663@gmail.com\",\"topic\":\"Skin Consultation\",\"type\":2,\"status\":\"waiting\",\"start_time\":\"2023-05-03T10:13:18Z\",\"duration\":35,\"timezone\":\"Asia\\/Kolkata\",\"created_at\":\"2023-05-03T10:13:18Z\",\"start_url\":\"https:\\/\\/us04web.zoom.us\\/s\\/71957253504?zak=eyJ0eXAiOiJKV1QiLCJzdiI6IjAwMDAwMSIsInptX3NrbSI6InptX28ybSIsImFsZyI6IkhTMjU2In0.eyJhdWQiOiJjbGllbnRzbSIsInVpZCI6Ik8tREdWaEZHVDlhQ1lQT19TeDVlaWciLCJpc3MiOiJ3ZWIiLCJzayI6IjAiLCJzdHkiOjEsIndjZCI6InVzMDQiLCJjbHQiOjAsIm1udW0iOiI3MTk1NzI1MzUwNCIsImV4cCI6MTY4MzExNTk5OCwiaWF0IjoxNjgzMTA4Nzk4LCJhaWQiOiJSMXg0cnJDYlFFQzVDeVBSalB1MWNnIiwiY2lkIjoiIn0.jcORntRaCvqdgOdL0MU8U65q41x6PGp94L08n1tuyU4\",\"join_url\":\"https:\\/\\/us04web.zoom.us\\/j\\/71957253504?pwd=SZmyihL6fm3SnxMmwvFHcpki5TJaAS.1\",\"password\":\"LXDUl\",\"h323_password\":\"916386\",\"pstn_password\":\"916386\",\"encrypted_password\":\"SZmyihL6fm3SnxMmwvFHcpki5TJaAS.1\",\"settings\":{\"host_video\":true,\"participant_video\":true,\"cn_meeting\":false,\"in_meeting\":false,\"join_before_host\":false,\"jbh_time\":0,\"mute_upon_entry\":false,\"watermark\":false,\"use_pmi\":false,\"approval_type\":2,\"audio\":\"voip\",\"auto_recording\":\"none\",\"enforce_login\":false,\"enforce_login_domains\":\"\",\"alternative_hosts\":\"\",\"alternative_host_update_polls\":false,\"close_registration\":false,\"show_share_button\":false,\"allow_multiple_devices\":false,\"registrants_confirmation_email\":true,\"waiting_room\":true,\"request_permission_to_unmute_participants\":false,\"registrants_email_notification\":true,\"meeting_authentication\":false,\"encryption_type\":\"enhanced_encryption\",\"approved_or_denied_countries_or_regions\":{\"enable\":false},\"breakout_room\":{\"enable\":false},\"alternative_hosts_email_notification\":true,\"show_join_info\":false,\"device_testing\":false,\"focus_mode\":false,\"enable_dedicated_group_chat\":false,\"private_meeting\":false,\"email_notification\":true,\"host_save_video_order\":false},\"pre_schedule\":false}', 'global', 2, 1, '2023-05-03 10:21:04');
INSERT INTO `conferences` (`id`, `purpose`, `staff_id`, `patient_id`, `visit_details_id`, `ipd_id`, `created_id`, `title`, `date`, `duration`, `password`, `host_video`, `client_video`, `description`, `timezone`, `return_response`, `api_type`, `status`, `live_consult_link`, `created_at`) VALUES (1050, 'consult', 4, 2, NULL, 31, 1, 'Fever symptom discussion', '2023-05-20 11:00:00', 35, 'XYqh1', 1, 1, '', 'Asia/Kolkata', '{\"uuid\":\"v+E0en9sT9OtJgDT6D1t3Q==\",\"id\":79749556540,\"host_id\":\"O-DGVhFGT9aCYPO_Sx5eig\",\"host_email\":\"garimas663@gmail.com\",\"topic\":\"Fever symptom discussion\",\"type\":2,\"status\":\"waiting\",\"start_time\":\"2023-05-20T00:00:00Z\",\"duration\":35,\"timezone\":\"Asia\\/Kolkata\",\"created_at\":\"2023-05-03T10:15:45Z\",\"start_url\":\"https:\\/\\/us04web.zoom.us\\/s\\/79749556540?zak=eyJ0eXAiOiJKV1QiLCJzdiI6IjAwMDAwMSIsInptX3NrbSI6InptX28ybSIsImFsZyI6IkhTMjU2In0.eyJhdWQiOiJjbGllbnRzbSIsInVpZCI6Ik8tREdWaEZHVDlhQ1lQT19TeDVlaWciLCJpc3MiOiJ3ZWIiLCJzayI6IjAiLCJzdHkiOjEsIndjZCI6InVzMDQiLCJjbHQiOjAsIm1udW0iOiI3OTc0OTU1NjU0MCIsImV4cCI6MTY4MzExNjE0NSwiaWF0IjoxNjgzMTA4OTQ1LCJhaWQiOiJSMXg0cnJDYlFFQzVDeVBSalB1MWNnIiwiY2lkIjoiIn0.qT-BfGAPiDuFpdqhmhNsfG0xCOqqDDVzZmgl8HNRD9g\",\"join_url\":\"https:\\/\\/us04web.zoom.us\\/j\\/79749556540?pwd=yw3nB2lBA0C4Ux1Y4oHI1iIs0nTPGa.1\",\"password\":\"XYqh1\",\"h323_password\":\"147420\",\"pstn_password\":\"147420\",\"encrypted_password\":\"yw3nB2lBA0C4Ux1Y4oHI1iIs0nTPGa.1\",\"settings\":{\"host_video\":true,\"participant_video\":true,\"cn_meeting\":false,\"in_meeting\":false,\"join_before_host\":false,\"jbh_time\":0,\"mute_upon_entry\":false,\"watermark\":false,\"use_pmi\":false,\"approval_type\":2,\"audio\":\"voip\",\"auto_recording\":\"none\",\"enforce_login\":false,\"enforce_login_domains\":\"\",\"alternative_hosts\":\"\",\"alternative_host_update_polls\":false,\"close_registration\":false,\"show_share_button\":false,\"allow_multiple_devices\":false,\"registrants_confirmation_email\":true,\"waiting_room\":true,\"request_permission_to_unmute_participants\":false,\"registrants_email_notification\":true,\"meeting_authentication\":false,\"encryption_type\":\"enhanced_encryption\",\"approved_or_denied_countries_or_regions\":{\"enable\":false},\"breakout_room\":{\"enable\":false},\"alternative_hosts_email_notification\":true,\"show_join_info\":false,\"device_testing\":false,\"focus_mode\":false,\"enable_dedicated_group_chat\":false,\"private_meeting\":false,\"email_notification\":true,\"host_save_video_order\":false},\"pre_schedule\":false}', 'global', 0, 1, '2023-05-03 10:15:45');
INSERT INTO `conferences` (`id`, `purpose`, `staff_id`, `patient_id`, `visit_details_id`, `ipd_id`, `created_id`, `title`, `date`, `duration`, `password`, `host_video`, `client_video`, `description`, `timezone`, `return_response`, `api_type`, `status`, `live_consult_link`, `created_at`) VALUES (1060, 'meeting', NULL, NULL, NULL, NULL, 1, 'Skin Problem Discussion', '2023-05-01 15:30:00', 35, 'gqLxM', 1, 1, 'Skin Problem Discussion', 'Asia/Kolkata', '{\"uuid\":\"nXYLZcoYTKyf6VR4uVebCQ==\",\"id\":79560812599,\"host_id\":\"O-DGVhFGT9aCYPO_Sx5eig\",\"host_email\":\"garimas663@gmail.com\",\"topic\":\"Skin Problem Discussion\",\"type\":2,\"status\":\"waiting\",\"start_time\":\"2023-05-03T10:24:08Z\",\"duration\":35,\"timezone\":\"Asia\\/Kolkata\",\"created_at\":\"2023-05-03T10:24:08Z\",\"start_url\":\"https:\\/\\/us04web.zoom.us\\/s\\/79560812599?zak=eyJ0eXAiOiJKV1QiLCJzdiI6IjAwMDAwMSIsInptX3NrbSI6InptX28ybSIsImFsZyI6IkhTMjU2In0.eyJhdWQiOiJjbGllbnRzbSIsInVpZCI6Ik8tREdWaEZHVDlhQ1lQT19TeDVlaWciLCJpc3MiOiJ3ZWIiLCJzayI6IjAiLCJzdHkiOjEsIndjZCI6InVzMDQiLCJjbHQiOjAsIm1udW0iOiI3OTU2MDgxMjU5OSIsImV4cCI6MTY4MzExNjY0OSwiaWF0IjoxNjgzMTA5NDQ5LCJhaWQiOiJSMXg0cnJDYlFFQzVDeVBSalB1MWNnIiwiY2lkIjoiIn0.slpb1CbM1yHakD71sSMr7x7J-tJVizEoX9vIijygbx0\",\"join_url\":\"https:\\/\\/us04web.zoom.us\\/j\\/79560812599?pwd=JxDNxaSN68qS2kaePGnHr2urYkmtZX.1\",\"password\":\"gqLxM\",\"h323_password\":\"866397\",\"pstn_password\":\"866397\",\"encrypted_password\":\"JxDNxaSN68qS2kaePGnHr2urYkmtZX.1\",\"settings\":{\"host_video\":true,\"participant_video\":true,\"cn_meeting\":false,\"in_meeting\":false,\"join_before_host\":false,\"jbh_time\":0,\"mute_upon_entry\":false,\"watermark\":false,\"use_pmi\":false,\"approval_type\":2,\"audio\":\"voip\",\"auto_recording\":\"none\",\"enforce_login\":false,\"enforce_login_domains\":\"\",\"alternative_hosts\":\"\",\"alternative_host_update_polls\":false,\"close_registration\":false,\"show_share_button\":false,\"allow_multiple_devices\":false,\"registrants_confirmation_email\":true,\"waiting_room\":true,\"request_permission_to_unmute_participants\":false,\"registrants_email_notification\":true,\"meeting_authentication\":false,\"encryption_type\":\"enhanced_encryption\",\"approved_or_denied_countries_or_regions\":{\"enable\":false},\"breakout_room\":{\"enable\":false},\"alternative_hosts_email_notification\":true,\"show_join_info\":false,\"device_testing\":false,\"focus_mode\":false,\"enable_dedicated_group_chat\":false,\"private_meeting\":false,\"email_notification\":true,\"host_save_video_order\":false},\"pre_schedule\":false}', 'global', 2, 1, '2023-05-03 11:25:16');
INSERT INTO `conferences` (`id`, `purpose`, `staff_id`, `patient_id`, `visit_details_id`, `ipd_id`, `created_id`, `title`, `date`, `duration`, `password`, `host_video`, `client_video`, `description`, `timezone`, `return_response`, `api_type`, `status`, `live_consult_link`, `created_at`) VALUES (1062, 'meeting', NULL, NULL, NULL, NULL, 1, 'Skin Problem Discussion', '2023-05-10 13:30:00', 35, 'lgUuN', 1, 1, '', 'Asia/Kolkata', '{\"uuid\":\"mQLCbfGzQzOZmD+5c9p\\/yg==\",\"id\":77752874932,\"host_id\":\"O-DGVhFGT9aCYPO_Sx5eig\",\"host_email\":\"garimas663@gmail.com\",\"topic\":\"Skin Problem Discussion\",\"type\":2,\"status\":\"waiting\",\"start_time\":\"2023-05-10T02:30:00Z\",\"duration\":35,\"timezone\":\"Asia\\/Kolkata\",\"created_at\":\"2023-05-03T10:25:15Z\",\"start_url\":\"https:\\/\\/us04web.zoom.us\\/s\\/77752874932?zak=eyJ0eXAiOiJKV1QiLCJzdiI6IjAwMDAwMSIsInptX3NrbSI6InptX28ybSIsImFsZyI6IkhTMjU2In0.eyJhdWQiOiJjbGllbnRzbSIsInVpZCI6Ik8tREdWaEZHVDlhQ1lQT19TeDVlaWciLCJpc3MiOiJ3ZWIiLCJzayI6IjAiLCJzdHkiOjEsIndjZCI6InVzMDQiLCJjbHQiOjAsIm1udW0iOiI3Nzc1Mjg3NDkzMiIsImV4cCI6MTY4MzExNjcxNSwiaWF0IjoxNjgzMTA5NTE1LCJhaWQiOiJSMXg0cnJDYlFFQzVDeVBSalB1MWNnIiwiY2lkIjoiIn0.1XyQyy5zjjkS28iBJ8dhAxXTKW18TXaUW2d5GcmbJCw\",\"join_url\":\"https:\\/\\/us04web.zoom.us\\/j\\/77752874932?pwd=7bOdXDzbUQ8be6Z8gZO9AW5pWObpOu.1\",\"password\":\"lgUuN\",\"h323_password\":\"742999\",\"pstn_password\":\"742999\",\"encrypted_password\":\"7bOdXDzbUQ8be6Z8gZO9AW5pWObpOu.1\",\"settings\":{\"host_video\":true,\"participant_video\":true,\"cn_meeting\":false,\"in_meeting\":false,\"join_before_host\":false,\"jbh_time\":0,\"mute_upon_entry\":false,\"watermark\":false,\"use_pmi\":false,\"approval_type\":2,\"audio\":\"voip\",\"auto_recording\":\"none\",\"enforce_login\":false,\"enforce_login_domains\":\"\",\"alternative_hosts\":\"\",\"alternative_host_update_polls\":false,\"close_registration\":false,\"show_share_button\":false,\"allow_multiple_devices\":false,\"registrants_confirmation_email\":true,\"waiting_room\":true,\"request_permission_to_unmute_participants\":false,\"registrants_email_notification\":true,\"meeting_authentication\":false,\"encryption_type\":\"enhanced_encryption\",\"approved_or_denied_countries_or_regions\":{\"enable\":false},\"breakout_room\":{\"enable\":false},\"alternative_hosts_email_notification\":true,\"show_join_info\":false,\"device_testing\":false,\"focus_mode\":false,\"enable_dedicated_group_chat\":false,\"private_meeting\":false,\"email_notification\":true,\"host_save_video_order\":false},\"pre_schedule\":false}', 'global', 0, 1, '2023-05-03 10:25:15');
