
CREATE TABLE `doctor_absent` (
  `id` int NOT NULL AUTO_INCREMENT,
  `staff_id` int DEFAULT NULL,
  `date` date NOT NULL,
  `created_at` timestamp NOT NULL DEFAULT CURRENT_TIMESTAMP ON UPDATE CURRENT_TIMESTAMP,
  PRIMARY KEY (`id`),
  KEY `staff_id` (`staff_id`),
  KEY `index_date` (`date`),
  CONSTRAINT `doctor_absent_ibfk_1` FOREIGN KEY (`staff_id`) REFERENCES `staff` (`id`) ON DELETE CASCADE
) ENGINE=InnoDB DEFAULT CHARSET=utf8mb3;

#
# TABLE STRUCTURE FOR: doctor_global_shift
#


CREATE TABLE `doctor_global_shift` (
  `id` int NOT NULL AUTO_INCREMENT,
  `staff_id` int DEFAULT NULL,
  `global_shift_id` int DEFAULT NULL,
  `created_at` timestamp NOT NULL DEFAULT CURRENT_TIMESTAMP ON UPDATE CURRENT_TIMESTAMP,
  PRIMARY KEY (`id`),
  KEY `global_shift_id` (`global_shift_id`),
  KEY `staff_id` (`staff_id`),
  CONSTRAINT `doctor_global_shift_ibfk_1` FOREIGN KEY (`global_shift_id`) REFERENCES `global_shift` (`id`) ON DELETE CASCADE,
  CONSTRAINT `doctor_global_shift_ibfk_2` FOREIGN KEY (`staff_id`) REFERENCES `staff` (`id`) ON DELETE CASCADE
) ENGINE=InnoDB AUTO_INCREMENT=21 DEFAULT CHARSET=utf8mb3;

INSERT INTO `doctor_global_shift` (`id`, `staff_id`, `global_shift_id`, `created_at`) VALUES (1, 2, 1, '2021-10-25 08:03:30');
INSERT INTO `doctor_global_shift` (`id`, `staff_id`, `global_shift_id`, `created_at`) VALUES (2, 2, 3, '2021-10-25 08:03:32');
INSERT INTO `doctor_global_shift` (`id`, `staff_id`, `global_shift_id`, `created_at`) VALUES (6, 4, 1, '2021-10-25 10:26:19');
INSERT INTO `doctor_global_shift` (`id`, `staff_id`, `global_shift_id`, `created_at`) VALUES (16, 4, 3, '2021-10-25 10:32:16');
INSERT INTO `doctor_global_shift` (`id`, `staff_id`, `global_shift_id`, `created_at`) VALUES (17, 11, 1, '2021-10-25 10:32:17');
INSERT INTO `doctor_global_shift` (`id`, `staff_id`, `global_shift_id`, `created_at`) VALUES (18, 11, 3, '2021-10-25 10:32:18');
INSERT INTO `doctor_global_shift` (`id`, `staff_id`, `global_shift_id`, `created_at`) VALUES (19, 12, 1, '2021-12-01 09:27:12');
INSERT INTO `doctor_global_shift` (`id`, `staff_id`, `global_shift_id`, `created_at`) VALUES (20, 12, 3, '2021-12-01 09:27:13');


#
# TABLE STRUCTURE FOR: doctor_shift_time
#


CREATE TABLE `doctor_shift_time` (
  `id` int NOT NULL AUTO_INCREMENT,
  `day` varchar(20) DEFAULT NULL,
  `staff_id` int DEFAULT NULL,
  `doctor_global_shift_id` int DEFAULT NULL,
  `start_time` time DEFAULT NULL,
  `end_time` time DEFAULT NULL,
  `created_at` timestamp NOT NULL DEFAULT CURRENT_TIMESTAMP ON UPDATE CURRENT_TIMESTAMP,
  PRIMARY KEY (`id`),
  KEY `staff_id` (`staff_id`),
  KEY `doctor_global_shift_id` (`doctor_global_shift_id`),
  KEY `index_day` (`day`),
  CONSTRAINT `doctor_shift_time_ibfk_2` FOREIGN KEY (`staff_id`) REFERENCES `staff` (`id`) ON DELETE CASCADE,
  CONSTRAINT `doctor_shift_time_ibfk_3` FOREIGN KEY (`doctor_global_shift_id`) REFERENCES `doctor_global_shift` (`id`) ON DELETE CASCADE
) ENGINE=InnoDB AUTO_INCREMENT=110 DEFAULT CHARSET=utf8mb3;

INSERT INTO `doctor_shift_time` (`id`, `day`, `staff_id`, `doctor_global_shift_id`, `start_time`, `end_time`, `created_at`) VALUES (1, 'Monday', 2, 3, '16:00:00', '17:00:00', '2021-10-25 11:23:36');
INSERT INTO `doctor_shift_time` (`id`, `day`, `staff_id`, `doctor_global_shift_id`, `start_time`, `end_time`, `created_at`) VALUES (2, 'Tuesday', 2, 3, '16:00:00', '18:00:00', '2021-10-25 11:23:47');
INSERT INTO `doctor_shift_time` (`id`, `day`, `staff_id`, `doctor_global_shift_id`, `start_time`, `end_time`, `created_at`) VALUES (3, 'Wednesday', 2, 3, '16:00:00', '19:00:00', '2021-10-25 11:23:58');
INSERT INTO `doctor_shift_time` (`id`, `day`, `staff_id`, `doctor_global_shift_id`, `start_time`, `end_time`, `created_at`) VALUES (5, 'Monday', 11, 1, '06:00:00', '09:00:00', '2021-10-25 11:18:04');
INSERT INTO `doctor_shift_time` (`id`, `day`, `staff_id`, `doctor_global_shift_id`, `start_time`, `end_time`, `created_at`) VALUES (6, 'Tuesday', 11, 1, '06:00:00', '09:00:00', '2021-10-25 11:18:19');
INSERT INTO `doctor_shift_time` (`id`, `day`, `staff_id`, `doctor_global_shift_id`, `start_time`, `end_time`, `created_at`) VALUES (7, 'Wednesday', 11, 1, '06:00:00', '09:00:00', '2021-10-25 11:18:32');
INSERT INTO `doctor_shift_time` (`id`, `day`, `staff_id`, `doctor_global_shift_id`, `start_time`, `end_time`, `created_at`) VALUES (8, 'Thursday', 11, 1, '06:00:00', '09:00:00', '2021-10-25 11:18:52');
INSERT INTO `doctor_shift_time` (`id`, `day`, `staff_id`, `doctor_global_shift_id`, `start_time`, `end_time`, `created_at`) VALUES (9, 'Friday', 11, 1, '06:00:00', '09:00:00', '2021-10-25 11:19:05');
INSERT INTO `doctor_shift_time` (`id`, `day`, `staff_id`, `doctor_global_shift_id`, `start_time`, `end_time`, `created_at`) VALUES (10, 'Saturday', 11, 1, '06:00:00', '09:00:00', '2021-10-25 11:19:20');
INSERT INTO `doctor_shift_time` (`id`, `day`, `staff_id`, `doctor_global_shift_id`, `start_time`, `end_time`, `created_at`) VALUES (11, 'Sunday', 11, 1, '06:00:00', '09:00:00', '2021-10-25 11:19:37');
INSERT INTO `doctor_shift_time` (`id`, `day`, `staff_id`, `doctor_global_shift_id`, `start_time`, `end_time`, `created_at`) VALUES (12, 'Monday', 4, 1, '06:00:00', '09:00:00', '2021-10-25 11:20:19');
INSERT INTO `doctor_shift_time` (`id`, `day`, `staff_id`, `doctor_global_shift_id`, `start_time`, `end_time`, `created_at`) VALUES (13, 'Tuesday', 4, 1, '06:00:00', '09:00:00', '2021-10-25 11:20:38');
INSERT INTO `doctor_shift_time` (`id`, `day`, `staff_id`, `doctor_global_shift_id`, `start_time`, `end_time`, `created_at`) VALUES (14, 'Wednesday', 4, 1, '06:00:00', '09:00:00', '2021-10-25 11:20:50');
INSERT INTO `doctor_shift_time` (`id`, `day`, `staff_id`, `doctor_global_shift_id`, `start_time`, `end_time`, `created_at`) VALUES (15, 'Thursday', 4, 1, '06:00:00', '09:00:00', '2021-10-25 11:21:05');
INSERT INTO `doctor_shift_time` (`id`, `day`, `staff_id`, `doctor_global_shift_id`, `start_time`, `end_time`, `created_at`) VALUES (16, 'Friday', 4, 1, '07:00:00', '09:00:00', '2021-10-25 11:21:19');
INSERT INTO `doctor_shift_time` (`id`, `day`, `staff_id`, `doctor_global_shift_id`, `start_time`, `end_time`, `created_at`) VALUES (17, 'Saturday', 4, 1, '06:00:00', '09:00:00', '2021-10-25 11:21:33');
INSERT INTO `doctor_shift_time` (`id`, `day`, `staff_id`, `doctor_global_shift_id`, `start_time`, `end_time`, `created_at`) VALUES (18, 'Thursday', 2, 3, '16:00:00', '18:00:00', '2021-10-25 11:24:09');
INSERT INTO `doctor_shift_time` (`id`, `day`, `staff_id`, `doctor_global_shift_id`, `start_time`, `end_time`, `created_at`) VALUES (19, 'Friday', 2, 3, '16:00:00', '19:00:00', '2021-10-25 11:24:21');
INSERT INTO `doctor_shift_time` (`id`, `day`, `staff_id`, `doctor_global_shift_id`, `start_time`, `end_time`, `created_at`) VALUES (20, 'Saturday', 2, 3, '16:00:00', '19:00:00', '2021-10-25 11:24:31');
INSERT INTO `doctor_shift_time` (`id`, `day`, `staff_id`, `doctor_global_shift_id`, `start_time`, `end_time`, `created_at`) VALUES (21, 'Sunday', 2, 3, '16:00:00', '19:00:00', '2021-10-25 11:24:46');
INSERT INTO `doctor_shift_time` (`id`, `day`, `staff_id`, `doctor_global_shift_id`, `start_time`, `end_time`, `created_at`) VALUES (22, 'Monday', 2, 1, '10:00:00', '12:00:00', '2024-08-31 06:07:28');
INSERT INTO `doctor_shift_time` (`id`, `day`, `staff_id`, `doctor_global_shift_id`, `start_time`, `end_time`, `created_at`) VALUES (23, 'Tuesday', 2, 1, '10:00:00', '12:00:00', '2024-08-31 06:07:37');
INSERT INTO `doctor_shift_time` (`id`, `day`, `staff_id`, `doctor_global_shift_id`, `start_time`, `end_time`, `created_at`) VALUES (24, 'Wednesday', 2, 1, '10:00:00', '12:30:00', '2024-08-31 06:07:44');
INSERT INTO `doctor_shift_time` (`id`, `day`, `staff_id`, `doctor_global_shift_id`, `start_time`, `end_time`, `created_at`) VALUES (25, 'Thursday', 2, 1, '10:00:00', '12:00:00', '2024-08-31 06:07:52');
INSERT INTO `doctor_shift_time` (`id`, `day`, `staff_id`, `doctor_global_shift_id`, `start_time`, `end_time`, `created_at`) VALUES (26, 'Friday', 2, 1, '10:00:00', '12:00:00', '2024-08-31 06:07:58');
INSERT INTO `doctor_shift_time` (`id`, `day`, `staff_id`, `doctor_global_shift_id`, `start_time`, `end_time`, `created_at`) VALUES (27, 'Saturday', 2, 1, '10:00:00', '12:00:00', '2024-08-31 06:08:07');
INSERT INTO `doctor_shift_time` (`id`, `day`, `staff_id`, `doctor_global_shift_id`, `start_time`, `end_time`, `created_at`) VALUES (28, 'Sunday', 2, 1, '10:00:00', '12:00:00', '2024-08-31 06:08:18');
INSERT INTO `doctor_shift_time` (`id`, `day`, `staff_id`, `doctor_global_shift_id`, `start_time`, `end_time`, `created_at`) VALUES (29, 'Monday', 11, 3, '16:00:00', '18:00:00', '2021-12-01 05:36:26');
INSERT INTO `doctor_shift_time` (`id`, `day`, `staff_id`, `doctor_global_shift_id`, `start_time`, `end_time`, `created_at`) VALUES (30, 'Tuesday', 11, 3, '16:00:00', '18:00:00', '2021-12-01 05:36:44');
INSERT INTO `doctor_shift_time` (`id`, `day`, `staff_id`, `doctor_global_shift_id`, `start_time`, `end_time`, `created_at`) VALUES (31, 'Wednesday', 11, 3, '16:00:00', '18:00:00', '2021-12-01 05:37:06');
INSERT INTO `doctor_shift_time` (`id`, `day`, `staff_id`, `doctor_global_shift_id`, `start_time`, `end_time`, `created_at`) VALUES (32, 'Thursday', 11, 3, '16:00:00', '18:00:00', '2021-12-01 05:37:23');
INSERT INTO `doctor_shift_time` (`id`, `day`, `staff_id`, `doctor_global_shift_id`, `start_time`, `end_time`, `created_at`) VALUES (33, 'Friday', 11, 3, '16:00:00', '17:00:00', '2021-12-01 05:37:35');
INSERT INTO `doctor_shift_time` (`id`, `day`, `staff_id`, `doctor_global_shift_id`, `start_time`, `end_time`, `created_at`) VALUES (34, 'Saturday', 11, 3, '16:00:00', '18:00:00', '2021-12-01 05:37:48');
INSERT INTO `doctor_shift_time` (`id`, `day`, `staff_id`, `doctor_global_shift_id`, `start_time`, `end_time`, `created_at`) VALUES (35, 'Sunday', 11, 3, '16:00:00', '18:00:00', '2021-12-01 05:38:14');
INSERT INTO `doctor_shift_time` (`id`, `day`, `staff_id`, `doctor_global_shift_id`, `start_time`, `end_time`, `created_at`) VALUES (36, 'Monday', 12, 1, '06:00:00', '07:00:00', '2021-12-01 09:27:41');
INSERT INTO `doctor_shift_time` (`id`, `day`, `staff_id`, `doctor_global_shift_id`, `start_time`, `end_time`, `created_at`) VALUES (37, 'Tuesday', 12, 1, '06:00:00', '07:00:00', '2021-12-01 09:29:33');
INSERT INTO `doctor_shift_time` (`id`, `day`, `staff_id`, `doctor_global_shift_id`, `start_time`, `end_time`, `created_at`) VALUES (38, 'Wednesday', 12, 1, '06:00:00', '09:00:00', '2021-12-01 09:29:46');
INSERT INTO `doctor_shift_time` (`id`, `day`, `staff_id`, `doctor_global_shift_id`, `start_time`, `end_time`, `created_at`) VALUES (39, 'Thursday', 12, 1, '06:00:00', '09:00:00', '2021-12-01 09:30:01');
INSERT INTO `doctor_shift_time` (`id`, `day`, `staff_id`, `doctor_global_shift_id`, `start_time`, `end_time`, `created_at`) VALUES (40, 'Friday', 12, 1, '06:00:00', '09:00:00', '2021-12-01 09:30:14');
INSERT INTO `doctor_shift_time` (`id`, `day`, `staff_id`, `doctor_global_shift_id`, `start_time`, `end_time`, `created_at`) VALUES (41, 'Saturday', 12, 1, '06:00:00', '09:00:00', '2021-12-01 09:30:56');
INSERT INTO `doctor_shift_time` (`id`, `day`, `staff_id`, `doctor_global_shift_id`, `start_time`, `end_time`, `created_at`) VALUES (42, 'Monday', 12, 3, '16:00:00', '19:00:00', '2022-01-06 12:04:46');
INSERT INTO `doctor_shift_time` (`id`, `day`, `staff_id`, `doctor_global_shift_id`, `start_time`, `end_time`, `created_at`) VALUES (43, 'Tuesday', 12, 3, '17:34:00', '18:34:00', '2022-01-06 12:04:52');
INSERT INTO `doctor_shift_time` (`id`, `day`, `staff_id`, `doctor_global_shift_id`, `start_time`, `end_time`, `created_at`) VALUES (44, 'Wednesday', 12, 3, '17:34:00', '18:34:00', '2022-01-06 12:04:58');
INSERT INTO `doctor_shift_time` (`id`, `day`, `staff_id`, `doctor_global_shift_id`, `start_time`, `end_time`, `created_at`) VALUES (45, 'Thursday', 12, 3, '17:35:00', '18:35:00', '2022-01-06 12:05:05');
INSERT INTO `doctor_shift_time` (`id`, `day`, `staff_id`, `doctor_global_shift_id`, `start_time`, `end_time`, `created_at`) VALUES (46, 'Friday', 12, 3, '17:35:00', '18:35:00', '2022-01-06 12:05:10');
INSERT INTO `doctor_shift_time` (`id`, `day`, `staff_id`, `doctor_global_shift_id`, `start_time`, `end_time`, `created_at`) VALUES (47, 'Saturday', 12, 3, '17:35:00', '18:35:00', '2022-01-06 12:05:14');
INSERT INTO `doctor_shift_time` (`id`, `day`, `staff_id`, `doctor_global_shift_id`, `start_time`, `end_time`, `created_at`) VALUES (48, 'Sunday', 12, 3, '17:35:00', '18:35:00', '2022-01-06 12:05:17');
INSERT INTO `doctor_shift_time` (`id`, `day`, `staff_id`, `doctor_global_shift_id`, `start_time`, `end_time`, `created_at`) VALUES (49, 'Monday', 12, 3, '16:00:00', '17:00:00', '2022-01-06 12:05:22');
INSERT INTO `doctor_shift_time` (`id`, `day`, `staff_id`, `doctor_global_shift_id`, `start_time`, `end_time`, `created_at`) VALUES (50, 'Sunday', 12, 1, '06:00:00', '07:00:00', '2022-01-06 12:08:25');
INSERT INTO `doctor_shift_time` (`id`, `day`, `staff_id`, `doctor_global_shift_id`, `start_time`, `end_time`, `created_at`) VALUES (51, 'Tuesday', 12, 3, '16:00:00', '17:00:00', '2022-01-06 12:09:00');
INSERT INTO `doctor_shift_time` (`id`, `day`, `staff_id`, `doctor_global_shift_id`, `start_time`, `end_time`, `created_at`) VALUES (52, 'Wednesday', 12, 3, '16:00:00', '17:00:00', '2022-01-06 12:09:25');
INSERT INTO `doctor_shift_time` (`id`, `day`, `staff_id`, `doctor_global_shift_id`, `start_time`, `end_time`, `created_at`) VALUES (53, 'Sunday', 4, 1, '06:04:00', '07:04:00', '2022-01-06 12:34:34');
INSERT INTO `doctor_shift_time` (`id`, `day`, `staff_id`, `doctor_global_shift_id`, `start_time`, `end_time`, `created_at`) VALUES (54, 'Monday', 4, 3, '16:00:00', '18:30:00', '2022-10-06 06:04:13');
INSERT INTO `doctor_shift_time` (`id`, `day`, `staff_id`, `doctor_global_shift_id`, `start_time`, `end_time`, `created_at`) VALUES (55, 'Tuesday', 4, 3, '16:30:00', '18:30:00', '2022-10-06 06:05:16');
INSERT INTO `doctor_shift_time` (`id`, `day`, `staff_id`, `doctor_global_shift_id`, `start_time`, `end_time`, `created_at`) VALUES (56, 'Wednesday', 4, 3, '16:30:00', '18:30:00', '2022-10-06 06:05:25');
INSERT INTO `doctor_shift_time` (`id`, `day`, `staff_id`, `doctor_global_shift_id`, `start_time`, `end_time`, `created_at`) VALUES (57, 'Thursday', 4, 3, '16:00:00', '18:30:00', '2022-10-06 06:18:10');
INSERT INTO `doctor_shift_time` (`id`, `day`, `staff_id`, `doctor_global_shift_id`, `start_time`, `end_time`, `created_at`) VALUES (58, 'Friday', 4, 3, '16:30:00', '18:30:00', '2022-10-06 06:06:00');
INSERT INTO `doctor_shift_time` (`id`, `day`, `staff_id`, `doctor_global_shift_id`, `start_time`, `end_time`, `created_at`) VALUES (59, 'Saturday', 4, 3, '16:30:00', '18:30:00', '2022-10-06 06:19:14');
INSERT INTO `doctor_shift_time` (`id`, `day`, `staff_id`, `doctor_global_shift_id`, `start_time`, `end_time`, `created_at`) VALUES (60, 'Sunday', 4, 3, '16:30:00', '18:30:00', '2022-10-06 06:19:25');
INSERT INTO `doctor_shift_time` (`id`, `day`, `staff_id`, `doctor_global_shift_id`, `start_time`, `end_time`, `created_at`) VALUES (61, 'Monday', 11, 17, '10:00:00', '12:30:00', '2024-08-28 07:25:07');
INSERT INTO `doctor_shift_time` (`id`, `day`, `staff_id`, `doctor_global_shift_id`, `start_time`, `end_time`, `created_at`) VALUES (62, 'Tuesday', 11, 17, '10:00:00', '12:30:00', '2024-08-28 07:25:17');
INSERT INTO `doctor_shift_time` (`id`, `day`, `staff_id`, `doctor_global_shift_id`, `start_time`, `end_time`, `created_at`) VALUES (63, 'Wednesday', 11, 17, '10:00:00', '12:30:00', '2024-08-28 07:25:26');
INSERT INTO `doctor_shift_time` (`id`, `day`, `staff_id`, `doctor_global_shift_id`, `start_time`, `end_time`, `created_at`) VALUES (64, 'Thursday', 11, 17, '10:00:00', '12:30:00', '2024-08-28 07:25:35');
INSERT INTO `doctor_shift_time` (`id`, `day`, `staff_id`, `doctor_global_shift_id`, `start_time`, `end_time`, `created_at`) VALUES (65, 'Friday', 11, 17, '10:00:00', '12:30:00', '2024-08-28 07:25:43');
INSERT INTO `doctor_shift_time` (`id`, `day`, `staff_id`, `doctor_global_shift_id`, `start_time`, `end_time`, `created_at`) VALUES (66, 'Saturday', 11, 17, '10:00:00', '12:30:00', '2024-08-28 07:25:53');
INSERT INTO `doctor_shift_time` (`id`, `day`, `staff_id`, `doctor_global_shift_id`, `start_time`, `end_time`, `created_at`) VALUES (67, 'Monday', 11, 18, '16:00:00', '19:00:00', '2024-08-28 07:26:12');
INSERT INTO `doctor_shift_time` (`id`, `day`, `staff_id`, `doctor_global_shift_id`, `start_time`, `end_time`, `created_at`) VALUES (68, 'Tuesday', 11, 18, '16:00:00', '19:00:00', '2024-08-28 07:26:23');
INSERT INTO `doctor_shift_time` (`id`, `day`, `staff_id`, `doctor_global_shift_id`, `start_time`, `end_time`, `created_at`) VALUES (69, 'Wednesday', 11, 18, '16:00:00', '19:00:00', '2024-08-28 07:26:32');
INSERT INTO `doctor_shift_time` (`id`, `day`, `staff_id`, `doctor_global_shift_id`, `start_time`, `end_time`, `created_at`) VALUES (70, 'Thursday', 11, 18, '16:00:00', '19:00:00', '2024-08-28 07:26:41');
INSERT INTO `doctor_shift_time` (`id`, `day`, `staff_id`, `doctor_global_shift_id`, `start_time`, `end_time`, `created_at`) VALUES (71, 'Friday', 11, 18, '16:00:00', '19:00:00', '2024-08-28 07:26:50');
INSERT INTO `doctor_shift_time` (`id`, `day`, `staff_id`, `doctor_global_shift_id`, `start_time`, `end_time`, `created_at`) VALUES (72, 'Monday', 12, 19, '10:00:00', '12:30:00', '2024-08-31 06:04:27');
INSERT INTO `doctor_shift_time` (`id`, `day`, `staff_id`, `doctor_global_shift_id`, `start_time`, `end_time`, `created_at`) VALUES (73, 'Tuesday', 12, 19, '10:00:00', '12:30:00', '2024-08-31 06:04:35');
INSERT INTO `doctor_shift_time` (`id`, `day`, `staff_id`, `doctor_global_shift_id`, `start_time`, `end_time`, `created_at`) VALUES (74, 'Wednesday', 12, 19, '10:00:00', '12:30:00', '2024-08-31 06:04:45');
INSERT INTO `doctor_shift_time` (`id`, `day`, `staff_id`, `doctor_global_shift_id`, `start_time`, `end_time`, `created_at`) VALUES (75, 'Thursday', 12, 19, '10:00:00', '12:30:00', '2024-08-31 06:04:54');
INSERT INTO `doctor_shift_time` (`id`, `day`, `staff_id`, `doctor_global_shift_id`, `start_time`, `end_time`, `created_at`) VALUES (76, 'Friday', 12, 19, '10:00:00', '12:30:00', '2024-08-31 06:05:04');
INSERT INTO `doctor_shift_time` (`id`, `day`, `staff_id`, `doctor_global_shift_id`, `start_time`, `end_time`, `created_at`) VALUES (77, 'Saturday', 12, 19, '10:00:00', '12:30:00', '2024-08-31 06:05:12');
INSERT INTO `doctor_shift_time` (`id`, `day`, `staff_id`, `doctor_global_shift_id`, `start_time`, `end_time`, `created_at`) VALUES (78, 'Sunday', 12, 19, '10:00:00', '12:30:00', '2024-08-31 06:05:24');
INSERT INTO `doctor_shift_time` (`id`, `day`, `staff_id`, `doctor_global_shift_id`, `start_time`, `end_time`, `created_at`) VALUES (79, 'Monday', 4, 6, '10:00:00', '12:30:00', '2024-08-31 06:06:04');
INSERT INTO `doctor_shift_time` (`id`, `day`, `staff_id`, `doctor_global_shift_id`, `start_time`, `end_time`, `created_at`) VALUES (80, 'Tuesday', 4, 6, '10:00:00', '12:30:00', '2024-08-31 06:06:13');
INSERT INTO `doctor_shift_time` (`id`, `day`, `staff_id`, `doctor_global_shift_id`, `start_time`, `end_time`, `created_at`) VALUES (81, 'Wednesday', 4, 6, '10:00:00', '12:30:00', '2024-08-31 06:06:21');
INSERT INTO `doctor_shift_time` (`id`, `day`, `staff_id`, `doctor_global_shift_id`, `start_time`, `end_time`, `created_at`) VALUES (82, 'Thursday', 4, 6, '10:00:00', '12:30:00', '2024-08-31 06:06:32');
INSERT INTO `doctor_shift_time` (`id`, `day`, `staff_id`, `doctor_global_shift_id`, `start_time`, `end_time`, `created_at`) VALUES (83, 'Saturday', 4, 6, '10:00:00', '12:30:00', '2024-08-31 06:06:51');
INSERT INTO `doctor_shift_time` (`id`, `day`, `staff_id`, `doctor_global_shift_id`, `start_time`, `end_time`, `created_at`) VALUES (84, 'Sunday', 4, 6, '10:00:00', '12:30:00', '2024-08-31 06:07:00');
INSERT INTO `doctor_shift_time` (`id`, `day`, `staff_id`, `doctor_global_shift_id`, `start_time`, `end_time`, `created_at`) VALUES (85, 'Saturday', 11, 18, '16:00:00', '19:00:00', '2024-08-31 06:08:56');
INSERT INTO `doctor_shift_time` (`id`, `day`, `staff_id`, `doctor_global_shift_id`, `start_time`, `end_time`, `created_at`) VALUES (86, 'Sunday', 11, 18, '16:00:00', '19:00:00', '2024-08-31 06:09:10');
INSERT INTO `doctor_shift_time` (`id`, `day`, `staff_id`, `doctor_global_shift_id`, `start_time`, `end_time`, `created_at`) VALUES (87, 'Monday', 12, 20, '16:00:00', '19:00:00', '2024-08-31 06:09:31');
INSERT INTO `doctor_shift_time` (`id`, `day`, `staff_id`, `doctor_global_shift_id`, `start_time`, `end_time`, `created_at`) VALUES (88, 'Tuesday', 12, 20, '16:00:00', '19:00:00', '2024-08-31 06:09:51');
INSERT INTO `doctor_shift_time` (`id`, `day`, `staff_id`, `doctor_global_shift_id`, `start_time`, `end_time`, `created_at`) VALUES (89, 'Wednesday', 12, 20, '16:00:00', '19:00:00', '2024-08-31 06:10:01');
INSERT INTO `doctor_shift_time` (`id`, `day`, `staff_id`, `doctor_global_shift_id`, `start_time`, `end_time`, `created_at`) VALUES (90, 'Thursday', 12, 20, '16:00:00', '19:00:00', '2024-08-31 06:10:11');
INSERT INTO `doctor_shift_time` (`id`, `day`, `staff_id`, `doctor_global_shift_id`, `start_time`, `end_time`, `created_at`) VALUES (91, 'Friday', 12, 20, '16:00:00', '19:00:00', '2024-08-31 06:10:21');
INSERT INTO `doctor_shift_time` (`id`, `day`, `staff_id`, `doctor_global_shift_id`, `start_time`, `end_time`, `created_at`) VALUES (92, 'Saturday', 12, 20, '16:00:00', '19:00:00', '2024-08-31 06:10:31');
INSERT INTO `doctor_shift_time` (`id`, `day`, `staff_id`, `doctor_global_shift_id`, `start_time`, `end_time`, `created_at`) VALUES (93, 'Sunday', 12, 20, '16:00:00', '19:00:00', '2024-08-31 06:10:40');
INSERT INTO `doctor_shift_time` (`id`, `day`, `staff_id`, `doctor_global_shift_id`, `start_time`, `end_time`, `created_at`) VALUES (94, 'Monday', 4, 16, '16:00:00', '19:00:00', '2024-08-31 06:10:55');
INSERT INTO `doctor_shift_time` (`id`, `day`, `staff_id`, `doctor_global_shift_id`, `start_time`, `end_time`, `created_at`) VALUES (95, 'Tuesday', 4, 16, '16:00:00', '19:00:00', '2024-08-31 06:11:05');
INSERT INTO `doctor_shift_time` (`id`, `day`, `staff_id`, `doctor_global_shift_id`, `start_time`, `end_time`, `created_at`) VALUES (96, 'Wednesday', 4, 16, '16:00:00', '19:00:00', '2024-08-31 06:11:17');
INSERT INTO `doctor_shift_time` (`id`, `day`, `staff_id`, `doctor_global_shift_id`, `start_time`, `end_time`, `created_at`) VALUES (97, 'Thursday', 4, 16, '16:00:00', '19:00:00', '2024-08-31 06:11:27');
INSERT INTO `doctor_shift_time` (`id`, `day`, `staff_id`, `doctor_global_shift_id`, `start_time`, `end_time`, `created_at`) VALUES (98, 'Friday', 4, 16, '16:00:00', '19:00:00', '2024-08-31 06:11:36');
INSERT INTO `doctor_shift_time` (`id`, `day`, `staff_id`, `doctor_global_shift_id`, `start_time`, `end_time`, `created_at`) VALUES (99, 'Saturday', 4, 16, '16:00:00', '19:00:00', '2024-08-31 06:11:45');
INSERT INTO `doctor_shift_time` (`id`, `day`, `staff_id`, `doctor_global_shift_id`, `start_time`, `end_time`, `created_at`) VALUES (100, 'Sunday', 4, 16, '16:00:00', '19:00:00', '2024-08-31 06:11:54');
INSERT INTO `doctor_shift_time` (`id`, `day`, `staff_id`, `doctor_global_shift_id`, `start_time`, `end_time`, `created_at`) VALUES (101, 'Monday', 2, 2, '16:00:00', '19:00:00', '2024-08-31 06:12:08');
INSERT INTO `doctor_shift_time` (`id`, `day`, `staff_id`, `doctor_global_shift_id`, `start_time`, `end_time`, `created_at`) VALUES (102, 'Tuesday', 2, 2, '16:00:00', '19:00:00', '2024-08-31 06:12:39');
INSERT INTO `doctor_shift_time` (`id`, `day`, `staff_id`, `doctor_global_shift_id`, `start_time`, `end_time`, `created_at`) VALUES (103, 'Wednesday', 2, 2, '16:00:00', '19:00:00', '2024-08-31 06:12:48');
INSERT INTO `doctor_shift_time` (`id`, `day`, `staff_id`, `doctor_global_shift_id`, `start_time`, `end_time`, `created_at`) VALUES (104, 'Thursday', 2, 2, '16:00:00', '19:00:00', '2024-08-31 06:13:01');
INSERT INTO `doctor_shift_time` (`id`, `day`, `staff_id`, `doctor_global_shift_id`, `start_time`, `end_time`, `created_at`) VALUES (105, 'Friday', 2, 2, '16:00:00', '19:00:00', '2024-08-31 06:13:10');
INSERT INTO `doctor_shift_time` (`id`, `day`, `staff_id`, `doctor_global_shift_id`, `start_time`, `end_time`, `created_at`) VALUES (106, 'Saturday', 2, 2, '16:00:00', '19:00:00', '2024-08-31 06:13:20');
INSERT INTO `doctor_shift_time` (`id`, `day`, `staff_id`, `doctor_global_shift_id`, `start_time`, `end_time`, `created_at`) VALUES (107, 'Sunday', 2, 2, '16:00:00', '19:00:00', '2024-08-31 06:13:29');
INSERT INTO `doctor_shift_time` (`id`, `day`, `staff_id`, `doctor_global_shift_id`, `start_time`, `end_time`, `created_at`) VALUES (108, 'Sunday', 11, 17, '10:00:00', '12:30:00', '2024-08-31 06:51:17');
INSERT INTO `doctor_shift_time` (`id`, `day`, `staff_id`, `doctor_global_shift_id`, `start_time`, `end_time`, `created_at`) VALUES (109, 'Friday', 4, 6, '10:00:00', '12:30:00', '2024-08-31 07:22:36');


#
# TABLE STRUCTURE FOR: dose_duration
#


CREATE TABLE `dose_duration` (
  `id` int NOT NULL AUTO_INCREMENT,
  `name` varchar(255) NOT NULL,
  `created_at` timestamp NOT NULL DEFAULT CURRENT_TIMESTAMP ON UPDATE CURRENT_TIMESTAMP,
  PRIMARY KEY (`id`),
  KEY `index_name` (`name`)
) ENGINE=InnoDB AUTO_INCREMENT=8 DEFAULT CHARSET=utf8mb3;

INSERT INTO `dose_duration` (`id`, `name`, `created_at`) VALUES (1, '1 Week', '2022-09-13 04:45:10');
INSERT INTO `dose_duration` (`id`, `name`, `created_at`) VALUES (2, '2 Week', '2022-09-13 04:45:25');
INSERT INTO `dose_duration` (`id`, `name`, `created_at`) VALUES (3, '1 Month', '2022-09-13 04:45:47');
INSERT INTO `dose_duration` (`id`, `name`, `created_at`) VALUES (4, 'Afternoon', '2022-10-03 12:18:51');
INSERT INTO `dose_duration` (`id`, `name`, `created_at`) VALUES (5, 'Morning', '2022-10-03 12:18:09');
INSERT INTO `dose_duration` (`id`, `name`, `created_at`) VALUES (6, 'Evening', '2022-10-03 12:18:19');
INSERT INTO `dose_duration` (`id`, `name`, `created_at`) VALUES (7, 'Night', '2022-10-03 12:18:25');


#
# TABLE STRUCTURE FOR: dose_interval
#


CREATE TABLE `dose_interval` (
  `id` int NOT NULL AUTO_INCREMENT,
  `name` varchar(255) NOT NULL,
  `created_at` timestamp NOT NULL DEFAULT CURRENT_TIMESTAMP ON UPDATE CURRENT_TIMESTAMP,
  PRIMARY KEY (`id`),
  KEY `index_name` (`name`)
) ENGINE=InnoDB AUTO_INCREMENT=5 DEFAULT CHARSET=utf8mb3;

INSERT INTO `dose_interval` (`id`, `name`, `created_at`) VALUES (1, 'Only one a day', '2022-10-03 12:21:38');
INSERT INTO `dose_interval` (`id`, `name`, `created_at`) VALUES (2, '2 times in a day', '2022-10-03 12:19:32');
INSERT INTO `dose_interval` (`id`, `name`, `created_at`) VALUES (3, '3 time  in day', '2022-10-03 12:20:28');
INSERT INTO `dose_interval` (`id`, `name`, `created_at`) VALUES (4, '4 times a day', '2022-09-13 04:46:33');


#
# TABLE STRUCTURE FOR: duty_roster_assign
#


CREATE TABLE `duty_roster_assign` (
  `id` int NOT NULL AUTO_INCREMENT,
  `code` int NOT NULL,
  `roster_duty_date` date DEFAULT NULL,
  `floor_id` int DEFAULT NULL,
  `department_id` int DEFAULT NULL,
  `staff_id` int NOT NULL,
  `duty_roster_list_id` int NOT NULL,
  `created_at` timestamp NOT NULL DEFAULT CURRENT_TIMESTAMP,
  PRIMARY KEY (`id`),
  KEY `duty_roster_list_id` (`duty_roster_list_id`),
  KEY `department_id` (`department_id`),
  KEY `staff_id` (`staff_id`),
  KEY `floor_id` (`floor_id`),
  KEY `index_roster_duty_date` (`roster_duty_date`),
  CONSTRAINT `duty_roster_assign_ibfk_1` FOREIGN KEY (`duty_roster_list_id`) REFERENCES `duty_roster_list` (`id`) ON DELETE CASCADE,
  CONSTRAINT `duty_roster_assign_ibfk_2` FOREIGN KEY (`department_id`) REFERENCES `department` (`id`) ON DELETE CASCADE,
  CONSTRAINT `duty_roster_assign_ibfk_3` FOREIGN KEY (`staff_id`) REFERENCES `staff` (`id`) ON DELETE CASCADE,
  CONSTRAINT `duty_roster_assign_ibfk_4` FOREIGN KEY (`floor_id`) REFERENCES `floor` (`id`) ON DELETE CASCADE
) ENGINE=InnoDB AUTO_INCREMENT=20 DEFAULT CHARSET=utf8mb3;

INSERT INTO `duty_roster_assign` (`id`, `code`, `roster_duty_date`, `floor_id`, `department_id`, `staff_id`, `duty_roster_list_id`, `created_at`) VALUES (1, 1, '2024-08-01', 2, 4, 2, 1, '2024-08-28 07:39:59');
INSERT INTO `duty_roster_assign` (`id`, `code`, `roster_duty_date`, `floor_id`, `department_id`, `staff_id`, `duty_roster_list_id`, `created_at`) VALUES (2, 1, '2024-08-02', 2, 4, 2, 1, '2024-08-28 07:39:59');
INSERT INTO `duty_roster_assign` (`id`, `code`, `roster_duty_date`, `floor_id`, `department_id`, `staff_id`, `duty_roster_list_id`, `created_at`) VALUES (3, 1, '2024-08-03', 2, 4, 2, 1, '2024-08-28 07:39:59');
INSERT INTO `duty_roster_assign` (`id`, `code`, `roster_duty_date`, `floor_id`, `department_id`, `staff_id`, `duty_roster_list_id`, `created_at`) VALUES (4, 1, '2024-08-04', 2, 4, 2, 1, '2024-08-28 07:39:59');
INSERT INTO `duty_roster_assign` (`id`, `code`, `roster_duty_date`, `floor_id`, `department_id`, `staff_id`, `duty_roster_list_id`, `created_at`) VALUES (5, 1, '2024-08-05', 2, 4, 2, 1, '2024-08-28 07:39:59');
INSERT INTO `duty_roster_assign` (`id`, `code`, `roster_duty_date`, `floor_id`, `department_id`, `staff_id`, `duty_roster_list_id`, `created_at`) VALUES (6, 1, '2024-08-06', 2, 4, 2, 1, '2024-08-28 07:39:59');
INSERT INTO `duty_roster_assign` (`id`, `code`, `roster_duty_date`, `floor_id`, `department_id`, `staff_id`, `duty_roster_list_id`, `created_at`) VALUES (7, 2, '2024-08-11', 3, 6, 11, 2, '2024-08-31 04:52:33');
INSERT INTO `duty_roster_assign` (`id`, `code`, `roster_duty_date`, `floor_id`, `department_id`, `staff_id`, `duty_roster_list_id`, `created_at`) VALUES (8, 2, '2024-08-12', 3, 6, 11, 2, '2024-08-31 04:52:33');
INSERT INTO `duty_roster_assign` (`id`, `code`, `roster_duty_date`, `floor_id`, `department_id`, `staff_id`, `duty_roster_list_id`, `created_at`) VALUES (9, 2, '2024-08-13', 3, 6, 11, 2, '2024-08-31 04:52:33');
INSERT INTO `duty_roster_assign` (`id`, `code`, `roster_duty_date`, `floor_id`, `department_id`, `staff_id`, `duty_roster_list_id`, `created_at`) VALUES (10, 2, '2024-08-14', 3, 6, 11, 2, '2024-08-31 04:52:33');
INSERT INTO `duty_roster_assign` (`id`, `code`, `roster_duty_date`, `floor_id`, `department_id`, `staff_id`, `duty_roster_list_id`, `created_at`) VALUES (11, 2, '2024-08-15', 3, 6, 11, 2, '2024-08-31 04:52:33');
INSERT INTO `duty_roster_assign` (`id`, `code`, `roster_duty_date`, `floor_id`, `department_id`, `staff_id`, `duty_roster_list_id`, `created_at`) VALUES (12, 2, '2024-08-16', 3, 6, 11, 2, '2024-08-31 04:52:33');
INSERT INTO `duty_roster_assign` (`id`, `code`, `roster_duty_date`, `floor_id`, `department_id`, `staff_id`, `duty_roster_list_id`, `created_at`) VALUES (13, 2, '2024-08-17', 3, 6, 11, 2, '2024-08-31 04:52:33');
INSERT INTO `duty_roster_assign` (`id`, `code`, `roster_duty_date`, `floor_id`, `department_id`, `staff_id`, `duty_roster_list_id`, `created_at`) VALUES (14, 3, '2024-08-25', 5, 15, 12, 3, '2024-08-31 04:52:57');
INSERT INTO `duty_roster_assign` (`id`, `code`, `roster_duty_date`, `floor_id`, `department_id`, `staff_id`, `duty_roster_list_id`, `created_at`) VALUES (15, 3, '2024-08-26', 5, 15, 12, 3, '2024-08-31 04:52:57');
INSERT INTO `duty_roster_assign` (`id`, `code`, `roster_duty_date`, `floor_id`, `department_id`, `staff_id`, `duty_roster_list_id`, `created_at`) VALUES (16, 3, '2024-08-27', 5, 15, 12, 3, '2024-08-31 04:52:57');
INSERT INTO `duty_roster_assign` (`id`, `code`, `roster_duty_date`, `floor_id`, `department_id`, `staff_id`, `duty_roster_list_id`, `created_at`) VALUES (17, 3, '2024-08-28', 5, 15, 12, 3, '2024-08-31 04:52:57');
INSERT INTO `duty_roster_assign` (`id`, `code`, `roster_duty_date`, `floor_id`, `department_id`, `staff_id`, `duty_roster_list_id`, `created_at`) VALUES (18, 3, '2024-08-29', 5, 15, 12, 3, '2024-08-31 04:52:57');
INSERT INTO `duty_roster_assign` (`id`, `code`, `roster_duty_date`, `floor_id`, `department_id`, `staff_id`, `duty_roster_list_id`, `created_at`) VALUES (19, 3, '2024-08-30', 5, 15, 12, 3, '2024-08-31 04:52:57');


#
# TABLE STRUCTURE FOR: duty_roster_list
#


CREATE TABLE `duty_roster_list` (
  `id` int NOT NULL AUTO_INCREMENT,
  `duty_roster_shift_id` int NOT NULL,
  `duty_roster_start_date` date NOT NULL,
  `duty_roster_end_date` date NOT NULL,
  `duty_roster_total_day` int NOT NULL,
  `created_at` timestamp NOT NULL DEFAULT CURRENT_TIMESTAMP,
  PRIMARY KEY (`id`),
  KEY `duty_roster_shift_id` (`duty_roster_shift_id`),
  KEY `index_duty_roster_start_date` (`duty_roster_start_date`),
  KEY `index_duty_roster_end_date` (`duty_roster_end_date`),
  CONSTRAINT `duty_roster_list_ibfk_1` FOREIGN KEY (`duty_roster_shift_id`) REFERENCES `duty_roster_shift` (`id`) ON DELETE CASCADE
) ENGINE=InnoDB AUTO_INCREMENT=6 DEFAULT CHARSET=utf8mb3;

INSERT INTO `duty_roster_list` (`id`, `duty_roster_shift_id`, `duty_roster_start_date`, `duty_roster_end_date`, `duty_roster_total_day`, `created_at`) VALUES (1, 2, '2024-08-01', '2024-08-06', 6, '2024-08-28 07:38:59');
INSERT INTO `duty_roster_list` (`id`, `duty_roster_shift_id`, `duty_roster_start_date`, `duty_roster_end_date`, `duty_roster_total_day`, `created_at`) VALUES (2, 1, '2024-08-11', '2024-08-17', 7, '2024-08-28 07:39:26');
INSERT INTO `duty_roster_list` (`id`, `duty_roster_shift_id`, `duty_roster_start_date`, `duty_roster_end_date`, `duty_roster_total_day`, `created_at`) VALUES (3, 3, '2024-08-25', '2024-08-30', 6, '2024-08-28 07:39:35');


#
# TABLE STRUCTURE FOR: duty_roster_shift
#


CREATE TABLE `duty_roster_shift` (
  `id` int NOT NULL AUTO_INCREMENT,
  `shift_name` varchar(255) NOT NULL,
  `shift_start` time NOT NULL,
  `shift_end` time NOT NULL,
  `shift_hour` time NOT NULL,
  `is_active` int NOT NULL DEFAULT '1',
  `created_at` timestamp NOT NULL DEFAULT CURRENT_TIMESTAMP,
  PRIMARY KEY (`id`),
  KEY `index_shift_name` (`shift_name`),
  KEY `index_shift_start` (`shift_start`),
  KEY `index_shift_end` (`shift_end`),
  KEY `index_shift_hour` (`shift_hour`)
) ENGINE=InnoDB AUTO_INCREMENT=6 DEFAULT CHARSET=utf8mb3;

INSERT INTO `duty_roster_shift` (`id`, `shift_name`, `shift_start`, `shift_end`, `shift_hour`, `is_active`, `created_at`) VALUES (1, 'Second Shift (Day)', '12:00:00', '20:00:00', '08:00:00', 1, '2024-08-28 07:37:34');
INSERT INTO `duty_roster_shift` (`id`, `shift_name`, `shift_start`, `shift_end`, `shift_hour`, `is_active`, `created_at`) VALUES (2, 'First Shift (Morning)', '08:00:00', '16:00:00', '08:00:00', 1, '2024-08-28 07:37:59');
INSERT INTO `duty_roster_shift` (`id`, `shift_name`, `shift_start`, `shift_end`, `shift_hour`, `is_active`, `created_at`) VALUES (3, 'Third Shift (Evening)', '16:00:00', '23:59:00', '07:59:00', 1, '2024-08-28 07:38:32');


#
# TABLE STRUCTURE FOR: email_config
#


CREATE TABLE `email_config` (
  `id` int unsigned NOT NULL AUTO_INCREMENT,
  `email_type` varchar(100) DEFAULT NULL,
  `smtp_server` varchar(100) DEFAULT NULL,
  `smtp_port` varchar(100) DEFAULT NULL,
  `smtp_username` varchar(100) DEFAULT NULL,
  `smtp_password` varchar(100) DEFAULT NULL,
  `ssl_tls` varchar(100) DEFAULT NULL,
  `smtp_auth` varchar(10) NOT NULL,
  `is_active` varchar(10) NOT NULL DEFAULT 'no',
  `created_at` timestamp NOT NULL DEFAULT CURRENT_TIMESTAMP ON UPDATE CURRENT_TIMESTAMP,
  PRIMARY KEY (`id`)
) ENGINE=InnoDB AUTO_INCREMENT=2 DEFAULT CHARSET=utf8mb3;

INSERT INTO `email_config` (`id`, `email_type`, `smtp_server`, `smtp_port`, `smtp_username`, `smtp_password`, `ssl_tls`, `smtp_auth`, `is_active`, `created_at`) VALUES (1, 'smtp', 'smtp.gmail.com', '587', 'ascent.jbp@gmail.com', 'smtp.gmail.com', 'tls', 'true', 'yes', '2024-12-05 08:18:04');


#
# TABLE STRUCTURE FOR: events
#


CREATE TABLE `events` (
  `id` int NOT NULL AUTO_INCREMENT,
  `event_title` varchar(200) NOT NULL,
  `event_description` text,
  `start_date` datetime NOT NULL,
  `end_date` datetime NOT NULL,
  `event_type` varchar(100) NOT NULL,
  `event_color` varchar(200) NOT NULL,
  `event_for` varchar(100) NOT NULL,
  `role_id` int DEFAULT NULL,
  `is_active` varchar(10) NOT NULL,
  `created_at` timestamp NOT NULL DEFAULT CURRENT_TIMESTAMP,
  PRIMARY KEY (`id`),
  KEY `start_date` (`start_date`),
  KEY `index_end_date` (`end_date`),
  KEY `index_event_type` (`event_type`) USING BTREE,
  KEY `index_event_color` (`event_color`) USING BTREE,
  KEY `index_event_title` (`event_title`),
  KEY `role_id` (`role_id`),
  CONSTRAINT `events_ibfk_1` FOREIGN KEY (`role_id`) REFERENCES `roles` (`id`) ON DELETE CASCADE
) ENGINE=InnoDB AUTO_INCREMENT=482 DEFAULT CHARSET=utf8mb3;

INSERT INTO `events` (`id`, `event_title`, `event_description`, `start_date`, `end_date`, `event_type`, `event_color`, `event_for`, `role_id`, `is_active`, `created_at`) VALUES (1, 'COVID-19 advice for the public: Getting vaccinated.', 'The world is in the midst of a COVID-19 pandemic. As WHO and partners work together on the response -- tracking the pandemic, advising on critical interventions, distributing vital medical supplies to those in need--- they are racing to develop and deploy safe and effective vaccines. ', '2021-10-01 00:00:00', '2021-10-05 00:00:00', 'public', '#c53da9', '0', NULL, '', '2021-10-26 13:25:49');
INSERT INTO `events` (`id`, `event_title`, `event_description`, `start_date`, `end_date`, `event_type`, `event_color`, `event_for`, `role_id`, `is_active`, `created_at`) VALUES (2, 'Medical Camp', 'A Free medical Camp can be considered as a life-saving program that aims to provide free medical and surgical services to poor communities living in rural or urban areas by a mobile team with varieties of medical specialized services', '2021-10-13 00:00:00', '2021-10-20 00:00:00', 'public', '#8e24aa', '0', NULL, '', '2021-10-26 13:27:02');
INSERT INTO `events` (`id`, `event_title`, `event_description`, `start_date`, `end_date`, `event_type`, `event_color`, `event_for`, `role_id`, `is_active`, `created_at`) VALUES (3, 'Keep yourself and others safe: Do it all!', '', '2022-06-08 00:00:00', '2022-06-08 00:00:00', 'task', '#000', '1', 7, 'yes', '2021-10-26 13:28:29');
INSERT INTO `events` (`id`, `event_title`, `event_description`, `start_date`, `end_date`, `event_type`, `event_color`, `event_for`, `role_id`, `is_active`, `created_at`) VALUES (5, 'Happy Diwali', 'Diwali is the most beautiful festival season of the year in India. This occasion is so special that you send Happy Diwali messages to everyone around you. It is certainly an occasion to wish your doctor as well. Send him or her some Diwali wishes in doctor style. Wish them success in the profession with wonderful Diwali wishes to doctors and Diwali wishes images to share.', '2021-10-27 00:00:00', '2021-10-31 00:00:00', 'public', '#7cb342', '0', NULL, '', '2021-10-26 13:35:35');
INSERT INTO `events` (`id`, `event_title`, `event_description`, `start_date`, `end_date`, `event_type`, `event_color`, `event_for`, `role_id`, `is_active`, `created_at`) VALUES (6, 'Patient Data Collection-', '', '2022-06-01 00:00:00', '2022-06-01 00:00:00', 'task', '#000', '1', 7, 'yes', '2021-11-01 05:47:26');
INSERT INTO `events` (`id`, `event_title`, `event_description`, `start_date`, `end_date`, `event_type`, `event_color`, `event_for`, `role_id`, `is_active`, `created_at`) VALUES (10, 'Happy Diwali', 'May the auspicious occasion of Diwali bring along many new opportunities for you to grow….. Wishing a very Happy Diwali to you and your family.', '2021-11-03 00:00:00', '2021-11-07 00:00:00', 'public', '#fb3b3b', '0', NULL, '', '2021-11-01 06:14:12');
INSERT INTO `events` (`id`, `event_title`, `event_description`, `start_date`, `end_date`, `event_type`, `event_color`, `event_for`, `role_id`, `is_active`, `created_at`) VALUES (11, 'Kartik Purnima 2021', 'India is a country of rich cultures and various religions. Right from Pongal in January to Christmas in December, we Indians have a lot of festivals to celebrate throughout the year. One of these festivals is Kartik Purnima.', '2021-11-19 00:00:00', '2021-11-21 00:00:00', 'public', '#7cb342', '0', NULL, '', '2021-11-01 06:17:07');
INSERT INTO `events` (`id`, `event_title`, `event_description`, `start_date`, `end_date`, `event_type`, `event_color`, `event_for`, `role_id`, `is_active`, `created_at`) VALUES (12, 'Medical Camp', 'A Free medical Camp can be considered as a life-saving program that aims to provide free medical and surgical services to poor communities living in rural or urban areas by a mobile team with varieties of medical specialized services.', '2021-11-21 00:00:00', '2021-11-26 00:00:00', 'public', '#fb8c00', '0', NULL, '', '2021-11-01 06:19:27');
INSERT INTO `events` (`id`, `event_title`, `event_description`, `start_date`, `end_date`, `event_type`, `event_color`, `event_for`, `role_id`, `is_active`, `created_at`) VALUES (13, 'Vikram Samvat New Year Date 2021', '', '2021-11-14 00:00:00', '2021-11-15 00:00:00', 'private', '#757575', '1', NULL, '', '2021-11-01 06:22:13');
INSERT INTO `events` (`id`, `event_title`, `event_description`, `start_date`, `end_date`, `event_type`, `event_color`, `event_for`, `role_id`, `is_active`, `created_at`) VALUES (15, 'Free Eye Check Up Camp', 'We gave free medicines to the patients in the camp. Free spectacles shall also be given to the patients', '2021-11-12 00:00:00', '2021-11-12 00:00:00', 'public', '#d81b60', '0', NULL, '', '2021-11-01 06:27:58');
INSERT INTO `events` (`id`, `event_title`, `event_description`, `start_date`, `end_date`, `event_type`, `event_color`, `event_for`, `role_id`, `is_active`, `created_at`) VALUES (16, 'Vaccinated Data Collection seminar', 'COVID-19 vaccine introduction readiness assessment tool (VIRAT/VRAF 2.0) supports countries to 1) assess programme readiness to introduce COVID-19 vaccines; 2) identify gaps and prioritize actions for enhanced readiness; and 3) identify opportunities for financial support.', '2021-12-02 00:00:00', '2021-12-08 00:00:00', 'public', '#c53da9', '0', NULL, '', '2021-12-02 11:30:18');
INSERT INTO `events` (`id`, `event_title`, `event_description`, `start_date`, `end_date`, `event_type`, `event_color`, `event_for`, `role_id`, `is_active`, `created_at`) VALUES (17, 'Christmas Day', 'Christmas is an annual festival commemorating the birth of Jesus Christ, observed primarily on December 25 as a religious and cultural celebration among billions of people around the world.', '2021-12-21 00:00:00', '2021-12-25 00:00:00', 'public', '#d81b60', '0', NULL, '', '2021-12-02 11:31:24');
INSERT INTO `events` (`id`, `event_title`, `event_description`, `start_date`, `end_date`, `event_type`, `event_color`, `event_for`, `role_id`, `is_active`, `created_at`) VALUES (18, 'COVID-19 vaccines: everything you need to know', 'Now that COVID-19 vaccines have reached billions of people worldwide, the evidence is overwhelming that no matter which one you take, the vaccines offer life-saving protection against a disease that has killed millions. The pandemic is far from over, and they are our best bet of staying safe.', '2021-12-14 00:00:00', '2021-12-16 00:00:00', 'public', '#03a9f4', '0', NULL, '', '2021-12-02 11:33:03');
INSERT INTO `events` (`id`, `event_title`, `event_description`, `start_date`, `end_date`, `event_type`, `event_color`, `event_for`, `role_id`, `is_active`, `created_at`) VALUES (20, 'Free Diabetic checkup', '', '2021-12-09 00:00:00', '2021-12-15 00:00:00', 'public', '#7cb342', '0', NULL, '', '2021-12-04 04:40:34');
INSERT INTO `events` (`id`, `event_title`, `event_description`, `start_date`, `end_date`, `event_type`, `event_color`, `event_for`, `role_id`, `is_active`, `created_at`) VALUES (21, 'Regular checkup report before January', '', '2021-12-08 00:00:00', '2021-12-08 00:00:00', 'task', '#000', '2', 3, 'yes', '2021-12-04 04:41:41');
INSERT INTO `events` (`id`, `event_title`, `event_description`, `start_date`, `end_date`, `event_type`, `event_color`, `event_for`, `role_id`, `is_active`, `created_at`) VALUES (22, 'Happy New Year Celebration', 'May the New Year 2022 bring you more happiness, success, love and blessings!', '2022-01-01 00:00:00', '2022-01-01 00:00:00', 'public', '#fb3b3b', '0', NULL, '', '2022-01-06 06:24:32');
INSERT INTO `events` (`id`, `event_title`, `event_description`, `start_date`, `end_date`, `event_type`, `event_color`, `event_for`, `role_id`, `is_active`, `created_at`) VALUES (23, 'COVID-19 vaccination camp', 'A COVID-19 vaccination camp was organised at the City Hospital office here on Saturday for Doctors personnel and ministerial staff. The camp was organised on the instruction of Commissioner of Doctors .', '2022-01-03 00:00:00', '2022-01-03 00:00:00', 'public', '#7cb342', '0', NULL, '', '2022-01-06 06:30:45');
INSERT INTO `events` (`id`, `event_title`, `event_description`, `start_date`, `end_date`, `event_type`, `event_color`, `event_for`, `role_id`, `is_active`, `created_at`) VALUES (25, 'India Republic Day', 'India will celebrate its 73rd Republic Day on the 26th of January 2022. India celebrates Republic Day in honor of the day when the constitution of India came into effect in the year 1950. Republic day is declared as a national holiday in India.', '2022-01-26 00:00:00', '2022-01-26 00:00:00', 'public', '#fb8c00', '0', NULL, '', '2022-01-06 06:34:10');
INSERT INTO `events` (`id`, `event_title`, `event_description`, `start_date`, `end_date`, `event_type`, `event_color`, `event_for`, `role_id`, `is_active`, `created_at`) VALUES (26, 'Medical Camp', 'A Free medical Camp can be considered as a life-saving program that aims to provide free medical and surgical services to poor communities living in rural or urban areas', '2022-01-26 00:00:00', '2022-01-26 00:00:00', 'public', '#d81b60', '0', NULL, '', '2022-01-06 06:35:13');
INSERT INTO `events` (`id`, `event_title`, `event_description`, `start_date`, `end_date`, `event_type`, `event_color`, `event_for`, `role_id`, `is_active`, `created_at`) VALUES (27, 'Blood Donation Camp', 'The purpose of blood donation camp is to select a suitable donor whose blood is safe to the recipients and who himself shall not in any way be harmed by blood donation', '2022-01-12 00:00:00', '2022-01-12 00:00:00', 'public', '#d81b60', '0', NULL, '', '2022-01-06 06:37:08');
INSERT INTO `events` (`id`, `event_title`, `event_description`, `start_date`, `end_date`, `event_type`, `event_color`, `event_for`, `role_id`, `is_active`, `created_at`) VALUES (28, 'Dental Awareness Camp', '​​​​​​​​​​​​​​​​​Practicing good dental health is important to maintaining a healthy mouth, teeth and gums. It will also help your appearance and quality of life', '2022-01-17 00:00:00', '2022-01-22 12:00:00', 'public', '#c53da9', '0', NULL, '', '2022-01-06 06:40:42');
INSERT INTO `events` (`id`, `event_title`, `event_description`, `start_date`, `end_date`, `event_type`, `event_color`, `event_for`, `role_id`, `is_active`, `created_at`) VALUES (29, 'FREE EYE CHECK-UP CAMP', 'Eye camp is the most effective way of providing eye care service to a large number of people in a short time. ... In 2019 a total 125 eye camps ', '2022-01-10 00:00:00', '2022-01-15 12:00:00', 'public', '#fb8c00', '0', NULL, '', '2022-01-06 06:49:05');
INSERT INTO `events` (`id`, `event_title`, `event_description`, `start_date`, `end_date`, `event_type`, `event_color`, `event_for`, `role_id`, `is_active`, `created_at`) VALUES (30, 'Doctors Meeting', '', '2022-01-05 02:30:00', '2022-01-06 02:30:00', 'private', '#c53da9', '1', NULL, '', '2022-01-06 06:50:06');
INSERT INTO `events` (`id`, `event_title`, `event_description`, `start_date`, `end_date`, `event_type`, `event_color`, `event_for`, `role_id`, `is_active`, `created_at`) VALUES (31, 'Regular checkup before 15th January', '', '2022-01-11 00:00:00', '2022-01-11 00:00:00', 'task', '#000', '1', NULL, 'yes', '2022-01-06 08:42:52');
INSERT INTO `events` (`id`, `event_title`, `event_description`, `start_date`, `end_date`, `event_type`, `event_color`, `event_for`, `role_id`, `is_active`, `created_at`) VALUES (32, 'Last medicine prescription check.', '', '2022-01-06 00:00:00', '2022-01-06 00:00:00', 'task', '#000', '1', NULL, 'yes', '2022-01-06 08:43:23');
INSERT INTO `events` (`id`, `event_title`, `event_description`, `start_date`, `end_date`, `event_type`, `event_color`, `event_for`, `role_id`, `is_active`, `created_at`) VALUES (33, 'World Cancer Day', 'This year\'s World Cancer Day will be observed on February 4th, with the theme “Close the Care Gap.” The three-year “Close the Care Gap” campaign of World Cancer Day was initially presented to participants on the Summit platform in the run-up to the UICC\'s World Cancer Leaders\' Summit.', '2022-02-04 04:00:00', '2022-02-07 12:00:00', 'public', '#d81b60', '0', NULL, '', '2022-02-02 06:00:40');
INSERT INTO `events` (`id`, `event_title`, `event_description`, `start_date`, `end_date`, `event_type`, `event_color`, `event_for`, `role_id`, `is_active`, `created_at`) VALUES (37, 'Free Dental Checkup and Awareness Camp', 'The camp included dental awareness talk, educating students about common dental ailments, especially stressing on tooth decay and gum diseases and measures to prevent from them', '2022-02-14 00:00:00', '2022-02-18 12:00:00', 'public', '#337ab7', '0', NULL, '', '2022-02-02 06:09:19');
INSERT INTO `events` (`id`, `event_title`, `event_description`, `start_date`, `end_date`, `event_type`, `event_color`, `event_for`, `role_id`, `is_active`, `created_at`) VALUES (38, 'Diabetes camps', 'Diabetes camps operate on sound principals of diabetes management and youth development so that youth can learn to manage their diabetes. Peers and dedicated professionals provide motivation and support, as well as acceptance, understanding, excitement and adventure', '2022-02-21 00:00:00', '2022-02-26 12:00:00', 'public', '#fb8c00', '0', NULL, '', '2022-02-02 06:11:17');
INSERT INTO `events` (`id`, `event_title`, `event_description`, `start_date`, `end_date`, `event_type`, `event_color`, `event_for`, `role_id`, `is_active`, `created_at`) VALUES (41, 'International Women\'s Day', 'International Women\'s Day (March 8) is a global day for celebrating the social, economic, cultural and political achievements of women. ', '2022-03-08 00:00:00', '2022-03-08 00:00:00', 'public', '#d81b60', '0', NULL, '', '2022-03-02 09:49:06');
INSERT INTO `events` (`id`, `event_title`, `event_description`, `start_date`, `end_date`, `event_type`, `event_color`, `event_for`, `role_id`, `is_active`, `created_at`) VALUES (44, 'FREE DIABETES CAMP', 'The Diabetes Self-Management Program (DSMP) is a 6-week group program for people with type 2 diabetes. The program was developed by Stanford University to help you manage your diabetes symptoms, tiredness, pain, and emotional issues, by helping you learn skills to better manage your diabetes day to day.', '2022-04-01 00:00:00', '2022-04-19 12:00:00', 'public', '#d81b60', '0', NULL, '', '2022-03-02 09:58:09');
INSERT INTO `events` (`id`, `event_title`, `event_description`, `start_date`, `end_date`, `event_type`, `event_color`, `event_for`, `role_id`, `is_active`, `created_at`) VALUES (45, 'Holi Celebration', 'Holi, also called the festival of sharing and love or the festival of colors is a Hindu two day festival in the Spring. The festival falls in the months of February and March each year with the first day of the festival called Chhoti Holi or Holika Dahan and the second day called Dhuleti or Rangwali Holi.', '2022-03-17 00:00:00', '2022-03-20 12:00:00', 'public', '#fb8c00', '0', NULL, '', '2022-03-02 10:01:08');
INSERT INTO `events` (`id`, `event_title`, `event_description`, `start_date`, `end_date`, `event_type`, `event_color`, `event_for`, `role_id`, `is_active`, `created_at`) VALUES (46, 'Free Blood Test Camp', 'Main objective of the camp was to raise mass awareness about health and the importance of regular health check-ups. During these health camps, our team of students conduct free blood tests for Cholesterol, Sugar, Hemoglobin and Blood Pressure.', '2022-03-23 00:00:00', '2022-03-23 00:00:00', 'public', '#fb3b3b', '0', NULL, '', '2022-03-02 10:08:20');
INSERT INTO `events` (`id`, `event_title`, `event_description`, `start_date`, `end_date`, `event_type`, `event_color`, `event_for`, `role_id`, `is_active`, `created_at`) VALUES (47, 'Covid-19 Vaccination Camp', 'Most people infected with the virus will experience mild to moderate respiratory illness and recover without requiring special treatment.', '2022-04-01 00:00:00', '2022-04-05 12:00:00', 'public', '#337ab7', '0', NULL, '', '2022-03-02 10:11:26');
INSERT INTO `events` (`id`, `event_title`, `event_description`, `start_date`, `end_date`, `event_type`, `event_color`, `event_for`, `role_id`, `is_active`, `created_at`) VALUES (48, 'Data Correction', '', '2022-03-09 00:00:00', '2022-03-09 00:00:00', 'task', '#000', '14', 1, 'yes', '2022-03-04 05:26:05');
INSERT INTO `events` (`id`, `event_title`, `event_description`, `start_date`, `end_date`, `event_type`, `event_color`, `event_for`, `role_id`, `is_active`, `created_at`) VALUES (50, 'Free Health Check up Camp', 'A Free medical Camp can be considered as a life-saving program that aims to provide free medical and surgical services to poor communities living in rural or urban areas by a mobile team with varieties of medical specialized services.', '2022-04-10 10:00:00', '2022-04-16 12:00:00', 'public', '#d81b60', '0', NULL, '', '2022-03-31 09:17:06');
INSERT INTO `events` (`id`, `event_title`, `event_description`, `start_date`, `end_date`, `event_type`, `event_color`, `event_for`, `role_id`, `is_active`, `created_at`) VALUES (52, 'Gudi Padva', 'The day is the start of the spring season and is considered as the festival of harvest. Gudi Padwa signifies the victory of Lord Rama over  Ravana . It teaches us the importance of good over evil.', '2022-04-15 00:00:00', '2022-04-15 00:00:00', 'public', '#fb8c00', '0', NULL, '', '2022-03-31 09:21:36');
INSERT INTO `events` (`id`, `event_title`, `event_description`, `start_date`, `end_date`, `event_type`, `event_color`, `event_for`, `role_id`, `is_active`, `created_at`) VALUES (53, 'Free Dental Camp Organized', 'This program includes demonstration of correct tooth brushing, maintenance of oral hygiene, ill effect of tobacco use etc . The patient who need medicine were also provided with free of cost during the camp.', '2022-04-25 10:00:00', '2022-04-30 12:00:00', 'public', '#d81b60', '0', NULL, '', '2022-03-31 09:26:17');
INSERT INTO `events` (`id`, `event_title`, `event_description`, `start_date`, `end_date`, `event_type`, `event_color`, `event_for`, `role_id`, `is_active`, `created_at`) VALUES (54, 'Vaisakhi', 'Vaisakhi - the Sikh New Year festival - is one of the most important dates in the Sikh calendar. It marks the start of the Punjabi New Year, but it is also a day to celebrate 1699 - the year when Sikhism was born as a collective faith.', '2022-04-14 00:00:00', '2022-04-14 00:00:00', 'public', '#7cb342', '0', NULL, '', '2022-03-31 09:30:40');
INSERT INTO `events` (`id`, `event_title`, `event_description`, `start_date`, `end_date`, `event_type`, `event_color`, `event_for`, `role_id`, `is_active`, `created_at`) VALUES (55, 'Free Eye Checkup Camp', 'In an eye camp, the medical team consists of Doctors, Paramedical Ophthalmic Assistants, Optometrist, Camp organizer and Patient counsellor to screen all the patients with eye problems.', '2022-04-04 10:00:00', '2022-04-08 12:00:00', 'public', '#7cb342', '0', NULL, '', '2022-03-31 09:34:05');
INSERT INTO `events` (`id`, `event_title`, `event_description`, `start_date`, `end_date`, `event_type`, `event_color`, `event_for`, `role_id`, `is_active`, `created_at`) VALUES (56, 'Staff Health Checkup', '', '2022-05-20 00:00:00', '2022-05-20 00:00:00', 'task', '#000', '1', 7, 'yes', '2022-03-31 09:35:15');
INSERT INTO `events` (`id`, `event_title`, `event_description`, `start_date`, `end_date`, `event_type`, `event_color`, `event_for`, `role_id`, `is_active`, `created_at`) VALUES (57, 'World Health Day', 'World Health Day is a global health awareness day celebrated every year on 7 April, under the sponsorship of the World Health Organization, as well as other related organizations', '2022-04-07 00:00:00', '2022-04-07 00:00:00', 'public', '#7cb342', '0', NULL, '', '2022-03-31 09:51:46');
INSERT INTO `events` (`id`, `event_title`, `event_description`, `start_date`, `end_date`, `event_type`, `event_color`, `event_for`, `role_id`, `is_active`, `created_at`) VALUES (59, 'Free Dental Checkup and Awareness Camp', 'Dental camps as practiced in Indian institutions are usually a day long visit to rural or remote places or school setting for the provision of services like preventive care, curative care, screening for diseases and health education.', '2022-05-15 00:00:00', '2022-05-21 00:00:00', 'public', '#337ab7', '0', NULL, '', '2022-05-03 03:58:45');
INSERT INTO `events` (`id`, `event_title`, `event_description`, `start_date`, `end_date`, `event_type`, `event_color`, `event_for`, `role_id`, `is_active`, `created_at`) VALUES (62, 'Blood Donation Camp', 'The purpose of blood donation camp is to select a suitable donor whose blood is safe to the recipients and who himself shall not in any way be harmed by blood donation. Outdoor voluntary blood donation camps in India are organized in three phases. They are pre-camp phase, camp phase, post-camp phase.', '2022-05-22 00:00:00', '2022-05-28 12:00:00', 'public', '#fb3b3b', '0', NULL, '', '2022-05-03 04:03:14');
INSERT INTO `events` (`id`, `event_title`, `event_description`, `start_date`, `end_date`, `event_type`, `event_color`, `event_for`, `role_id`, `is_active`, `created_at`) VALUES (63, 'Akshaya Tritiya', 'Devotees perform puja and prepare \"Akshate\" (unbroken rice coated with turmeric and kumkum) to offer Lord Vishnu. They also prepare bhog for Lord Vishnu, Lord Ganesh and other deities.', '2022-05-03 00:00:00', '2022-05-03 00:00:00', 'public', '#fb8c00', '0', NULL, '', '2022-05-03 04:05:10');
INSERT INTO `events` (`id`, `event_title`, `event_description`, `start_date`, `end_date`, `event_type`, `event_color`, `event_for`, `role_id`, `is_active`, `created_at`) VALUES (64, 'Free Eye Checkup Camp', 'Eye camp is the most effective way of providing eye care service to a large number of people in a short time. We identify a large number of cataract patients through these eye camps. It is completely free for patients.', '2022-05-08 00:00:00', '2022-05-14 12:00:00', 'public', '#c53da9', '0', NULL, '', '2022-05-03 04:07:05');
INSERT INTO `events` (`id`, `event_title`, `event_description`, `start_date`, `end_date`, `event_type`, `event_color`, `event_for`, `role_id`, `is_active`, `created_at`) VALUES (65, 'Buddha Purnima', 'Buddha Purnima is the biggest day for Buddhists because on this day, it is believed three important events of the Buddha\'s life took place: his birth, his attaining enlightenment, and his death, Paranirvana. ', '2022-05-16 00:00:00', '2022-05-16 00:00:00', 'public', '#7cb342', '0', NULL, '', '2022-05-03 04:08:53');
INSERT INTO `events` (`id`, `event_title`, `event_description`, `start_date`, `end_date`, `event_type`, `event_color`, `event_for`, `role_id`, `is_active`, `created_at`) VALUES (66, 'Doctors Meeting', '', '2022-06-10 00:00:00', '2022-06-10 00:00:00', 'task', '#000', '1', 7, 'yes', '2022-06-02 03:57:26');
INSERT INTO `events` (`id`, `event_title`, `event_description`, `start_date`, `end_date`, `event_type`, `event_color`, `event_for`, `role_id`, `is_active`, `created_at`) VALUES (67, 'World Environment Day', 'World Environment Day is celebrated annually on 5 June and is the United Nations\' principal vehicle for encouraging awareness and action for the protection of the environment.', '2022-06-05 00:00:00', '2022-06-05 00:00:00', 'public', '#7cb342', '0', NULL, '', '2022-06-02 03:58:30');
INSERT INTO `events` (`id`, `event_title`, `event_description`, `start_date`, `end_date`, `event_type`, `event_color`, `event_for`, `role_id`, `is_active`, `created_at`) VALUES (68, 'Free Dental Checkup and Awareness Camp', 'The main objective of the camp is to impart education on dental issues, oral hygiene, treatments etc. ', '2022-06-12 00:00:00', '2022-06-18 12:00:00', 'public', '#337ab7', '0', NULL, '', '2022-06-02 04:00:19');
INSERT INTO `events` (`id`, `event_title`, `event_description`, `start_date`, `end_date`, `event_type`, `event_color`, `event_for`, `role_id`, `is_active`, `created_at`) VALUES (69, 'Staff Meeting Invitation', '', '2022-06-02 00:00:00', '2022-06-02 00:00:00', 'task', '#000', '1', 7, 'yes', '2022-06-02 04:09:59');
INSERT INTO `events` (`id`, `event_title`, `event_description`, `start_date`, `end_date`, `event_type`, `event_color`, `event_for`, `role_id`, `is_active`, `created_at`) VALUES (70, 'Free Health Checkup Camp', 'A free medical check-up is a periodical or routine set of medical tests that you can take in designated health centres or hospitals based on your health insurance plan.', '2022-06-19 00:00:00', '2022-06-26 12:00:00', 'public', '#fb8c00', '0', NULL, '', '2022-06-02 04:15:18');
INSERT INTO `events` (`id`, `event_title`, `event_description`, `start_date`, `end_date`, `event_type`, `event_color`, `event_for`, `role_id`, `is_active`, `created_at`) VALUES (71, 'Heart check up camp', 'Objective of Health camps is to screen the patients in each and every village of the taluka at their door step covering the whole state, give health related awareness, distribute medicines to treat common diseases and refer, as the case may be for surgery/treatment.', '2022-06-06 00:00:00', '2022-06-11 12:00:00', 'public', '#fb3b3b', '0', NULL, '', '2022-06-02 04:18:29');
INSERT INTO `events` (`id`, `event_title`, `event_description`, `start_date`, `end_date`, `event_type`, `event_color`, `event_for`, `role_id`, `is_active`, `created_at`) VALUES (72, 'Have to make a list for latest operation .', '', '2022-06-08 00:00:00', '2022-06-08 00:00:00', 'task', '#000', '2', 3, 'yes', '2022-06-02 13:20:03');
INSERT INTO `events` (`id`, `event_title`, `event_description`, `start_date`, `end_date`, `event_type`, `event_color`, `event_for`, `role_id`, `is_active`, `created_at`) VALUES (73, 'Covid-19 check up', '', '2022-06-27 00:00:00', '2022-06-30 12:00:00', 'public', '#d81b60', '0', NULL, '', '2022-06-03 05:10:06');
INSERT INTO `events` (`id`, `event_title`, `event_description`, `start_date`, `end_date`, `event_type`, `event_color`, `event_for`, `role_id`, `is_active`, `created_at`) VALUES (74, 'Natioal Doctor\'s Day', '“Happy Doctor\'s Day to all the doctors. Thank you for all your efforts and contribution. \"Thank you, doctors, for always putting your patients first and giving them the gift of health. \"', '2022-07-01 00:00:00', '2022-07-01 12:00:00', 'public', '#337ab7', '0', NULL, '', '2022-07-02 04:19:27');
INSERT INTO `events` (`id`, `event_title`, `event_description`, `start_date`, `end_date`, `event_type`, `event_color`, `event_for`, `role_id`, `is_active`, `created_at`) VALUES (75, 'Doctors Meeting', '', '2022-07-05 00:00:00', '2022-07-05 00:00:00', 'task', '#000', '1', 7, 'yes', '2022-07-02 04:19:45');
INSERT INTO `events` (`id`, `event_title`, `event_description`, `start_date`, `end_date`, `event_type`, `event_color`, `event_for`, `role_id`, `is_active`, `created_at`) VALUES (76, 'Staff Meeting Invitation', '', '2022-07-11 00:00:00', '2022-07-11 00:00:00', 'task', '#000', '1', 7, 'yes', '2022-07-02 04:20:04');
INSERT INTO `events` (`id`, `event_title`, `event_description`, `start_date`, `end_date`, `event_type`, `event_color`, `event_for`, `role_id`, `is_active`, `created_at`) VALUES (77, 'A Free medical Camp', 'A Free medical Camp can be considered as a life-saving program that aims to provide free medical and surgical services to poor communities living in rural or urban areas by a mobile team with varieties of medical specialized services.', '2022-07-10 00:00:00', '2022-07-16 12:00:00', 'public', '#fb8c00', '0', NULL, '', '2022-07-02 04:21:27');
INSERT INTO `events` (`id`, `event_title`, `event_description`, `start_date`, `end_date`, `event_type`, `event_color`, `event_for`, `role_id`, `is_active`, `created_at`) VALUES (78, 'Patient Data Collection-', '', '2022-07-02 00:00:00', '2022-07-02 00:00:00', 'task', '#000', '1', 7, 'yes', '2022-07-02 04:21:52');
INSERT INTO `events` (`id`, `event_title`, `event_description`, `start_date`, `end_date`, `event_type`, `event_color`, `event_for`, `role_id`, `is_active`, `created_at`) VALUES (79, 'Wear a mask properly (NOTIFICATION TO ALL STAFF AND PATIENT)', '', '2022-07-20 00:00:00', '2022-07-20 00:00:00', 'task', '#000', '1', 7, 'yes', '2022-07-02 04:22:23');
INSERT INTO `events` (`id`, `event_title`, `event_description`, `start_date`, `end_date`, `event_type`, `event_color`, `event_for`, `role_id`, `is_active`, `created_at`) VALUES (80, 'A free dental check up & health awareness camp', 'The main objective of the camp is to impart education on dental issues, oral hygiene, treatments etc. There are various organizations in Bangalore which are associated with us from past few years.', '2022-07-24 00:00:00', '2022-07-31 00:00:00', 'public', '#7cb342', '0', NULL, '', '2022-07-02 04:25:59');
INSERT INTO `events` (`id`, `event_title`, `event_description`, `start_date`, `end_date`, `event_type`, `event_color`, `event_for`, `role_id`, `is_active`, `created_at`) VALUES (81, 'Guru Purnima', 'Guru Purnima is celebrated to honour our teachers, who remove the darkness from our minds', '2022-07-13 00:00:00', '2022-07-13 00:00:00', 'public', '#fb3b3b', '0', NULL, '', '2022-07-02 04:28:00');
INSERT INTO `events` (`id`, `event_title`, `event_description`, `start_date`, `end_date`, `event_type`, `event_color`, `event_for`, `role_id`, `is_active`, `created_at`) VALUES (82, 'Free health camp', 'A Free medical Camp can be considered as a life-saving program that aims to provide free medical and surgical services to poor communities living in rural or urban areas by a mobile team with varieties of medical specialized services.', '2022-07-31 00:00:00', '2022-07-31 00:00:00', 'public', '#8e24aa', '0', NULL, '', '2022-07-02 04:31:51');
INSERT INTO `events` (`id`, `event_title`, `event_description`, `start_date`, `end_date`, `event_type`, `event_color`, `event_for`, `role_id`, `is_active`, `created_at`) VALUES (83, 'FREE BLOOD PRESSURE AND SUGAR SCREENING CAMP ORGANISED BEFORE  December', '', '2022-07-04 00:00:00', '2022-07-04 00:00:00', 'task', '#000', '1', 7, 'yes', '2022-07-02 04:34:49');
INSERT INTO `events` (`id`, `event_title`, `event_description`, `start_date`, `end_date`, `event_type`, `event_color`, `event_for`, `role_id`, `is_active`, `created_at`) VALUES (84, 'FREE BLOOD PRESSURE AND SUGAR SCREENING CAMP ORGANISED', '	\r\nFREE BLOOD PRESSURE AND SUGAR SCREENING CAMP ORGANISED  ', '2022-07-04 00:00:00', '2022-07-09 00:00:00', 'public', '#fb3b3b', '0', NULL, '', '2022-07-02 04:35:38');
INSERT INTO `events` (`id`, `event_title`, `event_description`, `start_date`, `end_date`, `event_type`, `event_color`, `event_for`, `role_id`, `is_active`, `created_at`) VALUES (85, 'Skin checkup done', '', '2022-07-17 00:00:00', '2022-07-17 00:00:00', 'task', '#000', '1', NULL, 'yes', '2022-07-02 15:03:39');
INSERT INTO `events` (`id`, `event_title`, `event_description`, `start_date`, `end_date`, `event_type`, `event_color`, `event_for`, `role_id`, `is_active`, `created_at`) VALUES (86, 'Patient Data Collection', '', '2022-08-01 00:00:00', '2022-08-01 00:00:00', 'task', '#000', '1', 7, 'yes', '2022-08-03 03:45:43');
INSERT INTO `events` (`id`, `event_title`, `event_description`, `start_date`, `end_date`, `event_type`, `event_color`, `event_for`, `role_id`, `is_active`, `created_at`) VALUES (87, 'Doctors Meeting', '', '2022-08-05 00:00:00', '2022-08-05 00:00:00', 'task', '#000', '1', 7, 'yes', '2022-08-03 03:46:09');
INSERT INTO `events` (`id`, `event_title`, `event_description`, `start_date`, `end_date`, `event_type`, `event_color`, `event_for`, `role_id`, `is_active`, `created_at`) VALUES (88, 'Staff Health Checkup', '', '2022-08-10 00:00:00', '2022-08-10 00:00:00', 'task', '#000', '1', 7, 'yes', '2022-08-03 03:46:56');
INSERT INTO `events` (`id`, `event_title`, `event_description`, `start_date`, `end_date`, `event_type`, `event_color`, `event_for`, `role_id`, `is_active`, `created_at`) VALUES (89, 'Clinical Investigation', '', '2022-08-03 00:00:00', '2022-08-03 00:00:00', 'task', '#000', '1', 7, 'yes', '2022-08-03 04:21:41');
INSERT INTO `events` (`id`, `event_title`, `event_description`, `start_date`, `end_date`, `event_type`, `event_color`, `event_for`, `role_id`, `is_active`, `created_at`) VALUES (90, 'Free Blood pressure campaign', 'The campaign aimed to raise awareness of the major causes of stroke and that it can be prevented, encouraging people to change their lifestyles to lower their blood pressure and their risk of stroke.', '2022-08-07 10:00:00', '2022-08-13 19:00:00', 'public', '#fb8c00', '0', NULL, '', '2022-08-03 04:27:09');
INSERT INTO `events` (`id`, `event_title`, `event_description`, `start_date`, `end_date`, `event_type`, `event_color`, `event_for`, `role_id`, `is_active`, `created_at`) VALUES (91, 'Raksha Bandhan', 'Raksha Bandhan celebrates the unique bond between a brother and his sister.', '2022-08-11 00:00:00', '2022-08-12 22:00:00', 'public', '#fb3b3b', '0', NULL, '', '2022-08-03 04:29:14');
INSERT INTO `events` (`id`, `event_title`, `event_description`, `start_date`, `end_date`, `event_type`, `event_color`, `event_for`, `role_id`, `is_active`, `created_at`) VALUES (92, 'Independence Day  Celebration', 'The Independence Day of India, which is celebrated religiously throughout the Country on the 15th of August every year.', '2022-08-15 00:00:00', '2022-08-15 00:00:00', 'public', '#337ab7', '0', NULL, '', '2022-08-03 04:31:31');
INSERT INTO `events` (`id`, `event_title`, `event_description`, `start_date`, `end_date`, `event_type`, `event_color`, `event_for`, `role_id`, `is_active`, `created_at`) VALUES (93, 'Free Dental Check Up & Awareness Camp', 'The main objective of the camp is to impart education on dental issues, oral hygiene, treatments etc.', '2022-08-14 00:00:00', '2022-08-20 00:00:00', 'public', '#d81b60', '0', NULL, '', '2022-08-03 04:33:39');
INSERT INTO `events` (`id`, `event_title`, `event_description`, `start_date`, `end_date`, `event_type`, `event_color`, `event_for`, `role_id`, `is_active`, `created_at`) VALUES (94, 'Health check up camp', 'A full body check-up at a medical camp is a complete health check-up or diagnostic scan of your entire body, including your heart, kidneys, liver, and lungs, to analyse your present health state and screen you for any obvious warning signals or anomalies lurking within your body.', '2022-08-21 00:00:00', '2022-08-27 23:00:00', 'public', '#fb3b3b', '0', NULL, '', '2022-08-03 04:48:15');
INSERT INTO `events` (`id`, `event_title`, `event_description`, `start_date`, `end_date`, `event_type`, `event_color`, `event_for`, `role_id`, `is_active`, `created_at`) VALUES (95, 'Doctors Meeting With Patients', '', '2022-08-30 00:00:00', '2022-08-30 00:00:00', 'task', '#000', '1', 7, 'yes', '2022-08-03 04:48:51');
INSERT INTO `events` (`id`, `event_title`, `event_description`, `start_date`, `end_date`, `event_type`, `event_color`, `event_for`, `role_id`, `is_active`, `created_at`) VALUES (96, 'Patient Data Collection', '', '2022-09-01 00:00:00', '2022-09-01 00:00:00', 'task', '#000', '1', 7, 'yes', '2022-09-02 08:03:41');
INSERT INTO `events` (`id`, `event_title`, `event_description`, `start_date`, `end_date`, `event_type`, `event_color`, `event_for`, `role_id`, `is_active`, `created_at`) VALUES (97, 'Clinical Investigation', '', '2022-09-04 00:00:00', '2022-09-04 00:00:00', 'task', '#000', '1', 7, 'yes', '2022-09-02 08:04:01');
INSERT INTO `events` (`id`, `event_title`, `event_description`, `start_date`, `end_date`, `event_type`, `event_color`, `event_for`, `role_id`, `is_active`, `created_at`) VALUES (98, 'Staff Health Checkup', '', '2022-09-10 00:00:00', '2022-09-10 00:00:00', 'task', '#000', '1', 7, 'yes', '2022-09-02 08:04:18');
INSERT INTO `events` (`id`, `event_title`, `event_description`, `start_date`, `end_date`, `event_type`, `event_color`, `event_for`, `role_id`, `is_active`, `created_at`) VALUES (99, 'Doctors Meeting With Patients', '', '2022-09-30 00:00:00', '2022-09-30 00:00:00', 'task', '#000', '1', 7, 'yes', '2022-09-02 08:04:39');
INSERT INTO `events` (`id`, `event_title`, `event_description`, `start_date`, `end_date`, `event_type`, `event_color`, `event_for`, `role_id`, `is_active`, `created_at`) VALUES (100, 'Teachers Day', 'Teachers\' Day is a special day for the appreciation of teachers, and may include celebrations to honor them for their special contributions in a particular field area, or the community in general', '2022-09-05 10:00:00', '2022-09-05 15:00:00', 'public', '#d81b60', '0', NULL, '', '2022-09-02 08:28:29');
INSERT INTO `events` (`id`, `event_title`, `event_description`, `start_date`, `end_date`, `event_type`, `event_color`, `event_for`, `role_id`, `is_active`, `created_at`) VALUES (101, 'covid 19 vaccination', 'for the boaster dose ', '2022-09-15 08:00:00', '2022-09-18 18:00:00', 'sameforall', '#fb8c00', '7', NULL, '', '2022-09-02 08:30:54');
INSERT INTO `events` (`id`, `event_title`, `event_description`, `start_date`, `end_date`, `event_type`, `event_color`, `event_for`, `role_id`, `is_active`, `created_at`) VALUES (102, 'Support Staff Meeting', 'support staff meeting is the routine meeting in twice in the month to update ', '2022-09-20 00:00:00', '2022-09-20 00:00:00', 'protected', '#7cb342', '7', NULL, '', '2022-09-02 08:32:51');
INSERT INTO `events` (`id`, `event_title`, `event_description`, `start_date`, `end_date`, `event_type`, `event_color`, `event_for`, `role_id`, `is_active`, `created_at`) VALUES (103, 'Eye test camp', 'eye test camp to those who are suffering eyes problems ', '2022-09-11 00:00:00', '2022-09-17 00:00:00', 'public', '#fb3b3b', '0', NULL, '', '2022-09-02 08:34:21');
INSERT INTO `events` (`id`, `event_title`, `event_description`, `start_date`, `end_date`, `event_type`, `event_color`, `event_for`, `role_id`, `is_active`, `created_at`) VALUES (104, 'Full Body check up champ', 'full body check up are very important camp for everybody to fit', '2022-09-08 00:00:00', '2022-09-08 00:00:00', 'private', '#337ab7', '1', NULL, '', '2022-09-02 09:16:45');
INSERT INTO `events` (`id`, `event_title`, `event_description`, `start_date`, `end_date`, `event_type`, `event_color`, `event_for`, `role_id`, `is_active`, `created_at`) VALUES (105, 'polio', 'polio vaccination is important for every child ', '2022-09-28 00:00:00', '2022-09-28 00:00:00', 'sameforall', '#757575', '7', NULL, '', '2022-09-02 09:18:22');
INSERT INTO `events` (`id`, `event_title`, `event_description`, `start_date`, `end_date`, `event_type`, `event_color`, `event_for`, `role_id`, `is_active`, `created_at`) VALUES (106, 'World Physical Therapy Day.', 'World Physical Therapy Day.is important to convey the message all around the world to maintain his health', '2022-09-07 00:00:00', '2022-09-07 00:00:00', 'public', '#7cb342', '0', NULL, '', '2022-09-02 09:21:34');
INSERT INTO `events` (`id`, `event_title`, `event_description`, `start_date`, `end_date`, `event_type`, `event_color`, `event_for`, `role_id`, `is_active`, `created_at`) VALUES (107, 'World First Aid Day', 'It is observed on the second Saturday in September, which falls on September 11 this year. The purpose of the day is to increase public awareness of how emergency first aid can save lives. The International Federation contends that first aid should be available to everyone and an integral element of developing society.\r\n\r\n', '2022-09-22 00:00:00', '2022-09-22 00:00:00', 'sameforall', '#757575', '7', NULL, '', '2022-09-02 09:23:05');
INSERT INTO `events` (`id`, `event_title`, `event_description`, `start_date`, `end_date`, `event_type`, `event_color`, `event_for`, `role_id`, `is_active`, `created_at`) VALUES (108, 'World Patient Safety Day', 'The holiday is celebrated on September 17. In May 2019, the 72nd World Health Assembly formed it as a result of the passage of resolution WHA72.6 on \"Global action on patient safety.\r\n\r\n', '2022-09-17 00:00:00', '2022-09-17 00:00:00', 'protected', '#8e24aa', '7', NULL, '', '2022-09-02 09:24:04');
INSERT INTO `events` (`id`, `event_title`, `event_description`, `start_date`, `end_date`, `event_type`, `event_color`, `event_for`, `role_id`, `is_active`, `created_at`) VALUES (109, 'Doctors meeting', 'Update the new technology about the machine and its using', '2022-09-25 00:00:00', '2022-09-25 00:00:00', 'public', '#fb8c00', '0', NULL, '', '2022-09-02 09:25:55');
INSERT INTO `events` (`id`, `event_title`, `event_description`, `start_date`, `end_date`, `event_type`, `event_color`, `event_for`, `role_id`, `is_active`, `created_at`) VALUES (110, 'Medical Camp', 'free medical camp for every one to check your body and take medicine', '2022-09-26 10:00:00', '2022-09-30 17:00:00', 'private', '#337ab7', '1', NULL, '', '2022-09-02 09:27:58');
INSERT INTO `events` (`id`, `event_title`, `event_description`, `start_date`, `end_date`, `event_type`, `event_color`, `event_for`, `role_id`, `is_active`, `created_at`) VALUES (111, 'FREE BLOOD PRESSURE AND SUGAR SCREENING CAMP ORGANISED BEFORE December', '', '2022-10-04 00:00:00', '2022-10-04 00:00:00', 'task', '#000', '1', 7, 'yes', '2022-10-04 04:39:30');
INSERT INTO `events` (`id`, `event_title`, `event_description`, `start_date`, `end_date`, `event_type`, `event_color`, `event_for`, `role_id`, `is_active`, `created_at`) VALUES (112, 'Clinical Investigation', '', '2022-10-01 00:00:00', '2022-10-01 00:00:00', 'task', '#000', '1', 7, 'yes', '2022-10-04 04:39:47');
INSERT INTO `events` (`id`, `event_title`, `event_description`, `start_date`, `end_date`, `event_type`, `event_color`, `event_for`, `role_id`, `is_active`, `created_at`) VALUES (113, 'Doctors Meeting With Patients', '', '2022-10-25 00:00:00', '2022-10-25 00:00:00', 'task', '#000', '1', 7, 'yes', '2022-10-04 04:40:09');
INSERT INTO `events` (`id`, `event_title`, `event_description`, `start_date`, `end_date`, `event_type`, `event_color`, `event_for`, `role_id`, `is_active`, `created_at`) VALUES (114, 'Dussehra', 'Vijayadashami, also known as Dussehra, Dasara or Dashain, is a major Hindu festival celebrated at the end of Navaratri every year in Nepal and India.', '2022-10-05 00:00:00', '2022-10-05 00:00:00', 'public', '#fb8c00', '0', NULL, '', '2022-10-04 04:41:06');
INSERT INTO `events` (`id`, `event_title`, `event_description`, `start_date`, `end_date`, `event_type`, `event_color`, `event_for`, `role_id`, `is_active`, `created_at`) VALUES (115, 'Free Dental oral health camp', 'This program aims to overcome one of the major public health challenges of maintaining oral hygiene. In rural areas, people lack the awareness of oral hygiene leading to severe health damages.', '2022-10-02 10:30:00', '2022-10-08 22:00:00', 'public', '#d81b60', '0', NULL, '', '2022-10-04 04:45:14');
INSERT INTO `events` (`id`, `event_title`, `event_description`, `start_date`, `end_date`, `event_type`, `event_color`, `event_for`, `role_id`, `is_active`, `created_at`) VALUES (116, 'Free Eye Checkup Camp', 'The objective of this camp was to spread awareness on eye disorders, early detection of ailments, and to detect refractive errors and provide corrective glasses free of cost to the underprivileged communities.', '2022-10-16 10:00:00', '2022-10-22 22:00:00', 'public', '#fb3b3b', '0', NULL, '', '2022-10-04 04:47:43');
INSERT INTO `events` (`id`, `event_title`, `event_description`, `start_date`, `end_date`, `event_type`, `event_color`, `event_for`, `role_id`, `is_active`, `created_at`) VALUES (117, 'Free Blood Sugar Camp', 'We have organized a free camp of diabetes in Raj Bhawan Garden in early in the morning. This camp is inauguranted by Honarable Health Minister Mr. Arun Chaturvedi. There are 600 patients was present in this educating camp. In this educating camp, we checked blood sugar of patients and patient consulted', '2022-10-23 11:00:00', '2022-10-29 21:30:00', 'public', '#337ab7', '0', NULL, '', '2022-10-04 04:50:01');
INSERT INTO `events` (`id`, `event_title`, `event_description`, `start_date`, `end_date`, `event_type`, `event_color`, `event_for`, `role_id`, `is_active`, `created_at`) VALUES (118, 'Staff Meeting Invitation', '', '2022-10-10 00:00:00', '2022-10-10 00:00:00', 'task', '#000', '1', 7, 'yes', '2022-10-04 04:50:30');
INSERT INTO `events` (`id`, `event_title`, `event_description`, `start_date`, `end_date`, `event_type`, `event_color`, `event_for`, `role_id`, `is_active`, `created_at`) VALUES (119, 'Staff Health Checkup', 'Staff Health Checkup', '2022-10-11 00:00:00', '2022-10-15 20:00:00', 'public', '#7cb342', '0', NULL, '', '2022-10-04 04:51:14');
INSERT INTO `events` (`id`, `event_title`, `event_description`, `start_date`, `end_date`, `event_type`, `event_color`, `event_for`, `role_id`, `is_active`, `created_at`) VALUES (120, 'Diwali Festival', 'Diwali Festival ', '2022-10-24 00:00:00', '2022-10-24 00:00:00', 'public', '#fb3b3b', '0', NULL, '', '2022-10-04 04:52:41');
INSERT INTO `events` (`id`, `event_title`, `event_description`, `start_date`, `end_date`, `event_type`, `event_color`, `event_for`, `role_id`, `is_active`, `created_at`) VALUES (121, 'Doctors Meeting', '', '2022-10-06 00:00:00', '2022-10-06 00:00:00', 'task', '#000', '1', 7, 'yes', '2022-10-06 06:38:49');
INSERT INTO `events` (`id`, `event_title`, `event_description`, `start_date`, `end_date`, `event_type`, `event_color`, `event_for`, `role_id`, `is_active`, `created_at`) VALUES (122, 'Wear a mask properly (NOTIFICATION TO ALL STAFF AND PATIENT).', '', '2022-11-15 00:00:00', '2022-11-15 00:00:00', 'task', '#000', '1', 7, 'yes', '2022-11-02 10:16:21');
INSERT INTO `events` (`id`, `event_title`, `event_description`, `start_date`, `end_date`, `event_type`, `event_color`, `event_for`, `role_id`, `is_active`, `created_at`) VALUES (123, 'Staff Health Checkup', '', '2022-11-10 00:00:00', '2022-11-10 00:00:00', 'task', '#000', '1', 7, 'yes', '2022-11-02 10:16:34');
INSERT INTO `events` (`id`, `event_title`, `event_description`, `start_date`, `end_date`, `event_type`, `event_color`, `event_for`, `role_id`, `is_active`, `created_at`) VALUES (124, 'Doctors Meeting.', '', '2022-11-05 00:00:00', '2022-11-05 00:00:00', 'task', '#000', '1', 7, 'yes', '2022-11-02 10:16:50');
INSERT INTO `events` (`id`, `event_title`, `event_description`, `start_date`, `end_date`, `event_type`, `event_color`, `event_for`, `role_id`, `is_active`, `created_at`) VALUES (125, 'FREE BLOOD PRESSURE AND SUGAR SCREENING CAMP ORGANISED BEFORE DECEMBER', '', '2022-11-25 00:00:00', '2022-11-25 00:00:00', 'task', '#000', '1', 7, 'yes', '2022-11-02 10:17:11');
INSERT INTO `events` (`id`, `event_title`, `event_description`, `start_date`, `end_date`, `event_type`, `event_color`, `event_for`, `role_id`, `is_active`, `created_at`) VALUES (126, 'Patient Clinical Investigation.', '', '2022-11-02 00:00:00', '2022-11-02 00:00:00', 'task', '#000', '1', 7, 'yes', '2022-11-02 10:17:38');
INSERT INTO `events` (`id`, `event_title`, `event_description`, `start_date`, `end_date`, `event_type`, `event_color`, `event_for`, `role_id`, `is_active`, `created_at`) VALUES (127, 'Patient Data Collection', '', '2022-11-01 00:00:00', '2022-11-01 00:00:00', 'task', '#000', '1', 7, 'yes', '2022-11-02 10:18:01');
INSERT INTO `events` (`id`, `event_title`, `event_description`, `start_date`, `end_date`, `event_type`, `event_color`, `event_for`, `role_id`, `is_active`, `created_at`) VALUES (128, 'World Diabetes Day Camp', 'WDD is the world\'s largest diabetes awareness campaign reaching a global audience of over 1 billion people in more than 160 countries. The campaign draws attention to issues of paramount importance to the diabetes world.', '2022-11-10 10:30:00', '2022-11-14 23:00:00', 'public', '#fb3b3b', '0', NULL, '', '2022-11-02 10:20:40');
INSERT INTO `events` (`id`, `event_title`, `event_description`, `start_date`, `end_date`, `event_type`, `event_color`, `event_for`, `role_id`, `is_active`, `created_at`) VALUES (129, 'Free Dental Camp', 'A general dentist is your primary care dental provider. This dentist diagnoses, treats, and manages your overall oral health care needs, including gum care, root canals, fillings, crowns, veneers, bridges, and preventive education.', '2022-11-02 00:00:00', '2022-11-09 00:00:00', 'public', '#d81b60', '0', NULL, '', '2022-11-02 10:26:02');
INSERT INTO `events` (`id`, `event_title`, `event_description`, `start_date`, `end_date`, `event_type`, `event_color`, `event_for`, `role_id`, `is_active`, `created_at`) VALUES (130, 'Free Eye Check-up Camp', 'The objective of this camp was to spread awareness on eye disorders, early detection of ailments, and to detect refractive errors and provide corrective glasses free of cost to the underprivileged communities.', '2022-11-16 00:00:00', '2022-11-22 23:00:00', 'public', '#fb8c00', '0', NULL, '', '2022-11-02 10:27:46');
INSERT INTO `events` (`id`, `event_title`, `event_description`, `start_date`, `end_date`, `event_type`, `event_color`, `event_for`, `role_id`, `is_active`, `created_at`) VALUES (131, 'A Free medical Camp', 'A Free medical Camp can be considered as a life-saving program that aims to provide free medical and surgical services to poor communities living in rural or urban areas by a mobile team with varieties of medical specialized services.', '2022-11-23 00:00:00', '2022-11-30 21:00:00', 'public', '#7cb342', '0', NULL, '', '2022-11-02 10:28:45');
INSERT INTO `events` (`id`, `event_title`, `event_description`, `start_date`, `end_date`, `event_type`, `event_color`, `event_for`, `role_id`, `is_active`, `created_at`) VALUES (132, 'Staff Meeting Invitation', '', '2022-11-03 00:00:00', '2022-11-03 00:00:00', 'task', '#000', '1', 7, 'yes', '2022-11-03 10:40:26');
INSERT INTO `events` (`id`, `event_title`, `event_description`, `start_date`, `end_date`, `event_type`, `event_color`, `event_for`, `role_id`, `is_active`, `created_at`) VALUES (133, 'FREE BLOOD PRESSURE AND SUGAR SCREENING CAMP ORGANISED BEFORE December', '', '2022-12-10 00:00:00', '2022-12-10 00:00:00', 'task', '#000', '1', 7, 'yes', '2022-12-05 06:28:39');
INSERT INTO `events` (`id`, `event_title`, `event_description`, `start_date`, `end_date`, `event_type`, `event_color`, `event_for`, `role_id`, `is_active`, `created_at`) VALUES (134, 'Patient Clinical Investigation.', '', '2022-12-05 00:00:00', '2022-12-05 00:00:00', 'task', '#000', '1', 7, 'yes', '2022-12-05 06:28:52');
INSERT INTO `events` (`id`, `event_title`, `event_description`, `start_date`, `end_date`, `event_type`, `event_color`, `event_for`, `role_id`, `is_active`, `created_at`) VALUES (135, 'Staff Meeting Invitation', '', '2022-12-02 00:00:00', '2022-12-02 00:00:00', 'task', '#000', '1', 7, 'yes', '2022-12-05 06:29:00');
INSERT INTO `events` (`id`, `event_title`, `event_description`, `start_date`, `end_date`, `event_type`, `event_color`, `event_for`, `role_id`, `is_active`, `created_at`) VALUES (136, 'Patient Data Collection', '', '2022-12-01 00:00:00', '2022-12-01 00:00:00', 'task', '#000', '1', 7, 'yes', '2022-12-05 06:29:08');
INSERT INTO `events` (`id`, `event_title`, `event_description`, `start_date`, `end_date`, `event_type`, `event_color`, `event_for`, `role_id`, `is_active`, `created_at`) VALUES (137, 'FREE BLOOD PRESSURE AND SUGAR SCREENING CAMP ORGANISED BEFORE DECEMBER', '', '2022-12-20 00:00:00', '2022-12-20 00:00:00', 'task', '#000', '1', 7, 'yes', '2022-12-05 06:29:27');
INSERT INTO `events` (`id`, `event_title`, `event_description`, `start_date`, `end_date`, `event_type`, `event_color`, `event_for`, `role_id`, `is_active`, `created_at`) VALUES (138, 'Staff Health Checkup', '', '2022-12-18 00:00:00', '2022-12-18 00:00:00', 'task', '#000', '1', 7, 'yes', '2022-12-05 06:29:46');
INSERT INTO `events` (`id`, `event_title`, `event_description`, `start_date`, `end_date`, `event_type`, `event_color`, `event_for`, `role_id`, `is_active`, `created_at`) VALUES (139, 'Doctors Meeting', '', '2022-12-15 00:00:00', '2022-12-15 00:00:00', 'task', '#000', '1', 7, 'yes', '2022-12-05 06:30:06');
INSERT INTO `events` (`id`, `event_title`, `event_description`, `start_date`, `end_date`, `event_type`, `event_color`, `event_for`, `role_id`, `is_active`, `created_at`) VALUES (140, 'Free dental treatment', 'Free dental treatment for poor people that include simple extractions, temporary fillings and other few treatments.', '2022-12-04 10:00:00', '2022-12-10 21:00:00', 'public', '#fb8c00', '0', NULL, '', '2022-12-05 06:32:06');
INSERT INTO `events` (`id`, `event_title`, `event_description`, `start_date`, `end_date`, `event_type`, `event_color`, `event_for`, `role_id`, `is_active`, `created_at`) VALUES (141, 'Blood Pressure Treatment Campaign', 'The two classes of medication are both recommended as \"first-line\" treatments for high blood pressure: angiotensin-converting enzyme (ACE) inhibitors and angiotensin receptor blockers (ARBs).', '2022-12-11 10:00:00', '2022-12-17 22:00:00', 'public', '#d81b60', '0', NULL, '', '2022-12-05 06:34:48');
INSERT INTO `events` (`id`, `event_title`, `event_description`, `start_date`, `end_date`, `event_type`, `event_color`, `event_for`, `role_id`, `is_active`, `created_at`) VALUES (142, 'Christmas & New Year Celebration', 'Christmas & New Year Celebration', '2022-12-24 07:00:00', '2022-12-25 23:00:00', 'public', '#fb3b3b', '0', NULL, '', '2022-12-05 06:37:11');
INSERT INTO `events` (`id`, `event_title`, `event_description`, `start_date`, `end_date`, `event_type`, `event_color`, `event_for`, `role_id`, `is_active`, `created_at`) VALUES (143, 'World AIDS Day', 'World AIDS Day', '2022-12-01 00:00:00', '2022-12-01 00:00:00', 'public', '#8e24aa', '0', NULL, '', '2022-12-05 06:39:15');
INSERT INTO `events` (`id`, `event_title`, `event_description`, `start_date`, `end_date`, `event_type`, `event_color`, `event_for`, `role_id`, `is_active`, `created_at`) VALUES (144, 'Free eyes Checkup', 'The objective of this camp was to spread awareness on eye disorders, early detection of ailments, and to detect refractive errors and provide corrective glasses free of cost to the underprivileged communities.', '2022-12-18 10:00:00', '2022-12-24 23:00:00', 'public', '#7cb342', '0', NULL, '', '2022-12-05 06:40:49');
INSERT INTO `events` (`id`, `event_title`, `event_description`, `start_date`, `end_date`, `event_type`, `event_color`, `event_for`, `role_id`, `is_active`, `created_at`) VALUES (145, 'Free Body Check up', 'Free Body Check up', '2022-12-26 10:00:00', '2022-12-31 12:00:00', 'public', '#03a9f4', '0', NULL, '', '2022-12-05 06:42:01');
INSERT INTO `events` (`id`, `event_title`, `event_description`, `start_date`, `end_date`, `event_type`, `event_color`, `event_for`, `role_id`, `is_active`, `created_at`) VALUES (146, 'Patient Data Monitoring', '', '2022-12-06 00:00:00', '2022-12-06 00:00:00', 'task', '#000', '1', 7, 'yes', '2022-12-06 04:27:46');
INSERT INTO `events` (`id`, `event_title`, `event_description`, `start_date`, `end_date`, `event_type`, `event_color`, `event_for`, `role_id`, `is_active`, `created_at`) VALUES (147, 'Doctors Meeting With Patients', '', '2023-01-10 00:00:00', '2023-01-10 00:00:00', 'task', '#000', '1', 7, 'yes', '2023-01-04 07:11:23');
INSERT INTO `events` (`id`, `event_title`, `event_description`, `start_date`, `end_date`, `event_type`, `event_color`, `event_for`, `role_id`, `is_active`, `created_at`) VALUES (148, 'Wear a mask properly (NOTIFICATION TO ALL STAFF AND PATIENT).', '', '2023-01-15 00:00:00', '2023-01-15 00:00:00', 'task', '#000', '1', 7, 'yes', '2023-01-04 07:11:36');
INSERT INTO `events` (`id`, `event_title`, `event_description`, `start_date`, `end_date`, `event_type`, `event_color`, `event_for`, `role_id`, `is_active`, `created_at`) VALUES (149, 'Patient Data Monitoring', '', '2023-01-01 00:00:00', '2023-01-01 00:00:00', 'task', '#000', '1', 7, 'yes', '2023-01-04 07:11:46');
INSERT INTO `events` (`id`, `event_title`, `event_description`, `start_date`, `end_date`, `event_type`, `event_color`, `event_for`, `role_id`, `is_active`, `created_at`) VALUES (150, 'Staff Health Checkup', '', '2023-01-04 00:00:00', '2023-01-04 00:00:00', 'task', '#000', '1', 7, 'yes', '2023-01-04 07:12:01');
INSERT INTO `events` (`id`, `event_title`, `event_description`, `start_date`, `end_date`, `event_type`, `event_color`, `event_for`, `role_id`, `is_active`, `created_at`) VALUES (151, 'Staff Health Checkup', '', '2023-01-20 00:00:00', '2023-01-20 00:00:00', 'task', '#000', '1', 7, 'yes', '2023-01-04 07:12:17');
INSERT INTO `events` (`id`, `event_title`, `event_description`, `start_date`, `end_date`, `event_type`, `event_color`, `event_for`, `role_id`, `is_active`, `created_at`) VALUES (152, 'FREE BLOOD PRESSURE AND SUGAR SCREENING CAMP ORGANISED BEFORE DECEMBER', '', '2023-01-25 00:00:00', '2023-01-25 00:00:00', 'task', '#000', '1', 7, 'yes', '2023-01-04 07:12:41');
INSERT INTO `events` (`id`, `event_title`, `event_description`, `start_date`, `end_date`, `event_type`, `event_color`, `event_for`, `role_id`, `is_active`, `created_at`) VALUES (153, 'Doctors Meeting', '', '2023-01-30 00:00:00', '2023-01-30 00:00:00', 'task', '#000', '1', 7, 'yes', '2023-01-04 07:13:20');
INSERT INTO `events` (`id`, `event_title`, `event_description`, `start_date`, `end_date`, `event_type`, `event_color`, `event_for`, `role_id`, `is_active`, `created_at`) VALUES (154, 'Free dental treatment', 'Free dental treatment for poor people that include simple extractions, temporary fillings and other few treatments.', '2023-01-01 11:00:00', '2023-01-08 17:00:00', 'public', '#fb8c00', '0', NULL, '', '2023-01-04 07:14:29');
INSERT INTO `events` (`id`, `event_title`, `event_description`, `start_date`, `end_date`, `event_type`, `event_color`, `event_for`, `role_id`, `is_active`, `created_at`) VALUES (155, 'Blood Pressure Treatment Campaign', 'The two classes of medication are both recommended as \"first-line\" treatments for high blood pressure: angiotensin-converting enzyme (ACE) inhibitors and angiotensin receptor blockers (ARBs).', '2023-01-15 23:00:00', '2023-01-22 17:00:00', 'public', '#d81b60', '0', NULL, '', '2023-01-04 07:15:16');
INSERT INTO `events` (`id`, `event_title`, `event_description`, `start_date`, `end_date`, `event_type`, `event_color`, `event_for`, `role_id`, `is_active`, `created_at`) VALUES (156, 'Makar Sankranti', 'Makar Sankranti is set by the solar cycle and corresponds to the exact time astronomical event of the Sun entering Capricorn and is observed on a day that usually falls on 14 January of the Gregorian calendar, but on 15 January in leap years', '2023-01-14 00:00:00', '2023-01-14 21:00:00', 'public', '#fb3b3b', '0', NULL, '', '2023-01-04 07:16:34');
INSERT INTO `events` (`id`, `event_title`, `event_description`, `start_date`, `end_date`, `event_type`, `event_color`, `event_for`, `role_id`, `is_active`, `created_at`) VALUES (157, 'Free eyes Checkup', 'The objective of this camp was to spread awareness on eye disorders, early detection of ailments, and to detect refractive errors and provide corrective glasses free of cost to the underprivileged communities.', '2023-01-09 11:00:00', '2023-01-14 18:00:00', 'public', '#7cb342', '0', NULL, '', '2023-01-04 07:17:24');
INSERT INTO `events` (`id`, `event_title`, `event_description`, `start_date`, `end_date`, `event_type`, `event_color`, `event_for`, `role_id`, `is_active`, `created_at`) VALUES (158, 'Republic Day', 'India will be celebrating its 73rd Republic Day this year. Republic Day is celebrated every year on January 26 to commemorate the adoption of the Indian Constitution, which came into effect on this day in 1950.', '2023-01-26 00:00:00', '2023-01-26 00:00:00', 'public', '#337ab7', '0', NULL, '', '2023-01-04 07:18:32');
INSERT INTO `events` (`id`, `event_title`, `event_description`, `start_date`, `end_date`, `event_type`, `event_color`, `event_for`, `role_id`, `is_active`, `created_at`) VALUES (159, 'Free Body Check up', 'Free Body Check up', '2023-01-23 11:00:00', '2023-01-31 17:00:00', 'public', '#8e24aa', '0', NULL, '', '2023-01-04 07:19:21');
INSERT INTO `events` (`id`, `event_title`, `event_description`, `start_date`, `end_date`, `event_type`, `event_color`, `event_for`, `role_id`, `is_active`, `created_at`) VALUES (160, 'Pongal  Celebration', 'Pongal is a harvest festival celebrated by the Tamil community. It is a celebration to thank the Sun, Mother Nature and the various farm animals that help to contribute to a bountiful harvest.', '2023-01-13 00:00:00', '2023-01-13 00:00:00', 'public', '#d81b60', '0', NULL, '', '2023-01-04 07:20:19');
INSERT INTO `events` (`id`, `event_title`, `event_description`, `start_date`, `end_date`, `event_type`, `event_color`, `event_for`, `role_id`, `is_active`, `created_at`) VALUES (161, 'National Youth Day', 'Swami Vivekananda\'s birthday is celebrated as National Youth Day. he was born on 12th January 1863 in India and is known for his contributions to social reform, philosophy, spirituality, and youth leadership.', '2023-01-12 00:00:00', '2023-01-12 00:00:00', 'public', '#c53da9', '0', NULL, '', '2023-01-04 07:21:55');
INSERT INTO `events` (`id`, `event_title`, `event_description`, `start_date`, `end_date`, `event_type`, `event_color`, `event_for`, `role_id`, `is_active`, `created_at`) VALUES (162, 'Staff Meeting Invitation', '', '2023-01-05 00:00:00', '2023-01-05 00:00:00', 'task', '#000', '1', 7, 'yes', '2023-01-05 06:18:58');
INSERT INTO `events` (`id`, `event_title`, `event_description`, `start_date`, `end_date`, `event_type`, `event_color`, `event_for`, `role_id`, `is_active`, `created_at`) VALUES (163, 'Patient Data Monitoring', '', '2023-02-01 00:00:00', '2023-02-01 00:00:00', 'task', '#000', '1', 7, 'yes', '2023-02-01 04:39:32');
INSERT INTO `events` (`id`, `event_title`, `event_description`, `start_date`, `end_date`, `event_type`, `event_color`, `event_for`, `role_id`, `is_active`, `created_at`) VALUES (164, 'Staff Health Checkup', '', '2023-02-05 00:00:00', '2023-02-05 00:00:00', 'task', '#000', '1', 7, 'yes', '2023-02-01 04:39:48');
INSERT INTO `events` (`id`, `event_title`, `event_description`, `start_date`, `end_date`, `event_type`, `event_color`, `event_for`, `role_id`, `is_active`, `created_at`) VALUES (165, 'FREE BLOOD PRESSURE AND SUGAR SCREENING CAMP ORGANISED BEFORE December', '', '2023-02-08 00:00:00', '2023-02-08 00:00:00', 'task', '#000', '1', 7, 'yes', '2023-02-01 04:40:01');
INSERT INTO `events` (`id`, `event_title`, `event_description`, `start_date`, `end_date`, `event_type`, `event_color`, `event_for`, `role_id`, `is_active`, `created_at`) VALUES (166, 'Doctors Meeting With Patients', '', '2023-02-10 00:00:00', '2023-02-10 00:00:00', 'task', '#000', '1', 7, 'yes', '2023-02-01 04:40:16');
INSERT INTO `events` (`id`, `event_title`, `event_description`, `start_date`, `end_date`, `event_type`, `event_color`, `event_for`, `role_id`, `is_active`, `created_at`) VALUES (167, 'FREE BLOOD PRESSURE AND SUGAR SCREENING CAMP ORGANISED BEFORE DECEMBER', '', '2023-02-20 00:00:00', '2023-02-20 00:00:00', 'task', '#000', '1', 7, 'yes', '2023-02-01 04:40:34');
INSERT INTO `events` (`id`, `event_title`, `event_description`, `start_date`, `end_date`, `event_type`, `event_color`, `event_for`, `role_id`, `is_active`, `created_at`) VALUES (168, 'Patient Data Monitoring', '', '2023-02-12 00:00:00', '2023-02-12 00:00:00', 'task', '#000', '1', 7, 'yes', '2023-02-01 04:40:48');
INSERT INTO `events` (`id`, `event_title`, `event_description`, `start_date`, `end_date`, `event_type`, `event_color`, `event_for`, `role_id`, `is_active`, `created_at`) VALUES (169, 'Free eyes Checkup', 'The objective of this camp was to spread awareness on eye disorders, early detection of ailments, and to detect refractive errors and provide corrective glasses free of cost to the underprivileged communities.', '2023-02-05 00:00:00', '2023-02-11 20:00:00', 'public', '#337ab7', '0', NULL, '', '2023-02-01 04:41:48');
INSERT INTO `events` (`id`, `event_title`, `event_description`, `start_date`, `end_date`, `event_type`, `event_color`, `event_for`, `role_id`, `is_active`, `created_at`) VALUES (170, 'Free Body Check up', 'Free Body Check up', '2023-02-12 11:00:00', '2023-02-18 19:00:00', 'public', '#d81b60', '0', NULL, '', '2023-02-01 04:42:23');
INSERT INTO `events` (`id`, `event_title`, `event_description`, `start_date`, `end_date`, `event_type`, `event_color`, `event_for`, `role_id`, `is_active`, `created_at`) VALUES (171, 'Blood Pressure Treatment Campaign', 'The two classes of medication are both recommended as \"first-line\" treatments for high blood pressure: angiotensin-converting enzyme (ACE) inhibitors and angiotensin receptor blockers (ARBs).', '2023-02-19 11:00:00', '2023-02-25 21:00:00', 'public', '#7cb342', '0', NULL, '', '2023-02-01 04:43:04');
INSERT INTO `events` (`id`, `event_title`, `event_description`, `start_date`, `end_date`, `event_type`, `event_color`, `event_for`, `role_id`, `is_active`, `created_at`) VALUES (172, 'Free dental treatment', 'Free dental treatment for poor people that include simple extractions, temporary fillings and other few treatments.', '2023-02-01 11:00:00', '2023-02-04 20:00:00', 'public', '#fb8c00', '0', NULL, '', '2023-02-01 04:43:37');
INSERT INTO `events` (`id`, `event_title`, `event_description`, `start_date`, `end_date`, `event_type`, `event_color`, `event_for`, `role_id`, `is_active`, `created_at`) VALUES (173, 'Doctors Meeting', '', '2023-02-26 00:00:00', '2023-02-26 00:00:00', 'task', '#000', '1', 7, 'yes', '2023-02-01 04:44:15');
INSERT INTO `events` (`id`, `event_title`, `event_description`, `start_date`, `end_date`, `event_type`, `event_color`, `event_for`, `role_id`, `is_active`, `created_at`) VALUES (174, 'Maha Shivratri', 'Shivratri will be celebrated on 18 February 2023. On Shivratri, people worship lord Shiva and perform puja according to muhurat.', '2023-02-18 00:00:00', '2023-02-18 00:00:00', 'public', '#fb3b3b', '0', NULL, '', '2023-02-01 04:45:04');
INSERT INTO `events` (`id`, `event_title`, `event_description`, `start_date`, `end_date`, `event_type`, `event_color`, `event_for`, `role_id`, `is_active`, `created_at`) VALUES (176, 'Guru Ravidass Jayanti', 'Guru Ravidas is revered due to his spirituality and works against casteism. He was a spiritual man. On this day, his followers bathe in the holy rivers. ', '2023-02-05 00:00:00', '2023-02-05 00:00:00', 'public', '#7cb342', '0', NULL, '', '2023-02-01 04:52:15');
INSERT INTO `events` (`id`, `event_title`, `event_description`, `start_date`, `end_date`, `event_type`, `event_color`, `event_for`, `role_id`, `is_active`, `created_at`) VALUES (177, 'Wear a mask properly (NOTIFICATION TO ALL STAFF AND PATIENT).', '', '2023-02-15 00:00:00', '2023-02-15 00:00:00', 'task', '#000', '1', 7, 'yes', '2023-02-02 13:01:17');
INSERT INTO `events` (`id`, `event_title`, `event_description`, `start_date`, `end_date`, `event_type`, `event_color`, `event_for`, `role_id`, `is_active`, `created_at`) VALUES (178, 'Nursing Meeting', '', '2023-02-28 00:00:00', '2023-02-28 00:00:00', 'task', '#000', '1', 7, 'yes', '2023-02-02 13:02:58');
INSERT INTO `events` (`id`, `event_title`, `event_description`, `start_date`, `end_date`, `event_type`, `event_color`, `event_for`, `role_id`, `is_active`, `created_at`) VALUES (179, 'Staff Meeting Invitation', '', '2023-03-01 00:00:00', '2023-03-01 00:00:00', 'task', '#000', '1', 7, 'yes', '2023-03-06 05:43:55');
INSERT INTO `events` (`id`, `event_title`, `event_description`, `start_date`, `end_date`, `event_type`, `event_color`, `event_for`, `role_id`, `is_active`, `created_at`) VALUES (180, 'Patient Data Monitoring', '', '2023-03-05 00:00:00', '2023-03-05 00:00:00', 'task', '#000', '1', 7, 'yes', '2023-03-06 05:44:06');
INSERT INTO `events` (`id`, `event_title`, `event_description`, `start_date`, `end_date`, `event_type`, `event_color`, `event_for`, `role_id`, `is_active`, `created_at`) VALUES (181, 'FREE BLOOD PRESSURE AND SUGAR SCREENING CAMP ORGANISED BEFORE December', '', '2023-03-10 00:00:00', '2023-03-10 00:00:00', 'task', '#000', '1', 7, 'yes', '2023-03-06 05:44:21');
INSERT INTO `events` (`id`, `event_title`, `event_description`, `start_date`, `end_date`, `event_type`, `event_color`, `event_for`, `role_id`, `is_active`, `created_at`) VALUES (182, 'Doctors Meeting', '', '2023-03-06 00:00:00', '2023-03-06 00:00:00', 'task', '#000', '1', 7, 'yes', '2023-03-06 05:44:35');
INSERT INTO `events` (`id`, `event_title`, `event_description`, `start_date`, `end_date`, `event_type`, `event_color`, `event_for`, `role_id`, `is_active`, `created_at`) VALUES (183, 'Holi Celebration', 'This is a general notice that informs you all that our school will be closed for the occasion of Holi from March 8th to March 10th.', '2023-03-07 00:00:00', '2023-03-09 23:00:00', 'public', '#fb8c00', '0', NULL, '', '2023-03-06 05:46:17');
INSERT INTO `events` (`id`, `event_title`, `event_description`, `start_date`, `end_date`, `event_type`, `event_color`, `event_for`, `role_id`, `is_active`, `created_at`) VALUES (184, 'FREE BLOOD  Camp', 'FREE BLOOD PRESSURE AND SUGAR SCREENING CAMP ORGANISED .', '2023-03-12 00:00:00', '2023-03-18 19:00:00', 'public', '#d81b60', '0', NULL, '', '2023-03-06 05:47:25');
INSERT INTO `events` (`id`, `event_title`, `event_description`, `start_date`, `end_date`, `event_type`, `event_color`, `event_for`, `role_id`, `is_active`, `created_at`) VALUES (185, 'Nursing Meeting', '', '2023-03-26 00:00:00', '2023-03-26 00:00:00', 'task', '#000', '1', 7, 'yes', '2023-03-06 05:47:56');
INSERT INTO `events` (`id`, `event_title`, `event_description`, `start_date`, `end_date`, `event_type`, `event_color`, `event_for`, `role_id`, `is_active`, `created_at`) VALUES (186, 'Free dental treatment', 'Free dental treatment for poor people that include simple extractions, temporary fillings and other few treatments.', '2023-03-19 00:00:00', '2023-03-25 21:00:00', 'public', '#337ab7', '0', NULL, '', '2023-03-06 05:53:15');
INSERT INTO `events` (`id`, `event_title`, `event_description`, `start_date`, `end_date`, `event_type`, `event_color`, `event_for`, `role_id`, `is_active`, `created_at`) VALUES (187, 'Free eyes Checkup', 'The objective of this camp was to spread awareness on eye disorders, early detection of ailments, and to detect refractive errors and provide corrective glasses free of cost to the underprivileged communities.', '2023-03-26 00:00:00', '2023-03-31 18:00:00', 'public', '#fb3b3b', '0', NULL, '', '2023-03-06 05:58:24');
INSERT INTO `events` (`id`, `event_title`, `event_description`, `start_date`, `end_date`, `event_type`, `event_color`, `event_for`, `role_id`, `is_active`, `created_at`) VALUES (188, 'Free Body Check up', 'Free Body Check up', '2023-03-01 00:00:00', '2023-03-06 17:00:00', 'public', '#7cb342', '0', NULL, '', '2023-03-06 05:59:15');
INSERT INTO `events` (`id`, `event_title`, `event_description`, `start_date`, `end_date`, `event_type`, `event_color`, `event_for`, `role_id`, `is_active`, `created_at`) VALUES (189, 'Patient Data Monitoring', '', '2023-04-01 00:00:00', '2023-04-01 00:00:00', 'task', '#000', '1', 7, 'yes', '2023-04-03 08:51:21');
INSERT INTO `events` (`id`, `event_title`, `event_description`, `start_date`, `end_date`, `event_type`, `event_color`, `event_for`, `role_id`, `is_active`, `created_at`) VALUES (190, 'Wear a mask properly (NOTIFICATION TO ALL STAFF AND PATIENT).', '', '2023-04-05 00:00:00', '2023-04-05 00:00:00', 'task', '#000', '1', 7, 'yes', '2023-04-03 08:51:36');
INSERT INTO `events` (`id`, `event_title`, `event_description`, `start_date`, `end_date`, `event_type`, `event_color`, `event_for`, `role_id`, `is_active`, `created_at`) VALUES (191, 'Doctors Meeting', '', '2023-04-20 00:00:00', '2023-04-20 00:00:00', 'task', '#000', '1', 7, 'yes', '2023-04-03 08:51:50');
INSERT INTO `events` (`id`, `event_title`, `event_description`, `start_date`, `end_date`, `event_type`, `event_color`, `event_for`, `role_id`, `is_active`, `created_at`) VALUES (192, 'Free Body Check up', 'Free Body Check up', '2023-04-02 10:00:00', '2023-04-08 18:00:00', 'public', '#337ab7', '0', NULL, '', '2023-04-03 09:45:02');
INSERT INTO `events` (`id`, `event_title`, `event_description`, `start_date`, `end_date`, `event_type`, `event_color`, `event_for`, `role_id`, `is_active`, `created_at`) VALUES (193, 'Mahavir Jayanti', 'Mahavir Jayanti serves as a celebration of the life and teachings of this eminent spiritual teacher, who propagated the principles of dharma within the Jain faith.', '2023-04-04 00:00:00', '2023-04-04 00:00:00', 'public', '#fb8c00', '0', NULL, '', '2023-04-03 09:45:54');
INSERT INTO `events` (`id`, `event_title`, `event_description`, `start_date`, `end_date`, `event_type`, `event_color`, `event_for`, `role_id`, `is_active`, `created_at`) VALUES (194, 'Good Friday', 'Good Friday is a Christian holiday commemorating the crucifixion of Jesus and his death at Calvary.', '2023-04-07 00:00:00', '2023-04-07 00:00:00', 'public', '#8e24aa', '0', NULL, '', '2023-04-03 09:46:37');
INSERT INTO `events` (`id`, `event_title`, `event_description`, `start_date`, `end_date`, `event_type`, `event_color`, `event_for`, `role_id`, `is_active`, `created_at`) VALUES (195, 'Ambedkar Jayanti', 'Ambedkar Jayanti or Bhim Jayanti is observed on 14 April to commemorate the memory of B. R. Ambedkar, Indian politician and social reformer.', '2023-04-14 00:00:00', '2023-04-14 00:00:00', 'public', '#d81b60', '0', NULL, '', '2023-04-03 09:56:34');
INSERT INTO `events` (`id`, `event_title`, `event_description`, `start_date`, `end_date`, `event_type`, `event_color`, `event_for`, `role_id`, `is_active`, `created_at`) VALUES (196, 'Vaisakhi', 'Also known as Baisakhi, the day is celebrated as a harvest festival. It is a historical and religious festival in Hinduism and Sikhism. The day commemorates when Guru Gobind Singh formed an organisation known as the Khalsa Panth of warriors in 1699.', '2023-04-14 00:00:00', '2023-04-14 00:00:00', 'public', '#fb8c00', '0', NULL, '', '2023-04-03 09:58:10');
INSERT INTO `events` (`id`, `event_title`, `event_description`, `start_date`, `end_date`, `event_type`, `event_color`, `event_for`, `role_id`, `is_active`, `created_at`) VALUES (197, 'FREE BLOOD PRESSURE  CHECK-UP', 'FREE BLOOD PRESSURE AND SUGAR SCREENING CAMP ORGANISED BEFORE MAy', '2023-04-16 00:00:00', '2023-04-22 18:00:00', 'public', '#fb3b3b', '0', NULL, '', '2023-04-03 09:59:32');
INSERT INTO `events` (`id`, `event_title`, `event_description`, `start_date`, `end_date`, `event_type`, `event_color`, `event_for`, `role_id`, `is_active`, `created_at`) VALUES (198, 'Free dental treatment', 'Free dental treatment for poor people that include simple extractions, temporary fillings and other few treatments.', '2023-04-23 10:00:00', '2023-04-30 18:00:00', 'public', '#7cb342', '0', NULL, '', '2023-04-03 10:02:56');
INSERT INTO `events` (`id`, `event_title`, `event_description`, `start_date`, `end_date`, `event_type`, `event_color`, `event_for`, `role_id`, `is_active`, `created_at`) VALUES (199, 'Staff Meeting', '', '2023-04-10 00:00:00', '2023-04-10 00:00:00', 'task', '#000', '1', 7, 'yes', '2023-04-03 10:03:22');
INSERT INTO `events` (`id`, `event_title`, `event_description`, `start_date`, `end_date`, `event_type`, `event_color`, `event_for`, `role_id`, `is_active`, `created_at`) VALUES (200, 'Free eyes Check-up', 'The objective of this camp was to spread awareness on eye disorders, early detection of ailments, and to detect refractive errors and provide corrective glasses free of cost to the underprivileged communities.', '2023-04-09 10:00:00', '2023-04-15 18:00:00', 'public', '#d81b60', '0', NULL, '', '2023-04-03 10:06:23');
INSERT INTO `events` (`id`, `event_title`, `event_description`, `start_date`, `end_date`, `event_type`, `event_color`, `event_for`, `role_id`, `is_active`, `created_at`) VALUES (201, 'Skin checkup done', '', '2023-04-04 00:00:00', '2023-04-04 00:00:00', 'task', '#000', '1', NULL, 'yes', '2023-04-04 11:31:09');
INSERT INTO `events` (`id`, `event_title`, `event_description`, `start_date`, `end_date`, `event_type`, `event_color`, `event_for`, `role_id`, `is_active`, `created_at`) VALUES (202, 'Regular check-up before 15th  April', '', '2023-04-20 00:00:00', '2023-04-20 00:00:00', 'task', '#000', '1', NULL, 'yes', '2023-04-04 11:31:31');
INSERT INTO `events` (`id`, `event_title`, `event_description`, `start_date`, `end_date`, `event_type`, `event_color`, `event_for`, `role_id`, `is_active`, `created_at`) VALUES (203, 'Daily 5km walking', '', '2023-04-01 00:00:00', '2023-04-01 00:00:00', 'task', '#000', '1', NULL, 'yes', '2023-04-04 11:32:41');
INSERT INTO `events` (`id`, `event_title`, `event_description`, `start_date`, `end_date`, `event_type`, `event_color`, `event_for`, `role_id`, `is_active`, `created_at`) VALUES (204, 'Staff Health Checkup', '', '2023-05-03 00:00:00', '2023-05-03 00:00:00', 'task', '#000', '1', 7, 'yes', '2023-05-03 07:14:52');
INSERT INTO `events` (`id`, `event_title`, `event_description`, `start_date`, `end_date`, `event_type`, `event_color`, `event_for`, `role_id`, `is_active`, `created_at`) VALUES (205, 'Free eyes Check-up', 'The objective of this camp was to spread awareness on eye disorders, early detection of ailments, and to detect refractive errors and provide corrective glasses free of cost to the underprivileged communities.', '2023-05-07 10:00:00', '2023-05-14 18:00:00', 'public', '#d81b60', '0', NULL, '', '2023-05-03 07:16:26');
INSERT INTO `events` (`id`, `event_title`, `event_description`, `start_date`, `end_date`, `event_type`, `event_color`, `event_for`, `role_id`, `is_active`, `created_at`) VALUES (206, 'FREE BLOOD PRESSURE  CHECK-UP', 'FREE BLOOD PRESSURE AND SUGAR SCREENING CAMP ORGANISED BEFORE MAy', '2023-05-21 11:00:00', '2023-05-27 18:00:00', 'public', '#fb8c00', '0', NULL, '', '2023-05-03 07:17:08');
INSERT INTO `events` (`id`, `event_title`, `event_description`, `start_date`, `end_date`, `event_type`, `event_color`, `event_for`, `role_id`, `is_active`, `created_at`) VALUES (207, 'Doctor Meeting', '', '2023-05-15 00:00:00', '2023-05-15 00:00:00', 'task', '#000', '1', 7, 'yes', '2023-05-03 07:17:28');
INSERT INTO `events` (`id`, `event_title`, `event_description`, `start_date`, `end_date`, `event_type`, `event_color`, `event_for`, `role_id`, `is_active`, `created_at`) VALUES (208, 'Wear a mask properly (NOTIFICATION TO ALL STAFF AND PATIENT).', '', '2023-05-05 00:00:00', '2023-05-05 00:00:00', 'task', '#000', '1', 7, 'yes', '2023-05-03 07:17:45');
INSERT INTO `events` (`id`, `event_title`, `event_description`, `start_date`, `end_date`, `event_type`, `event_color`, `event_for`, `role_id`, `is_active`, `created_at`) VALUES (209, 'Doctors Meeting With Patients', '', '2023-05-20 00:00:00', '2023-05-20 00:00:00', 'task', '#000', '1', 7, 'yes', '2023-05-03 07:18:03');
INSERT INTO `events` (`id`, `event_title`, `event_description`, `start_date`, `end_date`, `event_type`, `event_color`, `event_for`, `role_id`, `is_active`, `created_at`) VALUES (210, 'Free dental treatment', 'Free dental treatment for poor people that include simple extractions, temporary fillings and other few treatments.', '2023-05-15 10:00:00', '2023-05-20 18:00:00', 'public', '#fb3b3b', '0', NULL, '', '2023-05-03 07:18:52');
INSERT INTO `events` (`id`, `event_title`, `event_description`, `start_date`, `end_date`, `event_type`, `event_color`, `event_for`, `role_id`, `is_active`, `created_at`) VALUES (211, 'Clinical Investigation', '', '2023-05-01 00:00:00', '2023-05-01 00:00:00', 'task', '#000', '1', 7, 'yes', '2023-05-03 07:19:37');
INSERT INTO `events` (`id`, `event_title`, `event_description`, `start_date`, `end_date`, `event_type`, `event_color`, `event_for`, `role_id`, `is_active`, `created_at`) VALUES (212, 'Patient Data Collection', '', '2023-05-30 00:00:00', '2023-05-30 00:00:00', 'task', '#000', '1', 7, 'yes', '2023-05-03 07:19:50');
INSERT INTO `events` (`id`, `event_title`, `event_description`, `start_date`, `end_date`, `event_type`, `event_color`, `event_for`, `role_id`, `is_active`, `created_at`) VALUES (213, 'Free Medical Camp', 'Free Medical Camp', '2023-05-28 10:00:00', '2023-05-31 18:00:00', 'public', '#337ab7', '0', NULL, '', '2023-05-03 07:20:31');
INSERT INTO `events` (`id`, `event_title`, `event_description`, `start_date`, `end_date`, `event_type`, `event_color`, `event_for`, `role_id`, `is_active`, `created_at`) VALUES (214, 'Have to make a list for latest operation .', '', '2023-05-05 00:00:00', '2023-05-05 00:00:00', 'task', '#000', '2', 3, 'no', '2023-05-03 07:48:49');
INSERT INTO `events` (`id`, `event_title`, `event_description`, `start_date`, `end_date`, `event_type`, `event_color`, `event_for`, `role_id`, `is_active`, `created_at`) VALUES (215, 'Patient Clinical Investigation', '', '2023-05-04 00:00:00', '2023-05-04 00:00:00', 'task', '#000', '1', 7, 'yes', '2023-05-04 12:37:16');
INSERT INTO `events` (`id`, `event_title`, `event_description`, `start_date`, `end_date`, `event_type`, `event_color`, `event_for`, `role_id`, `is_active`, `created_at`) VALUES (216, 'Patient Data Monitoring', '', '2023-06-02 00:00:00', '2023-06-02 00:00:00', 'task', '#000', '1', 7, 'yes', '2023-06-02 11:02:40');
INSERT INTO `events` (`id`, `event_title`, `event_description`, `start_date`, `end_date`, `event_type`, `event_color`, `event_for`, `role_id`, `is_active`, `created_at`) VALUES (217, 'Staff Meeting', '', '2023-06-20 00:00:00', '2023-06-20 00:00:00', 'task', '#000', '1', 7, 'yes', '2023-06-02 11:03:48');
INSERT INTO `events` (`id`, `event_title`, `event_description`, `start_date`, `end_date`, `event_type`, `event_color`, `event_for`, `role_id`, `is_active`, `created_at`) VALUES (218, 'Clinical Investigation', '', '2023-06-15 00:00:00', '2023-06-15 00:00:00', 'task', '#000', '1', 7, 'yes', '2023-06-02 11:05:43');
INSERT INTO `events` (`id`, `event_title`, `event_description`, `start_date`, `end_date`, `event_type`, `event_color`, `event_for`, `role_id`, `is_active`, `created_at`) VALUES (219, 'Free eyes Check-up', 'The objective of this camp was to spread awareness on eye disorders, early detection of ailments, and to detect refractive errors and provide corrective glasses free of cost to the underprivileged communities.', '2023-06-04 10:00:00', '2023-06-11 18:00:00', 'public', '#fb3b3b', '0', NULL, '', '2023-06-02 11:31:08');
INSERT INTO `events` (`id`, `event_title`, `event_description`, `start_date`, `end_date`, `event_type`, `event_color`, `event_for`, `role_id`, `is_active`, `created_at`) VALUES (220, 'Free dental treatment', 'Free dental treatment for poor people that include simple extractions, temporary fillings and other few treatments.', '2023-06-12 10:00:00', '2023-06-18 18:00:00', 'public', '#7cb342', '0', NULL, '', '2023-06-02 11:36:55');
INSERT INTO `events` (`id`, `event_title`, `event_description`, `start_date`, `end_date`, `event_type`, `event_color`, `event_for`, `role_id`, `is_active`, `created_at`) VALUES (221, 'FREE BLOOD PRESSURE  CHECK-UP', 'FREE BLOOD PRESSURE AND SUGAR SCREENING CAMP ORGANISED BEFORE MAy', '2023-06-19 10:00:00', '2023-06-25 18:00:00', 'public', '#fb8c00', '0', NULL, '', '2023-06-02 11:40:20');
INSERT INTO `events` (`id`, `event_title`, `event_description`, `start_date`, `end_date`, `event_type`, `event_color`, `event_for`, `role_id`, `is_active`, `created_at`) VALUES (222, 'International Day of Yoga', 'When proposing 21 June as the date, Modi said that the date was the longest day of the year in the northern hemisphere (shortest in the southern hemisphere), having special significance in many parts of the world. ', '2023-06-21 00:00:00', '2023-06-21 00:00:00', 'public', '#c53da9', '0', NULL, '', '2023-06-02 11:41:15');
INSERT INTO `events` (`id`, `event_title`, `event_description`, `start_date`, `end_date`, `event_type`, `event_color`, `event_for`, `role_id`, `is_active`, `created_at`) VALUES (223, 'Full Body Check-up', 'Full Body Check-up', '2023-06-26 10:00:00', '2023-06-30 18:00:00', 'public', '#8e24aa', '0', NULL, '', '2023-06-02 11:42:00');
INSERT INTO `events` (`id`, `event_title`, `event_description`, `start_date`, `end_date`, `event_type`, `event_color`, `event_for`, `role_id`, `is_active`, `created_at`) VALUES (224, 'FREE BLOOD PRESSURE AND SUGAR SCREENING CAMP ORGANISED BEFORE December', '', '2023-06-03 00:00:00', '2023-06-03 00:00:00', 'task', '#000', '1', 7, 'yes', '2023-06-02 11:42:55');
INSERT INTO `events` (`id`, `event_title`, `event_description`, `start_date`, `end_date`, `event_type`, `event_color`, `event_for`, `role_id`, `is_active`, `created_at`) VALUES (225, 'Doctors Meeting With Patients', '', '2023-06-06 00:00:00', '2023-06-06 00:00:00', 'task', '#000', '1', 7, 'yes', '2023-06-06 12:01:57');
INSERT INTO `events` (`id`, `event_title`, `event_description`, `start_date`, `end_date`, `event_type`, `event_color`, `event_for`, `role_id`, `is_active`, `created_at`) VALUES (226, 'Daily 5km walking', '', '2023-07-05 00:00:00', '2023-07-05 00:00:00', 'task', '#000', '1', NULL, 'yes', '2023-07-05 09:46:56');
INSERT INTO `events` (`id`, `event_title`, `event_description`, `start_date`, `end_date`, `event_type`, `event_color`, `event_for`, `role_id`, `is_active`, `created_at`) VALUES (227, 'Skin check-up done', '', '2023-07-01 00:00:00', '2023-07-01 00:00:00', 'task', '#000', '1', NULL, 'yes', '2023-07-05 09:47:18');
INSERT INTO `events` (`id`, `event_title`, `event_description`, `start_date`, `end_date`, `event_type`, `event_color`, `event_for`, `role_id`, `is_active`, `created_at`) VALUES (228, 'Regular check-up before 15th July', '', '2023-07-20 00:00:00', '2023-07-20 00:00:00', 'task', '#000', '1', NULL, 'yes', '2023-07-05 09:47:57');
INSERT INTO `events` (`id`, `event_title`, `event_description`, `start_date`, `end_date`, `event_type`, `event_color`, `event_for`, `role_id`, `is_active`, `created_at`) VALUES (229, 'Full Body Check-up', '', '2023-07-25 00:00:00', '2023-07-25 00:00:00', 'task', '#000', '1', NULL, 'yes', '2023-07-05 09:48:15');
INSERT INTO `events` (`id`, `event_title`, `event_description`, `start_date`, `end_date`, `event_type`, `event_color`, `event_for`, `role_id`, `is_active`, `created_at`) VALUES (230, 'celebrate Doctor\'s Day', 'celebrate Doctor\'s Day as it marks the birth anniversary and death anniversary of Dr Bidhan Chandra Roy, one of India\'s most renowned physicians.', '2023-07-01 00:00:00', '2023-07-01 23:00:00', 'public', '#fb8c00', '0', NULL, '', '2023-07-05 10:28:37');
INSERT INTO `events` (`id`, `event_title`, `event_description`, `start_date`, `end_date`, `event_type`, `event_color`, `event_for`, `role_id`, `is_active`, `created_at`) VALUES (231, 'Patient Data Collection', '', '2023-07-02 00:00:00', '2023-07-02 00:00:00', 'task', '#000', '1', 7, 'yes', '2023-07-05 10:29:00');
INSERT INTO `events` (`id`, `event_title`, `event_description`, `start_date`, `end_date`, `event_type`, `event_color`, `event_for`, `role_id`, `is_active`, `created_at`) VALUES (232, 'Doctors Meeting', '', '2023-07-05 00:00:00', '2023-07-05 00:00:00', 'task', '#000', '1', 7, 'yes', '2023-07-05 10:29:15');
INSERT INTO `events` (`id`, `event_title`, `event_description`, `start_date`, `end_date`, `event_type`, `event_color`, `event_for`, `role_id`, `is_active`, `created_at`) VALUES (233, 'Nursing Meeting', '', '2023-07-12 00:00:00', '2023-07-12 00:00:00', 'task', '#000', '1', 7, 'yes', '2023-07-05 10:29:32');
INSERT INTO `events` (`id`, `event_title`, `event_description`, `start_date`, `end_date`, `event_type`, `event_color`, `event_for`, `role_id`, `is_active`, `created_at`) VALUES (234, 'Patient Clinical Investigation', '', '2023-07-06 00:00:00', '2023-07-06 00:00:00', 'task', '#000', '1', 7, 'yes', '2023-07-05 10:33:10');
INSERT INTO `events` (`id`, `event_title`, `event_description`, `start_date`, `end_date`, `event_type`, `event_color`, `event_for`, `role_id`, `is_active`, `created_at`) VALUES (235, 'Full Body Check-up', 'Full Body Check-up', '2023-07-23 10:00:00', '2023-07-31 19:00:00', 'public', '#c53da9', '0', NULL, '', '2023-07-05 10:34:24');
INSERT INTO `events` (`id`, `event_title`, `event_description`, `start_date`, `end_date`, `event_type`, `event_color`, `event_for`, `role_id`, `is_active`, `created_at`) VALUES (236, 'Free dental treatment', 'Free dental treatment for poor people that include simple extractions, temporary fillings and other few treatments.', '2023-07-09 10:00:00', '2023-07-15 19:00:00', 'public', '#7cb342', '0', NULL, '', '2023-07-05 10:35:16');
INSERT INTO `events` (`id`, `event_title`, `event_description`, `start_date`, `end_date`, `event_type`, `event_color`, `event_for`, `role_id`, `is_active`, `created_at`) VALUES (237, 'FREE BLOOD PRESSURE  CHECK-UP', 'FREE BLOOD PRESSURE AND SUGAR SCREENING CAMP ORGANISED .', '2023-07-16 10:00:00', '2023-07-22 19:00:00', 'public', '#d81b60', '0', NULL, '', '2023-07-05 10:45:31');
INSERT INTO `events` (`id`, `event_title`, `event_description`, `start_date`, `end_date`, `event_type`, `event_color`, `event_for`, `role_id`, `is_active`, `created_at`) VALUES (238, 'Free eyes Check-up', 'The objective of this camp was to spread awareness on eye disorders, early detection of ailments, and to detect refractive errors and provide corrective glasses free of cost to the underprivileged communities.', '2023-07-02 10:00:00', '2023-07-08 18:00:00', 'public', '#fb8c00', '0', NULL, '', '2023-07-05 10:46:34');
INSERT INTO `events` (`id`, `event_title`, `event_description`, `start_date`, `end_date`, `event_type`, `event_color`, `event_for`, `role_id`, `is_active`, `created_at`) VALUES (239, 'World Hepatitis Day', 'World Hepatitis Day is observed annually on 28 July to generate an opportunity to step up national and international efforts on hepatitis. Also, this day makes people aware of hepatitis disease and its consequences in the life of the people suffering from it.', '2023-07-28 00:00:00', '2023-07-28 00:00:00', 'public', '#337ab7', '0', NULL, '', '2023-07-05 10:48:40');
INSERT INTO `events` (`id`, `event_title`, `event_description`, `start_date`, `end_date`, `event_type`, `event_color`, `event_for`, `role_id`, `is_active`, `created_at`) VALUES (240, 'New Patient Record Checking', '', '2023-07-15 00:00:00', '2023-07-15 00:00:00', 'task', '#000', '16', 9, 'no', '2023-07-05 12:25:09');
INSERT INTO `events` (`id`, `event_title`, `event_description`, `start_date`, `end_date`, `event_type`, `event_color`, `event_for`, `role_id`, `is_active`, `created_at`) VALUES (241, 'Patient Data Collection', '', '2023-07-06 00:00:00', '2023-07-06 00:00:00', 'task', '#000', '14', 1, 'no', '2023-07-06 11:21:15');
INSERT INTO `events` (`id`, `event_title`, `event_description`, `start_date`, `end_date`, `event_type`, `event_color`, `event_for`, `role_id`, `is_active`, `created_at`) VALUES (242, 'All Patient pathology record collection', '', '2023-07-06 00:00:00', '2023-07-06 00:00:00', 'task', '#000', '5', 5, 'no', '2023-07-06 11:22:08');
INSERT INTO `events` (`id`, `event_title`, `event_description`, `start_date`, `end_date`, `event_type`, `event_color`, `event_for`, `role_id`, `is_active`, `created_at`) VALUES (243, 'Pathology Equipment Checking', '', '2023-07-10 00:00:00', '2023-07-10 00:00:00', 'task', '#000', '5', 5, 'no', '2023-07-06 11:22:47');
INSERT INTO `events` (`id`, `event_title`, `event_description`, `start_date`, `end_date`, `event_type`, `event_color`, `event_for`, `role_id`, `is_active`, `created_at`) VALUES (244, 'Blood Bank Data Record  Collection', '', '2023-07-16 00:00:00', '2023-07-16 00:00:00', 'task', '#000', '5', 5, 'no', '2023-07-06 11:24:18');
INSERT INTO `events` (`id`, `event_title`, `event_description`, `start_date`, `end_date`, `event_type`, `event_color`, `event_for`, `role_id`, `is_active`, `created_at`) VALUES (245, 'New Pharmacy Medicine data collection', '', '2023-07-06 00:00:00', '2023-07-06 00:00:00', 'task', '#000', '13', 4, 'yes', '2023-07-06 11:25:33');
INSERT INTO `events` (`id`, `event_title`, `event_description`, `start_date`, `end_date`, `event_type`, `event_color`, `event_for`, `role_id`, `is_active`, `created_at`) VALUES (246, 'Regular check-up patient', '', '2023-08-05 00:00:00', '2023-08-05 00:00:00', 'task', '#000', '2', 3, 'no', '2023-08-02 05:04:33');
INSERT INTO `events` (`id`, `event_title`, `event_description`, `start_date`, `end_date`, `event_type`, `event_color`, `event_for`, `role_id`, `is_active`, `created_at`) VALUES (247, 'Patient Regular Health  Check -up', 'Patient Regular Check -up', '2023-08-13 10:30:00', '2023-08-19 19:00:00', 'public', '#fb8c00', '0', NULL, '', '2023-08-02 05:07:25');
INSERT INTO `events` (`id`, `event_title`, `event_description`, `start_date`, `end_date`, `event_type`, `event_color`, `event_for`, `role_id`, `is_active`, `created_at`) VALUES (248, 'National Immunization Awareness', 'The campaign aims to raise awareness of the importance of vaccinating people of all ages against a number of serious and sometimes deadly diseases.', '2023-08-01 10:00:00', '2023-08-12 18:00:00', 'public', '#fb3b3b', '0', NULL, '', '2023-08-02 05:37:07');
INSERT INTO `events` (`id`, `event_title`, `event_description`, `start_date`, `end_date`, `event_type`, `event_color`, `event_for`, `role_id`, `is_active`, `created_at`) VALUES (249, 'FREE BLOOD PRESSURE  CHECK-UP', 'FREE BLOOD PRESSURE AND SUGAR SCREENING CAMP ORGANISED .', '2023-08-20 10:00:00', '2023-08-26 18:00:00', 'public', '#7cb342', '0', NULL, '', '2023-08-02 05:40:43');
INSERT INTO `events` (`id`, `event_title`, `event_description`, `start_date`, `end_date`, `event_type`, `event_color`, `event_for`, `role_id`, `is_active`, `created_at`) VALUES (250, 'Patient Clinical Investigation', '', '2023-08-01 00:00:00', '2023-08-01 00:00:00', 'task', '#000', '1', 7, 'yes', '2023-08-02 05:44:21');
INSERT INTO `events` (`id`, `event_title`, `event_description`, `start_date`, `end_date`, `event_type`, `event_color`, `event_for`, `role_id`, `is_active`, `created_at`) VALUES (251, 'Patient Data Monitoring', '', '2023-08-02 00:00:00', '2023-08-02 00:00:00', 'task', '#000', '1', 7, 'yes', '2023-08-02 05:44:36');
INSERT INTO `events` (`id`, `event_title`, `event_description`, `start_date`, `end_date`, `event_type`, `event_color`, `event_for`, `role_id`, `is_active`, `created_at`) VALUES (252, 'FREE BLOOD PRESSURE AND SUGAR SCREENING', '', '2023-08-27 00:00:00', '2023-08-27 00:00:00', 'task', '#000', '1', 7, 'yes', '2023-08-02 05:45:07');
INSERT INTO `events` (`id`, `event_title`, `event_description`, `start_date`, `end_date`, `event_type`, `event_color`, `event_for`, `role_id`, `is_active`, `created_at`) VALUES (253, 'Doctors Meeting', '', '2023-08-14 00:00:00', '2023-08-14 00:00:00', 'task', '#000', '1', 7, 'yes', '2023-08-02 05:48:48');
INSERT INTO `events` (`id`, `event_title`, `event_description`, `start_date`, `end_date`, `event_type`, `event_color`, `event_for`, `role_id`, `is_active`, `created_at`) VALUES (254, 'Doctors Meeting With Patients', '', '2023-08-12 00:00:00', '2023-08-12 00:00:00', 'task', '#000', '1', 7, 'yes', '2023-08-02 05:49:05');
INSERT INTO `events` (`id`, `event_title`, `event_description`, `start_date`, `end_date`, `event_type`, `event_color`, `event_for`, `role_id`, `is_active`, `created_at`) VALUES (255, 'Doctors Meeting With Patients', '', '2023-08-12 00:00:00', '2023-08-12 00:00:00', 'task', '#000', '2', 3, 'no', '2023-08-02 05:49:55');
INSERT INTO `events` (`id`, `event_title`, `event_description`, `start_date`, `end_date`, `event_type`, `event_color`, `event_for`, `role_id`, `is_active`, `created_at`) VALUES (256, 'Free dental treatment', 'Free dental treatment for poor people that include simple extractions, temporary fillings and other few treatments.', '2023-08-27 10:00:00', '2023-08-31 18:00:00', 'public', '#d81b60', '0', NULL, '', '2023-08-02 05:55:55');
INSERT INTO `events` (`id`, `event_title`, `event_description`, `start_date`, `end_date`, `event_type`, `event_color`, `event_for`, `role_id`, `is_active`, `created_at`) VALUES (257, 'Independence Day', 'Independence Day 2023 theme for this year will be \"Nation First, Always First\". will be held within the framework of events belonging to \"Azadi ka Amrit Mohatsav\".', '2023-08-15 00:00:00', '2023-08-15 00:00:00', 'public', '#337ab7', '0', NULL, '', '2023-08-02 05:57:22');
INSERT INTO `events` (`id`, `event_title`, `event_description`, `start_date`, `end_date`, `event_type`, `event_color`, `event_for`, `role_id`, `is_active`, `created_at`) VALUES (258, 'Raksha Bandhan Celebration', 'Raksha Bandhan is a popular and traditionally Hindu annual rite or ceremony that is central to a festival of the same name celebrated in South Asia', '2023-08-30 07:00:00', '2023-08-31 23:00:00', 'public', '#c53da9', '0', NULL, '', '2023-08-02 06:05:50');
INSERT INTO `events` (`id`, `event_title`, `event_description`, `start_date`, `end_date`, `event_type`, `event_color`, `event_for`, `role_id`, `is_active`, `created_at`) VALUES (259, 'Operation meeting with all doctor\'s', '', '2023-08-10 00:00:00', '2023-08-10 00:00:00', 'task', '#000', '2', 3, 'yes', '2023-08-02 06:07:58');
INSERT INTO `events` (`id`, `event_title`, `event_description`, `start_date`, `end_date`, `event_type`, `event_color`, `event_for`, `role_id`, `is_active`, `created_at`) VALUES (260, 'Doctors Meeting With Patients', '', '2023-09-05 00:00:00', '2023-09-05 00:00:00', 'task', '#000', '1', 7, 'yes', '2023-09-02 08:27:10');
INSERT INTO `events` (`id`, `event_title`, `event_description`, `start_date`, `end_date`, `event_type`, `event_color`, `event_for`, `role_id`, `is_active`, `created_at`) VALUES (261, 'Patient Data Collection', '', '2023-09-02 00:00:00', '2023-09-02 00:00:00', 'task', '#000', '1', 7, 'yes', '2023-09-02 08:27:22');
INSERT INTO `events` (`id`, `event_title`, `event_description`, `start_date`, `end_date`, `event_type`, `event_color`, `event_for`, `role_id`, `is_active`, `created_at`) VALUES (262, 'FREE BLOOD PRESSURE AND SUGAR SCREENING', '', '2023-09-24 00:00:00', '2023-09-24 00:00:00', 'task', '#000', '1', 7, 'yes', '2023-09-02 08:27:57');
INSERT INTO `events` (`id`, `event_title`, `event_description`, `start_date`, `end_date`, `event_type`, `event_color`, `event_for`, `role_id`, `is_active`, `created_at`) VALUES (263, 'World Rabies Day', 'September 28 is World Rabies Day, a global health observance started in 2007 to raise awareness about the world\'s deadliest infectious disease and bring together partners to enhance prevention and control efforts worldwide.', '2023-09-28 00:00:00', '2023-09-28 23:00:00', 'public', '#8e24aa', '0', NULL, '', '2023-09-02 09:09:23');
INSERT INTO `events` (`id`, `event_title`, `event_description`, `start_date`, `end_date`, `event_type`, `event_color`, `event_for`, `role_id`, `is_active`, `created_at`) VALUES (264, 'Krishna Janmashtami', 'The birthday of Lord Krishna is celebrated with great fervor and zeal in India in August or September. As per Hindu Calendar, this festival is celebrated on the 8th day of the dark fortnight which is called as Ashtami of Krishna Paksh.', '2023-09-06 00:00:00', '2023-09-07 23:00:00', 'public', '#fb8c00', '0', NULL, '', '2023-09-02 09:10:59');
INSERT INTO `events` (`id`, `event_title`, `event_description`, `start_date`, `end_date`, `event_type`, `event_color`, `event_for`, `role_id`, `is_active`, `created_at`) VALUES (265, 'World Patient Safety Day', 'World Patient Safety Day calls for global solidarity and concerted action by all countries and international partners to improve patient safety.', '2023-09-17 00:00:00', '2023-09-17 11:00:00', 'public', '#c53da9', '0', NULL, '', '2023-09-02 09:15:52');
INSERT INTO `events` (`id`, `event_title`, `event_description`, `start_date`, `end_date`, `event_type`, `event_color`, `event_for`, `role_id`, `is_active`, `created_at`) VALUES (266, 'World Heart Day', 'World Heart Day, annual observance and celebration held on September 29 that is intended to increase public awareness of cardiovascular diseases, including their prevention and their global impact.', '2023-09-29 00:00:00', '2023-09-29 23:00:00', 'public', '#fb3b3b', '0', NULL, '', '2023-09-02 09:16:34');
INSERT INTO `events` (`id`, `event_title`, `event_description`, `start_date`, `end_date`, `event_type`, `event_color`, `event_for`, `role_id`, `is_active`, `created_at`) VALUES (267, 'Patient Clinical Investigation', '', '2023-09-01 00:00:00', '2023-09-01 00:00:00', 'task', '#000', '1', 7, 'yes', '2023-09-02 09:16:53');
INSERT INTO `events` (`id`, `event_title`, `event_description`, `start_date`, `end_date`, `event_type`, `event_color`, `event_for`, `role_id`, `is_active`, `created_at`) VALUES (268, 'Free Dental Treatment', 'Free dental treatment for poor people that include simple extractions, temporary fillings and other few treatments.', '2023-09-10 10:30:00', '2023-09-16 19:00:00', 'public', '#7cb342', '0', NULL, '', '2023-09-02 09:21:01');
INSERT INTO `events` (`id`, `event_title`, `event_description`, `start_date`, `end_date`, `event_type`, `event_color`, `event_for`, `role_id`, `is_active`, `created_at`) VALUES (269, 'Ganesh Chaturthi', 'Ganesh Chaturthi, a Hindu festival dedicated to Lord Ganesha, is 10-day festival, which commemorates the birth of Lord Ganesha, will be observed from September 19 to September 28. Here\'s all you need to know about Ganeshotsav 2023.', '2023-09-19 00:00:00', '2023-09-19 00:00:00', 'public', '#fb8c00', '0', NULL, '', '2023-09-02 09:23:13');
INSERT INTO `events` (`id`, `event_title`, `event_description`, `start_date`, `end_date`, `event_type`, `event_color`, `event_for`, `role_id`, `is_active`, `created_at`) VALUES (270, 'Patient Regular Health  Check -up', 'Patient Regular Health  Check -up', '2023-09-03 10:00:00', '2023-09-09 21:00:00', 'public', '#8e24aa', '0', NULL, '', '2023-09-02 09:24:23');
INSERT INTO `events` (`id`, `event_title`, `event_description`, `start_date`, `end_date`, `event_type`, `event_color`, `event_for`, `role_id`, `is_active`, `created_at`) VALUES (271, 'Free eyes Check-up', 'The objective of this camp was to spread awareness on eye disorders, early detection of ailments, and to detect refractive errors and provide corrective glasses free of cost to the underprivileged communities.', '2023-09-18 10:00:00', '2023-09-23 20:00:00', 'public', '#fb3b3b', '0', NULL, '', '2023-09-02 09:25:35');
INSERT INTO `events` (`id`, `event_title`, `event_description`, `start_date`, `end_date`, `event_type`, `event_color`, `event_for`, `role_id`, `is_active`, `created_at`) VALUES (272, 'Nursing Meeting', '', '2023-09-30 00:00:00', '2023-09-30 00:00:00', 'task', '#000', '1', 7, 'yes', '2023-09-02 09:25:52');
INSERT INTO `events` (`id`, `event_title`, `event_description`, `start_date`, `end_date`, `event_type`, `event_color`, `event_for`, `role_id`, `is_active`, `created_at`) VALUES (273, 'Doctors Meeting', '', '2023-09-25 00:00:00', '2023-09-25 00:00:00', 'task', '#000', '1', 7, 'yes', '2023-09-02 09:26:04');
INSERT INTO `events` (`id`, `event_title`, `event_description`, `start_date`, `end_date`, `event_type`, `event_color`, `event_for`, `role_id`, `is_active`, `created_at`) VALUES (274, 'Patient Data Monitoring', '', '2023-09-27 00:00:00', '2023-09-27 00:00:00', 'task', '#000', '1', 7, 'yes', '2023-09-02 09:26:45');
INSERT INTO `events` (`id`, `event_title`, `event_description`, `start_date`, `end_date`, `event_type`, `event_color`, `event_for`, `role_id`, `is_active`, `created_at`) VALUES (275, 'Blood Pressure Treatment Campaign', 'The two classes of medication are both recommended as \"first-line\" treatments for high blood pressure: angiotensin-converting enzyme (ACE) inhibitors and angiotensin receptor blockers (ARBs).', '2023-09-24 10:00:00', '2023-09-30 19:00:00', 'public', '#fb8c00', '0', NULL, '', '2023-09-02 09:29:00');
INSERT INTO `events` (`id`, `event_title`, `event_description`, `start_date`, `end_date`, `event_type`, `event_color`, `event_for`, `role_id`, `is_active`, `created_at`) VALUES (276, 'New Pharmacy Medicine data collection', '', '2023-09-05 00:00:00', '2023-09-05 00:00:00', 'task', '#000', '13', 4, 'yes', '2023-09-04 06:07:22');
INSERT INTO `events` (`id`, `event_title`, `event_description`, `start_date`, `end_date`, `event_type`, `event_color`, `event_for`, `role_id`, `is_active`, `created_at`) VALUES (277, 'Clinical Investigation', '', '2023-10-01 00:00:00', '2023-10-01 00:00:00', 'task', '#000', '1', 7, 'yes', '2023-10-04 08:02:39');
INSERT INTO `events` (`id`, `event_title`, `event_description`, `start_date`, `end_date`, `event_type`, `event_color`, `event_for`, `role_id`, `is_active`, `created_at`) VALUES (278, 'Doctors Meeting With Patients', '', '2023-10-05 00:00:00', '2023-10-05 00:00:00', 'task', '#000', '1', 7, 'yes', '2023-10-04 08:11:21');
INSERT INTO `events` (`id`, `event_title`, `event_description`, `start_date`, `end_date`, `event_type`, `event_color`, `event_for`, `role_id`, `is_active`, `created_at`) VALUES (279, 'Patient Data Collection', '', '2023-10-04 00:00:00', '2023-10-04 00:00:00', 'task', '#000', '1', 7, 'yes', '2023-10-04 08:11:35');
INSERT INTO `events` (`id`, `event_title`, `event_description`, `start_date`, `end_date`, `event_type`, `event_color`, `event_for`, `role_id`, `is_active`, `created_at`) VALUES (280, 'FREE BLOOD PRESSURE AND SUGAR SCREENING', '', '2023-10-18 00:00:00', '2023-10-18 00:00:00', 'task', '#000', '1', 7, 'yes', '2023-10-04 08:11:51');
INSERT INTO `events` (`id`, `event_title`, `event_description`, `start_date`, `end_date`, `event_type`, `event_color`, `event_for`, `role_id`, `is_active`, `created_at`) VALUES (281, 'Patient Regular Health  Check -up', 'Patient Regular Health  Check -up', '2023-10-08 10:00:00', '2023-10-15 19:00:00', 'public', '#fb8c00', '0', NULL, '', '2023-10-04 08:16:39');
INSERT INTO `events` (`id`, `event_title`, `event_description`, `start_date`, `end_date`, `event_type`, `event_color`, `event_for`, `role_id`, `is_active`, `created_at`) VALUES (282, 'Free Dental Treatment', 'Free dental treatment for poor people that include simple extractions, temporary fillings and other few treatments.', '2023-10-01 10:00:00', '2023-10-07 19:00:00', 'public', '#d81b60', '0', NULL, '', '2023-10-04 08:20:50');
INSERT INTO `events` (`id`, `event_title`, `event_description`, `start_date`, `end_date`, `event_type`, `event_color`, `event_for`, `role_id`, `is_active`, `created_at`) VALUES (283, 'Gandhi Jayanti', 'India celebrates 154th birth anniversary of Mahatma Gandhi. Today, India observes Gandhi Jayanti in observance of Mahatma Gandhi\'s birth anniversary. In addition to being celebrated as an international day of nonviolence on October 2, it is a national holiday in India.', '2023-10-02 00:00:00', '2023-10-02 00:00:00', 'public', '#337ab7', '0', NULL, '', '2023-10-04 08:22:54');
INSERT INTO `events` (`id`, `event_title`, `event_description`, `start_date`, `end_date`, `event_type`, `event_color`, `event_for`, `role_id`, `is_active`, `created_at`) VALUES (284, 'Blood Pressure Treatment Campaign', 'The two classes of medication are both recommended as \"first-line\" treatments for high blood pressure: angiotensin-converting enzyme (ACE) inhibitors and angiotensin receptor blockers (ARBs).', '2023-10-22 10:00:00', '2023-10-28 19:00:00', 'public', '#fb3b3b', '0', NULL, '', '2023-10-04 08:25:08');
INSERT INTO `events` (`id`, `event_title`, `event_description`, `start_date`, `end_date`, `event_type`, `event_color`, `event_for`, `role_id`, `is_active`, `created_at`) VALUES (285, 'Free eyes Check-up', 'The objective of this camp was to spread awareness on eye disorders, early detection of ailments, and to detect refractive errors and provide corrective glasses free of cost to the underprivileged communities.', '2023-10-16 10:30:00', '2023-10-21 18:00:00', 'public', '#7cb342', '0', NULL, '', '2023-10-04 08:25:56');
INSERT INTO `events` (`id`, `event_title`, `event_description`, `start_date`, `end_date`, `event_type`, `event_color`, `event_for`, `role_id`, `is_active`, `created_at`) VALUES (286, 'National Unity Day', 'National Unity Day is celebrated every year on 31st October to commemorate the birth anniversary of Sardar Vallabhbhai Patel. It is also known as Rashtriya Ekta Diwas.', '2023-10-31 00:00:00', '2023-10-31 00:00:00', 'public', '#c53da9', '0', NULL, '', '2023-10-04 08:27:47');
INSERT INTO `events` (`id`, `event_title`, `event_description`, `start_date`, `end_date`, `event_type`, `event_color`, `event_for`, `role_id`, `is_active`, `created_at`) VALUES (287, 'Staff Meeting', '', '2023-10-30 00:00:00', '2023-10-30 00:00:00', 'task', '#000', '1', 7, 'yes', '2023-10-04 08:28:28');
INSERT INTO `events` (`id`, `event_title`, `event_description`, `start_date`, `end_date`, `event_type`, `event_color`, `event_for`, `role_id`, `is_active`, `created_at`) VALUES (288, 'Clinical Investigation', '', '2023-11-01 00:00:00', '2023-11-01 00:00:00', 'task', '#000', '1', 7, 'yes', '2023-11-03 04:42:41');
INSERT INTO `events` (`id`, `event_title`, `event_description`, `start_date`, `end_date`, `event_type`, `event_color`, `event_for`, `role_id`, `is_active`, `created_at`) VALUES (289, 'Patient Clinical Investigation', '', '2023-11-05 00:00:00', '2023-11-05 00:00:00', 'task', '#000', '1', 7, 'yes', '2023-11-03 04:42:57');
INSERT INTO `events` (`id`, `event_title`, `event_description`, `start_date`, `end_date`, `event_type`, `event_color`, `event_for`, `role_id`, `is_active`, `created_at`) VALUES (290, 'Doctors Meeting', '', '2023-11-10 00:00:00', '2023-11-10 00:00:00', 'task', '#000', '1', 7, 'yes', '2023-11-03 04:43:08');
INSERT INTO `events` (`id`, `event_title`, `event_description`, `start_date`, `end_date`, `event_type`, `event_color`, `event_for`, `role_id`, `is_active`, `created_at`) VALUES (291, 'Patient Data Monitoring', '', '2023-11-18 00:00:00', '2023-11-18 00:00:00', 'task', '#000', '1', 7, 'yes', '2023-11-03 04:43:26');
INSERT INTO `events` (`id`, `event_title`, `event_description`, `start_date`, `end_date`, `event_type`, `event_color`, `event_for`, `role_id`, `is_active`, `created_at`) VALUES (292, 'FREE BLOOD PRESSURE AND SUGAR SCREENING', '', '2023-11-22 00:00:00', '2023-11-22 00:00:00', 'task', '#000', '1', 7, 'yes', '2023-11-03 04:43:43');
INSERT INTO `events` (`id`, `event_title`, `event_description`, `start_date`, `end_date`, `event_type`, `event_color`, `event_for`, `role_id`, `is_active`, `created_at`) VALUES (293, 'Staff Meeting', '', '2023-11-26 00:00:00', '2023-11-26 00:00:00', 'task', '#000', '1', 7, 'yes', '2023-11-03 04:43:55');
INSERT INTO `events` (`id`, `event_title`, `event_description`, `start_date`, `end_date`, `event_type`, `event_color`, `event_for`, `role_id`, `is_active`, `created_at`) VALUES (294, 'Free eyes Check-up', 'The objective of this camp was to spread awareness on eye disorders, early detection of ailments, and to detect refractive errors and provide corrective glasses free of cost to the underprivileged communities.', '2023-11-19 10:00:00', '2023-11-25 19:00:00', 'public', '#d81b60', '0', NULL, '', '2023-11-03 04:47:17');
INSERT INTO `events` (`id`, `event_title`, `event_description`, `start_date`, `end_date`, `event_type`, `event_color`, `event_for`, `role_id`, `is_active`, `created_at`) VALUES (295, 'Blood Pressure Treatment Campaign', 'The two classes of medication are both recommended as \"first-line\" treatments for high blood pressure: angiotensin-converting enzyme (ACE) inhibitors and angiotensin receptor blockers (ARBs).', '2023-11-26 10:00:00', '2023-11-30 18:00:00', 'public', '#fb3b3b', '0', NULL, '', '2023-11-03 04:48:16');
INSERT INTO `events` (`id`, `event_title`, `event_description`, `start_date`, `end_date`, `event_type`, `event_color`, `event_for`, `role_id`, `is_active`, `created_at`) VALUES (296, 'Free Dental Treatment', 'Free dental treatment for poor people that include simple extractions, temporary fillings and other few treatments.', '2023-11-05 10:00:00', '2023-11-11 18:00:00', 'public', '#337ab7', '0', NULL, '', '2023-11-03 04:49:15');
INSERT INTO `events` (`id`, `event_title`, `event_description`, `start_date`, `end_date`, `event_type`, `event_color`, `event_for`, `role_id`, `is_active`, `created_at`) VALUES (297, 'Patient Regular Health  Check -up', 'Patient Regular Health  Check -up', '2023-11-12 10:00:00', '2023-11-18 18:00:00', 'public', '#fb8c00', '0', NULL, '', '2023-11-03 04:50:09');
INSERT INTO `events` (`id`, `event_title`, `event_description`, `start_date`, `end_date`, `event_type`, `event_color`, `event_for`, `role_id`, `is_active`, `created_at`) VALUES (298, 'Diwali Celebration', ' May Lord bless you with health and happiness and all your ventures fulfilled. Wishing you and family a very Happy Diwali! On this auspicious occasion, may joy, prosperity, and happiness illuminate your life and your home.', '2023-08-11 00:00:00', '2023-08-13 23:00:00', 'public', '#d81b60', '0', NULL, '', '2023-11-03 04:58:25');
INSERT INTO `events` (`id`, `event_title`, `event_description`, `start_date`, `end_date`, `event_type`, `event_color`, `event_for`, `role_id`, `is_active`, `created_at`) VALUES (299, 'Diwali Celebration', 'May Lord bless you with health and happiness and all your ventures fulfilled. Wishing you and family a very Happy Diwali! On this auspicious occasion, may joy, prosperity, and happiness illuminate your life and your home.', '2023-11-11 00:00:00', '2023-11-13 23:00:00', 'public', '#7cb342', '0', NULL, '', '2023-11-03 05:03:23');
INSERT INTO `events` (`id`, `event_title`, `event_description`, `start_date`, `end_date`, `event_type`, `event_color`, `event_for`, `role_id`, `is_active`, `created_at`) VALUES (302, 'Patient Data Collection', '', '2023-12-01 00:00:00', '2023-12-01 00:00:00', 'task', '#000', '1', 7, 'yes', '2023-12-02 11:03:20');
INSERT INTO `events` (`id`, `event_title`, `event_description`, `start_date`, `end_date`, `event_type`, `event_color`, `event_for`, `role_id`, `is_active`, `created_at`) VALUES (303, 'Clinical Investigation', '', '2023-12-02 00:00:00', '2023-12-02 00:00:00', 'task', '#000', '1', 7, 'yes', '2023-12-02 11:03:33');
INSERT INTO `events` (`id`, `event_title`, `event_description`, `start_date`, `end_date`, `event_type`, `event_color`, `event_for`, `role_id`, `is_active`, `created_at`) VALUES (304, 'Patient Data Monitoring', '', '2023-12-05 00:00:00', '2023-12-05 00:00:00', 'task', '#000', '1', 7, 'yes', '2023-12-02 11:03:43');
INSERT INTO `events` (`id`, `event_title`, `event_description`, `start_date`, `end_date`, `event_type`, `event_color`, `event_for`, `role_id`, `is_active`, `created_at`) VALUES (305, 'Nursing Meeting', '', '2023-12-10 00:00:00', '2023-12-10 00:00:00', 'task', '#000', '1', 7, 'yes', '2023-12-02 11:03:56');
INSERT INTO `events` (`id`, `event_title`, `event_description`, `start_date`, `end_date`, `event_type`, `event_color`, `event_for`, `role_id`, `is_active`, `created_at`) VALUES (306, 'Doctors Meeting With Patients', '', '2023-12-15 00:00:00', '2023-12-15 00:00:00', 'task', '#000', '1', 7, 'yes', '2023-12-02 11:04:09');
INSERT INTO `events` (`id`, `event_title`, `event_description`, `start_date`, `end_date`, `event_type`, `event_color`, `event_for`, `role_id`, `is_active`, `created_at`) VALUES (307, 'Staff Meeting', '', '2023-12-20 00:00:00', '2023-12-20 00:00:00', 'task', '#000', '1', 7, 'yes', '2023-12-02 11:04:21');
INSERT INTO `events` (`id`, `event_title`, `event_description`, `start_date`, `end_date`, `event_type`, `event_color`, `event_for`, `role_id`, `is_active`, `created_at`) VALUES (308, 'Free Dental Treatment', 'Free dental treatment for poor people that include simple extractions, temporary fillings and other few treatments.', '2023-12-03 10:00:00', '2023-12-09 18:00:00', 'public', '#337ab7', '0', NULL, '', '2023-12-02 11:14:34');
INSERT INTO `events` (`id`, `event_title`, `event_description`, `start_date`, `end_date`, `event_type`, `event_color`, `event_for`, `role_id`, `is_active`, `created_at`) VALUES (309, 'Patient Regular Health  Check -up', 'Patient Regular Health  Check -up', '2023-12-10 10:00:00', '2023-12-16 18:00:00', 'public', '#d81b60', '0', NULL, '', '2023-12-02 11:15:01');
INSERT INTO `events` (`id`, `event_title`, `event_description`, `start_date`, `end_date`, `event_type`, `event_color`, `event_for`, `role_id`, `is_active`, `created_at`) VALUES (310, 'Christmas Day', 'Christmas is an annual festival commemorating the birth of Jesus Christ, primarily observed on December 25 as a religious and cultural celebration among billions of people around the world.', '2023-12-24 00:00:00', '2023-12-25 23:00:00', 'public', '#fb8c00', '0', NULL, '', '2023-12-02 11:24:34');
INSERT INTO `events` (`id`, `event_title`, `event_description`, `start_date`, `end_date`, `event_type`, `event_color`, `event_for`, `role_id`, `is_active`, `created_at`) VALUES (311, 'Blood Pressure Treatment Campaign', 'The two classes of medication are both recommended as \"first-line\" treatments for high blood pressure: angiotensin-converting enzyme (ACE) inhibitors and angiotensin receptor blockers (ARBs).', '2023-12-17 10:00:00', '2023-12-23 18:00:00', 'public', '#8e24aa', '0', NULL, '', '2023-12-02 11:34:13');
INSERT INTO `events` (`id`, `event_title`, `event_description`, `start_date`, `end_date`, `event_type`, `event_color`, `event_for`, `role_id`, `is_active`, `created_at`) VALUES (312, 'Free Dental Treatment', 'Free dental treatment for poor people that include simple extractions, temporary fillings and other few treatments.', '2023-12-24 10:00:00', '2023-12-31 18:00:00', 'public', '#7cb342', '0', NULL, '', '2023-12-02 11:35:25');
INSERT INTO `events` (`id`, `event_title`, `event_description`, `start_date`, `end_date`, `event_type`, `event_color`, `event_for`, `role_id`, `is_active`, `created_at`) VALUES (313, 'Full Body Check-up', '', '2023-12-05 00:00:00', '2023-12-05 00:00:00', 'task', '#000', '1', NULL, 'yes', '2023-12-04 05:20:18');
INSERT INTO `events` (`id`, `event_title`, `event_description`, `start_date`, `end_date`, `event_type`, `event_color`, `event_for`, `role_id`, `is_active`, `created_at`) VALUES (314, 'Regular checkup before 15th  December', '', '2023-12-10 00:00:00', '2023-12-10 00:00:00', 'task', '#000', '1', NULL, 'yes', '2023-12-04 05:20:39');
INSERT INTO `events` (`id`, `event_title`, `event_description`, `start_date`, `end_date`, `event_type`, `event_color`, `event_for`, `role_id`, `is_active`, `created_at`) VALUES (315, 'Skin check-up done', '', '2023-12-01 00:00:00', '2023-12-01 00:00:00', 'task', '#000', '1', NULL, 'yes', '2023-12-04 05:21:05');
INSERT INTO `events` (`id`, `event_title`, `event_description`, `start_date`, `end_date`, `event_type`, `event_color`, `event_for`, `role_id`, `is_active`, `created_at`) VALUES (316, 'Patient Data Monitoring', '', '2024-01-01 00:00:00', '2024-01-01 00:00:00', 'task', '#000', '1', 7, 'yes', '2024-01-03 04:51:16');
INSERT INTO `events` (`id`, `event_title`, `event_description`, `start_date`, `end_date`, `event_type`, `event_color`, `event_for`, `role_id`, `is_active`, `created_at`) VALUES (317, 'Clinical Investigation', '', '2024-01-03 00:00:00', '2024-01-03 00:00:00', 'task', '#000', '1', 7, 'yes', '2024-01-03 04:51:27');
INSERT INTO `events` (`id`, `event_title`, `event_description`, `start_date`, `end_date`, `event_type`, `event_color`, `event_for`, `role_id`, `is_active`, `created_at`) VALUES (318, 'Staff Meeting', '', '2024-01-10 00:00:00', '2024-01-10 00:00:00', 'task', '#000', '1', 7, 'yes', '2024-01-03 04:51:43');
INSERT INTO `events` (`id`, `event_title`, `event_description`, `start_date`, `end_date`, `event_type`, `event_color`, `event_for`, `role_id`, `is_active`, `created_at`) VALUES (319, 'Doctors Meeting With Patients', '', '2024-01-15 00:00:00', '2024-01-15 00:00:00', 'task', '#000', '1', 7, 'yes', '2024-01-03 04:51:58');
INSERT INTO `events` (`id`, `event_title`, `event_description`, `start_date`, `end_date`, `event_type`, `event_color`, `event_for`, `role_id`, `is_active`, `created_at`) VALUES (320, 'Wear a mask properly (NOTIFICATION TO ALL STAFF AND PATIENT).', '', '2024-01-12 00:00:00', '2024-01-12 00:00:00', 'task', '#000', '1', 7, 'yes', '2024-01-03 04:52:23');
INSERT INTO `events` (`id`, `event_title`, `event_description`, `start_date`, `end_date`, `event_type`, `event_color`, `event_for`, `role_id`, `is_active`, `created_at`) VALUES (321, 'Happy New Year...!', 'Wishing you a year ahead that\'s as bright and hopeful as a sunrise.', '2024-01-01 00:00:00', '2024-01-01 00:00:00', 'public', '#fb8c00', '0', NULL, '', '2024-01-03 04:55:20');
INSERT INTO `events` (`id`, `event_title`, `event_description`, `start_date`, `end_date`, `event_type`, `event_color`, `event_for`, `role_id`, `is_active`, `created_at`) VALUES (322, 'Free Dental Treatment', 'Free dental treatment for poor people that include simple extractions, temporary fillings and other few treatments.', '2024-01-01 10:00:00', '2024-01-07 18:00:00', 'public', '#8e24aa', '0', NULL, '', '2024-01-03 04:56:08');
INSERT INTO `events` (`id`, `event_title`, `event_description`, `start_date`, `end_date`, `event_type`, `event_color`, `event_for`, `role_id`, `is_active`, `created_at`) VALUES (323, 'Patient Regular Health  Check -up', 'Patient Regular Health  Check -up', '2024-01-08 11:00:00', '2024-01-14 17:00:00', 'public', '#d81b60', '0', NULL, '', '2024-01-03 04:56:54');
INSERT INTO `events` (`id`, `event_title`, `event_description`, `start_date`, `end_date`, `event_type`, `event_color`, `event_for`, `role_id`, `is_active`, `created_at`) VALUES (324, 'Blood Pressure Treatment Campaign', 'The two classes of medication are both recommended as \"first-line\" treatments for high blood pressure: angiotensin-converting enzyme (ACE) inhibitors and angiotensin receptor blockers (ARBs).', '2024-01-21 11:00:00', '2024-01-28 17:00:00', 'public', '#fb8c00', '0', NULL, '', '2024-01-03 04:58:02');
INSERT INTO `events` (`id`, `event_title`, `event_description`, `start_date`, `end_date`, `event_type`, `event_color`, `event_for`, `role_id`, `is_active`, `created_at`) VALUES (325, 'Nursing Meeting', '', '2024-01-05 00:00:00', '2024-01-05 00:00:00', 'task', '#000', '1', 7, 'yes', '2024-01-03 04:58:22');
INSERT INTO `events` (`id`, `event_title`, `event_description`, `start_date`, `end_date`, `event_type`, `event_color`, `event_for`, `role_id`, `is_active`, `created_at`) VALUES (326, 'Republic Day', ' India marks and celebrates the date on which the Constitution of India came into effect on 26 January 1950.', '2024-01-26 00:00:00', '2024-01-26 00:00:00', 'public', '#337ab7', '0', NULL, '', '2024-01-03 04:59:44');
INSERT INTO `events` (`id`, `event_title`, `event_description`, `start_date`, `end_date`, `event_type`, `event_color`, `event_for`, `role_id`, `is_active`, `created_at`) VALUES (327, 'Free eyes Check-up', 'The objective of this camp was to spread awareness on eye disorders, early detection of ailments, and to detect refractive errors and provide corrective glasses free of cost to the underprivileged communities.', '2024-01-16 11:00:00', '2024-01-20 18:00:00', 'public', '#7cb342', '0', NULL, '', '2024-01-03 05:05:30');
INSERT INTO `events` (`id`, `event_title`, `event_description`, `start_date`, `end_date`, `event_type`, `event_color`, `event_for`, `role_id`, `is_active`, `created_at`) VALUES (328, 'National Youth Day', 'National Youth Day, also known as Vivekananda Jayanti, is celebrated on 12 January,', '2024-01-12 00:00:00', '2024-01-12 00:00:00', 'public', '#c53da9', '0', NULL, '', '2024-01-03 05:06:07');
INSERT INTO `events` (`id`, `event_title`, `event_description`, `start_date`, `end_date`, `event_type`, `event_color`, `event_for`, `role_id`, `is_active`, `created_at`) VALUES (329, 'Makar Sankranti', 'Makar Sankranti, also referred to as Uttarayana, Makar, or simply Sankranti, is a Hindu observance and a festival. Usually falling on the date of January 14 annually,', '2024-01-15 00:00:00', '2024-01-15 00:00:00', 'public', '#fb3b3b', '0', NULL, '', '2024-01-03 05:07:07');
INSERT INTO `events` (`id`, `event_title`, `event_description`, `start_date`, `end_date`, `event_type`, `event_color`, `event_for`, `role_id`, `is_active`, `created_at`) VALUES (330, 'Staff Meeting', '', '2024-01-30 00:00:00', '2024-01-30 00:00:00', 'task', '#000', '1', 7, 'yes', '2024-01-03 05:07:29');
INSERT INTO `events` (`id`, `event_title`, `event_description`, `start_date`, `end_date`, `event_type`, `event_color`, `event_for`, `role_id`, `is_active`, `created_at`) VALUES (331, 'Toothache Day', 'National Toothache Day, observed on February 9 which serves as a reminder of the overall importance and benefits of good oral hygiene.', '2024-02-09 00:00:00', '2024-02-09 00:00:00', 'public', '#757575', '0', NULL, '', '2024-02-01 05:15:18');
INSERT INTO `events` (`id`, `event_title`, `event_description`, `start_date`, `end_date`, `event_type`, `event_color`, `event_for`, `role_id`, `is_active`, `created_at`) VALUES (332, 'National Donor Day', 'World Blood Donor Day is celebrated every year by people around the world on June 14. It is celebrated on the birthday anniversary of Karl Landsteiner on June 14, 1868. Landsteiner was awarded the Nobel Prize for his discovery of the ABO blood group system.', '2024-02-14 00:00:00', '2024-02-14 00:00:00', 'public', '#d81b60', '0', NULL, '', '2024-02-01 05:17:08');
INSERT INTO `events` (`id`, `event_title`, `event_description`, `start_date`, `end_date`, `event_type`, `event_color`, `event_for`, `role_id`, `is_active`, `created_at`) VALUES (333, 'National Heart Valve Disease Awareness Day', 'The annual awareness day on February 22 aims to increase recognition of the specific risks and symptoms of heart valve disease, improve detection and treatment, and ultimately save lives.', '2024-02-22 00:00:00', '2024-02-22 00:00:00', 'public', '#7cb342', '0', NULL, '', '2024-02-01 05:18:15');
INSERT INTO `events` (`id`, `event_title`, `event_description`, `start_date`, `end_date`, `event_type`, `event_color`, `event_for`, `role_id`, `is_active`, `created_at`) VALUES (334, 'Patient Regular Health  Check -up', 'Patient Regular Health  Check -up', '2024-02-04 10:00:00', '2024-02-10 17:00:00', 'public', '#337ab7', '0', NULL, '', '2024-02-01 05:20:04');
INSERT INTO `events` (`id`, `event_title`, `event_description`, `start_date`, `end_date`, `event_type`, `event_color`, `event_for`, `role_id`, `is_active`, `created_at`) VALUES (335, 'Rare Disease Day', 'Rare Disease Day is a global initiative to raise awareness and generate support for everyone who is on a rare medical journey. It takes place on the last day of February, which this year is February 29th, the rarest day of the year.', '2024-02-29 00:00:00', '2024-02-29 00:00:00', 'public', '#fb8c00', '0', NULL, '', '2024-02-01 05:20:18');
INSERT INTO `events` (`id`, `event_title`, `event_description`, `start_date`, `end_date`, `event_type`, `event_color`, `event_for`, `role_id`, `is_active`, `created_at`) VALUES (336, 'Healthy lifestyle awareness Month', 'February is Healthy Lifestyle Awareness month a month dedicated to highlighting the importance of healthy living through good nutrition and regular exercise.', '2024-02-12 00:00:00', '2024-02-16 00:00:00', 'public', '#c53da9', '0', NULL, '', '2024-02-01 05:23:10');
INSERT INTO `events` (`id`, `event_title`, `event_description`, `start_date`, `end_date`, `event_type`, `event_color`, `event_for`, `role_id`, `is_active`, `created_at`) VALUES (337, 'Doctors Meeting With Patients', '', '2024-02-17 00:00:00', '2024-02-17 00:00:00', 'task', '#000', '1', 7, 'yes', '2024-02-01 05:25:27');
INSERT INTO `events` (`id`, `event_title`, `event_description`, `start_date`, `end_date`, `event_type`, `event_color`, `event_for`, `role_id`, `is_active`, `created_at`) VALUES (338, 'Doctors Meeting', '', '2024-02-20 00:00:00', '2024-02-20 00:00:00', 'task', '#000', '1', 7, 'yes', '2024-02-01 05:25:51');
INSERT INTO `events` (`id`, `event_title`, `event_description`, `start_date`, `end_date`, `event_type`, `event_color`, `event_for`, `role_id`, `is_active`, `created_at`) VALUES (339, 'FREE BLOOD PRESSURE AND SUGAR SCREENING', '', '2024-02-25 00:00:00', '2024-02-25 00:00:00', 'task', '#000', '1', 7, 'yes', '2024-02-01 05:26:51');
INSERT INTO `events` (`id`, `event_title`, `event_description`, `start_date`, `end_date`, `event_type`, `event_color`, `event_for`, `role_id`, `is_active`, `created_at`) VALUES (341, 'Clinical Investigation', '', '2024-02-28 00:00:00', '2024-02-28 00:00:00', 'task', '#000', '1', 7, 'yes', '2024-02-01 05:27:57');
INSERT INTO `events` (`id`, `event_title`, `event_description`, `start_date`, `end_date`, `event_type`, `event_color`, `event_for`, `role_id`, `is_active`, `created_at`) VALUES (342, 'Patient Data Monitoring', '', '2024-02-02 00:00:00', '2024-02-02 00:00:00', 'task', '#000', '1', 7, 'yes', '2024-02-01 05:28:25');
INSERT INTO `events` (`id`, `event_title`, `event_description`, `start_date`, `end_date`, `event_type`, `event_color`, `event_for`, `role_id`, `is_active`, `created_at`) VALUES (343, 'Staff Meeting', '', '2024-02-05 00:00:00', '2024-02-05 00:00:00', 'task', '#000', '1', 7, 'yes', '2024-02-01 05:28:45');
INSERT INTO `events` (`id`, `event_title`, `event_description`, `start_date`, `end_date`, `event_type`, `event_color`, `event_for`, `role_id`, `is_active`, `created_at`) VALUES (344, 'Patient Data Monitoring', '', '2024-02-11 00:00:00', '2024-02-11 00:00:00', 'task', '#000', '1', 7, 'yes', '2024-02-01 05:29:08');
INSERT INTO `events` (`id`, `event_title`, `event_description`, `start_date`, `end_date`, `event_type`, `event_color`, `event_for`, `role_id`, `is_active`, `created_at`) VALUES (345, 'Nursing Meeting', '', '2024-02-23 00:00:00', '2024-02-23 00:00:00', 'task', '#000', '1', 7, 'yes', '2024-02-01 05:29:44');
INSERT INTO `events` (`id`, `event_title`, `event_description`, `start_date`, `end_date`, `event_type`, `event_color`, `event_for`, `role_id`, `is_active`, `created_at`) VALUES (346, 'Staff Meeting', '', '2024-02-07 00:00:00', '2024-02-07 00:00:00', 'task', '#000', '1', 7, 'yes', '2024-02-01 05:30:12');
INSERT INTO `events` (`id`, `event_title`, `event_description`, `start_date`, `end_date`, `event_type`, `event_color`, `event_for`, `role_id`, `is_active`, `created_at`) VALUES (347, 'Free eyes Check-up', 'The objective of this camp was to spread awareness on eye disorders, early detection of ailments, and to detect refractive errors and provide corrective glasses free of cost to the underprivileged communities.', '2024-02-18 10:00:00', '2024-02-24 18:00:00', 'public', '#7cb342', '0', NULL, '', '2024-02-01 05:31:19');
INSERT INTO `events` (`id`, `event_title`, `event_description`, `start_date`, `end_date`, `event_type`, `event_color`, `event_for`, `role_id`, `is_active`, `created_at`) VALUES (348, 'Blood Pressure Treatment Campaign', 'The two classes of medication are both recommended as \"first-line\" treatments for high blood pressure: angiotensin-converting enzyme (ACE) inhibitors and angiotensin receptor blockers (ARBs).', '2024-02-25 00:00:00', '2024-02-29 00:00:00', 'public', '#8e24aa', '0', NULL, '', '2024-02-01 05:32:36');
INSERT INTO `events` (`id`, `event_title`, `event_description`, `start_date`, `end_date`, `event_type`, `event_color`, `event_for`, `role_id`, `is_active`, `created_at`) VALUES (349, 'Patient Regular Health  Check -up', 'Patient Regular Health  Check -up', '2024-02-01 00:00:00', '2024-02-04 00:00:00', 'public', '#fb8c00', '0', NULL, '', '2024-02-01 05:33:35');
INSERT INTO `events` (`id`, `event_title`, `event_description`, `start_date`, `end_date`, `event_type`, `event_color`, `event_for`, `role_id`, `is_active`, `created_at`) VALUES (350, 'Daily 5km walking', '', '2024-02-01 00:00:00', '2024-02-01 00:00:00', 'task', '#000', '1', NULL, 'no', '2024-02-01 10:29:20');
INSERT INTO `events` (`id`, `event_title`, `event_description`, `start_date`, `end_date`, `event_type`, `event_color`, `event_for`, `role_id`, `is_active`, `created_at`) VALUES (351, 'Regular check-up', '', '2024-02-05 00:00:00', '2024-02-05 00:00:00', 'task', '#000', '1', NULL, 'yes', '2024-02-01 10:29:36');
INSERT INTO `events` (`id`, `event_title`, `event_description`, `start_date`, `end_date`, `event_type`, `event_color`, `event_for`, `role_id`, `is_active`, `created_at`) VALUES (352, 'Regular checkup before 15th February', '', '2024-02-15 00:00:00', '2024-02-15 00:00:00', 'task', '#000', '1', NULL, 'no', '2024-02-01 10:30:03');
INSERT INTO `events` (`id`, `event_title`, `event_description`, `start_date`, `end_date`, `event_type`, `event_color`, `event_for`, `role_id`, `is_active`, `created_at`) VALUES (353, 'Skin check-up done', '', '2024-02-20 00:00:00', '2024-02-20 00:00:00', 'task', '#000', '1', NULL, 'no', '2024-02-01 10:30:16');
INSERT INTO `events` (`id`, `event_title`, `event_description`, `start_date`, `end_date`, `event_type`, `event_color`, `event_for`, `role_id`, `is_active`, `created_at`) VALUES (354, 'Operation meeting with all doctor\'s', '', '2024-02-05 00:00:00', '2024-02-05 00:00:00', 'task', '#000', '2', 3, 'no', '2024-02-01 10:32:20');
INSERT INTO `events` (`id`, `event_title`, `event_description`, `start_date`, `end_date`, `event_type`, `event_color`, `event_for`, `role_id`, `is_active`, `created_at`) VALUES (355, 'Patient Regular Health  Check -up', 'Patient Regular Health  Check -up', '2024-03-03 10:00:00', '2024-03-09 18:00:00', 'public', '#fb3b3b', '0', NULL, '', '2024-03-01 07:04:47');
INSERT INTO `events` (`id`, `event_title`, `event_description`, `start_date`, `end_date`, `event_type`, `event_color`, `event_for`, `role_id`, `is_active`, `created_at`) VALUES (356, 'Free eyes Check-up', 'The objective of this camp was to spread awareness on eye disorders, early detection of ailments, and to detect refractive errors and provide corrective glasses free of cost to the underprivileged communities.', '2024-03-11 00:00:00', '2024-03-17 00:00:00', 'public', '#fb8c00', '0', NULL, '', '2024-03-01 07:06:23');
INSERT INTO `events` (`id`, `event_title`, `event_description`, `start_date`, `end_date`, `event_type`, `event_color`, `event_for`, `role_id`, `is_active`, `created_at`) VALUES (357, 'Healthy lifestyle awareness Month', 'February is Healthy Lifestyle Awareness month a month dedicated to highlighting the importance of healthy living through good nutrition and regular exercise.', '2024-03-26 00:00:00', '2024-04-01 00:00:00', 'public', '#7cb342', '0', NULL, '', '2024-03-01 07:08:01');
INSERT INTO `events` (`id`, `event_title`, `event_description`, `start_date`, `end_date`, `event_type`, `event_color`, `event_for`, `role_id`, `is_active`, `created_at`) VALUES (358, 'Blood Pressure Treatment Campaign', 'The two classes of medication are both recommended as \"first-line\" treatments for high blood pressure: angiotensin-converting enzyme (ACE) inhibitors and angiotensin receptor blockers (ARBs).', '2024-03-21 00:00:00', '2024-03-26 00:00:00', 'public', '#337ab7', '0', NULL, '', '2024-03-01 07:08:49');
INSERT INTO `events` (`id`, `event_title`, `event_description`, `start_date`, `end_date`, `event_type`, `event_color`, `event_for`, `role_id`, `is_active`, `created_at`) VALUES (359, 'Patient Regular Health  Check -up', 'Patient Regular Health  Check -up', '2024-03-17 00:00:00', '2024-03-22 00:00:00', 'public', '#8e24aa', '0', NULL, '', '2024-03-01 07:21:28');
INSERT INTO `events` (`id`, `event_title`, `event_description`, `start_date`, `end_date`, `event_type`, `event_color`, `event_for`, `role_id`, `is_active`, `created_at`) VALUES (360, 'World Oral Health Day', '', '2024-03-20 00:00:00', '2024-03-20 00:00:00', 'task', '#000', '1', 7, 'no', '2024-03-01 07:23:58');
INSERT INTO `events` (`id`, `event_title`, `event_description`, `start_date`, `end_date`, `event_type`, `event_color`, `event_for`, `role_id`, `is_active`, `created_at`) VALUES (361, 'World Down Syndrome Day', '', '2024-03-21 00:00:00', '2024-03-21 00:00:00', 'task', '#000', '1', 7, 'no', '2024-03-01 07:24:32');
INSERT INTO `events` (`id`, `event_title`, `event_description`, `start_date`, `end_date`, `event_type`, `event_color`, `event_for`, `role_id`, `is_active`, `created_at`) VALUES (362, 'World Tuberculosis Day', '', '2024-03-24 00:00:00', '2024-03-24 00:00:00', 'task', '#000', '1', 7, 'no', '2024-03-01 07:24:49');
INSERT INTO `events` (`id`, `event_title`, `event_description`, `start_date`, `end_date`, `event_type`, `event_color`, `event_for`, `role_id`, `is_active`, `created_at`) VALUES (363, 'World Birth Defects Day', '', '2024-03-03 00:00:00', '2024-03-03 00:00:00', 'task', '#000', '1', 7, 'no', '2024-03-01 07:25:43');
INSERT INTO `events` (`id`, `event_title`, `event_description`, `start_date`, `end_date`, `event_type`, `event_color`, `event_for`, `role_id`, `is_active`, `created_at`) VALUES (364, 'National Women and Girls HIV/AIDS Awareness Day', '', '2024-03-10 00:00:00', '2024-03-10 00:00:00', 'task', '#000', '1', 7, 'no', '2024-03-01 07:26:08');
INSERT INTO `events` (`id`, `event_title`, `event_description`, `start_date`, `end_date`, `event_type`, `event_color`, `event_for`, `role_id`, `is_active`, `created_at`) VALUES (365, 'World Sleep Day', '', '2024-03-15 00:00:00', '2024-03-15 00:00:00', 'task', '#000', '1', 7, 'no', '2024-03-01 07:26:40');
INSERT INTO `events` (`id`, `event_title`, `event_description`, `start_date`, `end_date`, `event_type`, `event_color`, `event_for`, `role_id`, `is_active`, `created_at`) VALUES (366, 'National Doctors’ Day', '', '2024-03-30 00:00:00', '2024-03-30 00:00:00', 'task', '#000', '1', 7, 'no', '2024-03-01 07:27:21');
INSERT INTO `events` (`id`, `event_title`, `event_description`, `start_date`, `end_date`, `event_type`, `event_color`, `event_for`, `role_id`, `is_active`, `created_at`) VALUES (367, 'Patient Safety Awareness Week', 'Patient Safety Awareness Week', '2024-03-01 11:00:00', '2024-03-06 18:00:00', 'public', '#fb8c00', '0', NULL, '', '2024-03-01 07:28:20');
INSERT INTO `events` (`id`, `event_title`, `event_description`, `start_date`, `end_date`, `event_type`, `event_color`, `event_for`, `role_id`, `is_active`, `created_at`) VALUES (368, 'New Pharmacy Medicine data collection', '', '2024-03-05 00:00:00', '2024-03-05 00:00:00', 'task', '#000', '13', 4, 'no', '2024-03-01 10:34:25');
INSERT INTO `events` (`id`, `event_title`, `event_description`, `start_date`, `end_date`, `event_type`, `event_color`, `event_for`, `role_id`, `is_active`, `created_at`) VALUES (369, 'FREE BLOOD PRESSURE AND SUGAR SCREENING', '', '2024-03-05 00:00:00', '2024-03-05 00:00:00', 'task', '#000', '1', 7, 'yes', '2024-03-01 12:45:08');
INSERT INTO `events` (`id`, `event_title`, `event_description`, `start_date`, `end_date`, `event_type`, `event_color`, `event_for`, `role_id`, `is_active`, `created_at`) VALUES (370, 'Doctors Meeting', '', '2024-03-10 00:00:00', '2024-03-10 00:00:00', 'task', '#000', '1', 7, 'yes', '2024-03-01 12:45:21');
INSERT INTO `events` (`id`, `event_title`, `event_description`, `start_date`, `end_date`, `event_type`, `event_color`, `event_for`, `role_id`, `is_active`, `created_at`) VALUES (371, 'Doctors Meeting With Patients', '', '2024-03-01 00:00:00', '2024-03-01 00:00:00', 'task', '#000', '1', 7, 'yes', '2024-03-01 12:45:38');
INSERT INTO `events` (`id`, `event_title`, `event_description`, `start_date`, `end_date`, `event_type`, `event_color`, `event_for`, `role_id`, `is_active`, `created_at`) VALUES (372, 'Staff Meeting', '', '2024-03-18 00:00:00', '2024-03-18 00:00:00', 'task', '#000', '1', 7, 'no', '2024-03-01 12:45:55');
INSERT INTO `events` (`id`, `event_title`, `event_description`, `start_date`, `end_date`, `event_type`, `event_color`, `event_for`, `role_id`, `is_active`, `created_at`) VALUES (373, 'Patient Health Monitoring', '', '2024-03-02 00:00:00', '2024-03-02 00:00:00', 'task', '#000', '1', 7, 'yes', '2024-03-02 07:46:26');
INSERT INTO `events` (`id`, `event_title`, `event_description`, `start_date`, `end_date`, `event_type`, `event_color`, `event_for`, `role_id`, `is_active`, `created_at`) VALUES (374, 'Patient Data Monitoring', '', '2024-04-01 00:00:00', '2024-04-01 00:00:00', 'task', '#000', '1', 7, 'no', '2024-04-01 06:59:28');
INSERT INTO `events` (`id`, `event_title`, `event_description`, `start_date`, `end_date`, `event_type`, `event_color`, `event_for`, `role_id`, `is_active`, `created_at`) VALUES (375, 'Clinical Investigation', '', '2024-04-04 00:00:00', '2024-04-04 00:00:00', 'task', '#000', '1', 7, 'no', '2024-04-01 06:59:39');
INSERT INTO `events` (`id`, `event_title`, `event_description`, `start_date`, `end_date`, `event_type`, `event_color`, `event_for`, `role_id`, `is_active`, `created_at`) VALUES (376, 'Staff Meeting', '', '2024-04-10 00:00:00', '2024-04-10 00:00:00', 'task', '#000', '1', 7, 'yes', '2024-04-01 06:59:50');
INSERT INTO `events` (`id`, `event_title`, `event_description`, `start_date`, `end_date`, `event_type`, `event_color`, `event_for`, `role_id`, `is_active`, `created_at`) VALUES (377, 'Doctors Meeting With Patients', '', '2024-04-12 00:00:00', '2024-04-12 00:00:00', 'task', '#000', '1', 7, 'yes', '2024-04-01 07:00:08');
INSERT INTO `events` (`id`, `event_title`, `event_description`, `start_date`, `end_date`, `event_type`, `event_color`, `event_for`, `role_id`, `is_active`, `created_at`) VALUES (378, 'Nursing Meeting', '', '2024-04-22 00:00:00', '2024-04-22 00:00:00', 'task', '#000', '1', 7, 'no', '2024-04-01 07:00:37');
INSERT INTO `events` (`id`, `event_title`, `event_description`, `start_date`, `end_date`, `event_type`, `event_color`, `event_for`, `role_id`, `is_active`, `created_at`) VALUES (379, 'FREE BLOOD PRESSURE AND SUGAR SCREENING', '', '2024-04-28 00:00:00', '2024-04-28 00:00:00', 'task', '#000', '1', 7, 'yes', '2024-04-01 07:00:52');
INSERT INTO `events` (`id`, `event_title`, `event_description`, `start_date`, `end_date`, `event_type`, `event_color`, `event_for`, `role_id`, `is_active`, `created_at`) VALUES (380, '\"World Health Day\"  Special free health program', ' \"My health, my right,\" emphasizes a fundamental human right – access to quality healthcare. This year, the focus is on ensuring everyone, everywhere, has the opportunity to live a healthy life', '2024-04-07 10:00:00', '2024-04-13 17:00:00', 'public', '#8e24aa', '0', NULL, '', '2024-04-01 07:04:45');
INSERT INTO `events` (`id`, `event_title`, `event_description`, `start_date`, `end_date`, `event_type`, `event_color`, `event_for`, `role_id`, `is_active`, `created_at`) VALUES (381, 'World Earth Day', 'World Earth Day is an annual event celebrated on April 22nd to raise awareness about environmental issues and promote global efforts to protect the Earth\'s natural resources.', '2024-04-22 00:00:00', '2024-04-22 00:00:00', 'public', '#fb3b3b', '0', NULL, '', '2024-04-01 07:06:04');
INSERT INTO `events` (`id`, `event_title`, `event_description`, `start_date`, `end_date`, `event_type`, `event_color`, `event_for`, `role_id`, `is_active`, `created_at`) VALUES (382, 'National Safe Motherhood Day', 'National Safe Motherhood Day: India celebrates National Safe Motherhood Day on April 11 every year.The aim of observing National Safe Motherhood Day is to promote better medical care.', '2024-04-11 10:00:00', '2024-04-11 17:00:00', 'public', '#7cb342', '0', NULL, '', '2024-04-01 07:08:41');
INSERT INTO `events` (`id`, `event_title`, `event_description`, `start_date`, `end_date`, `event_type`, `event_color`, `event_for`, `role_id`, `is_active`, `created_at`) VALUES (383, 'Free eyes Check-up', 'The objective of this camp was to spread awareness on eye disorders, early detection of ailments, and to detect refractive errors and provide corrective glasses free of cost to the underprivileged communities.', '2024-04-14 10:00:00', '2024-04-20 17:00:00', 'public', '#fb8c00', '0', NULL, '', '2024-04-01 07:10:06');
INSERT INTO `events` (`id`, `event_title`, `event_description`, `start_date`, `end_date`, `event_type`, `event_color`, `event_for`, `role_id`, `is_active`, `created_at`) VALUES (384, 'Blood Pressure Treatment Campaign', 'The two classes of medication are both recommended as \"first-line\" treatments for high blood pressure: angioplasty-converting enzyme (ACE) inhibitors and angioplasty receptor blockers (ARBs).', '2024-04-01 10:00:00', '2024-04-06 17:00:00', 'public', '#d81b60', '0', NULL, '', '2024-04-01 07:11:27');
INSERT INTO `events` (`id`, `event_title`, `event_description`, `start_date`, `end_date`, `event_type`, `event_color`, `event_for`, `role_id`, `is_active`, `created_at`) VALUES (385, 'Free Dental Treatment', 'Free dental treatment for poor people that include simple extractions, temporary fillings and other few treatments.', '2024-04-21 10:00:00', '2024-04-27 17:00:00', 'public', '#337ab7', '0', NULL, '', '2024-04-01 07:12:23');
INSERT INTO `events` (`id`, `event_title`, `event_description`, `start_date`, `end_date`, `event_type`, `event_color`, `event_for`, `role_id`, `is_active`, `created_at`) VALUES (386, 'Patient Safety Awareness Week', 'Patient Safety Awareness Week', '2024-04-28 10:00:00', '2024-04-30 16:30:00', 'public', '#8e24aa', '0', NULL, '', '2024-04-01 07:13:28');
INSERT INTO `events` (`id`, `event_title`, `event_description`, `start_date`, `end_date`, `event_type`, `event_color`, `event_for`, `role_id`, `is_active`, `created_at`) VALUES (387, 'Vaisakhi', 'It is usually celebrated on April 13 or 14 every year. It marks the Sikh new year and commemorates the formation of Khalsa panth of warriors under Guru Gobind Singh in 1699. Vaisakhi is also an ancient festival of Hindus, marking the Solar New Year and also celebrating the spring harvest.', '2024-04-13 00:00:00', '2024-04-13 00:00:00', 'public', '#d81b60', '0', NULL, '', '2024-04-01 07:15:55');
INSERT INTO `events` (`id`, `event_title`, `event_description`, `start_date`, `end_date`, `event_type`, `event_color`, `event_for`, `role_id`, `is_active`, `created_at`) VALUES (388, 'National Nurses Week', '', '2024-05-06 00:00:00', '2024-05-13 00:00:00', 'public', '#337ab7', '0', NULL, '', '2024-05-01 11:39:05');
INSERT INTO `events` (`id`, `event_title`, `event_description`, `start_date`, `end_date`, `event_type`, `event_color`, `event_for`, `role_id`, `is_active`, `created_at`) VALUES (389, 'National Hospital Week', '', '2024-05-12 00:00:00', '2024-05-19 00:00:00', 'public', '#c53da9', '0', NULL, '', '2024-05-01 11:40:02');
INSERT INTO `events` (`id`, `event_title`, `event_description`, `start_date`, `end_date`, `event_type`, `event_color`, `event_for`, `role_id`, `is_active`, `created_at`) VALUES (390, 'World No Tobacco Day', '', '2024-05-31 00:00:00', '2024-05-31 00:00:00', 'task', '#000', '1', 7, 'no', '2024-05-01 11:41:42');
INSERT INTO `events` (`id`, `event_title`, `event_description`, `start_date`, `end_date`, `event_type`, `event_color`, `event_for`, `role_id`, `is_active`, `created_at`) VALUES (391, 'National Senior Health & Fitness Day', '', '2024-05-29 00:00:00', '2024-05-29 00:00:00', 'task', '#000', '1', 7, 'no', '2024-05-01 11:42:06');
INSERT INTO `events` (`id`, `event_title`, `event_description`, `start_date`, `end_date`, `event_type`, `event_color`, `event_for`, `role_id`, `is_active`, `created_at`) VALUES (392, 'World Autoimmune/Auto-inflammatory Arthritis Day', '', '2024-05-20 00:00:00', '2024-05-20 00:00:00', 'task', '#000', '1', 7, 'no', '2024-05-01 11:42:50');
INSERT INTO `events` (`id`, `event_title`, `event_description`, `start_date`, `end_date`, `event_type`, `event_color`, `event_for`, `role_id`, `is_active`, `created_at`) VALUES (393, 'HIV Vaccine Awareness Day', '', '2024-05-18 00:00:00', '2024-05-18 00:00:00', 'task', '#000', '1', 7, 'no', '2024-05-01 11:43:50');
INSERT INTO `events` (`id`, `event_title`, `event_description`, `start_date`, `end_date`, `event_type`, `event_color`, `event_for`, `role_id`, `is_active`, `created_at`) VALUES (394, 'National Women’s Checkup Day', '', '2024-05-13 00:00:00', '2024-05-13 00:00:00', 'task', '#000', '1', 7, 'no', '2024-05-01 11:44:10');
INSERT INTO `events` (`id`, `event_title`, `event_description`, `start_date`, `end_date`, `event_type`, `event_color`, `event_for`, `role_id`, `is_active`, `created_at`) VALUES (395, 'International Nurses Day', '', '2024-05-12 00:00:00', '2024-05-12 00:00:00', 'task', '#000', '1', 7, 'no', '2024-05-01 11:44:32');
INSERT INTO `events` (`id`, `event_title`, `event_description`, `start_date`, `end_date`, `event_type`, `event_color`, `event_for`, `role_id`, `is_active`, `created_at`) VALUES (396, 'Children’s Mental Health Awareness Day', '', '2024-05-07 00:00:00', '2024-05-07 00:00:00', 'task', '#000', '1', 7, 'no', '2024-05-01 11:45:12');
INSERT INTO `events` (`id`, `event_title`, `event_description`, `start_date`, `end_date`, `event_type`, `event_color`, `event_for`, `role_id`, `is_active`, `created_at`) VALUES (397, 'World Asthma Day', '', '2024-05-07 00:00:00', '2024-05-07 00:00:00', 'task', '#000', '1', 7, 'no', '2024-05-01 11:45:25');
INSERT INTO `events` (`id`, `event_title`, `event_description`, `start_date`, `end_date`, `event_type`, `event_color`, `event_for`, `role_id`, `is_active`, `created_at`) VALUES (398, 'Regular Full Body check-up', '', '2024-05-02 00:00:00', '2024-05-02 00:00:00', 'task', '#000', '1', NULL, 'no', '2024-05-01 12:32:05');
INSERT INTO `events` (`id`, `event_title`, `event_description`, `start_date`, `end_date`, `event_type`, `event_color`, `event_for`, `role_id`, `is_active`, `created_at`) VALUES (399, 'Daily 5km walking', '', '2024-05-05 00:00:00', '2024-05-05 00:00:00', 'task', '#000', '1', NULL, 'no', '2024-05-01 12:32:15');
INSERT INTO `events` (`id`, `event_title`, `event_description`, `start_date`, `end_date`, `event_type`, `event_color`, `event_for`, `role_id`, `is_active`, `created_at`) VALUES (400, 'Blood Pressure Treatment Campaign', 'The two classes of medication are both recommended as \"first-line\" treatments for high blood pressure: angioplasty-converting enzyme (ACE) inhibitors and angioplasty receptor blockers (ARBs).', '2024-05-19 10:00:00', '2024-05-25 17:00:00', 'public', '#fb8c00', '0', NULL, '', '2024-05-02 04:22:30');
INSERT INTO `events` (`id`, `event_title`, `event_description`, `start_date`, `end_date`, `event_type`, `event_color`, `event_for`, `role_id`, `is_active`, `created_at`) VALUES (401, 'Free eyes Check-up', 'The objective of this camp was to spread awareness on eye disorders, early detection of ailments, and to detect refractive errors and provide corrective glasses free of cost to the underprivileged communities.', '2024-05-01 10:00:00', '2024-05-05 17:00:00', 'public', '#7cb342', '0', NULL, '', '2024-05-02 04:24:09');
INSERT INTO `events` (`id`, `event_title`, `event_description`, `start_date`, `end_date`, `event_type`, `event_color`, `event_for`, `role_id`, `is_active`, `created_at`) VALUES (402, 'Patient Safety Awareness Week', 'Patient Safety Awareness Week', '2024-05-26 10:00:00', '2024-05-31 17:00:00', 'public', '#fb3b3b', '0', NULL, '', '2024-05-02 04:28:02');
INSERT INTO `events` (`id`, `event_title`, `event_description`, `start_date`, `end_date`, `event_type`, `event_color`, `event_for`, `role_id`, `is_active`, `created_at`) VALUES (403, 'Nursing Meeting', '', '2024-05-02 00:00:00', '2024-05-02 00:00:00', 'task', '#000', '1', 7, 'yes', '2024-05-02 04:28:38');
INSERT INTO `events` (`id`, `event_title`, `event_description`, `start_date`, `end_date`, `event_type`, `event_color`, `event_for`, `role_id`, `is_active`, `created_at`) VALUES (404, 'Clinical Investigation', '', '2024-05-05 00:00:00', '2024-05-05 00:00:00', 'task', '#000', '1', 7, 'no', '2024-05-02 04:28:50');
INSERT INTO `events` (`id`, `event_title`, `event_description`, `start_date`, `end_date`, `event_type`, `event_color`, `event_for`, `role_id`, `is_active`, `created_at`) VALUES (405, 'Staff Meeting', '', '2024-05-10 00:00:00', '2024-05-10 00:00:00', 'task', '#000', '1', 7, 'no', '2024-05-02 04:29:00');
INSERT INTO `events` (`id`, `event_title`, `event_description`, `start_date`, `end_date`, `event_type`, `event_color`, `event_for`, `role_id`, `is_active`, `created_at`) VALUES (406, 'Doctors Meeting', '', '2024-05-15 00:00:00', '2024-05-15 00:00:00', 'task', '#000', '1', 7, 'no', '2024-05-02 04:29:13');
INSERT INTO `events` (`id`, `event_title`, `event_description`, `start_date`, `end_date`, `event_type`, `event_color`, `event_for`, `role_id`, `is_active`, `created_at`) VALUES (407, 'Patient Data Monitoring', '', '2024-06-01 00:00:00', '2024-06-01 00:00:00', 'task', '#000', '1', 7, 'no', '2024-06-01 04:39:29');
INSERT INTO `events` (`id`, `event_title`, `event_description`, `start_date`, `end_date`, `event_type`, `event_color`, `event_for`, `role_id`, `is_active`, `created_at`) VALUES (408, 'Clinical Investigation', '', '2024-06-03 00:00:00', '2024-06-03 00:00:00', 'task', '#000', '1', 7, 'no', '2024-06-01 04:39:39');
INSERT INTO `events` (`id`, `event_title`, `event_description`, `start_date`, `end_date`, `event_type`, `event_color`, `event_for`, `role_id`, `is_active`, `created_at`) VALUES (409, 'Doctors Meeting With Patients', '', '2024-06-12 00:00:00', '2024-06-12 00:00:00', 'task', '#000', '1', 7, 'no', '2024-06-01 04:39:51');
INSERT INTO `events` (`id`, `event_title`, `event_description`, `start_date`, `end_date`, `event_type`, `event_color`, `event_for`, `role_id`, `is_active`, `created_at`) VALUES (410, 'Doctors Meeting', '', '2024-06-15 00:00:00', '2024-06-15 00:00:00', 'task', '#000', '1', 7, 'no', '2024-06-01 04:40:00');
INSERT INTO `events` (`id`, `event_title`, `event_description`, `start_date`, `end_date`, `event_type`, `event_color`, `event_for`, `role_id`, `is_active`, `created_at`) VALUES (411, 'Patient Safety Awareness Week', 'Patient Safety Awareness Week', '2024-06-02 10:00:00', '2024-06-08 17:00:00', 'public', '#8e24aa', '0', NULL, '', '2024-06-01 04:42:33');
INSERT INTO `events` (`id`, `event_title`, `event_description`, `start_date`, `end_date`, `event_type`, `event_color`, `event_for`, `role_id`, `is_active`, `created_at`) VALUES (412, 'World Environment Day', '', '2024-06-05 00:00:00', '2024-06-05 00:00:00', 'task', '#000', '1', 7, 'no', '2024-06-01 04:43:35');
INSERT INTO `events` (`id`, `event_title`, `event_description`, `start_date`, `end_date`, `event_type`, `event_color`, `event_for`, `role_id`, `is_active`, `created_at`) VALUES (413, 'The Blood Donation camp for (World Blood Donor Day)', 'The event serves to raise awareness of the need for safe blood and blood products and to thank voluntary, unpaid blood donors for their life-saving gifts of blood.', '2024-06-14 10:00:00', '2024-06-20 17:00:00', 'public', '#7cb342', '0', NULL, '', '2024-06-01 04:45:09');
INSERT INTO `events` (`id`, `event_title`, `event_description`, `start_date`, `end_date`, `event_type`, `event_color`, `event_for`, `role_id`, `is_active`, `created_at`) VALUES (414, 'Staff Meeting', '', '2024-06-25 00:00:00', '2024-06-25 00:00:00', 'task', '#000', '1', 7, 'no', '2024-06-01 04:52:25');
INSERT INTO `events` (`id`, `event_title`, `event_description`, `start_date`, `end_date`, `event_type`, `event_color`, `event_for`, `role_id`, `is_active`, `created_at`) VALUES (415, 'FREE BLOOD PRESSURE AND SUGAR SCREENING', '', '2024-06-30 00:00:00', '2024-06-30 00:00:00', 'task', '#000', '1', 7, 'no', '2024-06-01 04:54:10');
INSERT INTO `events` (`id`, `event_title`, `event_description`, `start_date`, `end_date`, `event_type`, `event_color`, `event_for`, `role_id`, `is_active`, `created_at`) VALUES (416, 'Blood Pressure Treatment Campaign', 'The two classes of medication are both recommended as \"first-line\" treatments for high blood pressure: angioplasty-converting enzyme (ACE) inhibitors and angioplasty receptor blockers (ARBs).', '2024-06-23 10:00:00', '2024-06-30 17:00:00', 'public', '#d81b60', '0', NULL, '', '2024-06-01 04:58:00');
INSERT INTO `events` (`id`, `event_title`, `event_description`, `start_date`, `end_date`, `event_type`, `event_color`, `event_for`, `role_id`, `is_active`, `created_at`) VALUES (417, 'Free eyes Check-up', 'The objective of this camp was to spread awareness on eye disorders, early detection of ailments, and to detect refractive errors and provide corrective glasses free of cost to the underprivileged communities.', '2024-06-09 10:00:00', '2024-06-16 17:00:00', 'public', '#fb8c00', '0', NULL, '', '2024-06-01 04:58:41');
INSERT INTO `events` (`id`, `event_title`, `event_description`, `start_date`, `end_date`, `event_type`, `event_color`, `event_for`, `role_id`, `is_active`, `created_at`) VALUES (418, 'Doctors Meeting With Patients', '', '2024-06-04 00:00:00', '2024-06-04 00:00:00', 'task', '#000', '1', 7, 'no', '2024-06-03 11:06:08');
INSERT INTO `events` (`id`, `event_title`, `event_description`, `start_date`, `end_date`, `event_type`, `event_color`, `event_for`, `role_id`, `is_active`, `created_at`) VALUES (419, 'Clinical Investigation', '', '2024-07-01 00:00:00', '2024-07-01 00:00:00', 'task', '#000', '1', 7, 'no', '2024-07-01 04:44:01');
INSERT INTO `events` (`id`, `event_title`, `event_description`, `start_date`, `end_date`, `event_type`, `event_color`, `event_for`, `role_id`, `is_active`, `created_at`) VALUES (420, 'Staff Meeting', '', '2024-07-10 00:00:00', '2024-07-10 00:00:00', 'task', '#000', '1', 7, 'no', '2024-07-01 04:44:16');
INSERT INTO `events` (`id`, `event_title`, `event_description`, `start_date`, `end_date`, `event_type`, `event_color`, `event_for`, `role_id`, `is_active`, `created_at`) VALUES (421, 'Patient Health Monitoring', '', '2024-07-05 00:00:00', '2024-07-05 00:00:00', 'task', '#000', '1', 7, 'no', '2024-07-01 04:44:36');
INSERT INTO `events` (`id`, `event_title`, `event_description`, `start_date`, `end_date`, `event_type`, `event_color`, `event_for`, `role_id`, `is_active`, `created_at`) VALUES (422, 'Wear a mask properly (NOTIFICATION TO ALL STAFF AND PATIENT).', '', '2024-07-12 00:00:00', '2024-07-12 00:00:00', 'task', '#000', '1', 7, 'no', '2024-07-01 04:44:54');
INSERT INTO `events` (`id`, `event_title`, `event_description`, `start_date`, `end_date`, `event_type`, `event_color`, `event_for`, `role_id`, `is_active`, `created_at`) VALUES (423, 'The Blood Donation camp for (World Blood Donor Day)', 'The event serves to raise awareness of the need for safe blood and blood products and to thank voluntary, unpaid blood donors for their life-saving gifts of blood.', '2024-07-01 10:00:00', '2024-07-07 18:00:00', 'public', '#337ab7', '0', NULL, '', '2024-07-01 04:45:34');
INSERT INTO `events` (`id`, `event_title`, `event_description`, `start_date`, `end_date`, `event_type`, `event_color`, `event_for`, `role_id`, `is_active`, `created_at`) VALUES (424, 'Samaritans Awareness Day', 'Samaritans Awareness Day is an annual campaign held every July 24 to underline the importance of lending an ear to those who are going through mental health problems.', '2024-07-24 00:00:00', '2024-07-24 23:00:00', 'public', '#c53da9', '0', NULL, '', '2024-07-01 04:47:34');
INSERT INTO `events` (`id`, `event_title`, `event_description`, `start_date`, `end_date`, `event_type`, `event_color`, `event_for`, `role_id`, `is_active`, `created_at`) VALUES (425, 'Patient Regular Health  Check -up', 'Patient Regular Health  Check -up', '2024-07-08 10:00:00', '2024-07-14 18:00:00', 'public', '#fb8c00', '0', NULL, '', '2024-07-01 04:52:21');
INSERT INTO `events` (`id`, `event_title`, `event_description`, `start_date`, `end_date`, `event_type`, `event_color`, `event_for`, `role_id`, `is_active`, `created_at`) VALUES (426, 'Free Dental Treatment', 'Free dental treatment for poor people that include simple extractions, temporary fillings and other few treatments.', '2024-07-15 10:30:00', '2024-07-21 17:00:00', 'public', '#8e24aa', '0', NULL, '', '2024-07-01 04:53:05');
INSERT INTO `events` (`id`, `event_title`, `event_description`, `start_date`, `end_date`, `event_type`, `event_color`, `event_for`, `role_id`, `is_active`, `created_at`) VALUES (427, 'Free eyes Check-up', 'The objective of this camp was to spread awareness on eye disorders, early detection of ailments, and to detect refractive errors and provide corrective glasses free of cost to the underprivileged communities.', '2024-07-22 10:00:00', '2024-07-28 18:00:00', 'public', '#7cb342', '0', NULL, '', '2024-07-01 04:53:57');
INSERT INTO `events` (`id`, `event_title`, `event_description`, `start_date`, `end_date`, `event_type`, `event_color`, `event_for`, `role_id`, `is_active`, `created_at`) VALUES (428, 'Full Body Check-up', 'Full Body Check-up', '2024-07-29 10:00:00', '2024-07-31 18:00:00', 'public', '#d81b60', '0', NULL, '', '2024-07-01 04:54:55');
INSERT INTO `events` (`id`, `event_title`, `event_description`, `start_date`, `end_date`, `event_type`, `event_color`, `event_for`, `role_id`, `is_active`, `created_at`) VALUES (429, 'National Doctors’ Day', '', '2024-07-01 00:00:00', '2024-07-01 00:00:00', 'task', '#000', '1', 7, 'no', '2024-07-01 05:02:34');
INSERT INTO `events` (`id`, `event_title`, `event_description`, `start_date`, `end_date`, `event_type`, `event_color`, `event_for`, `role_id`, `is_active`, `created_at`) VALUES (430, 'Staff Meeting', '', '2024-07-22 00:00:00', '2024-07-22 00:00:00', 'task', '#000', '1', 7, 'no', '2024-07-01 05:02:57');
INSERT INTO `events` (`id`, `event_title`, `event_description`, `start_date`, `end_date`, `event_type`, `event_color`, `event_for`, `role_id`, `is_active`, `created_at`) VALUES (431, 'Doctor\'s Meeting', '', '2024-07-25 00:00:00', '2024-07-25 00:00:00', 'task', '#000', '1', 7, 'no', '2024-07-01 05:10:08');
INSERT INTO `events` (`id`, `event_title`, `event_description`, `start_date`, `end_date`, `event_type`, `event_color`, `event_for`, `role_id`, `is_active`, `created_at`) VALUES (432, 'Clinical Investigation', '', '2024-08-01 00:00:00', '2024-08-01 00:00:00', 'task', '#000', '1', 7, 'no', '2024-08-01 04:39:54');
INSERT INTO `events` (`id`, `event_title`, `event_description`, `start_date`, `end_date`, `event_type`, `event_color`, `event_for`, `role_id`, `is_active`, `created_at`) VALUES (433, 'Patient Data Monitoring', '', '2024-08-02 00:00:00', '2024-08-02 00:00:00', 'task', '#000', '1', 7, 'no', '2024-08-01 04:40:05');
INSERT INTO `events` (`id`, `event_title`, `event_description`, `start_date`, `end_date`, `event_type`, `event_color`, `event_for`, `role_id`, `is_active`, `created_at`) VALUES (434, 'Staff Meeting', '', '2024-08-12 00:00:00', '2024-08-12 00:00:00', 'task', '#000', '1', 7, 'no', '2024-08-01 04:47:51');
INSERT INTO `events` (`id`, `event_title`, `event_description`, `start_date`, `end_date`, `event_type`, `event_color`, `event_for`, `role_id`, `is_active`, `created_at`) VALUES (435, 'Nursing Meeting', '', '2024-08-20 00:00:00', '2024-08-20 00:00:00', 'task', '#000', '1', 7, 'no', '2024-08-01 04:48:07');
INSERT INTO `events` (`id`, `event_title`, `event_description`, `start_date`, `end_date`, `event_type`, `event_color`, `event_for`, `role_id`, `is_active`, `created_at`) VALUES (436, 'Full Body Check-up', 'Full Body Check-up', '2024-08-25 10:00:00', '2024-08-31 18:00:00', 'public', '#c53da9', '0', NULL, '', '2024-08-01 04:57:53');
INSERT INTO `events` (`id`, `event_title`, `event_description`, `start_date`, `end_date`, `event_type`, `event_color`, `event_for`, `role_id`, `is_active`, `created_at`) VALUES (437, 'World Organ Donation Day Program', 'World Organ Donation Day, observed annually on August 13, holds significant importance globally. This dedicated day serves as a powerful platform to raise awareness about the critical need for organ donation and to inspire individuals to consider becoming organ donors.', '2024-08-12 11:00:00', '2024-08-17 18:00:00', 'private', '#7cb342', '1', NULL, '', '2024-08-01 04:59:26');
INSERT INTO `events` (`id`, `event_title`, `event_description`, `start_date`, `end_date`, `event_type`, `event_color`, `event_for`, `role_id`, `is_active`, `created_at`) VALUES (438, 'Free Dental Treatment', 'Free dental treatment for poor people that include simple extractions, temporary fillings and other few treatments.', '2024-08-04 10:00:00', '2024-08-11 18:00:00', 'public', '#fb8c00', '0', NULL, '', '2024-08-01 05:00:58');
INSERT INTO `events` (`id`, `event_title`, `event_description`, `start_date`, `end_date`, `event_type`, `event_color`, `event_for`, `role_id`, `is_active`, `created_at`) VALUES (439, 'The Blood Donation camp for (World Blood Donor Day)', 'The event serves to raise awareness of the need for safe blood and blood products and to thank voluntary, unpaid blood donors for their life-saving gifts of blood.', '2024-08-18 10:00:00', '2024-08-24 17:00:00', 'public', '#fb3b3b', '0', NULL, '', '2024-08-01 05:01:41');
INSERT INTO `events` (`id`, `event_title`, `event_description`, `start_date`, `end_date`, `event_type`, `event_color`, `event_for`, `role_id`, `is_active`, `created_at`) VALUES (440, 'India  Independent Day', 'On 15 August 1947 India became independent from the British Empire following the Independence Movement led by Mahatma Gandhi and his message of nonviolent resistance. The handover of power was overseen by Lord Mountbatten, the last viceroy of India.', '2024-08-15 00:00:00', '2024-08-15 00:00:00', 'public', '#337ab7', '0', NULL, '', '2024-08-01 05:02:39');
INSERT INTO `events` (`id`, `event_title`, `event_description`, `start_date`, `end_date`, `event_type`, `event_color`, `event_for`, `role_id`, `is_active`, `created_at`) VALUES (441, 'Children’s eye health and safety program', 'EYES stands for Empowered Youth Experience Success. Calhoun County\'s EYES Program is a progressive, short-term behavioral treatment program for youth with delinquent behavior.', '2024-08-03 10:00:00', '2024-08-05 17:00:00', 'public', '#fb3b3b', '0', NULL, '', '2024-08-01 05:05:43');
INSERT INTO `events` (`id`, `event_title`, `event_description`, `start_date`, `end_date`, `event_type`, `event_color`, `event_for`, `role_id`, `is_active`, `created_at`) VALUES (442, 'Doctors Meeting With Patients', '', '2024-08-22 00:00:00', '2024-08-22 00:00:00', 'task', '#000', '1', 7, 'no', '2024-08-01 05:30:34');
INSERT INTO `events` (`id`, `event_title`, `event_description`, `start_date`, `end_date`, `event_type`, `event_color`, `event_for`, `role_id`, `is_active`, `created_at`) VALUES (443, 'FREE BLOOD PRESSURE AND SUGAR SCREENING', '', '2024-08-18 00:00:00', '2024-08-18 00:00:00', 'task', '#000', '1', 7, 'no', '2024-08-01 05:30:52');
INSERT INTO `events` (`id`, `event_title`, `event_description`, `start_date`, `end_date`, `event_type`, `event_color`, `event_for`, `role_id`, `is_active`, `created_at`) VALUES (444, 'World Oral Health Day', '', '2024-08-28 00:00:00', '2024-08-28 00:00:00', 'task', '#000', '1', 7, 'no', '2024-08-28 12:29:14');
INSERT INTO `events` (`id`, `event_title`, `event_description`, `start_date`, `end_date`, `event_type`, `event_color`, `event_for`, `role_id`, `is_active`, `created_at`) VALUES (445, 'Free Dental Treatment', 'Free dental treatment for poor people that include simple extractions, temporary fillings and other few treatments.', '2024-09-08 09:30:00', '2024-09-14 17:00:00', 'public', '#337ab7', '0', NULL, '', '2024-08-31 10:42:19');
INSERT INTO `events` (`id`, `event_title`, `event_description`, `start_date`, `end_date`, `event_type`, `event_color`, `event_for`, `role_id`, `is_active`, `created_at`) VALUES (446, 'Full Body Check-up', 'Full Body Check-up', '2024-09-22 10:30:00', '2024-09-28 16:30:00', 'public', '#d81b60', '0', NULL, '', '2024-08-31 10:43:01');
INSERT INTO `events` (`id`, `event_title`, `event_description`, `start_date`, `end_date`, `event_type`, `event_color`, `event_for`, `role_id`, `is_active`, `created_at`) VALUES (447, 'The Blood Donation camp for (World Blood Donor Day)', 'The event serves to raise awareness of the need for safe blood and blood products and to thank voluntary, unpaid blood donors for their life-saving gifts of blood.', '2024-09-01 10:00:00', '2024-09-07 16:30:00', 'public', '#fb8c00', '0', NULL, '', '2024-08-31 10:43:42');
INSERT INTO `events` (`id`, `event_title`, `event_description`, `start_date`, `end_date`, `event_type`, `event_color`, `event_for`, `role_id`, `is_active`, `created_at`) VALUES (448, 'Staff Meeting', '', '2024-09-20 00:00:00', '2024-09-20 00:00:00', 'task', '#000', '1', 7, 'no', '2024-08-31 10:44:09');
INSERT INTO `events` (`id`, `event_title`, `event_description`, `start_date`, `end_date`, `event_type`, `event_color`, `event_for`, `role_id`, `is_active`, `created_at`) VALUES (449, 'Patient Data Monitoring', '', '2024-09-25 00:00:00', '2024-09-25 00:00:00', 'task', '#000', '1', 7, 'no', '2024-08-31 10:44:20');
INSERT INTO `events` (`id`, `event_title`, `event_description`, `start_date`, `end_date`, `event_type`, `event_color`, `event_for`, `role_id`, `is_active`, `created_at`) VALUES (450, 'Clinical Investigation', '', '2024-09-10 00:00:00', '2024-09-10 00:00:00', 'task', '#000', '1', 7, 'no', '2024-08-31 10:44:33');
INSERT INTO `events` (`id`, `event_title`, `event_description`, `start_date`, `end_date`, `event_type`, `event_color`, `event_for`, `role_id`, `is_active`, `created_at`) VALUES (451, 'Patient Data Monitoring', '', '2024-10-01 00:00:00', '2024-10-01 00:00:00', 'task', '#000', '1', 7, 'no', '2024-10-03 06:15:38');
INSERT INTO `events` (`id`, `event_title`, `event_description`, `start_date`, `end_date`, `event_type`, `event_color`, `event_for`, `role_id`, `is_active`, `created_at`) VALUES (452, 'Clinical Investigation', '', '2024-10-03 00:00:00', '2024-10-03 00:00:00', 'task', '#000', '1', 7, 'no', '2024-10-03 06:15:52');
INSERT INTO `events` (`id`, `event_title`, `event_description`, `start_date`, `end_date`, `event_type`, `event_color`, `event_for`, `role_id`, `is_active`, `created_at`) VALUES (453, 'Staff Meeting', '', '2024-10-10 00:00:00', '2024-10-10 00:00:00', 'task', '#000', '1', 7, 'no', '2024-10-03 06:16:26');
INSERT INTO `events` (`id`, `event_title`, `event_description`, `start_date`, `end_date`, `event_type`, `event_color`, `event_for`, `role_id`, `is_active`, `created_at`) VALUES (454, 'Doctors Meeting', '', '2024-10-16 00:00:00', '2024-10-16 00:00:00', 'task', '#000', '14', 1, 'yes', '2024-10-03 06:16:41');
INSERT INTO `events` (`id`, `event_title`, `event_description`, `start_date`, `end_date`, `event_type`, `event_color`, `event_for`, `role_id`, `is_active`, `created_at`) VALUES (455, 'Free Dental Treatment', 'Free dental treatment for poor people that include simple extractions, temporary fillings and other few treatments.', '2024-10-20 10:30:00', '2024-10-26 17:30:00', 'public', '#fb8c00', '0', NULL, '', '2024-10-03 06:17:26');
INSERT INTO `events` (`id`, `event_title`, `event_description`, `start_date`, `end_date`, `event_type`, `event_color`, `event_for`, `role_id`, `is_active`, `created_at`) VALUES (456, 'The Blood Donation camp', 'The event serves to raise awareness of the need for safe blood and blood products and to thank voluntary, unpaid blood donors for their life-saving gifts of blood.', '2024-10-13 11:30:00', '2024-10-19 17:00:00', 'public', '#c53da9', '0', NULL, '', '2024-10-03 06:18:18');
INSERT INTO `events` (`id`, `event_title`, `event_description`, `start_date`, `end_date`, `event_type`, `event_color`, `event_for`, `role_id`, `is_active`, `created_at`) VALUES (460, 'Gandhi Jayanti', 'Gandhi Jayanti is celebrated on October 2nd to honour the birth anniversary of Mahatma Gandhi, who is known as the Father of the Nation in India. It\'s a day to remember his role in India\'s independence and his teachings of non-violence, truth, and peace.', '2024-10-02 05:30:00', '2024-10-02 23:30:00', 'public', '#8e24aa', '0', NULL, '', '2024-10-03 06:21:28');
INSERT INTO `events` (`id`, `event_title`, `event_description`, `start_date`, `end_date`, `event_type`, `event_color`, `event_for`, `role_id`, `is_active`, `created_at`) VALUES (461, 'Children’s eye health and safety program', 'EYES stands for Empowered Youth Experience Success. Calhoun County\'s EYES Program is a progressive, short-term behavioral treatment program for youth with delinquent behavior.', '2024-10-06 05:30:00', '2024-10-12 23:30:00', 'public', '#d81b60', '0', NULL, '', '2024-10-03 06:22:27');
INSERT INTO `events` (`id`, `event_title`, `event_description`, `start_date`, `end_date`, `event_type`, `event_color`, `event_for`, `role_id`, `is_active`, `created_at`) VALUES (462, 'Staff Meeting', '', '2024-11-20 00:00:00', '2024-11-20 00:00:00', 'task', '#000', '1', 7, 'no', '2024-11-06 05:47:01');
INSERT INTO `events` (`id`, `event_title`, `event_description`, `start_date`, `end_date`, `event_type`, `event_color`, `event_for`, `role_id`, `is_active`, `created_at`) VALUES (463, 'Patient Data Monitoring', '', '2024-11-01 00:00:00', '2024-11-01 00:00:00', 'task', '#000', '1', 7, 'no', '2024-11-06 05:47:11');
INSERT INTO `events` (`id`, `event_title`, `event_description`, `start_date`, `end_date`, `event_type`, `event_color`, `event_for`, `role_id`, `is_active`, `created_at`) VALUES (464, 'Clinical Investigation', '', '2024-11-06 00:00:00', '2024-11-06 00:00:00', 'task', '#000', '1', 7, 'no', '2024-11-06 05:47:27');
INSERT INTO `events` (`id`, `event_title`, `event_description`, `start_date`, `end_date`, `event_type`, `event_color`, `event_for`, `role_id`, `is_active`, `created_at`) VALUES (465, 'Children’s eye health and safety program', 'EYES stands for Empowered Youth Experience Success. Calhoun County\'s EYES Program is a progressive, short-term behavioral treatment program for youth with delinquent behavior.', '2024-11-03 11:30:00', '2024-11-09 17:30:00', 'public', '#fb8c00', '0', NULL, '', '2024-11-06 05:47:57');
INSERT INTO `events` (`id`, `event_title`, `event_description`, `start_date`, `end_date`, `event_type`, `event_color`, `event_for`, `role_id`, `is_active`, `created_at`) VALUES (466, 'Free Dental Treatment', 'Free dental treatment for poor people that include simple extractions, temporary fillings and other few treatments.', '2024-11-17 11:30:00', '2024-11-23 23:30:00', 'public', '#337ab7', '0', NULL, '', '2024-11-06 05:48:34');
INSERT INTO `events` (`id`, `event_title`, `event_description`, `start_date`, `end_date`, `event_type`, `event_color`, `event_for`, `role_id`, `is_active`, `created_at`) VALUES (467, 'Full Body Check-up', 'Full Body Check-up', '2024-11-10 11:30:00', '2024-11-16 17:30:00', 'public', '#c53da9', '0', NULL, '', '2024-11-06 05:49:20');
INSERT INTO `events` (`id`, `event_title`, `event_description`, `start_date`, `end_date`, `event_type`, `event_color`, `event_for`, `role_id`, `is_active`, `created_at`) VALUES (468, 'Free Blood Sugar Campaign', '', '2024-11-22 00:00:00', '2024-11-22 00:00:00', 'task', '#000', '1', 7, 'no', '2024-11-06 07:01:08');
INSERT INTO `events` (`id`, `event_title`, `event_description`, `start_date`, `end_date`, `event_type`, `event_color`, `event_for`, `role_id`, `is_active`, `created_at`) VALUES (469, 'Patient Regular Health  Check -up', 'Patient Regular Health  Check -up', '2024-11-24 11:30:00', '2024-11-30 17:30:00', 'public', '#7cb342', '0', NULL, '', '2024-11-07 06:01:45');
INSERT INTO `events` (`id`, `event_title`, `event_description`, `start_date`, `end_date`, `event_type`, `event_color`, `event_for`, `role_id`, `is_active`, `created_at`) VALUES (470, 'Full Body Check-up', '', '2024-11-07 00:00:00', '2024-11-07 00:00:00', 'task', '#000', '1', NULL, 'no', '2024-11-07 10:52:40');
INSERT INTO `events` (`id`, `event_title`, `event_description`, `start_date`, `end_date`, `event_type`, `event_color`, `event_for`, `role_id`, `is_active`, `created_at`) VALUES (471, 'Doctors Meeting', '', '2024-11-20 00:00:00', '2024-11-20 00:00:00', 'task', '#000', '14', 1, 'no', '2024-11-07 10:55:20');
INSERT INTO `events` (`id`, `event_title`, `event_description`, `start_date`, `end_date`, `event_type`, `event_color`, `event_for`, `role_id`, `is_active`, `created_at`) VALUES (472, 'Clinical Investigation', '', '2024-12-01 00:00:00', '2024-12-01 00:00:00', 'task', '#000', '1', 7, 'no', '2024-12-04 10:40:10');
INSERT INTO `events` (`id`, `event_title`, `event_description`, `start_date`, `end_date`, `event_type`, `event_color`, `event_for`, `role_id`, `is_active`, `created_at`) VALUES (473, 'Patient Data Monitoring', '', '2024-12-04 00:00:00', '2024-12-04 00:00:00', 'task', '#000', '1', 7, 'no', '2024-12-04 10:40:18');
INSERT INTO `events` (`id`, `event_title`, `event_description`, `start_date`, `end_date`, `event_type`, `event_color`, `event_for`, `role_id`, `is_active`, `created_at`) VALUES (474, 'Free Dental Treatment', 'Free dental treatment for poor people that include simple extractions, temporary fillings and other few treatments.', '2024-12-01 10:30:00', '2024-12-07 17:30:00', 'public', '#fb8c00', '0', NULL, '', '2024-12-04 10:40:55');
INSERT INTO `events` (`id`, `event_title`, `event_description`, `start_date`, `end_date`, `event_type`, `event_color`, `event_for`, `role_id`, `is_active`, `created_at`) VALUES (475, 'Staff Meeting', '', '2024-12-10 00:00:00', '2024-12-10 00:00:00', 'task', '#000', '1', 7, 'no', '2024-12-04 10:41:26');
INSERT INTO `events` (`id`, `event_title`, `event_description`, `start_date`, `end_date`, `event_type`, `event_color`, `event_for`, `role_id`, `is_active`, `created_at`) VALUES (476, 'Blood Pressure Treatment Campaign', 'The two classes of medication are both recommended as \"first-line\" treatments for high blood pressure: angiotensin-converting enzyme (ACE) inhibitors and angiotensin receptor blockers (ARBs).', '2024-12-08 11:00:00', '2024-12-14 17:30:00', 'public', '#d81b60', '0', NULL, '', '2024-12-04 10:41:57');
INSERT INTO `events` (`id`, `event_title`, `event_description`, `start_date`, `end_date`, `event_type`, `event_color`, `event_for`, `role_id`, `is_active`, `created_at`) VALUES (477, 'Patient Regular Health  Check -up', 'Patient Regular Health  Check -up', '2024-12-15 10:30:00', '2024-12-21 17:30:00', 'public', '#8e24aa', '0', NULL, '', '2024-12-04 10:43:03');
INSERT INTO `events` (`id`, `event_title`, `event_description`, `start_date`, `end_date`, `event_type`, `event_color`, `event_for`, `role_id`, `is_active`, `created_at`) VALUES (478, 'Doctors Meeting', '', '2024-12-15 00:00:00', '2024-12-15 00:00:00', 'task', '#000', '1', 7, 'no', '2024-12-04 10:43:31');
INSERT INTO `events` (`id`, `event_title`, `event_description`, `start_date`, `end_date`, `event_type`, `event_color`, `event_for`, `role_id`, `is_active`, `created_at`) VALUES (479, 'Christmas & New Year Celebration', 'Christmas & New Year Celebration', '2024-12-24 05:30:00', '2024-12-26 23:30:00', 'public', '#fb3b3b', '0', NULL, '', '2024-12-04 10:44:23');
INSERT INTO `events` (`id`, `event_title`, `event_description`, `start_date`, `end_date`, `event_type`, `event_color`, `event_for`, `role_id`, `is_active`, `created_at`) VALUES (480, 'Free Body Check up', 'Free Body Check up', '2024-12-22 10:30:00', '2024-12-28 17:30:00', 'public', '#337ab7', '0', NULL, '', '2024-12-04 10:44:57');
INSERT INTO `events` (`id`, `event_title`, `event_description`, `start_date`, `end_date`, `event_type`, `event_color`, `event_for`, `role_id`, `is_active`, `created_at`) VALUES (481, 'Free dental treatment', 'Free dental treatment for poor people that include simple extractions, temporary fillings and other few treatments.', '2024-12-29 10:30:00', '2024-12-31 16:30:00', 'public', '#7cb342', '0', NULL, '', '2024-12-04 10:46:14');


#
# TABLE STRUCTURE FOR: expense_head
#


CREATE TABLE `expense_head` (
  `id` int NOT NULL AUTO_INCREMENT,
  `exp_category` varchar(50) DEFAULT NULL,
  `description` text,
  `is_active` varchar(10) DEFAULT 'yes',
  `is_deleted` varchar(10) DEFAULT 'no',
  `created_at` timestamp NOT NULL DEFAULT CURRENT_TIMESTAMP ON UPDATE CURRENT_TIMESTAMP,
  PRIMARY KEY (`id`),
  KEY `index_exp_category` (`exp_category`)
) ENGINE=InnoDB AUTO_INCREMENT=7 DEFAULT CHARSET=utf8mb3;

INSERT INTO `expense_head` (`id`, `exp_category`, `description`, `is_active`, `is_deleted`, `created_at`) VALUES (1, 'Building rent', '', 'yes', 'no', '2021-10-25 13:50:41');
INSERT INTO `expense_head` (`id`, `exp_category`, `description`, `is_active`, `is_deleted`, `created_at`) VALUES (2, 'Equipements', '', 'yes', 'no', '2021-10-25 13:50:50');
INSERT INTO `expense_head` (`id`, `exp_category`, `description`, `is_active`, `is_deleted`, `created_at`) VALUES (3, 'Electricity Bill', '', 'yes', 'no', '2021-10-25 13:51:01');
INSERT INTO `expense_head` (`id`, `exp_category`, `description`, `is_active`, `is_deleted`, `created_at`) VALUES (4, 'Telephone Bill', 'Recently, some private insurance companies have begun to pay for patient-to-provider phone calls, especially when the calls are prolonged and when medical decisions are made. Nevertheless, you may be billed for the whole cost, or you may have to pay a co-pay.', 'yes', 'no', '2021-10-29 05:36:02');
INSERT INTO `expense_head` (`id`, `exp_category`, `description`, `is_active`, `is_deleted`, `created_at`) VALUES (5, 'Power Generator Fuel Charge', 'They can utilise a variety of fuel options including natural gas, LPG and diesel.', 'yes', 'no', '2021-10-29 05:35:42');
INSERT INTO `expense_head` (`id`, `exp_category`, `description`, `is_active`, `is_deleted`, `created_at`) VALUES (6, 'Tea Expense', '', 'yes', 'no', '2021-10-25 13:51:37');


#
# TABLE STRUCTURE FOR: expenses
#


CREATE TABLE `expenses` (
  `id` int NOT NULL AUTO_INCREMENT,
  `exp_head_id` int DEFAULT NULL,
  `name` varchar(50) DEFAULT NULL,
  `invoice_no` varchar(200) NOT NULL,
  `date` date DEFAULT NULL,
  `amount` float(10,2) DEFAULT NULL,
  `documents` text CHARACTER SET utf8mb3 COLLATE utf8mb3_general_ci,
  `note` text,
  `is_active` varchar(10) DEFAULT 'yes',
  `is_deleted` varchar(10) DEFAULT 'no',
  `generated_by` int DEFAULT NULL,
  `created_at` timestamp NOT NULL DEFAULT CURRENT_TIMESTAMP ON UPDATE CURRENT_TIMESTAMP,
  PRIMARY KEY (`id`),
  KEY `exp_head_id` (`exp_head_id`),
  KEY `generated_by` (`generated_by`),
  KEY `index_invoice_no` (`invoice_no`),
  KEY `index_name` (`name`),
  KEY `index_date` (`date`) USING BTREE,
  KEY `index_amount` (`amount`) USING BTREE,
  CONSTRAINT `expenses_ibfk_1` FOREIGN KEY (`exp_head_id`) REFERENCES `expense_head` (`id`) ON DELETE CASCADE,
  CONSTRAINT `expenses_ibfk_2` FOREIGN KEY (`generated_by`) REFERENCES `staff` (`id`) ON DELETE CASCADE
) ENGINE=InnoDB AUTO_INCREMENT=223 DEFAULT CHARSET=utf8mb3;

INSERT INTO `expenses` (`id`, `exp_head_id`, `name`, `invoice_no`, `date`, `amount`, `documents`, `note`, `is_active`, `is_deleted`, `generated_by`, `created_at`) VALUES (144, 4, 'AIRTEL Landline Bill', '453', '2023-09-03', '100.00', NULL, 'AIRTEL Landline Bill', 'yes', 'no', 1, '2023-09-04 04:47:30');
INSERT INTO `expenses` (`id`, `exp_head_id`, `name`, `invoice_no`, `date`, `amount`, `documents`, `note`, `is_active`, `is_deleted`, `generated_by`, `created_at`) VALUES (145, 4, 'BSNL Broad Band Bill', '6765', '2023-10-01', '100.00', NULL, 'Telephone expense is the cost that company spends on the landline, phone service, or other phone usages during the accounting period.', 'yes', 'no', 1, '2023-10-04 09:15:42');
INSERT INTO `expenses` (`id`, `exp_head_id`, `name`, `invoice_no`, `date`, `amount`, `documents`, `note`, `is_active`, `is_deleted`, `generated_by`, `created_at`) VALUES (146, 5, 'Power Generator', '343', '2023-10-02', '150.00', NULL, 'A hospital diesel generator is one of the most powerful options you can select for particularly large operations', 'yes', 'no', 1, '2023-10-04 09:16:14');
INSERT INTO `expenses` (`id`, `exp_head_id`, `name`, `invoice_no`, `date`, `amount`, `documents`, `note`, `is_active`, `is_deleted`, `generated_by`, `created_at`) VALUES (147, 1, 'Hospital Building charges', '5646', '2023-10-03', '100.00', NULL, 'Charge is the dollar amount a health care provider sets for services rendered before negotiating any discounts. The charge can be different from the amount paid.', 'yes', 'no', 1, '2023-10-04 09:18:27');
INSERT INTO `expenses` (`id`, `exp_head_id`, `name`, `invoice_no`, `date`, `amount`, `documents`, `note`, `is_active`, `is_deleted`, `generated_by`, `created_at`) VALUES (148, 6, 'Patient Food Service', '342', '2023-10-04', '100.00', NULL, 'The right to food, and its variations, is a human right protecting the right of people to feed themselves in dignity, implying that sufficient food is available.', 'yes', 'no', 1, '2023-10-04 09:21:13');
INSERT INTO `expenses` (`id`, `exp_head_id`, `name`, `invoice_no`, `date`, `amount`, `documents`, `note`, `is_active`, `is_deleted`, `generated_by`, `created_at`) VALUES (149, 2, 'Medical Equipements', '3423', '2023-10-05', '150.00', NULL, 'Medical Equipements', 'yes', 'no', 1, '2023-10-05 05:12:16');
INSERT INTO `expenses` (`id`, `exp_head_id`, `name`, `invoice_no`, `date`, `amount`, `documents`, `note`, `is_active`, `is_deleted`, `generated_by`, `created_at`) VALUES (150, 5, 'Power Generator', '546', '2023-11-01', '150.00', NULL, '	A hospital diesel generator is one of the most powerful options you can select for particularly large operations.', 'yes', 'no', 1, '2023-11-02 12:44:09');
INSERT INTO `expenses` (`id`, `exp_head_id`, `name`, `invoice_no`, `date`, `amount`, `documents`, `note`, `is_active`, `is_deleted`, `generated_by`, `created_at`) VALUES (151, 1, 'Hospital Building Rent', '4563', '2023-11-02', '150.00', NULL, 'This can be different than actual cost or amount paid for the care. The amount collected by a hospital for each service is almost always less than the amount charged.', 'yes', 'no', 1, '2023-11-02 12:44:52');
INSERT INTO `expenses` (`id`, `exp_head_id`, `name`, `invoice_no`, `date`, `amount`, `documents`, `note`, `is_active`, `is_deleted`, `generated_by`, `created_at`) VALUES (152, 4, 'Airtel Postpaid Bill', '5453', '2023-11-03', '150.00', NULL, 'Telephone expense is the cost that company spends on the landline, phone service, or other phone usages during the accounting period.', 'yes', 'no', 1, '2023-11-03 07:34:17');
INSERT INTO `expenses` (`id`, `exp_head_id`, `name`, `invoice_no`, `date`, `amount`, `documents`, `note`, `is_active`, `is_deleted`, `generated_by`, `created_at`) VALUES (154, 6, 'Patient Food Service', '421', '2023-12-01', '150.00', NULL, 'The right to food, and its variations, is a human right protecting the right of people to feed themselves in dignity, implying that sufficient food is available.', 'yes', 'no', 1, '2023-12-02 12:10:47');
INSERT INTO `expenses` (`id`, `exp_head_id`, `name`, `invoice_no`, `date`, `amount`, `documents`, `note`, `is_active`, `is_deleted`, `generated_by`, `created_at`) VALUES (155, 5, 'Power Generator Charges', '435', '2023-12-02', '100.00', NULL, 'Power Generator Charges', 'yes', 'no', 1, '2023-12-02 12:11:22');
INSERT INTO `expenses` (`id`, `exp_head_id`, `name`, `invoice_no`, `date`, `amount`, `documents`, `note`, `is_active`, `is_deleted`, `generated_by`, `created_at`) VALUES (156, 4, 'Airtel Broad Band', '232', '2023-12-02', '150.00', NULL, '	Telephone expense is the cost that company spends on the landline, phone service, or other phone usages during the accounting period.', 'yes', 'no', 1, '2023-12-02 12:13:15');
INSERT INTO `expenses` (`id`, `exp_head_id`, `name`, `invoice_no`, `date`, `amount`, `documents`, `note`, `is_active`, `is_deleted`, `generated_by`, `created_at`) VALUES (157, 3, 'MPBES Head Office', '343', '2023-12-01', '100.00', NULL, '	MPBES Head Office', 'yes', 'no', 1, '2023-12-02 12:37:01');
INSERT INTO `expenses` (`id`, `exp_head_id`, `name`, `invoice_no`, `date`, `amount`, `documents`, `note`, `is_active`, `is_deleted`, `generated_by`, `created_at`) VALUES (158, 1, 'Hospital Monthly Charges', '4522', '2023-12-04', '150.00', NULL, 'Charge is the dollar amount a health care provider sets for services rendered before negotiating any discounts. The charge can be different from the amount paid. Cost varies by the party incurring the expense. To the patient, cost is the amount payable out-of-pocket for healthcare services.', 'yes', 'no', 1, '2023-12-04 04:29:31');
INSERT INTO `expenses` (`id`, `exp_head_id`, `name`, `invoice_no`, `date`, `amount`, `documents`, `note`, `is_active`, `is_deleted`, `generated_by`, `created_at`) VALUES (159, 4, 'Postpaid Bill', '3422', '2023-12-03', '100.00', NULL, 'Telephone expense is the cost that company spends on the landline, phone service, or other phone usages during the accounting period.', 'yes', 'no', 1, '2023-12-04 04:30:04');
INSERT INTO `expenses` (`id`, `exp_head_id`, `name`, `invoice_no`, `date`, `amount`, `documents`, `note`, `is_active`, `is_deleted`, `generated_by`, `created_at`) VALUES (160, 5, 'Power Generator Fuel Charge', '342', '2024-01-01', '150.00', NULL, 'Generators can be designed to work with a wide range of fuels, from naphtha to biofuels, but some of the most commonly used fuels are diesel, propane and natural gas.', 'yes', 'no', 1, '2024-01-03 05:23:57');
INSERT INTO `expenses` (`id`, `exp_head_id`, `name`, `invoice_no`, `date`, `amount`, `documents`, `note`, `is_active`, `is_deleted`, `generated_by`, `created_at`) VALUES (161, 1, 'Building rent', '563', '2024-01-02', '200.00', NULL, 'This can be different than actual cost or amount paid for the care. The amount collected by a hospital for each service is almost always less than the amount charged.', 'yes', 'no', 1, '2024-01-03 05:24:19');
INSERT INTO `expenses` (`id`, `exp_head_id`, `name`, `invoice_no`, `date`, `amount`, `documents`, `note`, `is_active`, `is_deleted`, `generated_by`, `created_at`) VALUES (162, 2, 'Equipements', '4522', '2024-01-03', '250.00', NULL, 'Defibrillators, patient monitors, surgical tables, EKGs, anesthesia machines, sterilizers, lights, ultrasounds, and electrosurgical units, blanket/fluid warmers are all necessary pieces hospital equipment', 'yes', 'no', 1, '2024-01-03 05:24:49');
INSERT INTO `expenses` (`id`, `exp_head_id`, `name`, `invoice_no`, `date`, `amount`, `documents`, `note`, `is_active`, `is_deleted`, `generated_by`, `created_at`) VALUES (163, 4, 'Telephone Bill', '785', '2024-01-02', '150.00', NULL, '	Telephone expense is the cost that company spends on the landline, phone service, or other phone usages during the accounting period.', 'yes', 'no', 1, '2024-01-03 05:25:27');
INSERT INTO `expenses` (`id`, `exp_head_id`, `name`, `invoice_no`, `date`, `amount`, `documents`, `note`, `is_active`, `is_deleted`, `generated_by`, `created_at`) VALUES (164, 6, 'Staff Food Service', '342', '2024-01-04', '150.00', NULL, '	The right to food, and its variations, is a human right protecting the right of people to feed themselves in dignity, implying that sufficient food is available.', 'yes', 'no', 1, '2024-01-04 12:32:28');
INSERT INTO `expenses` (`id`, `exp_head_id`, `name`, `invoice_no`, `date`, `amount`, `documents`, `note`, `is_active`, `is_deleted`, `generated_by`, `created_at`) VALUES (165, 5, 'Generators Charges', '6534', '2024-02-01', '120.00', NULL, 'Generators can be designed to work with a wide range of fuels, from naphtha to biofuels, but some of the most commonly used fuels are diesel, propane and natural gas.', 'yes', 'no', 1, '2024-02-01 05:23:33');
INSERT INTO `expenses` (`id`, `exp_head_id`, `name`, `invoice_no`, `date`, `amount`, `documents`, `note`, `is_active`, `is_deleted`, `generated_by`, `created_at`) VALUES (166, 1, 'Hospital Charges', '56546', '2024-02-01', '150.00', NULL, '	Charge is the dollar amount a health care provider sets for services rendered before negotiating any discounts. The charge can be different from the amount paid. Cost varies by the party incurring the expense. To the patient, cost is the amount payable out-of-pocket for healthcare services.', 'yes', 'no', 1, '2024-02-01 05:25:20');
INSERT INTO `expenses` (`id`, `exp_head_id`, `name`, `invoice_no`, `date`, `amount`, `documents`, `note`, `is_active`, `is_deleted`, `generated_by`, `created_at`) VALUES (167, 4, 'Landline  Telephone bill', '4535', '2024-02-02', '150.00', NULL, 'Telephone expense is the cost that company spends on the landline, phone service, or other phone usages during the accounting period.', 'yes', 'no', 1, '2024-02-02 04:26:12');
INSERT INTO `expenses` (`id`, `exp_head_id`, `name`, `invoice_no`, `date`, `amount`, `documents`, `note`, `is_active`, `is_deleted`, `generated_by`, `created_at`) VALUES (168, 3, 'MPBES Head Office', '8546', '2024-02-02', '150.00', NULL, 'MPBES Head Office', 'yes', 'no', 1, '2024-02-02 04:26:36');
INSERT INTO `expenses` (`id`, `exp_head_id`, `name`, `invoice_no`, `date`, `amount`, `documents`, `note`, `is_active`, `is_deleted`, `generated_by`, `created_at`) VALUES (169, 2, 'Medical Equipements', '56456', '2024-02-02', '100.00', NULL, 'Defibrillators, patient monitors, surgical tables, EKGs, anesthesia machines, sterilizers, lights, ultrasounds, and electrostatic units, blanket/fluid warmers are all necessary pieces hospital equipment.', 'yes', 'no', 1, '2024-02-02 04:34:37');
INSERT INTO `expenses` (`id`, `exp_head_id`, `name`, `invoice_no`, `date`, `amount`, `documents`, `note`, `is_active`, `is_deleted`, `generated_by`, `created_at`) VALUES (170, 4, 'BSNL Broad Band', '4345', '2024-03-01', '250.00', NULL, 'Telephone expense is the cost that company spends on the landline, phone service, or other phone usages during the accounting period.', 'yes', 'no', 1, '2024-03-01 06:07:53');
INSERT INTO `expenses` (`id`, `exp_head_id`, `name`, `invoice_no`, `date`, `amount`, `documents`, `note`, `is_active`, `is_deleted`, `generated_by`, `created_at`) VALUES (171, 5, 'Generator Charger', '452', '2024-03-01', '150.00', NULL, 'A hospital diesel generator is one of the most powerful options you can select for particularly large operations.', 'yes', 'no', 1, '2024-03-01 06:09:00');
INSERT INTO `expenses` (`id`, `exp_head_id`, `name`, `invoice_no`, `date`, `amount`, `documents`, `note`, `is_active`, `is_deleted`, `generated_by`, `created_at`) VALUES (172, 1, 'Hospital Building Rent', '6745', '2024-03-01', '150.00', NULL, '	The dollar amount a hospital sets for services before negotiating any discounts is known as the charge.', 'yes', 'no', 1, '2024-03-01 06:09:39');
INSERT INTO `expenses` (`id`, `exp_head_id`, `name`, `invoice_no`, `date`, `amount`, `documents`, `note`, `is_active`, `is_deleted`, `generated_by`, `created_at`) VALUES (173, 5, 'Power Generator', '435', '2024-03-02', '150.00', NULL, 'A hospital diesel generator is one of the most powerful options you can select for particularly large operations.\r\n', 'yes', 'no', 1, '2024-03-02 05:06:24');
INSERT INTO `expenses` (`id`, `exp_head_id`, `name`, `invoice_no`, `date`, `amount`, `documents`, `note`, `is_active`, `is_deleted`, `generated_by`, `created_at`) VALUES (174, 6, 'Patient Food Delivery', '2311', '2024-03-02', '100.00', NULL, 'Patient For the primary aspect of canteen is to provide quality and hygienically safe food to all who come in ... You will be given a table number along with your bill.', 'yes', 'no', 1, '2024-03-02 05:07:26');
INSERT INTO `expenses` (`id`, `exp_head_id`, `name`, `invoice_no`, `date`, `amount`, `documents`, `note`, `is_active`, `is_deleted`, `generated_by`, `created_at`) VALUES (175, 2, 'Medical Equipments', '5643', '2024-03-02', '120.00', NULL, '	Defibrillators, patient monitors, surgical tables, EKGs, anesthesia machines, sterilizers, lights, ultrasounds.', 'yes', 'no', 1, '2024-03-02 05:08:34');
INSERT INTO `expenses` (`id`, `exp_head_id`, `name`, `invoice_no`, `date`, `amount`, `documents`, `note`, `is_active`, `is_deleted`, `generated_by`, `created_at`) VALUES (176, 6, 'Food Service', '231', '2024-03-03', '150.00', NULL, 'The right to food, and its variations, is a human right protecting the right of people to feed themselves in dignity, implying that sufficient food is available.', 'yes', 'no', 1, '2024-03-04 04:22:30');
INSERT INTO `expenses` (`id`, `exp_head_id`, `name`, `invoice_no`, `date`, `amount`, `documents`, `note`, `is_active`, `is_deleted`, `generated_by`, `created_at`) VALUES (177, 4, 'Airtel Broad Band Bill', '422', '2024-03-04', '100.00', NULL, 'Telephone expense is the cost that company spends on the landline, phone service, or other phone usages during the accounting period.', 'yes', 'no', 1, '2024-03-04 04:23:08');
INSERT INTO `expenses` (`id`, `exp_head_id`, `name`, `invoice_no`, `date`, `amount`, `documents`, `note`, `is_active`, `is_deleted`, `generated_by`, `created_at`) VALUES (178, 1, 'Hospital Charges', '5642', '2024-04-01', '200.00', NULL, 'Charge is the dollar amount a health care provider sets for services rendered before negotiating any discounts. The charge can be different from the amount paid. Cost varies by the party incurring the expense. To the patient, cost is the amount payable out-of-pocket for healthcare services.', 'yes', 'no', 1, '2024-04-01 10:16:18');
INSERT INTO `expenses` (`id`, `exp_head_id`, `name`, `invoice_no`, `date`, `amount`, `documents`, `note`, `is_active`, `is_deleted`, `generated_by`, `created_at`) VALUES (179, 2, 'Equipements', '6562', '2024-04-01', '250.00', NULL, 'Defibrillators, patient monitors, surgical tables, EKGs, anesthesia machines, sterilizers, lights, ultrasounds, and electrosurgical units, blanket/fluid warmers are all necessary pieces hospital equipmen', 'yes', 'no', 1, '2024-04-01 10:17:14');
INSERT INTO `expenses` (`id`, `exp_head_id`, `name`, `invoice_no`, `date`, `amount`, `documents`, `note`, `is_active`, `is_deleted`, `generated_by`, `created_at`) VALUES (180, 3, 'MPBES Head Office', '2652', '2024-04-01', '220.00', NULL, 'MPBES Head Office	', 'yes', 'no', 1, '2024-04-01 10:18:34');
INSERT INTO `expenses` (`id`, `exp_head_id`, `name`, `invoice_no`, `date`, `amount`, `documents`, `note`, `is_active`, `is_deleted`, `generated_by`, `created_at`) VALUES (181, 4, 'Airtel Broad Band', '5262', '2024-04-01', '250.00', NULL, 'Telephone expense is the cost that company spends on the landline, phone service, or other phone usages during the accounting period.	', 'yes', 'no', 1, '2024-04-01 10:19:12');
INSERT INTO `expenses` (`id`, `exp_head_id`, `name`, `invoice_no`, `date`, `amount`, `documents`, `note`, `is_active`, `is_deleted`, `generated_by`, `created_at`) VALUES (182, 5, 'Power Generator Fuel Charge', '32622', '2024-04-01', '230.00', NULL, 'Generators can be designed to work with a wide range of fuels, from naphtha to biofuels, but some of the most commonly used fuels are diesel, propane and natural gas', 'yes', 'no', 1, '2024-04-01 10:19:55');
INSERT INTO `expenses` (`id`, `exp_head_id`, `name`, `invoice_no`, `date`, `amount`, `documents`, `note`, `is_active`, `is_deleted`, `generated_by`, `created_at`) VALUES (183, 4, 'Airtel broad band', '2311', '2024-04-02', '100.00', NULL, 'Telephone expense is the cost that company spends on the landline, phone service, or other phone usages during the accounting period.', 'yes', 'no', 1, '2024-04-02 05:46:17');
INSERT INTO `expenses` (`id`, `exp_head_id`, `name`, `invoice_no`, `date`, `amount`, `documents`, `note`, `is_active`, `is_deleted`, `generated_by`, `created_at`) VALUES (184, 4, 'BSNL Telecom Bill', '3423', '2024-05-01', '200.00', NULL, 'Telephone expense is the cost that company spends on the landline, phone service, or other phone usages during the accounting period.', 'yes', 'no', 1, '2024-05-01 09:35:31');
INSERT INTO `expenses` (`id`, `exp_head_id`, `name`, `invoice_no`, `date`, `amount`, `documents`, `note`, `is_active`, `is_deleted`, `generated_by`, `created_at`) VALUES (185, 6, 'Patient Food Service', '2311', '2024-05-01', '150.00', NULL, 'The right to food, and its variations, is a human right protecting the right of people to feed themselves in dignity, implying that sufficient food is available.', 'yes', 'no', 1, '2024-05-01 09:36:10');
INSERT INTO `expenses` (`id`, `exp_head_id`, `name`, `invoice_no`, `date`, `amount`, `documents`, `note`, `is_active`, `is_deleted`, `generated_by`, `created_at`) VALUES (186, 1, 'Building Maintenance', '56343', '2024-05-01', '150.00', NULL, 'Charge is the dollar amount a health care provider sets for services rendered before negotiating any discounts. The charge can be different from the amount paid.', 'yes', 'no', 1, '2024-05-01 09:37:26');
INSERT INTO `expenses` (`id`, `exp_head_id`, `name`, `invoice_no`, `date`, `amount`, `documents`, `note`, `is_active`, `is_deleted`, `generated_by`, `created_at`) VALUES (187, 6, 'Patient morning breakfast', '5663', '2024-05-02', '150.00', NULL, 'The right to food, and its variations, is a human right protecting the right of people to feed themselves in dignity, implying that sufficient food is available.', 'yes', 'no', 1, '2024-05-02 04:17:05');
INSERT INTO `expenses` (`id`, `exp_head_id`, `name`, `invoice_no`, `date`, `amount`, `documents`, `note`, `is_active`, `is_deleted`, `generated_by`, `created_at`) VALUES (188, 4, 'Airtel Broad band', '232', '2024-05-02', '100.00', NULL, 'Telephone expense is the cost that company spends on the landline, phone service, or other phone usages during the accounting period.', 'yes', 'no', 1, '2024-05-02 04:18:08');
INSERT INTO `expenses` (`id`, `exp_head_id`, `name`, `invoice_no`, `date`, `amount`, `documents`, `note`, `is_active`, `is_deleted`, `generated_by`, `created_at`) VALUES (189, 6, 'Patient food service', '23432', '2024-06-01', '150.00', NULL, 'The right to food, and its variations, is a human right protecting the right of people to feed themselves in dignity, implying that sufficient food is available.', 'yes', 'no', 1, '2024-06-01 05:10:59');
INSERT INTO `expenses` (`id`, `exp_head_id`, `name`, `invoice_no`, `date`, `amount`, `documents`, `note`, `is_active`, `is_deleted`, `generated_by`, `created_at`) VALUES (190, 1, 'Hospital building rent', '121', '2024-06-01', '200.00', NULL, 'The dollar amount a hospital sets for services before negotiating any discounts is known as the charge', 'yes', 'no', 1, '2024-06-01 05:16:01');
INSERT INTO `expenses` (`id`, `exp_head_id`, `name`, `invoice_no`, `date`, `amount`, `documents`, `note`, `is_active`, `is_deleted`, `generated_by`, `created_at`) VALUES (191, 1, 'Monthly Building Rent', '45345', '2024-06-02', '150.00', NULL, '	The total cost for the month is divided by the overall area of the property which gives the per sq ft rate for maintenance for the month.', 'yes', 'no', 1, '2024-06-03 04:18:07');
INSERT INTO `expenses` (`id`, `exp_head_id`, `name`, `invoice_no`, `date`, `amount`, `documents`, `note`, `is_active`, `is_deleted`, `generated_by`, `created_at`) VALUES (192, 4, 'BSNL Telephone Bill', '453453', '2024-06-03', '120.00', NULL, 'Telephone expense is the cost that company spends on the landline, phone service, or other phone usages during the accounting period.', 'yes', 'no', 1, '2024-06-03 04:18:25');
INSERT INTO `expenses` (`id`, `exp_head_id`, `name`, `invoice_no`, `date`, `amount`, `documents`, `note`, `is_active`, `is_deleted`, `generated_by`, `created_at`) VALUES (193, 3, 'MPBES Head Electricity Office', '42342', '2024-06-03', '150.00', NULL, 'MPBES Head Office', 'yes', 'no', 1, '2024-06-03 04:19:14');
INSERT INTO `expenses` (`id`, `exp_head_id`, `name`, `invoice_no`, `date`, `amount`, `documents`, `note`, `is_active`, `is_deleted`, `generated_by`, `created_at`) VALUES (194, 5, 'Power Generator Charge', '323', '2024-06-02', '150.00', NULL, 'Power Generator Charge', 'yes', 'no', 1, '2024-06-03 04:20:15');
INSERT INTO `expenses` (`id`, `exp_head_id`, `name`, `invoice_no`, `date`, `amount`, `documents`, `note`, `is_active`, `is_deleted`, `generated_by`, `created_at`) VALUES (195, 1, 'Hospital Building charge', '2311', '2024-07-01', '200.00', NULL, 'The total cost for the month is divided by the overall area of the property which gives the per sq ft rate for maintenance for the month.', 'yes', 'no', 1, '2024-07-01 07:59:25');
INSERT INTO `expenses` (`id`, `exp_head_id`, `name`, `invoice_no`, `date`, `amount`, `documents`, `note`, `is_active`, `is_deleted`, `generated_by`, `created_at`) VALUES (196, 6, 'Patient Food Service', '2322', '2024-07-01', '200.00', NULL, 'The right to food, and its variations, is a human right protecting the right of people to feed themselves in dignity, implying that sufficient food is available.', 'yes', 'no', 1, '2024-07-01 08:00:08');
INSERT INTO `expenses` (`id`, `exp_head_id`, `name`, `invoice_no`, `date`, `amount`, `documents`, `note`, `is_active`, `is_deleted`, `generated_by`, `created_at`) VALUES (197, 4, 'Broad Band Bill', '2311', '2024-07-01', '150.00', NULL, 'Telephone expense is the cost that company spends on the landline, phone service, or other phone usages during the accounting period.', 'yes', 'no', 1, '2024-07-01 08:00:45');
INSERT INTO `expenses` (`id`, `exp_head_id`, `name`, `invoice_no`, `date`, `amount`, `documents`, `note`, `is_active`, `is_deleted`, `generated_by`, `created_at`) VALUES (198, 3, 'Power Generator Fuel Charge', '65673', '2024-07-02', '150.00', NULL, 'Generators can be designed to work with a wide range of fuels, from naphtha to biofuels, but some of the most commonly used fuels are diesel, propane and natural gas.', 'yes', 'no', 1, '2024-07-02 05:25:26');
INSERT INTO `expenses` (`id`, `exp_head_id`, `name`, `invoice_no`, `date`, `amount`, `documents`, `note`, `is_active`, `is_deleted`, `generated_by`, `created_at`) VALUES (199, 2, 'Equipements', '542', '2024-07-02', '100.00', NULL, 'Defibrillators, patient monitors, surgical tables, EKGs, anesthesia machines, sterilizers, lights, ultrasounds, and electrosurgical units, blanket/fluid warmers are all necessary pieces hospital equipment', 'yes', 'no', 1, '2024-07-02 05:25:56');
INSERT INTO `expenses` (`id`, `exp_head_id`, `name`, `invoice_no`, `date`, `amount`, `documents`, `note`, `is_active`, `is_deleted`, `generated_by`, `created_at`) VALUES (200, 4, 'BSNL Broad Band Bill', '54654', '2024-08-01', '150.00', NULL, 'Telephone expense is the cost that company spends on the landline, phone service, or other phone usages during the accounting period.', 'yes', 'no', 1, '2024-08-01 05:35:35');
INSERT INTO `expenses` (`id`, `exp_head_id`, `name`, `invoice_no`, `date`, `amount`, `documents`, `note`, `is_active`, `is_deleted`, `generated_by`, `created_at`) VALUES (201, 6, 'Patient Food Service', '342', '2024-08-01', '100.00', NULL, 'The right to food, and its variations, is a human right protecting the right of people to feed themselves in dignity, implying that sufficient food is available.', 'yes', 'no', 1, '2024-08-01 05:36:10');
INSERT INTO `expenses` (`id`, `exp_head_id`, `name`, `invoice_no`, `date`, `amount`, `documents`, `note`, `is_active`, `is_deleted`, `generated_by`, `created_at`) VALUES (202, 1, 'Hospital Building Maintenance charge', '454', '2024-08-01', '150.00', NULL, 'The total cost for the month is divided by the overall area of the property which gives the per sq ft rate for maintenance for the month.', 'yes', 'no', 1, '2024-08-01 05:37:08');
INSERT INTO `expenses` (`id`, `exp_head_id`, `name`, `invoice_no`, `date`, `amount`, `documents`, `note`, `is_active`, `is_deleted`, `generated_by`, `created_at`) VALUES (203, 3, 'Power Generator Charge', '08987', '2024-08-02', '100.00', NULL, '	Power Generator Charge', 'yes', 'no', 1, '2024-08-02 08:07:14');
INSERT INTO `expenses` (`id`, `exp_head_id`, `name`, `invoice_no`, `date`, `amount`, `documents`, `note`, `is_active`, `is_deleted`, `generated_by`, `created_at`) VALUES (204, 2, 'Medical Equipment', '5644', '2024-08-02', '150.00', NULL, 'Medical Equipment', 'yes', 'no', 1, '2024-08-02 08:07:45');
INSERT INTO `expenses` (`id`, `exp_head_id`, `name`, `invoice_no`, `date`, `amount`, `documents`, `note`, `is_active`, `is_deleted`, `generated_by`, `created_at`) VALUES (205, 6, 'Patient Morning breakfast', '86785', '2024-08-03', '150.00', NULL, 'The right to food, and its variations, is a human right protecting the right of people to feed themselves in dignity, implying that sufficient food is available.', 'yes', 'no', 1, '2024-08-03 04:35:48');
INSERT INTO `expenses` (`id`, `exp_head_id`, `name`, `invoice_no`, `date`, `amount`, `documents`, `note`, `is_active`, `is_deleted`, `generated_by`, `created_at`) VALUES (206, 4, 'Telephone expense Monthly Bill', '422', '2024-10-01', '150.00', NULL, 'Telephone expense is the cost that company spends on the landline, phone service, or other phone usages during the accounting period.', 'yes', 'no', 1, '2024-10-03 06:55:58');
INSERT INTO `expenses` (`id`, `exp_head_id`, `name`, `invoice_no`, `date`, `amount`, `documents`, `note`, `is_active`, `is_deleted`, `generated_by`, `created_at`) VALUES (207, 1, 'Monthly Building Rent Charge', '45622', '2024-10-02', '200.00', NULL, 'The total cost for the month is divided by the overall area of the property which gives the per sq ft rate for maintenance for the month.', 'yes', 'no', 1, '2024-10-03 06:56:26');
INSERT INTO `expenses` (`id`, `exp_head_id`, `name`, `invoice_no`, `date`, `amount`, `documents`, `note`, `is_active`, `is_deleted`, `generated_by`, `created_at`) VALUES (208, 6, 'Patient Food Service', '3433', '2024-10-03', '100.00', NULL, 'The right to food, and its variations, is a human right protecting the right of people to feed themselves in dignity, implying that sufficient food is available.', 'yes', 'no', 1, '2024-10-03 06:57:25');
INSERT INTO `expenses` (`id`, `exp_head_id`, `name`, `invoice_no`, `date`, `amount`, `documents`, `note`, `is_active`, `is_deleted`, `generated_by`, `created_at`) VALUES (209, 5, 'Power Generator Fuel Charge', '5633', '2024-10-03', '150.00', NULL, 'A hospital diesel generator is one of the most powerful options you can select for particularly large operations.', 'yes', 'no', 1, '2024-10-03 06:58:31');
INSERT INTO `expenses` (`id`, `exp_head_id`, `name`, `invoice_no`, `date`, `amount`, `documents`, `note`, `is_active`, `is_deleted`, `generated_by`, `created_at`) VALUES (210, 2, 'New Medical List', '342', '2024-10-04', '150.00', NULL, 'Defibrillators, patient monitors, surgical tables, EKGs, anesthesia machines, sterilizers, lights, ultrasounds, and electrosurgical units, blanket/fluid warmers are all necessary pieces hospital equipmen', 'yes', 'no', 1, '2024-10-04 11:46:30');
INSERT INTO `expenses` (`id`, `exp_head_id`, `name`, `invoice_no`, `date`, `amount`, `documents`, `note`, `is_active`, `is_deleted`, `generated_by`, `created_at`) VALUES (211, 5, 'Power Generator Charge', '2322', '2024-10-05', '150.00', NULL, 'Power Generator Charge', 'yes', 'no', 1, '2024-10-05 05:51:56');
INSERT INTO `expenses` (`id`, `exp_head_id`, `name`, `invoice_no`, `date`, `amount`, `documents`, `note`, `is_active`, `is_deleted`, `generated_by`, `created_at`) VALUES (212, 1, 'Hospital Building Maintenance charge', '4563', '2024-11-01', '150.00', NULL, '	The total cost for the month is divided by the overall area of the property which gives the per sq ft rate for maintenance for the month.', 'yes', 'no', 1, '2024-11-06 06:05:39');
INSERT INTO `expenses` (`id`, `exp_head_id`, `name`, `invoice_no`, `date`, `amount`, `documents`, `note`, `is_active`, `is_deleted`, `generated_by`, `created_at`) VALUES (213, 5, 'Power Generator Fuel Charge', '5463', '2024-11-02', '150.00', NULL, 'Generators can be designed to work with a wide range of fuels, from naphtha to biofuels, but some of the most commonly used fuels are diesel, propane and natural gas.', 'yes', 'no', 1, '2024-11-06 06:06:04');
INSERT INTO `expenses` (`id`, `exp_head_id`, `name`, `invoice_no`, `date`, `amount`, `documents`, `note`, `is_active`, `is_deleted`, `generated_by`, `created_at`) VALUES (214, 6, 'Patient Food Service', '4563', '2024-11-03', '200.00', NULL, 'The right to food, and its variations, is a human right protecting the right of people to feed themselves in dignity, implying that sufficient food is available.', 'yes', 'no', 1, '2024-11-06 06:06:31');
INSERT INTO `expenses` (`id`, `exp_head_id`, `name`, `invoice_no`, `date`, `amount`, `documents`, `note`, `is_active`, `is_deleted`, `generated_by`, `created_at`) VALUES (215, 4, 'BSNL Broad Band Bill', '8675', '2024-11-06', '120.00', NULL, 'Telephone expense is the cost that company spends on the landline, phone service, or other phone usages during the accounting period.', 'yes', 'no', 1, '2024-11-06 06:14:39');
INSERT INTO `expenses` (`id`, `exp_head_id`, `name`, `invoice_no`, `date`, `amount`, `documents`, `note`, `is_active`, `is_deleted`, `generated_by`, `created_at`) VALUES (216, 3, 'MPBES Head Office', '8675', '2024-11-04', '200.00', NULL, '	MPBES Head Office', 'yes', 'no', 1, '2024-11-06 06:15:15');
INSERT INTO `expenses` (`id`, `exp_head_id`, `name`, `invoice_no`, `date`, `amount`, `documents`, `note`, `is_active`, `is_deleted`, `generated_by`, `created_at`) VALUES (217, 2, 'Medical Equipments', '5633', '2024-11-05', '110.00', NULL, '	Defibrillators, patient monitors, surgical tables, EKGs, anesthesia machines, sterilizers, lights, ultrasounds, and electrosurgical units, blanket/fluid warmers are all necessary pieces hospital equipmen', 'yes', 'no', 1, '2024-11-06 06:15:50');
INSERT INTO `expenses` (`id`, `exp_head_id`, `name`, `invoice_no`, `date`, `amount`, `documents`, `note`, `is_active`, `is_deleted`, `generated_by`, `created_at`) VALUES (218, 6, 'Patient Food Service', '5464', '2024-12-01', '150.00', NULL, 'The right to food, and its variations, is a human right protecting the right of people to feed themselves in dignity, implying that sufficient food is available.', 'yes', 'no', 1, '2024-12-04 11:15:03');
INSERT INTO `expenses` (`id`, `exp_head_id`, `name`, `invoice_no`, `date`, `amount`, `documents`, `note`, `is_active`, `is_deleted`, `generated_by`, `created_at`) VALUES (219, 1, 'Building Rent Charge', '5456', '2024-12-02', '120.00', NULL, 'The total cost for the month is divided by the overall area of the property which gives the per sq ft rate for maintenance for the month', 'yes', 'no', 1, '2024-12-04 11:15:30');
INSERT INTO `expenses` (`id`, `exp_head_id`, `name`, `invoice_no`, `date`, `amount`, `documents`, `note`, `is_active`, `is_deleted`, `generated_by`, `created_at`) VALUES (220, 5, 'Power Generator Charge', '343', '2024-12-03', '150.00', NULL, 'Vehicle ownership costs refers to fixed costs that are not directly affected by vehicle mileage.', 'yes', 'no', 1, '2024-12-04 11:16:03');
INSERT INTO `expenses` (`id`, `exp_head_id`, `name`, `invoice_no`, `date`, `amount`, `documents`, `note`, `is_active`, `is_deleted`, `generated_by`, `created_at`) VALUES (221, 4, 'Broad Band Bill', '7567', '2024-12-04', '150.00', NULL, 'Telephone expense is the cost that company spends on the landline, phone service, or other phone usages during the accounting period.', 'yes', 'no', 1, '2024-12-04 11:16:30');
INSERT INTO `expenses` (`id`, `exp_head_id`, `name`, `invoice_no`, `date`, `amount`, `documents`, `note`, `is_active`, `is_deleted`, `generated_by`, `created_at`) VALUES (222, 2, 'Medical Equipment', '454', '2024-12-02', '120.00', NULL, '	Medical Equipment', 'yes', 'no', 1, '2024-12-04 11:18:15');


#
# TABLE STRUCTURE FOR: filetypes
#


CREATE TABLE `filetypes` (
  `id` int NOT NULL AUTO_INCREMENT,
  `file_extension` text,
  `file_mime` text,
  `file_size` int NOT NULL,
  `image_extension` text,
  `image_mime` text,
  `image_size` int NOT NULL,
  `created_at` timestamp NOT NULL DEFAULT CURRENT_TIMESTAMP ON UPDATE CURRENT_TIMESTAMP,
  PRIMARY KEY (`id`)
) ENGINE=InnoDB DEFAULT CHARSET=utf8mb3;

#
# TABLE STRUCTURE FOR: finding
#


CREATE TABLE `finding` (
  `id` int NOT NULL AUTO_INCREMENT,
  `name` varchar(200) NOT NULL,
  `description` text,
  `finding_category_id` int DEFAULT NULL,
  `created_at` timestamp NOT NULL DEFAULT CURRENT_TIMESTAMP ON UPDATE CURRENT_TIMESTAMP,
  PRIMARY KEY (`id`),
  KEY `finding_category_id` (`finding_category_id`),
  KEY `index_name` (`name`),
  CONSTRAINT `finding_ibfk_1` FOREIGN KEY (`finding_category_id`) REFERENCES `finding_category` (`id`) ON DELETE CASCADE
) ENGINE=InnoDB AUTO_INCREMENT=13 DEFAULT CHARSET=utf8mb3;

INSERT INTO `finding` (`id`, `name`, `description`, `finding_category_id`, `created_at`) VALUES (1, 'Stomach pain', 'Typhoid fever and paratyphoid fever have similar symptoms̵. People usually have a sustained fever (one that doesn’t come and go) that can be as high as 103–104°F (39–40°C).', 2, '2021-10-25 06:05:10');
INSERT INTO `finding` (`id`, `name`, `description`, `finding_category_id`, `created_at`) VALUES (2, 'Diarrhea or constipation', 'Some people with typhoid fever or paratyphoid fever develop a rash of flat, rose-colored spots.', 2, '2021-10-25 06:05:39');
INSERT INTO `finding` (`id`, `name`, `description`, `finding_category_id`, `created_at`) VALUES (3, 'Headache', 'Typhoid fever and paratyphoid fever are treated with antibiotics.', 2, '2021-10-25 06:06:32');
INSERT INTO `finding` (`id`, `name`, `description`, `finding_category_id`, `created_at`) VALUES (4, 'Elevated temperature (above 100.4°)', 'The medical community generally defines a fever as a body temperature above 100.4 degrees Fahrenheit. A body temp between 100.4 and 102.2 degree is usually considered a low-grade fever. ', 1, '2021-10-25 06:07:28');
INSERT INTO `finding` (`id`, `name`, `description`, `finding_category_id`, `created_at`) VALUES (5, 'Flushed complexion or hot skin.', 'Flushed skin is often a visual sign of embarrassment, anxiety, or being too hot. However, frequent flushing can sometimes indicate an underlying medical condition. Flushed skin occurs when the hundreds of tiny blood vessels just beneath the skin dilate, or widen.', 1, '2021-10-25 06:07:59');
INSERT INTO `finding` (`id`, `name`, `description`, `finding_category_id`, `created_at`) VALUES (6, 'Hyperhidrosis disorder', 'Hyperhidrosis disorder is a condition that results in excessive sweating. This sweating can occur in unusual situations, such as in cooler weather, or without any trigger at all. It can also be caused by other medical conditions, such as menopause or hyperthyroidism. Hyperhidrosis can be uncomfortable.', 1, '2021-10-25 06:12:13');
INSERT INTO `finding` (`id`, `name`, `description`, `finding_category_id`, `created_at`) VALUES (7, 'Rosacea', 'Rosacea (roe-ZAY-she-uh) is a common skin condition that causes blushing or flushing and visible blood vessels in your face. It may also produce small, pus-filled bumps. These signs and symptoms may flare up for weeks to months and then go away for a while.', 3, '2021-10-25 06:15:36');
INSERT INTO `finding` (`id`, `name`, `description`, `finding_category_id`, `created_at`) VALUES (8, 'Eczema.', 'Eczema (atopic dermatitis) is caused by a combination of immune system activation, genetics, environmental triggers and stress. Your immune system. If you have eczema, your immune system overreacts to small irritants or allergens. This overreaction can inflame your skin.', 3, '2021-10-25 06:16:01');
INSERT INTO `finding` (`id`, `name`, `description`, `finding_category_id`, `created_at`) VALUES (9, 'Osteoporosis', 'Bone density problems may occur because the body loses too much bone tissue, makes too little of it, or some combination of both. It tends to be symptomless. That is, people with osteoporosis tend not to know they have it – until a bone fracture has them visiting a doctor who makes the diagnosis.', 4, '2021-10-25 06:17:17');
INSERT INTO `finding` (`id`, `name`, `description`, `finding_category_id`, `created_at`) VALUES (10, 'Damaged Hair', 'Hair damage is more than just split ends. Extremely damaged hair develops cracks in the outside layer (cuticle). Once the cuticle lifts (opens), your hair is at risk for further damage and breakage. It may also look dull or frizzy and be difficult to manage', 5, '2021-10-25 06:18:47');
INSERT INTO `finding` (`id`, `name`, `description`, `finding_category_id`, `created_at`) VALUES (11, 'Damaged Hair', '', 5, '2021-10-25 06:20:06');
INSERT INTO `finding` (`id`, `name`, `description`, `finding_category_id`, `created_at`) VALUES (12, 'Refractive Errors.', 'A refractive error is a very common eye disorder. It occurs when the eye cannot clearly focus the images from the outside world. The result of refractive errors is blurred vision, which is sometimes so severe that it causes visual impairment', 6, '2021-10-25 06:20:29');


#
# TABLE STRUCTURE FOR: finding_category
#


CREATE TABLE `finding_category` (
  `id` int NOT NULL AUTO_INCREMENT,
  `category` varchar(100) NOT NULL,
  `created_at` timestamp NOT NULL DEFAULT CURRENT_TIMESTAMP ON UPDATE CURRENT_TIMESTAMP,
  PRIMARY KEY (`id`),
  KEY `index_category` (`category`)
) ENGINE=InnoDB AUTO_INCREMENT=8 DEFAULT CHARSET=utf8mb3;

INSERT INTO `finding_category` (`id`, `category`, `created_at`) VALUES (1, 'Fever', '2021-10-25 06:02:48');
INSERT INTO `finding_category` (`id`, `category`, `created_at`) VALUES (2, 'Typhidot (or Widal Test)', '2021-10-25 06:03:35');
INSERT INTO `finding_category` (`id`, `category`, `created_at`) VALUES (3, 'Skin Problem', '2021-10-25 06:14:41');
INSERT INTO `finding_category` (`id`, `category`, `created_at`) VALUES (4, 'Bone Density Problems', '2021-10-25 06:16:46');
INSERT INTO `finding_category` (`id`, `category`, `created_at`) VALUES (5, 'Hair Problems', '2021-10-25 06:17:53');
INSERT INTO `finding_category` (`id`, `category`, `created_at`) VALUES (6, 'Eye Diseases', '2021-10-25 06:19:41');
INSERT INTO `finding_category` (`id`, `category`, `created_at`) VALUES (7, 'Nose Diseases', '2021-10-25 06:19:58');


#
# TABLE STRUCTURE FOR: floor
#


CREATE TABLE `floor` (
  `id` int NOT NULL AUTO_INCREMENT,
  `name` varchar(100) NOT NULL,
  `description` text,
  `created_at` timestamp NOT NULL DEFAULT CURRENT_TIMESTAMP,
  PRIMARY KEY (`id`),
  KEY `index_name` (`name`)
) ENGINE=InnoDB AUTO_INCREMENT=6 DEFAULT CHARSET=utf8mb3;

INSERT INTO `floor` (`id`, `name`, `description`, `created_at`) VALUES (1, 'Ground  Floor', 'A good choice here would be luxury vinyl tile (LVT), vinyl composition tile (VCT), sheet vinyl, rubber, or linoleum.', '2021-10-25 07:28:00');
INSERT INTO `floor` (`id`, `name`, `description`, `created_at`) VALUES (2, '1st Floor', 'Neonatal intensive care units (NICUs) which provide care for newborn infants.', '2021-10-25 07:28:09');
INSERT INTO `floor` (`id`, `name`, `description`, `created_at`) VALUES (3, '2nd Floor', 'The pediatric intensive care unit (PICU) where children receive critical care. Depending on the facility, newborns may be treated in a PICU or a neonatal ICU. Smaller facilities may have a PICU only, while larger facilities may offer both a PICU and a neonatal ICU.', '2021-10-25 07:28:20');
INSERT INTO `floor` (`id`, `name`, `description`, `created_at`) VALUES (4, '3rd Floor', 'A palliative or hospice unit is where end-of-life care is provided if you have a life-limiting illness, which may or may not be cancer-related. Hospice and palliative care focus on providing comfort and quality of life. In some facilities, oncology and hospice/palliative care may be provided in the same unit. ', '2021-10-25 07:28:30');
INSERT INTO `floor` (`id`, `name`, `description`, `created_at`) VALUES (5, '4th Floor', 'The coronary/cardiac care unit (CCU) is a specialized intensive care unit for cardiac issues. If you have heart disease, experienced a cardiac event such as a heart attack, or if you\'re recovering from open-heart surgery, you may be treated in the CCU. In some facilities, a separate open-heart recovery unit may be utilized for surgical patients.', '2021-10-25 07:28:38');


#
# TABLE STRUCTURE FOR: front_cms_media_gallery
#


CREATE TABLE `front_cms_media_gallery` (
  `id` int NOT NULL AUTO_INCREMENT,
  `image` varchar(300) DEFAULT NULL,
  `thumb_path` varchar(300) DEFAULT NULL,
  `dir_path` varchar(300) DEFAULT NULL,
  `img_name` varchar(300) DEFAULT NULL,
  `thumb_name` varchar(300) DEFAULT NULL,
  `created_at` timestamp NOT NULL DEFAULT CURRENT_TIMESTAMP ON UPDATE CURRENT_TIMESTAMP,
  `file_type` varchar(100) NOT NULL,
  `file_size` varchar(100) NOT NULL,
  `vid_url` mediumtext NOT NULL,
  `vid_title` varchar(250) NOT NULL,
  PRIMARY KEY (`id`)
) ENGINE=InnoDB AUTO_INCREMENT=116 DEFAULT CHARSET=utf8mb3;

INSERT INTO `front_cms_media_gallery` (`id`, `image`, `thumb_path`, `dir_path`, `img_name`, `thumb_name`, `created_at`, `file_type`, `file_size`, `vid_url`, `vid_title`) VALUES (34, NULL, 'uploads/gallery/media/thumb/', 'uploads/gallery/media/', 'opration-icons.jpg', 'opration-icons.jpg', '2018-12-14 16:39:45', 'image/jpeg', '7430', '', '');
INSERT INTO `front_cms_media_gallery` (`id`, `image`, `thumb_path`, `dir_path`, `img_name`, `thumb_name`, `created_at`, `file_type`, `file_size`, `vid_url`, `vid_title`) VALUES (44, NULL, 'uploads/gallery/media/thumb/', 'uploads/gallery/media/', 'emergency.jpg', 'emergency.jpg', '2018-12-14 17:25:59', 'image/jpeg', '6755', '', '');
INSERT INTO `front_cms_media_gallery` (`id`, `image`, `thumb_path`, `dir_path`, `img_name`, `thumb_name`, `created_at`, `file_type`, `file_size`, `vid_url`, `vid_title`) VALUES (45, NULL, 'uploads/gallery/media/thumb/', 'uploads/gallery/media/', 'profession-icon.jpg', 'profession-icon.jpg', '2018-12-14 17:29:07', 'image/jpeg', '7734', '', '');
INSERT INTO `front_cms_media_gallery` (`id`, `image`, `thumb_path`, `dir_path`, `img_name`, `thumb_name`, `created_at`, `file_type`, `file_size`, `vid_url`, `vid_title`) VALUES (53, NULL, 'uploads/gallery/media/thumb/', 'uploads/gallery/media/', 'slider1.jpg', 'slider1.jpg', '2019-01-14 16:10:40', 'image/jpeg', '355219', '', '');
INSERT INTO `front_cms_media_gallery` (`id`, `image`, `thumb_path`, `dir_path`, `img_name`, `thumb_name`, `created_at`, `file_type`, `file_size`, `vid_url`, `vid_title`) VALUES (54, NULL, 'uploads/gallery/media/thumb/', 'uploads/gallery/media/', 'slider2.jpg', 'slider2.jpg', '2019-01-14 16:10:47', 'image/jpeg', '213585', '', '');
INSERT INTO `front_cms_media_gallery` (`id`, `image`, `thumb_path`, `dir_path`, `img_name`, `thumb_name`, `created_at`, `file_type`, `file_size`, `vid_url`, `vid_title`) VALUES (55, NULL, 'uploads/gallery/media/thumb/', 'uploads/gallery/media/', 'slider3.jpg', 'slider3.jpg', '2019-01-14 16:10:59', 'image/jpeg', '201175', '', '');
INSERT INTO `front_cms_media_gallery` (`id`, `image`, `thumb_path`, `dir_path`, `img_name`, `thumb_name`, `created_at`, `file_type`, `file_size`, `vid_url`, `vid_title`) VALUES (56, NULL, 'uploads/gallery/media/thumb/', 'uploads/gallery/media/', 'slider4.jpg', 'slider4.jpg', '2019-01-14 16:11:05', 'image/jpeg', '317966', '', '');
INSERT INTO `front_cms_media_gallery` (`id`, `image`, `thumb_path`, `dir_path`, `img_name`, `thumb_name`, `created_at`, `file_type`, `file_size`, `vid_url`, `vid_title`) VALUES (57, NULL, 'uploads/gallery/media/thumb/', 'uploads/gallery/media/', 'slider5.jpg', 'slider5.jpg', '2019-01-14 16:11:11', 'image/jpeg', '316131', '', '');
INSERT INTO `front_cms_media_gallery` (`id`, `image`, `thumb_path`, `dir_path`, `img_name`, `thumb_name`, `created_at`, `file_type`, `file_size`, `vid_url`, `vid_title`) VALUES (58, NULL, 'uploads/gallery/media/thumb/', 'uploads/gallery/media/', 'slider6.jpg', 'slider6.jpg', '2019-01-14 16:11:20', 'image/jpeg', '235438', '', '');
INSERT INTO `front_cms_media_gallery` (`id`, `image`, `thumb_path`, `dir_path`, `img_name`, `thumb_name`, `created_at`, `file_type`, `file_size`, `vid_url`, `vid_title`) VALUES (59, NULL, 'uploads/gallery/media/thumb/', 'uploads/gallery/media/', 'about.jpg', 'about.jpg', '2019-01-14 16:14:49', 'image/jpeg', '71514', '', '');
INSERT INTO `front_cms_media_gallery` (`id`, `image`, `thumb_path`, `dir_path`, `img_name`, `thumb_name`, `created_at`, `file_type`, `file_size`, `vid_url`, `vid_title`) VALUES (60, NULL, 'uploads/gallery/media/thumb/', 'uploads/gallery/media/', 'medicine-icons.jpg', 'medicine-icons.jpg', '2019-01-14 16:18:44', 'image/jpeg', '6682', '', '');
INSERT INTO `front_cms_media_gallery` (`id`, `image`, `thumb_path`, `dir_path`, `img_name`, `thumb_name`, `created_at`, `file_type`, `file_size`, `vid_url`, `vid_title`) VALUES (61, NULL, 'uploads/gallery/media/thumb/', 'uploads/gallery/media/', 'emergency-1547424000.jpg', 'emergency-1547424000.jpg', '2019-01-14 16:18:54', 'image/jpeg', '12287', '', '');
INSERT INTO `front_cms_media_gallery` (`id`, `image`, `thumb_path`, `dir_path`, `img_name`, `thumb_name`, `created_at`, `file_type`, `file_size`, `vid_url`, `vid_title`) VALUES (62, NULL, 'uploads/gallery/media/thumb/', 'uploads/gallery/media/', 'doctor-icon.jpg', 'doctor-icon.jpg', '2019-01-14 16:19:01', 'image/jpeg', '7319', '', '');
INSERT INTO `front_cms_media_gallery` (`id`, `image`, `thumb_path`, `dir_path`, `img_name`, `thumb_name`, `created_at`, `file_type`, `file_size`, `vid_url`, `vid_title`) VALUES (63, NULL, 'uploads/gallery/media/thumb/', 'uploads/gallery/media/', 'profession-icon-1547424000.jpg', 'profession-icon-1547424000.jpg', '2019-01-14 16:19:24', 'image/jpeg', '14008', '', '');
INSERT INTO `front_cms_media_gallery` (`id`, `image`, `thumb_path`, `dir_path`, `img_name`, `thumb_name`, `created_at`, `file_type`, `file_size`, `vid_url`, `vid_title`) VALUES (64, NULL, 'uploads/gallery/media/thumb/', 'uploads/gallery/media/', 'docter1.jpg', 'docter1.jpg', '2019-01-14 16:21:55', 'image/jpeg', '14055', '', '');
INSERT INTO `front_cms_media_gallery` (`id`, `image`, `thumb_path`, `dir_path`, `img_name`, `thumb_name`, `created_at`, `file_type`, `file_size`, `vid_url`, `vid_title`) VALUES (65, NULL, 'uploads/gallery/media/thumb/', 'uploads/gallery/media/', 'docter2.jpg', 'docter2.jpg', '2019-01-14 16:22:02', 'image/jpeg', '13851', '', '');
INSERT INTO `front_cms_media_gallery` (`id`, `image`, `thumb_path`, `dir_path`, `img_name`, `thumb_name`, `created_at`, `file_type`, `file_size`, `vid_url`, `vid_title`) VALUES (66, NULL, 'uploads/gallery/media/thumb/', 'uploads/gallery/media/', 'docter3.jpg', 'docter3.jpg', '2019-01-14 16:22:02', 'image/jpeg', '17007', '', '');
INSERT INTO `front_cms_media_gallery` (`id`, `image`, `thumb_path`, `dir_path`, `img_name`, `thumb_name`, `created_at`, `file_type`, `file_size`, `vid_url`, `vid_title`) VALUES (67, NULL, 'uploads/gallery/media/thumb/', 'uploads/gallery/media/', 'docter4.jpg', 'docter4.jpg', '2019-01-14 16:22:02', 'image/jpeg', '11974', '', '');
INSERT INTO `front_cms_media_gallery` (`id`, `image`, `thumb_path`, `dir_path`, `img_name`, `thumb_name`, `created_at`, `file_type`, `file_size`, `vid_url`, `vid_title`) VALUES (68, NULL, 'uploads/gallery/media/thumb/', 'uploads/gallery/media/', 'docter5.jpg', 'docter5.jpg', '2019-01-14 16:22:02', 'image/jpeg', '17003', '', '');
INSERT INTO `front_cms_media_gallery` (`id`, `image`, `thumb_path`, `dir_path`, `img_name`, `thumb_name`, `created_at`, `file_type`, `file_size`, `vid_url`, `vid_title`) VALUES (69, NULL, 'uploads/gallery/media/thumb/', 'uploads/gallery/media/', 'docter6.jpg', 'docter6.jpg', '2019-01-14 16:22:02', 'image/jpeg', '18123', '', '');
INSERT INTO `front_cms_media_gallery` (`id`, `image`, `thumb_path`, `dir_path`, `img_name`, `thumb_name`, `created_at`, `file_type`, `file_size`, `vid_url`, `vid_title`) VALUES (70, NULL, 'uploads/gallery/media/thumb/', 'uploads/gallery/media/', 'single-image-2.jpg', 'single-image-2.jpg', '2019-01-14 16:25:59', 'image/jpeg', '26814', '', '');
INSERT INTO `front_cms_media_gallery` (`id`, `image`, `thumb_path`, `dir_path`, `img_name`, `thumb_name`, `created_at`, `file_type`, `file_size`, `vid_url`, `vid_title`) VALUES (71, NULL, 'uploads/gallery/media/thumb/', 'uploads/gallery/media/', 'info-item5.png', 'info-item5.png', '2019-01-14 16:27:47', 'image/png', '886', '', '');
INSERT INTO `front_cms_media_gallery` (`id`, `image`, `thumb_path`, `dir_path`, `img_name`, `thumb_name`, `created_at`, `file_type`, `file_size`, `vid_url`, `vid_title`) VALUES (72, NULL, 'uploads/gallery/media/thumb/', 'uploads/gallery/media/', 'info-item6.png', 'info-item6.png', '2019-01-14 16:27:47', 'image/png', '560', '', '');
INSERT INTO `front_cms_media_gallery` (`id`, `image`, `thumb_path`, `dir_path`, `img_name`, `thumb_name`, `created_at`, `file_type`, `file_size`, `vid_url`, `vid_title`) VALUES (73, NULL, 'uploads/gallery/media/thumb/', 'uploads/gallery/media/', 'info-item7.png', 'info-item7.png', '2019-01-14 16:27:47', 'image/png', '704', '', '');
INSERT INTO `front_cms_media_gallery` (`id`, `image`, `thumb_path`, `dir_path`, `img_name`, `thumb_name`, `created_at`, `file_type`, `file_size`, `vid_url`, `vid_title`) VALUES (74, NULL, 'uploads/gallery/media/thumb/', 'uploads/gallery/media/', 'info-item8.png', 'info-item8.png', '2019-01-14 16:27:47', 'image/png', '804', '', '');
INSERT INTO `front_cms_media_gallery` (`id`, `image`, `thumb_path`, `dir_path`, `img_name`, `thumb_name`, `created_at`, `file_type`, `file_size`, `vid_url`, `vid_title`) VALUES (75, NULL, 'uploads/gallery/media/thumb/', 'uploads/gallery/media/', 'testimonial-man1.jpg', 'testimonial-man1.jpg', '2019-01-14 16:51:12', 'image/jpeg', '18525', '', '');
INSERT INTO `front_cms_media_gallery` (`id`, `image`, `thumb_path`, `dir_path`, `img_name`, `thumb_name`, `created_at`, `file_type`, `file_size`, `vid_url`, `vid_title`) VALUES (77, NULL, 'uploads/gallery/media/thumb/', 'uploads/gallery/media/', 'testimonial-man3.jpg', 'testimonial-man3.jpg', '2019-01-14 16:51:12', 'image/jpeg', '9741', '', '');
INSERT INTO `front_cms_media_gallery` (`id`, `image`, `thumb_path`, `dir_path`, `img_name`, `thumb_name`, `created_at`, `file_type`, `file_size`, `vid_url`, `vid_title`) VALUES (78, NULL, 'uploads/gallery/media/thumb/', 'uploads/gallery/media/', 'testimonial-man4.jpg', 'testimonial-man4.jpg', '2019-01-14 16:51:12', 'image/jpeg', '15956', '', '');
INSERT INTO `front_cms_media_gallery` (`id`, `image`, `thumb_path`, `dir_path`, `img_name`, `thumb_name`, `created_at`, `file_type`, `file_size`, `vid_url`, `vid_title`) VALUES (79, NULL, 'uploads/gallery/media/thumb/', 'uploads/gallery/media/', 'testimonial-woman1.jpg', 'testimonial-woman1.jpg', '2019-01-14 16:51:12', 'image/jpeg', '15676', '', '');
INSERT INTO `front_cms_media_gallery` (`id`, `image`, `thumb_path`, `dir_path`, `img_name`, `thumb_name`, `created_at`, `file_type`, `file_size`, `vid_url`, `vid_title`) VALUES (80, NULL, 'uploads/gallery/media/thumb/', 'uploads/gallery/media/', 'testimonial-woman2.jpg', 'testimonial-woman2.jpg', '2019-01-14 16:51:12', 'image/jpeg', '18052', '', '');
INSERT INTO `front_cms_media_gallery` (`id`, `image`, `thumb_path`, `dir_path`, `img_name`, `thumb_name`, `created_at`, `file_type`, `file_size`, `vid_url`, `vid_title`) VALUES (81, NULL, 'uploads/gallery/media/thumb/', 'uploads/gallery/media/', 'gallery1.jpg', 'gallery1.jpg', '2019-01-14 17:10:13', 'image/jpeg', '41599', '', '');
INSERT INTO `front_cms_media_gallery` (`id`, `image`, `thumb_path`, `dir_path`, `img_name`, `thumb_name`, `created_at`, `file_type`, `file_size`, `vid_url`, `vid_title`) VALUES (82, NULL, 'uploads/gallery/media/thumb/', 'uploads/gallery/media/', 'gallery2.jpg', 'gallery2.jpg', '2019-01-14 17:10:13', 'image/jpeg', '58270', '', '');
INSERT INTO `front_cms_media_gallery` (`id`, `image`, `thumb_path`, `dir_path`, `img_name`, `thumb_name`, `created_at`, `file_type`, `file_size`, `vid_url`, `vid_title`) VALUES (83, NULL, 'uploads/gallery/media/thumb/', 'uploads/gallery/media/', 'gallery3.jpg', 'gallery3.jpg', '2019-01-14 17:10:13', 'image/jpeg', '39658', '', '');
INSERT INTO `front_cms_media_gallery` (`id`, `image`, `thumb_path`, `dir_path`, `img_name`, `thumb_name`, `created_at`, `file_type`, `file_size`, `vid_url`, `vid_title`) VALUES (84, NULL, 'uploads/gallery/media/thumb/', 'uploads/gallery/media/', 'gallery4.jpg', 'gallery4.jpg', '2019-01-14 17:10:13', 'image/jpeg', '33589', '', '');
INSERT INTO `front_cms_media_gallery` (`id`, `image`, `thumb_path`, `dir_path`, `img_name`, `thumb_name`, `created_at`, `file_type`, `file_size`, `vid_url`, `vid_title`) VALUES (85, NULL, 'uploads/gallery/media/thumb/', 'uploads/gallery/media/', 'gallery5.jpg', 'gallery5.jpg', '2019-01-14 17:10:13', 'image/jpeg', '40107', '', '');
INSERT INTO `front_cms_media_gallery` (`id`, `image`, `thumb_path`, `dir_path`, `img_name`, `thumb_name`, `created_at`, `file_type`, `file_size`, `vid_url`, `vid_title`) VALUES (86, NULL, 'uploads/gallery/media/thumb/', 'uploads/gallery/media/', 'gallery6.jpg', 'gallery6.jpg', '2019-01-14 17:10:13', 'image/jpeg', '47805', '', '');
INSERT INTO `front_cms_media_gallery` (`id`, `image`, `thumb_path`, `dir_path`, `img_name`, `thumb_name`, `created_at`, `file_type`, `file_size`, `vid_url`, `vid_title`) VALUES (87, NULL, 'uploads/gallery/media/thumb/', 'uploads/gallery/media/', 'gallery7.jpg', 'gallery7.jpg', '2019-01-14 17:10:13', 'image/jpeg', '28543', '', '');
INSERT INTO `front_cms_media_gallery` (`id`, `image`, `thumb_path`, `dir_path`, `img_name`, `thumb_name`, `created_at`, `file_type`, `file_size`, `vid_url`, `vid_title`) VALUES (88, NULL, 'uploads/gallery/media/thumb/', 'uploads/gallery/media/', 'gallery8.jpg', 'gallery8.jpg', '2019-01-14 17:10:13', 'image/jpeg', '48310', '', '');
INSERT INTO `front_cms_media_gallery` (`id`, `image`, `thumb_path`, `dir_path`, `img_name`, `thumb_name`, `created_at`, `file_type`, `file_size`, `vid_url`, `vid_title`) VALUES (89, NULL, 'uploads/gallery/media/thumb/', 'uploads/gallery/media/', 'gallery9.jpg', 'gallery9.jpg', '2019-01-14 17:10:13', 'image/jpeg', '49105', '', '');
INSERT INTO `front_cms_media_gallery` (`id`, `image`, `thumb_path`, `dir_path`, `img_name`, `thumb_name`, `created_at`, `file_type`, `file_size`, `vid_url`, `vid_title`) VALUES (90, NULL, 'uploads/gallery/media/thumb/', 'uploads/gallery/media/', 'gallery10.jpg', 'gallery10.jpg', '2019-01-14 17:10:13', 'image/jpeg', '36115', '', '');
INSERT INTO `front_cms_media_gallery` (`id`, `image`, `thumb_path`, `dir_path`, `img_name`, `thumb_name`, `created_at`, `file_type`, `file_size`, `vid_url`, `vid_title`) VALUES (91, NULL, 'uploads/gallery/media/thumb/', 'uploads/gallery/media/', 'gallery11.jpg', 'gallery11.jpg', '2019-01-14 17:10:13', 'image/jpeg', '44069', '', '');
INSERT INTO `front_cms_media_gallery` (`id`, `image`, `thumb_path`, `dir_path`, `img_name`, `thumb_name`, `created_at`, `file_type`, `file_size`, `vid_url`, `vid_title`) VALUES (92, NULL, 'uploads/gallery/media/thumb/', 'uploads/gallery/media/', 'gallery12.jpg', 'gallery12.jpg', '2019-01-14 17:10:13', 'image/jpeg', '37236', '', '');
INSERT INTO `front_cms_media_gallery` (`id`, `image`, `thumb_path`, `dir_path`, `img_name`, `thumb_name`, `created_at`, `file_type`, `file_size`, `vid_url`, `vid_title`) VALUES (93, NULL, 'uploads/gallery/media/thumb/', 'uploads/gallery/media/', 'world-health.jpg', 'world-health.jpg', '2023-04-04 12:00:14', 'image/jpeg', '40894', '', '');
INSERT INTO `front_cms_media_gallery` (`id`, `image`, `thumb_path`, `dir_path`, `img_name`, `thumb_name`, `created_at`, `file_type`, `file_size`, `vid_url`, `vid_title`) VALUES (94, NULL, 'uploads/gallery/media/thumb/', 'uploads/gallery/media/', 'istockphoto.jpg', 'istockphoto.jpg', '2023-09-04 10:06:30', 'image/jpeg', '10289', '', '');
INSERT INTO `front_cms_media_gallery` (`id`, `image`, `thumb_path`, `dir_path`, `img_name`, `thumb_name`, `created_at`, `file_type`, `file_size`, `vid_url`, `vid_title`) VALUES (95, NULL, 'uploads/gallery/media/thumb/', 'uploads/gallery/media/', 'dental-care.jpg', 'dental-care.jpg', '2023-10-04 10:07:07', 'image/jpeg', '158080', '', '');
INSERT INTO `front_cms_media_gallery` (`id`, `image`, `thumb_path`, `dir_path`, `img_name`, `thumb_name`, `created_at`, `file_type`, `file_size`, `vid_url`, `vid_title`) VALUES (96, NULL, 'uploads/gallery/media/thumb/', 'uploads/gallery/media/', 'Health.jpg', 'Health.jpg', '2024-02-01 09:12:28', 'image/jpeg', '114601', '', '');
INSERT INTO `front_cms_media_gallery` (`id`, `image`, `thumb_path`, `dir_path`, `img_name`, `thumb_name`, `created_at`, `file_type`, `file_size`, `vid_url`, `vid_title`) VALUES (97, NULL, 'uploads/gallery/media/thumb/', 'uploads/gallery/media/', 'bone.jpg', 'bone.jpg', '2024-02-01 09:19:37', 'image/jpeg', '108833', '', '');
INSERT INTO `front_cms_media_gallery` (`id`, `image`, `thumb_path`, `dir_path`, `img_name`, `thumb_name`, `created_at`, `file_type`, `file_size`, `vid_url`, `vid_title`) VALUES (98, NULL, 'uploads/gallery/media/thumb/', 'uploads/gallery/media/', 'skin_final.jpeg', 'skin_final.jpeg', '2024-02-01 09:26:10', 'image/jpeg', '52984', '', '');
INSERT INTO `front_cms_media_gallery` (`id`, `image`, `thumb_path`, `dir_path`, `img_name`, `thumb_name`, `created_at`, `file_type`, `file_size`, `vid_url`, `vid_title`) VALUES (100, NULL, 'uploads/gallery/media/thumb/', 'uploads/gallery/media/', 'Preventions-of-Diabetes.png', 'Preventions-of-Diabetes.png', '2024-03-01 12:12:55', 'image/png', '82670', '', '');
INSERT INTO `front_cms_media_gallery` (`id`, `image`, `thumb_path`, `dir_path`, `img_name`, `thumb_name`, `created_at`, `file_type`, `file_size`, `vid_url`, `vid_title`) VALUES (101, NULL, 'uploads/gallery/media/thumb/', 'uploads/gallery/media/', 'Remarkable-Women.png', 'Remarkable-Women.png', '2024-03-01 12:19:02', 'image/png', '121726', '', '');
INSERT INTO `front_cms_media_gallery` (`id`, `image`, `thumb_path`, `dir_path`, `img_name`, `thumb_name`, `created_at`, `file_type`, `file_size`, `vid_url`, `vid_title`) VALUES (103, NULL, 'uploads/gallery/media/thumb/', 'uploads/gallery/media/', 'cancer.jpg', 'cancer.jpg', '2024-04-01 12:21:10', 'image/jpeg', '32083', '', '');
INSERT INTO `front_cms_media_gallery` (`id`, `image`, `thumb_path`, `dir_path`, `img_name`, `thumb_name`, `created_at`, `file_type`, `file_size`, `vid_url`, `vid_title`) VALUES (104, NULL, 'uploads/gallery/media/thumb/', 'uploads/gallery/media/', 'als-and-.jpg', 'als-and-.jpg', '2024-04-01 12:22:33', 'image/jpeg', '50100', '', '');
INSERT INTO `front_cms_media_gallery` (`id`, `image`, `thumb_path`, `dir_path`, `img_name`, `thumb_name`, `created_at`, `file_type`, `file_size`, `vid_url`, `vid_title`) VALUES (105, NULL, 'uploads/gallery/media/thumb/', 'uploads/gallery/media/', 'benefits- .jpg', 'benefits- .jpg', '2024-04-01 12:31:55', 'image/jpeg', '43339', '', '');
INSERT INTO `front_cms_media_gallery` (`id`, `image`, `thumb_path`, `dir_path`, `img_name`, `thumb_name`, `created_at`, `file_type`, `file_size`, `vid_url`, `vid_title`) VALUES (106, NULL, 'uploads/gallery/media/thumb/', 'uploads/gallery/media/', 'World-.jpg', 'World-.jpg', '2024-05-02 06:38:18', 'image/jpeg', '164967', '', '');
INSERT INTO `front_cms_media_gallery` (`id`, `image`, `thumb_path`, `dir_path`, `img_name`, `thumb_name`, `created_at`, `file_type`, `file_size`, `vid_url`, `vid_title`) VALUES (107, NULL, 'uploads/gallery/media/thumb/', 'uploads/gallery/media/', 'images.jpg', 'images.jpg', '2024-05-02 06:45:53', 'image/jpeg', '7329', '', '');
INSERT INTO `front_cms_media_gallery` (`id`, `image`, `thumb_path`, `dir_path`, `img_name`, `thumb_name`, `created_at`, `file_type`, `file_size`, `vid_url`, `vid_title`) VALUES (108, NULL, 'uploads/gallery/media/thumb/', 'uploads/gallery/media/', 'dengue-fever.jpeg', 'dengue-fever.jpeg', '2024-05-02 07:00:24', 'image/jpeg', '31012', '', '');
INSERT INTO `front_cms_media_gallery` (`id`, `image`, `thumb_path`, `dir_path`, `img_name`, `thumb_name`, `created_at`, `file_type`, `file_size`, `vid_url`, `vid_title`) VALUES (111, NULL, 'uploads/gallery/media/thumb/', 'uploads/gallery/media/', 'health-equity.jpg', 'health-equity.jpg', '2024-06-01 11:53:58', 'image/jpeg', '58975', '', '');
INSERT INTO `front_cms_media_gallery` (`id`, `image`, `thumb_path`, `dir_path`, `img_name`, `thumb_name`, `created_at`, `file_type`, `file_size`, `vid_url`, `vid_title`) VALUES (112, NULL, 'uploads/gallery/media/thumb/', 'uploads/gallery/media/', 'facebook-.jpg', 'facebook-.jpg', '2024-08-01 05:11:46', 'image/jpeg', '79413', '', '');
INSERT INTO `front_cms_media_gallery` (`id`, `image`, `thumb_path`, `dir_path`, `img_name`, `thumb_name`, `created_at`, `file_type`, `file_size`, `vid_url`, `vid_title`) VALUES (113, NULL, 'uploads/gallery/media/thumb/', 'uploads/gallery/media/', 'national-i.jpg', 'national-i.jpg', '2024-08-01 05:17:05', 'image/jpeg', '42560', '', '');
INSERT INTO `front_cms_media_gallery` (`id`, `image`, `thumb_path`, `dir_path`, `img_name`, `thumb_name`, `created_at`, `file_type`, `file_size`, `vid_url`, `vid_title`) VALUES (114, NULL, '', '', '1733459437-121449129167527dedd1f13!The-ExcelsiusGPS-.png', '1733459437-121449129167527dedd1f13!The-ExcelsiusGPS-.png', '2024-12-06 04:30:37', 'image/png', '157659', '', '');
INSERT INTO `front_cms_media_gallery` (`id`, `image`, `thumb_path`, `dir_path`, `img_name`, `thumb_name`, `created_at`, `file_type`, `file_size`, `vid_url`, `vid_title`) VALUES (115, NULL, '', '', '1733461324-15239945766752854cf2273!HNN-.png', '1733461324-15239945766752854cf2273!HNN-.png', '2024-12-06 05:02:05', 'image/png', '167253', '', '');


#
# TABLE STRUCTURE FOR: front_cms_menu_items
#

