
CREATE TABLE `ipd_prescription_details` (
  `id` int NOT NULL AUTO_INCREMENT,
  `basic_id` int DEFAULT NULL,
  `pharmacy_id` int DEFAULT NULL,
  `dosage` int DEFAULT NULL,
  `dose_interval_id` int DEFAULT NULL,
  `dose_duration_id` int DEFAULT NULL,
  `instruction` text,
  `created_at` timestamp NOT NULL DEFAULT CURRENT_TIMESTAMP,
  PRIMARY KEY (`id`),
  KEY `basic_id` (`basic_id`),
  KEY `pharmacy_id` (`pharmacy_id`),
  KEY `index_dosage` (`dosage`),
  KEY `index_dose_interval_id` (`dose_interval_id`),
  KEY `index_dose_duration_id` (`dose_duration_id`),
  CONSTRAINT `ipd_prescription_details_ibfk_1` FOREIGN KEY (`basic_id`) REFERENCES `ipd_prescription_basic` (`id`) ON DELETE CASCADE,
  CONSTRAINT `ipd_prescription_details_ibfk_2` FOREIGN KEY (`pharmacy_id`) REFERENCES `pharmacy` (`id`) ON DELETE CASCADE,
  CONSTRAINT `ipd_prescription_details_ibfk_3` FOREIGN KEY (`dose_interval_id`) REFERENCES `dose_interval` (`id`) ON DELETE CASCADE,
  CONSTRAINT `ipd_prescription_details_ibfk_4` FOREIGN KEY (`dose_duration_id`) REFERENCES `dose_duration` (`id`) ON DELETE CASCADE
) ENGINE=InnoDB AUTO_INCREMENT=466 DEFAULT CHARSET=utf8mb3;

INSERT INTO `ipd_prescription_details` (`id`, `basic_id`, `pharmacy_id`, `dosage`, `dose_interval_id`, `dose_duration_id`, `instruction`, `created_at`) VALUES (4, 3, 14, 6, 2, 1, '', '2021-10-25 12:31:11');
INSERT INTO `ipd_prescription_details` (`id`, `basic_id`, `pharmacy_id`, `dosage`, `dose_interval_id`, `dose_duration_id`, `instruction`, `created_at`) VALUES (23, 13, 23, 5, 5, 2, '', '2021-10-27 05:41:48');
INSERT INTO `ipd_prescription_details` (`id`, `basic_id`, `pharmacy_id`, `dosage`, `dose_interval_id`, `dose_duration_id`, `instruction`, `created_at`) VALUES (28, 16, 90, 5, 1, 2, '', '2021-10-29 06:23:14');
INSERT INTO `ipd_prescription_details` (`id`, `basic_id`, `pharmacy_id`, `dosage`, `dose_interval_id`, `dose_duration_id`, `instruction`, `created_at`) VALUES (29, 17, 1, 1, 1, 2, '', '2021-10-29 06:41:59');
INSERT INTO `ipd_prescription_details` (`id`, `basic_id`, `pharmacy_id`, `dosage`, `dose_interval_id`, `dose_duration_id`, `instruction`, `created_at`) VALUES (31, 17, 14, 5, 2, 2, '', '2021-10-29 06:41:59');
INSERT INTO `ipd_prescription_details` (`id`, `basic_id`, `pharmacy_id`, `dosage`, `dose_interval_id`, `dose_duration_id`, `instruction`, `created_at`) VALUES (32, 17, 14, 5, 2, 2, '', '2021-10-29 06:41:59');
INSERT INTO `ipd_prescription_details` (`id`, `basic_id`, `pharmacy_id`, `dosage`, `dose_interval_id`, `dose_duration_id`, `instruction`, `created_at`) VALUES (80, 62, 95, 1, 2, 1, '', '2022-02-03 11:35:25');
INSERT INTO `ipd_prescription_details` (`id`, `basic_id`, `pharmacy_id`, `dosage`, `dose_interval_id`, `dose_duration_id`, `instruction`, `created_at`) VALUES (96, 85, 2, 7, 1, 1, '', '2022-04-02 07:57:09');
INSERT INTO `ipd_prescription_details` (`id`, `basic_id`, `pharmacy_id`, `dosage`, `dose_interval_id`, `dose_duration_id`, `instruction`, `created_at`) VALUES (113, 98, 95, 1, 1, 1, '', '2022-05-03 11:27:40');
INSERT INTO `ipd_prescription_details` (`id`, `basic_id`, `pharmacy_id`, `dosage`, `dose_interval_id`, `dose_duration_id`, `instruction`, `created_at`) VALUES (121, 105, 1, 1, 2, 2, '', '2022-06-02 12:15:54');
INSERT INTO `ipd_prescription_details` (`id`, `basic_id`, `pharmacy_id`, `dosage`, `dose_interval_id`, `dose_duration_id`, `instruction`, `created_at`) VALUES (172, 145, 1, 1, 1, 1, '', '2022-10-04 09:59:03');
INSERT INTO `ipd_prescription_details` (`id`, `basic_id`, `pharmacy_id`, `dosage`, `dose_interval_id`, `dose_duration_id`, `instruction`, `created_at`) VALUES (173, 145, 84, 2, 2, 3, '', '2022-10-04 09:59:03');
INSERT INTO `ipd_prescription_details` (`id`, `basic_id`, `pharmacy_id`, `dosage`, `dose_interval_id`, `dose_duration_id`, `instruction`, `created_at`) VALUES (209, 172, 84, 2, 1, 2, '', '2022-12-05 10:58:56');
INSERT INTO `ipd_prescription_details` (`id`, `basic_id`, `pharmacy_id`, `dosage`, `dose_interval_id`, `dose_duration_id`, `instruction`, `created_at`) VALUES (221, 184, 84, 2, 1, 1, '', '2023-01-04 12:12:48');
INSERT INTO `ipd_prescription_details` (`id`, `basic_id`, `pharmacy_id`, `dosage`, `dose_interval_id`, `dose_duration_id`, `instruction`, `created_at`) VALUES (223, 186, 1, 1, 1, 2, '', '2023-01-04 12:27:38');
INSERT INTO `ipd_prescription_details` (`id`, `basic_id`, `pharmacy_id`, `dosage`, `dose_interval_id`, `dose_duration_id`, `instruction`, `created_at`) VALUES (226, 189, 1, 1, 1, 1, '', '2023-02-01 09:30:06');
INSERT INTO `ipd_prescription_details` (`id`, `basic_id`, `pharmacy_id`, `dosage`, `dose_interval_id`, `dose_duration_id`, `instruction`, `created_at`) VALUES (227, 190, 84, 2, 1, 1, '', '2023-02-01 09:41:02');
INSERT INTO `ipd_prescription_details` (`id`, `basic_id`, `pharmacy_id`, `dosage`, `dose_interval_id`, `dose_duration_id`, `instruction`, `created_at`) VALUES (228, 190, 95, 1, 2, 2, '', '2023-02-01 09:41:02');
INSERT INTO `ipd_prescription_details` (`id`, `basic_id`, `pharmacy_id`, `dosage`, `dose_interval_id`, `dose_duration_id`, `instruction`, `created_at`) VALUES (229, 191, 1, 1, 2, 1, '', '2023-02-01 09:59:13');
INSERT INTO `ipd_prescription_details` (`id`, `basic_id`, `pharmacy_id`, `dosage`, `dose_interval_id`, `dose_duration_id`, `instruction`, `created_at`) VALUES (231, 193, 1, 1, 1, 2, '', '2023-02-01 10:43:36');
INSERT INTO `ipd_prescription_details` (`id`, `basic_id`, `pharmacy_id`, `dosage`, `dose_interval_id`, `dose_duration_id`, `instruction`, `created_at`) VALUES (264, 220, 1, 1, 1, 1, '', '2023-05-04 06:40:09');
INSERT INTO `ipd_prescription_details` (`id`, `basic_id`, `pharmacy_id`, `dosage`, `dose_interval_id`, `dose_duration_id`, `instruction`, `created_at`) VALUES (265, 221, 1, 1, 2, 2, '', '2023-05-04 06:42:16');
INSERT INTO `ipd_prescription_details` (`id`, `basic_id`, `pharmacy_id`, `dosage`, `dose_interval_id`, `dose_duration_id`, `instruction`, `created_at`) VALUES (266, 221, 42, 3, 1, 1, '', '2023-05-04 06:42:16');
INSERT INTO `ipd_prescription_details` (`id`, `basic_id`, `pharmacy_id`, `dosage`, `dose_interval_id`, `dose_duration_id`, `instruction`, `created_at`) VALUES (275, 229, 95, 1, 1, 1, '', '2023-06-06 10:23:37');
INSERT INTO `ipd_prescription_details` (`id`, `basic_id`, `pharmacy_id`, `dosage`, `dose_interval_id`, `dose_duration_id`, `instruction`, `created_at`) VALUES (288, 239, 1, 1, 1, 1, '', '2023-08-02 12:01:19');
INSERT INTO `ipd_prescription_details` (`id`, `basic_id`, `pharmacy_id`, `dosage`, `dose_interval_id`, `dose_duration_id`, `instruction`, `created_at`) VALUES (289, 240, 84, 2, 1, 1, '', '2023-08-02 12:04:18');
INSERT INTO `ipd_prescription_details` (`id`, `basic_id`, `pharmacy_id`, `dosage`, `dose_interval_id`, `dose_duration_id`, `instruction`, `created_at`) VALUES (291, 242, 1, 1, 2, 1, '', '2023-08-02 12:25:57');
INSERT INTO `ipd_prescription_details` (`id`, `basic_id`, `pharmacy_id`, `dosage`, `dose_interval_id`, `dose_duration_id`, `instruction`, `created_at`) VALUES (293, 244, 1, 1, 1, 1, '', '2023-09-04 06:47:13');
INSERT INTO `ipd_prescription_details` (`id`, `basic_id`, `pharmacy_id`, `dosage`, `dose_interval_id`, `dose_duration_id`, `instruction`, `created_at`) VALUES (294, 245, 84, 2, 1, 1, '', '2023-09-04 07:02:42');
INSERT INTO `ipd_prescription_details` (`id`, `basic_id`, `pharmacy_id`, `dosage`, `dose_interval_id`, `dose_duration_id`, `instruction`, `created_at`) VALUES (295, 246, 84, 2, 1, 1, '', '2023-09-04 07:20:27');
INSERT INTO `ipd_prescription_details` (`id`, `basic_id`, `pharmacy_id`, `dosage`, `dose_interval_id`, `dose_duration_id`, `instruction`, `created_at`) VALUES (296, 247, 84, 2, 1, 1, '', '2023-09-04 07:23:04');
INSERT INTO `ipd_prescription_details` (`id`, `basic_id`, `pharmacy_id`, `dosage`, `dose_interval_id`, `dose_duration_id`, `instruction`, `created_at`) VALUES (297, 248, 1, 1, 1, 3, '', '2023-09-04 07:35:50');
INSERT INTO `ipd_prescription_details` (`id`, `basic_id`, `pharmacy_id`, `dosage`, `dose_interval_id`, `dose_duration_id`, `instruction`, `created_at`) VALUES (298, 249, 84, 2, 1, 1, '', '2023-09-04 07:39:08');
INSERT INTO `ipd_prescription_details` (`id`, `basic_id`, `pharmacy_id`, `dosage`, `dose_interval_id`, `dose_duration_id`, `instruction`, `created_at`) VALUES (301, 252, 1, 1, 1, 1, '', '2023-10-04 11:55:26');
INSERT INTO `ipd_prescription_details` (`id`, `basic_id`, `pharmacy_id`, `dosage`, `dose_interval_id`, `dose_duration_id`, `instruction`, `created_at`) VALUES (303, 254, 1, 1, 1, 1, '', '2023-10-05 04:37:37');
INSERT INTO `ipd_prescription_details` (`id`, `basic_id`, `pharmacy_id`, `dosage`, `dose_interval_id`, `dose_duration_id`, `instruction`, `created_at`) VALUES (304, 255, 84, 2, 1, 3, '', '2023-10-05 04:43:01');
INSERT INTO `ipd_prescription_details` (`id`, `basic_id`, `pharmacy_id`, `dosage`, `dose_interval_id`, `dose_duration_id`, `instruction`, `created_at`) VALUES (305, 256, 1, 1, 1, 1, '', '2023-10-05 06:57:39');
INSERT INTO `ipd_prescription_details` (`id`, `basic_id`, `pharmacy_id`, `dosage`, `dose_interval_id`, `dose_duration_id`, `instruction`, `created_at`) VALUES (306, 257, 1, 1, 1, 2, '', '2023-10-05 07:06:37');
INSERT INTO `ipd_prescription_details` (`id`, `basic_id`, `pharmacy_id`, `dosage`, `dose_interval_id`, `dose_duration_id`, `instruction`, `created_at`) VALUES (308, 259, 95, 1, 1, 2, '', '2023-11-03 06:51:31');
INSERT INTO `ipd_prescription_details` (`id`, `basic_id`, `pharmacy_id`, `dosage`, `dose_interval_id`, `dose_duration_id`, `instruction`, `created_at`) VALUES (309, 259, 84, 2, 2, 1, '', '2023-11-03 06:51:31');
INSERT INTO `ipd_prescription_details` (`id`, `basic_id`, `pharmacy_id`, `dosage`, `dose_interval_id`, `dose_duration_id`, `instruction`, `created_at`) VALUES (310, 260, 1, 1, 1, 2, '', '2023-11-03 07:54:09');
INSERT INTO `ipd_prescription_details` (`id`, `basic_id`, `pharmacy_id`, `dosage`, `dose_interval_id`, `dose_duration_id`, `instruction`, `created_at`) VALUES (311, 261, 84, 2, 1, 1, '', '2023-11-03 07:56:14');
INSERT INTO `ipd_prescription_details` (`id`, `basic_id`, `pharmacy_id`, `dosage`, `dose_interval_id`, `dose_duration_id`, `instruction`, `created_at`) VALUES (316, 266, 1, 1, 2, 2, '', '2023-12-04 05:18:05');
INSERT INTO `ipd_prescription_details` (`id`, `basic_id`, `pharmacy_id`, `dosage`, `dose_interval_id`, `dose_duration_id`, `instruction`, `created_at`) VALUES (317, 266, 2, 7, 1, 1, '', '2023-12-04 05:18:05');
INSERT INTO `ipd_prescription_details` (`id`, `basic_id`, `pharmacy_id`, `dosage`, `dose_interval_id`, `dose_duration_id`, `instruction`, `created_at`) VALUES (319, 268, 95, 1, 1, 1, '', '2023-12-04 07:20:17');
INSERT INTO `ipd_prescription_details` (`id`, `basic_id`, `pharmacy_id`, `dosage`, `dose_interval_id`, `dose_duration_id`, `instruction`, `created_at`) VALUES (320, 269, 1, 1, 2, 1, '', '2023-12-04 07:23:40');
INSERT INTO `ipd_prescription_details` (`id`, `basic_id`, `pharmacy_id`, `dosage`, `dose_interval_id`, `dose_duration_id`, `instruction`, `created_at`) VALUES (321, 270, 84, 2, 1, 1, '', '2023-12-04 07:41:01');
INSERT INTO `ipd_prescription_details` (`id`, `basic_id`, `pharmacy_id`, `dosage`, `dose_interval_id`, `dose_duration_id`, `instruction`, `created_at`) VALUES (323, 272, 84, 2, 1, 1, '', '2023-12-04 07:45:18');
INSERT INTO `ipd_prescription_details` (`id`, `basic_id`, `pharmacy_id`, `dosage`, `dose_interval_id`, `dose_duration_id`, `instruction`, `created_at`) VALUES (324, 273, 84, 2, 1, 1, '', '2023-12-04 07:54:06');
INSERT INTO `ipd_prescription_details` (`id`, `basic_id`, `pharmacy_id`, `dosage`, `dose_interval_id`, `dose_duration_id`, `instruction`, `created_at`) VALUES (325, 274, 1, 1, 1, 1, '', '2024-01-03 09:49:07');
INSERT INTO `ipd_prescription_details` (`id`, `basic_id`, `pharmacy_id`, `dosage`, `dose_interval_id`, `dose_duration_id`, `instruction`, `created_at`) VALUES (326, 274, 84, 2, 2, 2, '', '2024-01-03 09:49:07');
INSERT INTO `ipd_prescription_details` (`id`, `basic_id`, `pharmacy_id`, `dosage`, `dose_interval_id`, `dose_duration_id`, `instruction`, `created_at`) VALUES (327, 275, 1, 1, 1, 2, '', '2024-01-03 12:44:03');
INSERT INTO `ipd_prescription_details` (`id`, `basic_id`, `pharmacy_id`, `dosage`, `dose_interval_id`, `dose_duration_id`, `instruction`, `created_at`) VALUES (331, 277, 1, 1, 1, 2, '', '2024-02-01 09:41:22');
INSERT INTO `ipd_prescription_details` (`id`, `basic_id`, `pharmacy_id`, `dosage`, `dose_interval_id`, `dose_duration_id`, `instruction`, `created_at`) VALUES (332, 278, 84, 2, 2, 1, '', '2024-02-01 09:42:22');
INSERT INTO `ipd_prescription_details` (`id`, `basic_id`, `pharmacy_id`, `dosage`, `dose_interval_id`, `dose_duration_id`, `instruction`, `created_at`) VALUES (333, 279, 1, 1, 1, 1, '', '2024-02-01 09:44:16');
INSERT INTO `ipd_prescription_details` (`id`, `basic_id`, `pharmacy_id`, `dosage`, `dose_interval_id`, `dose_duration_id`, `instruction`, `created_at`) VALUES (334, 280, 1, 1, 1, 1, '', '2024-02-01 10:07:33');
INSERT INTO `ipd_prescription_details` (`id`, `basic_id`, `pharmacy_id`, `dosage`, `dose_interval_id`, `dose_duration_id`, `instruction`, `created_at`) VALUES (335, 281, 1, 1, 1, 1, '', '2024-03-01 07:27:26');
INSERT INTO `ipd_prescription_details` (`id`, `basic_id`, `pharmacy_id`, `dosage`, `dose_interval_id`, `dose_duration_id`, `instruction`, `created_at`) VALUES (336, 282, 1, 1, 1, 1, '', '2024-03-01 07:45:07');
INSERT INTO `ipd_prescription_details` (`id`, `basic_id`, `pharmacy_id`, `dosage`, `dose_interval_id`, `dose_duration_id`, `instruction`, `created_at`) VALUES (338, 284, 1, 1, 1, 1, '', '2024-04-01 09:53:43');
INSERT INTO `ipd_prescription_details` (`id`, `basic_id`, `pharmacy_id`, `dosage`, `dose_interval_id`, `dose_duration_id`, `instruction`, `created_at`) VALUES (339, 284, 84, 2, 1, 1, '', '2024-04-01 09:53:43');
INSERT INTO `ipd_prescription_details` (`id`, `basic_id`, `pharmacy_id`, `dosage`, `dose_interval_id`, `dose_duration_id`, `instruction`, `created_at`) VALUES (340, 285, 1, 1, 1, 1, '', '2024-04-01 11:10:57');
INSERT INTO `ipd_prescription_details` (`id`, `basic_id`, `pharmacy_id`, `dosage`, `dose_interval_id`, `dose_duration_id`, `instruction`, `created_at`) VALUES (341, 286, 84, 2, 1, 1, '', '2024-04-01 11:20:48');
INSERT INTO `ipd_prescription_details` (`id`, `basic_id`, `pharmacy_id`, `dosage`, `dose_interval_id`, `dose_duration_id`, `instruction`, `created_at`) VALUES (345, 289, 2, 7, 1, 1, '', '2024-05-01 12:10:06');
INSERT INTO `ipd_prescription_details` (`id`, `basic_id`, `pharmacy_id`, `dosage`, `dose_interval_id`, `dose_duration_id`, `instruction`, `created_at`) VALUES (346, 290, 84, 2, 2, 1, '', '2024-05-01 12:29:41');
INSERT INTO `ipd_prescription_details` (`id`, `basic_id`, `pharmacy_id`, `dosage`, `dose_interval_id`, `dose_duration_id`, `instruction`, `created_at`) VALUES (347, 291, 84, 2, 1, 1, '', '2024-05-02 07:10:02');
INSERT INTO `ipd_prescription_details` (`id`, `basic_id`, `pharmacy_id`, `dosage`, `dose_interval_id`, `dose_duration_id`, `instruction`, `created_at`) VALUES (348, 291, 2, 7, 2, 2, '', '2024-05-02 07:10:02');
INSERT INTO `ipd_prescription_details` (`id`, `basic_id`, `pharmacy_id`, `dosage`, `dose_interval_id`, `dose_duration_id`, `instruction`, `created_at`) VALUES (349, 292, 1, 1, 2, 1, '', '2024-06-01 07:33:38');
INSERT INTO `ipd_prescription_details` (`id`, `basic_id`, `pharmacy_id`, `dosage`, `dose_interval_id`, `dose_duration_id`, `instruction`, `created_at`) VALUES (350, 292, 84, 2, 1, 2, '', '2024-06-01 07:33:38');
INSERT INTO `ipd_prescription_details` (`id`, `basic_id`, `pharmacy_id`, `dosage`, `dose_interval_id`, `dose_duration_id`, `instruction`, `created_at`) VALUES (351, 293, 1, 1, 1, 1, '', '2024-06-01 10:04:06');
INSERT INTO `ipd_prescription_details` (`id`, `basic_id`, `pharmacy_id`, `dosage`, `dose_interval_id`, `dose_duration_id`, `instruction`, `created_at`) VALUES (352, 294, 1, 1, 1, 1, '', '2024-06-01 12:09:17');
INSERT INTO `ipd_prescription_details` (`id`, `basic_id`, `pharmacy_id`, `dosage`, `dose_interval_id`, `dose_duration_id`, `instruction`, `created_at`) VALUES (353, 295, 84, 2, 1, 2, '', '2024-07-01 09:20:18');
INSERT INTO `ipd_prescription_details` (`id`, `basic_id`, `pharmacy_id`, `dosage`, `dose_interval_id`, `dose_duration_id`, `instruction`, `created_at`) VALUES (354, 295, 1, 1, 1, 5, '', '2024-07-01 09:20:18');
INSERT INTO `ipd_prescription_details` (`id`, `basic_id`, `pharmacy_id`, `dosage`, `dose_interval_id`, `dose_duration_id`, `instruction`, `created_at`) VALUES (355, 296, 1, 1, 1, 1, '', '2024-07-01 09:38:46');
INSERT INTO `ipd_prescription_details` (`id`, `basic_id`, `pharmacy_id`, `dosage`, `dose_interval_id`, `dose_duration_id`, `instruction`, `created_at`) VALUES (356, 296, 2, 7, 1, 1, '', '2024-07-01 09:38:46');
INSERT INTO `ipd_prescription_details` (`id`, `basic_id`, `pharmacy_id`, `dosage`, `dose_interval_id`, `dose_duration_id`, `instruction`, `created_at`) VALUES (357, 297, 41, 3, 1, 1, '', '2024-07-01 09:51:44');
INSERT INTO `ipd_prescription_details` (`id`, `basic_id`, `pharmacy_id`, `dosage`, `dose_interval_id`, `dose_duration_id`, `instruction`, `created_at`) VALUES (358, 298, 84, 2, 1, 1, '', '2024-07-01 09:52:33');
INSERT INTO `ipd_prescription_details` (`id`, `basic_id`, `pharmacy_id`, `dosage`, `dose_interval_id`, `dose_duration_id`, `instruction`, `created_at`) VALUES (359, 299, 84, 2, 1, 1, '', '2024-07-02 05:52:15');
INSERT INTO `ipd_prescription_details` (`id`, `basic_id`, `pharmacy_id`, `dosage`, `dose_interval_id`, `dose_duration_id`, `instruction`, `created_at`) VALUES (360, 300, 1, 1, 1, 1, '', '2024-08-01 08:27:29');
INSERT INTO `ipd_prescription_details` (`id`, `basic_id`, `pharmacy_id`, `dosage`, `dose_interval_id`, `dose_duration_id`, `instruction`, `created_at`) VALUES (361, 300, 84, 2, 2, 2, '', '2024-08-01 08:27:29');
INSERT INTO `ipd_prescription_details` (`id`, `basic_id`, `pharmacy_id`, `dosage`, `dose_interval_id`, `dose_duration_id`, `instruction`, `created_at`) VALUES (362, 301, 95, 1, 1, 1, '', '2024-08-01 09:42:21');
INSERT INTO `ipd_prescription_details` (`id`, `basic_id`, `pharmacy_id`, `dosage`, `dose_interval_id`, `dose_duration_id`, `instruction`, `created_at`) VALUES (363, 301, 84, 2, 1, 2, '', '2024-08-01 09:42:21');
INSERT INTO `ipd_prescription_details` (`id`, `basic_id`, `pharmacy_id`, `dosage`, `dose_interval_id`, `dose_duration_id`, `instruction`, `created_at`) VALUES (364, 302, 1, 1, 1, 1, '', '2024-08-02 07:52:12');
INSERT INTO `ipd_prescription_details` (`id`, `basic_id`, `pharmacy_id`, `dosage`, `dose_interval_id`, `dose_duration_id`, `instruction`, `created_at`) VALUES (365, 303, 96, 1, 1, 1, '', '2024-08-02 07:57:20');
INSERT INTO `ipd_prescription_details` (`id`, `basic_id`, `pharmacy_id`, `dosage`, `dose_interval_id`, `dose_duration_id`, `instruction`, `created_at`) VALUES (366, 303, 84, 2, 2, 1, '', '2024-08-02 07:57:20');
INSERT INTO `ipd_prescription_details` (`id`, `basic_id`, `pharmacy_id`, `dosage`, `dose_interval_id`, `dose_duration_id`, `instruction`, `created_at`) VALUES (402, 303, 93, 7, 2, 2, '', '2024-08-28 10:37:31');
INSERT INTO `ipd_prescription_details` (`id`, `basic_id`, `pharmacy_id`, `dosage`, `dose_interval_id`, `dose_duration_id`, `instruction`, `created_at`) VALUES (403, 303, 15, 5, 1, 1, '', '2024-08-28 10:37:31');
INSERT INTO `ipd_prescription_details` (`id`, `basic_id`, `pharmacy_id`, `dosage`, `dose_interval_id`, `dose_duration_id`, `instruction`, `created_at`) VALUES (426, 324, 1, 1, 2, 4, '', '2024-08-30 04:22:11');
INSERT INTO `ipd_prescription_details` (`id`, `basic_id`, `pharmacy_id`, `dosage`, `dose_interval_id`, `dose_duration_id`, `instruction`, `created_at`) VALUES (427, 324, 27, 5, 2, 4, '', '2024-08-30 04:22:11');
INSERT INTO `ipd_prescription_details` (`id`, `basic_id`, `pharmacy_id`, `dosage`, `dose_interval_id`, `dose_duration_id`, `instruction`, `created_at`) VALUES (428, 325, 84, 2, 1, 1, '', '2024-08-31 05:25:01');
INSERT INTO `ipd_prescription_details` (`id`, `basic_id`, `pharmacy_id`, `dosage`, `dose_interval_id`, `dose_duration_id`, `instruction`, `created_at`) VALUES (429, 325, 1, 1, 2, 2, '', '2024-08-31 05:25:01');
INSERT INTO `ipd_prescription_details` (`id`, `basic_id`, `pharmacy_id`, `dosage`, `dose_interval_id`, `dose_duration_id`, `instruction`, `created_at`) VALUES (430, 326, 84, 2, 1, 2, '', '2024-08-31 07:59:34');
INSERT INTO `ipd_prescription_details` (`id`, `basic_id`, `pharmacy_id`, `dosage`, `dose_interval_id`, `dose_duration_id`, `instruction`, `created_at`) VALUES (431, 327, 84, 2, 1, 2, '', '2024-08-31 08:01:05');
INSERT INTO `ipd_prescription_details` (`id`, `basic_id`, `pharmacy_id`, `dosage`, `dose_interval_id`, `dose_duration_id`, `instruction`, `created_at`) VALUES (432, 328, 1, 1, 1, 1, '', '2024-08-31 10:46:39');
INSERT INTO `ipd_prescription_details` (`id`, `basic_id`, `pharmacy_id`, `dosage`, `dose_interval_id`, `dose_duration_id`, `instruction`, `created_at`) VALUES (433, 329, 1, 1, 1, 1, '', '2024-10-03 09:07:19');
INSERT INTO `ipd_prescription_details` (`id`, `basic_id`, `pharmacy_id`, `dosage`, `dose_interval_id`, `dose_duration_id`, `instruction`, `created_at`) VALUES (434, 329, 84, 2, 2, 1, '', '2024-10-03 09:07:19');
INSERT INTO `ipd_prescription_details` (`id`, `basic_id`, `pharmacy_id`, `dosage`, `dose_interval_id`, `dose_duration_id`, `instruction`, `created_at`) VALUES (435, 330, 1, 1, 2, 1, '', '2024-10-04 10:07:24');
INSERT INTO `ipd_prescription_details` (`id`, `basic_id`, `pharmacy_id`, `dosage`, `dose_interval_id`, `dose_duration_id`, `instruction`, `created_at`) VALUES (436, 331, 1, 1, 1, 1, '', '2024-10-04 10:16:57');
INSERT INTO `ipd_prescription_details` (`id`, `basic_id`, `pharmacy_id`, `dosage`, `dose_interval_id`, `dose_duration_id`, `instruction`, `created_at`) VALUES (437, 332, 1, 1, 1, 2, '', '2024-10-04 10:50:26');
INSERT INTO `ipd_prescription_details` (`id`, `basic_id`, `pharmacy_id`, `dosage`, `dose_interval_id`, `dose_duration_id`, `instruction`, `created_at`) VALUES (438, 333, 1, 1, 1, 1, '', '2024-10-04 10:53:34');
INSERT INTO `ipd_prescription_details` (`id`, `basic_id`, `pharmacy_id`, `dosage`, `dose_interval_id`, `dose_duration_id`, `instruction`, `created_at`) VALUES (439, 334, 84, 2, 2, 2, '', '2024-10-04 10:54:27');
INSERT INTO `ipd_prescription_details` (`id`, `basic_id`, `pharmacy_id`, `dosage`, `dose_interval_id`, `dose_duration_id`, `instruction`, `created_at`) VALUES (440, 335, 1, 1, 1, NULL, '', '2024-10-04 11:14:06');
INSERT INTO `ipd_prescription_details` (`id`, `basic_id`, `pharmacy_id`, `dosage`, `dose_interval_id`, `dose_duration_id`, `instruction`, `created_at`) VALUES (441, 336, 1, 1, 2, NULL, '', '2024-10-04 11:32:36');
INSERT INTO `ipd_prescription_details` (`id`, `basic_id`, `pharmacy_id`, `dosage`, `dose_interval_id`, `dose_duration_id`, `instruction`, `created_at`) VALUES (442, 337, 2, 7, 1, 1, '', '2024-10-04 12:29:22');
INSERT INTO `ipd_prescription_details` (`id`, `basic_id`, `pharmacy_id`, `dosage`, `dose_interval_id`, `dose_duration_id`, `instruction`, `created_at`) VALUES (443, 338, 1, 1, 1, 1, '', '2024-10-04 12:32:46');
INSERT INTO `ipd_prescription_details` (`id`, `basic_id`, `pharmacy_id`, `dosage`, `dose_interval_id`, `dose_duration_id`, `instruction`, `created_at`) VALUES (444, 339, 1, 1, 2, 1, '', '2024-10-05 04:16:30');
INSERT INTO `ipd_prescription_details` (`id`, `basic_id`, `pharmacy_id`, `dosage`, `dose_interval_id`, `dose_duration_id`, `instruction`, `created_at`) VALUES (445, 340, 92, 9, 1, 1, '', '2024-10-05 04:45:56');
INSERT INTO `ipd_prescription_details` (`id`, `basic_id`, `pharmacy_id`, `dosage`, `dose_interval_id`, `dose_duration_id`, `instruction`, `created_at`) VALUES (446, 341, 95, 1, 1, 2, '', '2024-10-05 05:03:19');
INSERT INTO `ipd_prescription_details` (`id`, `basic_id`, `pharmacy_id`, `dosage`, `dose_interval_id`, `dose_duration_id`, `instruction`, `created_at`) VALUES (447, 342, 84, 2, 1, 1, '', '2024-10-05 05:03:35');
INSERT INTO `ipd_prescription_details` (`id`, `basic_id`, `pharmacy_id`, `dosage`, `dose_interval_id`, `dose_duration_id`, `instruction`, `created_at`) VALUES (448, 343, 84, 2, 1, 1, '', '2024-10-05 05:14:40');
INSERT INTO `ipd_prescription_details` (`id`, `basic_id`, `pharmacy_id`, `dosage`, `dose_interval_id`, `dose_duration_id`, `instruction`, `created_at`) VALUES (449, 344, 95, 1, 1, 2, '', '2024-10-05 05:34:44');
INSERT INTO `ipd_prescription_details` (`id`, `basic_id`, `pharmacy_id`, `dosage`, `dose_interval_id`, `dose_duration_id`, `instruction`, `created_at`) VALUES (450, 345, 2, 7, 1, 3, '', '2024-10-05 05:38:48');
INSERT INTO `ipd_prescription_details` (`id`, `basic_id`, `pharmacy_id`, `dosage`, `dose_interval_id`, `dose_duration_id`, `instruction`, `created_at`) VALUES (451, 346, 84, 2, 1, NULL, '', '2024-11-06 11:21:17');
INSERT INTO `ipd_prescription_details` (`id`, `basic_id`, `pharmacy_id`, `dosage`, `dose_interval_id`, `dose_duration_id`, `instruction`, `created_at`) VALUES (452, 347, 1, 1, 1, 1, '', '2024-11-07 06:20:56');
INSERT INTO `ipd_prescription_details` (`id`, `basic_id`, `pharmacy_id`, `dosage`, `dose_interval_id`, `dose_duration_id`, `instruction`, `created_at`) VALUES (453, 348, 84, 2, 1, 1, '', '2024-11-07 06:26:43');
INSERT INTO `ipd_prescription_details` (`id`, `basic_id`, `pharmacy_id`, `dosage`, `dose_interval_id`, `dose_duration_id`, `instruction`, `created_at`) VALUES (454, 349, 2, 7, 1, 1, '', '2024-11-07 06:27:53');
INSERT INTO `ipd_prescription_details` (`id`, `basic_id`, `pharmacy_id`, `dosage`, `dose_interval_id`, `dose_duration_id`, `instruction`, `created_at`) VALUES (455, 350, 84, 2, 1, NULL, '', '2024-11-07 06:48:03');
INSERT INTO `ipd_prescription_details` (`id`, `basic_id`, `pharmacy_id`, `dosage`, `dose_interval_id`, `dose_duration_id`, `instruction`, `created_at`) VALUES (456, 351, 93, 7, 1, 2, '', '2024-11-07 10:32:52');
INSERT INTO `ipd_prescription_details` (`id`, `basic_id`, `pharmacy_id`, `dosage`, `dose_interval_id`, `dose_duration_id`, `instruction`, `created_at`) VALUES (457, 352, 84, 2, 1, 1, '', '2024-12-04 12:02:40');
INSERT INTO `ipd_prescription_details` (`id`, `basic_id`, `pharmacy_id`, `dosage`, `dose_interval_id`, `dose_duration_id`, `instruction`, `created_at`) VALUES (458, 352, 1, 1, 2, 2, '', '2024-12-04 12:02:40');
INSERT INTO `ipd_prescription_details` (`id`, `basic_id`, `pharmacy_id`, `dosage`, `dose_interval_id`, `dose_duration_id`, `instruction`, `created_at`) VALUES (459, 353, 1, 1, 1, 1, '', '2024-12-05 04:11:37');
INSERT INTO `ipd_prescription_details` (`id`, `basic_id`, `pharmacy_id`, `dosage`, `dose_interval_id`, `dose_duration_id`, `instruction`, `created_at`) VALUES (460, 353, 2, 7, 1, 3, '', '2024-12-05 04:11:37');
INSERT INTO `ipd_prescription_details` (`id`, `basic_id`, `pharmacy_id`, `dosage`, `dose_interval_id`, `dose_duration_id`, `instruction`, `created_at`) VALUES (461, 354, 1, 1, 1, 1, '', '2024-12-05 12:31:30');
INSERT INTO `ipd_prescription_details` (`id`, `basic_id`, `pharmacy_id`, `dosage`, `dose_interval_id`, `dose_duration_id`, `instruction`, `created_at`) VALUES (462, 355, 1, 1, 2, 1, '', '2024-12-06 05:42:28');
INSERT INTO `ipd_prescription_details` (`id`, `basic_id`, `pharmacy_id`, `dosage`, `dose_interval_id`, `dose_duration_id`, `instruction`, `created_at`) VALUES (463, 355, 84, 2, 1, 1, '', '2024-12-06 05:42:28');
INSERT INTO `ipd_prescription_details` (`id`, `basic_id`, `pharmacy_id`, `dosage`, `dose_interval_id`, `dose_duration_id`, `instruction`, `created_at`) VALUES (464, 356, 1, 1, 1, 1, '', '2024-12-06 06:05:29');
INSERT INTO `ipd_prescription_details` (`id`, `basic_id`, `pharmacy_id`, `dosage`, `dose_interval_id`, `dose_duration_id`, `instruction`, `created_at`) VALUES (465, 357, 84, 2, 2, 1, '', '2024-12-06 06:06:04');


#
# TABLE STRUCTURE FOR: ipd_prescription_test
#


CREATE TABLE `ipd_prescription_test` (
  `id` int NOT NULL AUTO_INCREMENT,
  `ipd_prescription_basic_id` int DEFAULT NULL,
  `pathology_id` int DEFAULT NULL,
  `radiology_id` int DEFAULT NULL,
  `created_at` datetime DEFAULT CURRENT_TIMESTAMP,
  PRIMARY KEY (`id`),
  KEY `ipd_prescription_basic_id` (`ipd_prescription_basic_id`),
  KEY `pathology_id` (`pathology_id`),
  KEY `radiology_id` (`radiology_id`),
  CONSTRAINT `ipd_prescription_test_ibfk_1` FOREIGN KEY (`ipd_prescription_basic_id`) REFERENCES `ipd_prescription_basic` (`id`) ON DELETE CASCADE,
  CONSTRAINT `ipd_prescription_test_ibfk_2` FOREIGN KEY (`pathology_id`) REFERENCES `pathology` (`id`) ON DELETE CASCADE,
  CONSTRAINT `ipd_prescription_test_ibfk_3` FOREIGN KEY (`radiology_id`) REFERENCES `radio` (`id`) ON DELETE CASCADE
) ENGINE=InnoDB AUTO_INCREMENT=1009 DEFAULT CHARSET=utf8mb3;

INSERT INTO `ipd_prescription_test` (`id`, `ipd_prescription_basic_id`, `pathology_id`, `radiology_id`, `created_at`) VALUES (7, 3, 2, NULL, '2021-10-25 12:31:11');
INSERT INTO `ipd_prescription_test` (`id`, `ipd_prescription_basic_id`, `pathology_id`, `radiology_id`, `created_at`) VALUES (8, 3, NULL, 2, '2021-10-25 12:31:11');
INSERT INTO `ipd_prescription_test` (`id`, `ipd_prescription_basic_id`, `pathology_id`, `radiology_id`, `created_at`) VALUES (31, 9, 1, NULL, '2021-10-26 12:22:20');
INSERT INTO `ipd_prescription_test` (`id`, `ipd_prescription_basic_id`, `pathology_id`, `radiology_id`, `created_at`) VALUES (32, 9, NULL, 3, '2021-10-26 12:22:20');
INSERT INTO `ipd_prescription_test` (`id`, `ipd_prescription_basic_id`, `pathology_id`, `radiology_id`, `created_at`) VALUES (38, 11, 1, NULL, '2021-10-26 12:53:19');
INSERT INTO `ipd_prescription_test` (`id`, `ipd_prescription_basic_id`, `pathology_id`, `radiology_id`, `created_at`) VALUES (39, 11, 4, NULL, '2021-10-26 12:53:19');
INSERT INTO `ipd_prescription_test` (`id`, `ipd_prescription_basic_id`, `pathology_id`, `radiology_id`, `created_at`) VALUES (40, 11, NULL, 2, '2021-10-26 12:53:19');
INSERT INTO `ipd_prescription_test` (`id`, `ipd_prescription_basic_id`, `pathology_id`, `radiology_id`, `created_at`) VALUES (41, 11, NULL, 1, '2021-10-26 12:53:19');
INSERT INTO `ipd_prescription_test` (`id`, `ipd_prescription_basic_id`, `pathology_id`, `radiology_id`, `created_at`) VALUES (48, 13, 2, NULL, '2021-10-27 05:41:48');
INSERT INTO `ipd_prescription_test` (`id`, `ipd_prescription_basic_id`, `pathology_id`, `radiology_id`, `created_at`) VALUES (49, 13, NULL, 2, '2021-10-27 05:41:48');
INSERT INTO `ipd_prescription_test` (`id`, `ipd_prescription_basic_id`, `pathology_id`, `radiology_id`, `created_at`) VALUES (56, 16, 3, NULL, '2021-10-29 06:23:14');
INSERT INTO `ipd_prescription_test` (`id`, `ipd_prescription_basic_id`, `pathology_id`, `radiology_id`, `created_at`) VALUES (57, 16, NULL, 1, '2021-10-29 06:23:14');
INSERT INTO `ipd_prescription_test` (`id`, `ipd_prescription_basic_id`, `pathology_id`, `radiology_id`, `created_at`) VALUES (58, 17, 3, NULL, '2021-10-29 06:41:59');
INSERT INTO `ipd_prescription_test` (`id`, `ipd_prescription_basic_id`, `pathology_id`, `radiology_id`, `created_at`) VALUES (59, 17, NULL, 3, '2021-10-29 06:41:59');
INSERT INTO `ipd_prescription_test` (`id`, `ipd_prescription_basic_id`, `pathology_id`, `radiology_id`, `created_at`) VALUES (221, 62, 1, NULL, '2022-02-03 11:35:25');
INSERT INTO `ipd_prescription_test` (`id`, `ipd_prescription_basic_id`, `pathology_id`, `radiology_id`, `created_at`) VALUES (222, 62, 2, NULL, '2022-02-03 11:35:25');
INSERT INTO `ipd_prescription_test` (`id`, `ipd_prescription_basic_id`, `pathology_id`, `radiology_id`, `created_at`) VALUES (223, 62, NULL, 4, '2022-02-03 11:35:25');
INSERT INTO `ipd_prescription_test` (`id`, `ipd_prescription_basic_id`, `pathology_id`, `radiology_id`, `created_at`) VALUES (224, 62, NULL, 2, '2022-02-03 11:35:25');
INSERT INTO `ipd_prescription_test` (`id`, `ipd_prescription_basic_id`, `pathology_id`, `radiology_id`, `created_at`) VALUES (305, 85, 2, NULL, '2022-04-02 07:57:09');
INSERT INTO `ipd_prescription_test` (`id`, `ipd_prescription_basic_id`, `pathology_id`, `radiology_id`, `created_at`) VALUES (306, 85, NULL, 3, '2022-04-02 07:57:09');
INSERT INTO `ipd_prescription_test` (`id`, `ipd_prescription_basic_id`, `pathology_id`, `radiology_id`, `created_at`) VALUES (307, 85, NULL, 2, '2022-04-02 07:57:09');
INSERT INTO `ipd_prescription_test` (`id`, `ipd_prescription_basic_id`, `pathology_id`, `radiology_id`, `created_at`) VALUES (353, 98, 2, NULL, '2022-05-03 11:27:40');
INSERT INTO `ipd_prescription_test` (`id`, `ipd_prescription_basic_id`, `pathology_id`, `radiology_id`, `created_at`) VALUES (354, 98, NULL, 4, '2022-05-03 11:27:40');
INSERT INTO `ipd_prescription_test` (`id`, `ipd_prescription_basic_id`, `pathology_id`, `radiology_id`, `created_at`) VALUES (375, 105, 3, NULL, '2022-06-02 12:15:54');
INSERT INTO `ipd_prescription_test` (`id`, `ipd_prescription_basic_id`, `pathology_id`, `radiology_id`, `created_at`) VALUES (376, 105, NULL, 3, '2022-06-02 12:15:54');
INSERT INTO `ipd_prescription_test` (`id`, `ipd_prescription_basic_id`, `pathology_id`, `radiology_id`, `created_at`) VALUES (480, 145, 1, NULL, '2022-10-04 09:59:03');
INSERT INTO `ipd_prescription_test` (`id`, `ipd_prescription_basic_id`, `pathology_id`, `radiology_id`, `created_at`) VALUES (481, 145, NULL, 1, '2022-10-04 09:59:03');
INSERT INTO `ipd_prescription_test` (`id`, `ipd_prescription_basic_id`, `pathology_id`, `radiology_id`, `created_at`) VALUES (537, 172, 3, NULL, '2022-12-05 10:58:56');
INSERT INTO `ipd_prescription_test` (`id`, `ipd_prescription_basic_id`, `pathology_id`, `radiology_id`, `created_at`) VALUES (538, 172, NULL, 4, '2022-12-05 10:58:56');
INSERT INTO `ipd_prescription_test` (`id`, `ipd_prescription_basic_id`, `pathology_id`, `radiology_id`, `created_at`) VALUES (574, 184, 1, NULL, '2023-01-04 12:12:48');
INSERT INTO `ipd_prescription_test` (`id`, `ipd_prescription_basic_id`, `pathology_id`, `radiology_id`, `created_at`) VALUES (575, 184, 2, NULL, '2023-01-04 12:12:48');
INSERT INTO `ipd_prescription_test` (`id`, `ipd_prescription_basic_id`, `pathology_id`, `radiology_id`, `created_at`) VALUES (576, 184, NULL, 5, '2023-01-04 12:12:48');
INSERT INTO `ipd_prescription_test` (`id`, `ipd_prescription_basic_id`, `pathology_id`, `radiology_id`, `created_at`) VALUES (577, 184, NULL, 4, '2023-01-04 12:12:48');
INSERT INTO `ipd_prescription_test` (`id`, `ipd_prescription_basic_id`, `pathology_id`, `radiology_id`, `created_at`) VALUES (582, 186, 1, NULL, '2023-01-04 12:27:38');
INSERT INTO `ipd_prescription_test` (`id`, `ipd_prescription_basic_id`, `pathology_id`, `radiology_id`, `created_at`) VALUES (583, 186, 3, NULL, '2023-01-04 12:27:38');
INSERT INTO `ipd_prescription_test` (`id`, `ipd_prescription_basic_id`, `pathology_id`, `radiology_id`, `created_at`) VALUES (584, 186, NULL, 5, '2023-01-04 12:27:38');
INSERT INTO `ipd_prescription_test` (`id`, `ipd_prescription_basic_id`, `pathology_id`, `radiology_id`, `created_at`) VALUES (585, 186, NULL, 4, '2023-01-04 12:27:38');
INSERT INTO `ipd_prescription_test` (`id`, `ipd_prescription_basic_id`, `pathology_id`, `radiology_id`, `created_at`) VALUES (594, 189, 1, NULL, '2023-02-01 09:30:06');
INSERT INTO `ipd_prescription_test` (`id`, `ipd_prescription_basic_id`, `pathology_id`, `radiology_id`, `created_at`) VALUES (595, 189, 2, NULL, '2023-02-01 09:30:06');
INSERT INTO `ipd_prescription_test` (`id`, `ipd_prescription_basic_id`, `pathology_id`, `radiology_id`, `created_at`) VALUES (596, 189, NULL, 5, '2023-02-01 09:30:06');
INSERT INTO `ipd_prescription_test` (`id`, `ipd_prescription_basic_id`, `pathology_id`, `radiology_id`, `created_at`) VALUES (597, 189, NULL, 4, '2023-02-01 09:30:06');
INSERT INTO `ipd_prescription_test` (`id`, `ipd_prescription_basic_id`, `pathology_id`, `radiology_id`, `created_at`) VALUES (598, 190, 1, NULL, '2023-02-01 09:41:02');
INSERT INTO `ipd_prescription_test` (`id`, `ipd_prescription_basic_id`, `pathology_id`, `radiology_id`, `created_at`) VALUES (599, 190, 2, NULL, '2023-02-01 09:41:02');
INSERT INTO `ipd_prescription_test` (`id`, `ipd_prescription_basic_id`, `pathology_id`, `radiology_id`, `created_at`) VALUES (600, 190, NULL, 5, '2023-02-01 09:41:02');
INSERT INTO `ipd_prescription_test` (`id`, `ipd_prescription_basic_id`, `pathology_id`, `radiology_id`, `created_at`) VALUES (601, 190, NULL, 4, '2023-02-01 09:41:02');
INSERT INTO `ipd_prescription_test` (`id`, `ipd_prescription_basic_id`, `pathology_id`, `radiology_id`, `created_at`) VALUES (602, 191, 1, NULL, '2023-02-01 09:59:13');
INSERT INTO `ipd_prescription_test` (`id`, `ipd_prescription_basic_id`, `pathology_id`, `radiology_id`, `created_at`) VALUES (603, 191, 2, NULL, '2023-02-01 09:59:13');
INSERT INTO `ipd_prescription_test` (`id`, `ipd_prescription_basic_id`, `pathology_id`, `radiology_id`, `created_at`) VALUES (604, 191, NULL, 5, '2023-02-01 09:59:13');
INSERT INTO `ipd_prescription_test` (`id`, `ipd_prescription_basic_id`, `pathology_id`, `radiology_id`, `created_at`) VALUES (605, 191, NULL, 4, '2023-02-01 09:59:13');
INSERT INTO `ipd_prescription_test` (`id`, `ipd_prescription_basic_id`, `pathology_id`, `radiology_id`, `created_at`) VALUES (608, 193, 2, NULL, '2023-02-01 10:43:36');
INSERT INTO `ipd_prescription_test` (`id`, `ipd_prescription_basic_id`, `pathology_id`, `radiology_id`, `created_at`) VALUES (609, 193, NULL, 3, '2023-02-01 10:43:36');
INSERT INTO `ipd_prescription_test` (`id`, `ipd_prescription_basic_id`, `pathology_id`, `radiology_id`, `created_at`) VALUES (701, 220, 2, NULL, '2023-05-04 06:40:09');
INSERT INTO `ipd_prescription_test` (`id`, `ipd_prescription_basic_id`, `pathology_id`, `radiology_id`, `created_at`) VALUES (702, 220, NULL, 4, '2023-05-04 06:40:09');
INSERT INTO `ipd_prescription_test` (`id`, `ipd_prescription_basic_id`, `pathology_id`, `radiology_id`, `created_at`) VALUES (703, 221, 2, NULL, '2023-05-04 06:42:16');
INSERT INTO `ipd_prescription_test` (`id`, `ipd_prescription_basic_id`, `pathology_id`, `radiology_id`, `created_at`) VALUES (704, 221, NULL, 5, '2023-05-04 06:42:16');
INSERT INTO `ipd_prescription_test` (`id`, `ipd_prescription_basic_id`, `pathology_id`, `radiology_id`, `created_at`) VALUES (705, 221, NULL, 4, '2023-05-04 06:42:16');
INSERT INTO `ipd_prescription_test` (`id`, `ipd_prescription_basic_id`, `pathology_id`, `radiology_id`, `created_at`) VALUES (729, 229, 2, NULL, '2023-06-06 10:23:37');
INSERT INTO `ipd_prescription_test` (`id`, `ipd_prescription_basic_id`, `pathology_id`, `radiology_id`, `created_at`) VALUES (730, 229, 3, NULL, '2023-06-06 10:23:37');
INSERT INTO `ipd_prescription_test` (`id`, `ipd_prescription_basic_id`, `pathology_id`, `radiology_id`, `created_at`) VALUES (731, 229, NULL, 5, '2023-06-06 10:23:37');
INSERT INTO `ipd_prescription_test` (`id`, `ipd_prescription_basic_id`, `pathology_id`, `radiology_id`, `created_at`) VALUES (766, 239, 2, NULL, '2023-08-02 12:01:19');
INSERT INTO `ipd_prescription_test` (`id`, `ipd_prescription_basic_id`, `pathology_id`, `radiology_id`, `created_at`) VALUES (767, 239, NULL, 4, '2023-08-02 12:01:19');
INSERT INTO `ipd_prescription_test` (`id`, `ipd_prescription_basic_id`, `pathology_id`, `radiology_id`, `created_at`) VALUES (768, 240, 2, NULL, '2023-08-02 12:04:18');
INSERT INTO `ipd_prescription_test` (`id`, `ipd_prescription_basic_id`, `pathology_id`, `radiology_id`, `created_at`) VALUES (769, 240, NULL, 3, '2023-08-02 12:04:18');
INSERT INTO `ipd_prescription_test` (`id`, `ipd_prescription_basic_id`, `pathology_id`, `radiology_id`, `created_at`) VALUES (772, 242, 3, NULL, '2023-08-02 12:25:57');
INSERT INTO `ipd_prescription_test` (`id`, `ipd_prescription_basic_id`, `pathology_id`, `radiology_id`, `created_at`) VALUES (773, 242, NULL, 3, '2023-08-02 12:25:57');
INSERT INTO `ipd_prescription_test` (`id`, `ipd_prescription_basic_id`, `pathology_id`, `radiology_id`, `created_at`) VALUES (778, 244, 2, NULL, '2023-09-04 06:47:13');
INSERT INTO `ipd_prescription_test` (`id`, `ipd_prescription_basic_id`, `pathology_id`, `radiology_id`, `created_at`) VALUES (779, 244, NULL, 3, '2023-09-04 06:47:13');
INSERT INTO `ipd_prescription_test` (`id`, `ipd_prescription_basic_id`, `pathology_id`, `radiology_id`, `created_at`) VALUES (780, 245, 2, NULL, '2023-09-04 07:02:42');
INSERT INTO `ipd_prescription_test` (`id`, `ipd_prescription_basic_id`, `pathology_id`, `radiology_id`, `created_at`) VALUES (781, 245, NULL, 4, '2023-09-04 07:02:42');
INSERT INTO `ipd_prescription_test` (`id`, `ipd_prescription_basic_id`, `pathology_id`, `radiology_id`, `created_at`) VALUES (782, 246, 2, NULL, '2023-09-04 07:20:27');
INSERT INTO `ipd_prescription_test` (`id`, `ipd_prescription_basic_id`, `pathology_id`, `radiology_id`, `created_at`) VALUES (783, 246, NULL, 3, '2023-09-04 07:20:27');
INSERT INTO `ipd_prescription_test` (`id`, `ipd_prescription_basic_id`, `pathology_id`, `radiology_id`, `created_at`) VALUES (784, 247, 3, NULL, '2023-09-04 07:23:04');
INSERT INTO `ipd_prescription_test` (`id`, `ipd_prescription_basic_id`, `pathology_id`, `radiology_id`, `created_at`) VALUES (785, 247, NULL, 1, '2023-09-04 07:23:04');
INSERT INTO `ipd_prescription_test` (`id`, `ipd_prescription_basic_id`, `pathology_id`, `radiology_id`, `created_at`) VALUES (786, 248, 2, NULL, '2023-09-04 07:35:50');
INSERT INTO `ipd_prescription_test` (`id`, `ipd_prescription_basic_id`, `pathology_id`, `radiology_id`, `created_at`) VALUES (787, 248, NULL, 2, '2023-09-04 07:35:50');
INSERT INTO `ipd_prescription_test` (`id`, `ipd_prescription_basic_id`, `pathology_id`, `radiology_id`, `created_at`) VALUES (788, 249, 3, NULL, '2023-09-04 07:39:08');
INSERT INTO `ipd_prescription_test` (`id`, `ipd_prescription_basic_id`, `pathology_id`, `radiology_id`, `created_at`) VALUES (789, 249, NULL, 2, '2023-09-04 07:39:08');
INSERT INTO `ipd_prescription_test` (`id`, `ipd_prescription_basic_id`, `pathology_id`, `radiology_id`, `created_at`) VALUES (796, 252, 2, NULL, '2023-10-04 11:55:26');
INSERT INTO `ipd_prescription_test` (`id`, `ipd_prescription_basic_id`, `pathology_id`, `radiology_id`, `created_at`) VALUES (797, 252, NULL, 4, '2023-10-04 11:55:26');
INSERT INTO `ipd_prescription_test` (`id`, `ipd_prescription_basic_id`, `pathology_id`, `radiology_id`, `created_at`) VALUES (800, 254, 2, NULL, '2023-10-05 04:37:37');
INSERT INTO `ipd_prescription_test` (`id`, `ipd_prescription_basic_id`, `pathology_id`, `radiology_id`, `created_at`) VALUES (801, 254, NULL, 4, '2023-10-05 04:37:37');
INSERT INTO `ipd_prescription_test` (`id`, `ipd_prescription_basic_id`, `pathology_id`, `radiology_id`, `created_at`) VALUES (802, 255, 2, NULL, '2023-10-05 04:43:01');
INSERT INTO `ipd_prescription_test` (`id`, `ipd_prescription_basic_id`, `pathology_id`, `radiology_id`, `created_at`) VALUES (803, 255, 5, NULL, '2023-10-05 04:43:01');
INSERT INTO `ipd_prescription_test` (`id`, `ipd_prescription_basic_id`, `pathology_id`, `radiology_id`, `created_at`) VALUES (804, 255, NULL, 5, '2023-10-05 04:43:01');
INSERT INTO `ipd_prescription_test` (`id`, `ipd_prescription_basic_id`, `pathology_id`, `radiology_id`, `created_at`) VALUES (805, 255, NULL, 4, '2023-10-05 04:43:01');
INSERT INTO `ipd_prescription_test` (`id`, `ipd_prescription_basic_id`, `pathology_id`, `radiology_id`, `created_at`) VALUES (806, 256, 2, NULL, '2023-10-05 06:57:39');
INSERT INTO `ipd_prescription_test` (`id`, `ipd_prescription_basic_id`, `pathology_id`, `radiology_id`, `created_at`) VALUES (807, 256, NULL, 3, '2023-10-05 06:57:39');
INSERT INTO `ipd_prescription_test` (`id`, `ipd_prescription_basic_id`, `pathology_id`, `radiology_id`, `created_at`) VALUES (808, 257, 2, NULL, '2023-10-05 07:06:37');
INSERT INTO `ipd_prescription_test` (`id`, `ipd_prescription_basic_id`, `pathology_id`, `radiology_id`, `created_at`) VALUES (809, 257, NULL, 4, '2023-10-05 07:06:37');
INSERT INTO `ipd_prescription_test` (`id`, `ipd_prescription_basic_id`, `pathology_id`, `radiology_id`, `created_at`) VALUES (812, 259, 1, NULL, '2023-11-03 06:51:31');
INSERT INTO `ipd_prescription_test` (`id`, `ipd_prescription_basic_id`, `pathology_id`, `radiology_id`, `created_at`) VALUES (813, 259, 2, NULL, '2023-11-03 06:51:31');
INSERT INTO `ipd_prescription_test` (`id`, `ipd_prescription_basic_id`, `pathology_id`, `radiology_id`, `created_at`) VALUES (814, 259, NULL, 5, '2023-11-03 06:51:31');
INSERT INTO `ipd_prescription_test` (`id`, `ipd_prescription_basic_id`, `pathology_id`, `radiology_id`, `created_at`) VALUES (815, 259, NULL, 4, '2023-11-03 06:51:31');
INSERT INTO `ipd_prescription_test` (`id`, `ipd_prescription_basic_id`, `pathology_id`, `radiology_id`, `created_at`) VALUES (816, 260, 2, NULL, '2023-11-03 07:54:09');
INSERT INTO `ipd_prescription_test` (`id`, `ipd_prescription_basic_id`, `pathology_id`, `radiology_id`, `created_at`) VALUES (817, 260, NULL, 4, '2023-11-03 07:54:09');
INSERT INTO `ipd_prescription_test` (`id`, `ipd_prescription_basic_id`, `pathology_id`, `radiology_id`, `created_at`) VALUES (818, 261, 2, NULL, '2023-11-03 07:56:14');
INSERT INTO `ipd_prescription_test` (`id`, `ipd_prescription_basic_id`, `pathology_id`, `radiology_id`, `created_at`) VALUES (819, 261, NULL, 4, '2023-11-03 07:56:14');
INSERT INTO `ipd_prescription_test` (`id`, `ipd_prescription_basic_id`, `pathology_id`, `radiology_id`, `created_at`) VALUES (831, 266, 2, NULL, '2023-12-04 05:18:05');
INSERT INTO `ipd_prescription_test` (`id`, `ipd_prescription_basic_id`, `pathology_id`, `radiology_id`, `created_at`) VALUES (832, 266, NULL, 3, '2023-12-04 05:18:05');
INSERT INTO `ipd_prescription_test` (`id`, `ipd_prescription_basic_id`, `pathology_id`, `radiology_id`, `created_at`) VALUES (835, 268, 2, NULL, '2023-12-04 07:20:17');
INSERT INTO `ipd_prescription_test` (`id`, `ipd_prescription_basic_id`, `pathology_id`, `radiology_id`, `created_at`) VALUES (836, 268, NULL, 4, '2023-12-04 07:20:17');
INSERT INTO `ipd_prescription_test` (`id`, `ipd_prescription_basic_id`, `pathology_id`, `radiology_id`, `created_at`) VALUES (837, 269, 2, NULL, '2023-12-04 07:23:40');
INSERT INTO `ipd_prescription_test` (`id`, `ipd_prescription_basic_id`, `pathology_id`, `radiology_id`, `created_at`) VALUES (838, 269, NULL, 2, '2023-12-04 07:23:40');
INSERT INTO `ipd_prescription_test` (`id`, `ipd_prescription_basic_id`, `pathology_id`, `radiology_id`, `created_at`) VALUES (839, 270, 2, NULL, '2023-12-04 07:41:01');
INSERT INTO `ipd_prescription_test` (`id`, `ipd_prescription_basic_id`, `pathology_id`, `radiology_id`, `created_at`) VALUES (840, 270, NULL, 5, '2023-12-04 07:41:01');
INSERT INTO `ipd_prescription_test` (`id`, `ipd_prescription_basic_id`, `pathology_id`, `radiology_id`, `created_at`) VALUES (845, 272, 2, NULL, '2023-12-04 07:45:18');
INSERT INTO `ipd_prescription_test` (`id`, `ipd_prescription_basic_id`, `pathology_id`, `radiology_id`, `created_at`) VALUES (846, 272, 3, NULL, '2023-12-04 07:45:18');
INSERT INTO `ipd_prescription_test` (`id`, `ipd_prescription_basic_id`, `pathology_id`, `radiology_id`, `created_at`) VALUES (847, 272, NULL, 4, '2023-12-04 07:45:18');
INSERT INTO `ipd_prescription_test` (`id`, `ipd_prescription_basic_id`, `pathology_id`, `radiology_id`, `created_at`) VALUES (848, 272, NULL, 2, '2023-12-04 07:45:18');
INSERT INTO `ipd_prescription_test` (`id`, `ipd_prescription_basic_id`, `pathology_id`, `radiology_id`, `created_at`) VALUES (849, 273, 2, NULL, '2023-12-04 07:54:06');
INSERT INTO `ipd_prescription_test` (`id`, `ipd_prescription_basic_id`, `pathology_id`, `radiology_id`, `created_at`) VALUES (850, 273, NULL, 4, '2023-12-04 07:54:06');
INSERT INTO `ipd_prescription_test` (`id`, `ipd_prescription_basic_id`, `pathology_id`, `radiology_id`, `created_at`) VALUES (851, 274, 1, NULL, '2024-01-03 09:49:07');
INSERT INTO `ipd_prescription_test` (`id`, `ipd_prescription_basic_id`, `pathology_id`, `radiology_id`, `created_at`) VALUES (852, 274, 2, NULL, '2024-01-03 09:49:07');
INSERT INTO `ipd_prescription_test` (`id`, `ipd_prescription_basic_id`, `pathology_id`, `radiology_id`, `created_at`) VALUES (853, 274, NULL, 5, '2024-01-03 09:49:07');
INSERT INTO `ipd_prescription_test` (`id`, `ipd_prescription_basic_id`, `pathology_id`, `radiology_id`, `created_at`) VALUES (854, 274, NULL, 4, '2024-01-03 09:49:07');
INSERT INTO `ipd_prescription_test` (`id`, `ipd_prescription_basic_id`, `pathology_id`, `radiology_id`, `created_at`) VALUES (855, 275, 1, NULL, '2024-01-03 12:44:03');
INSERT INTO `ipd_prescription_test` (`id`, `ipd_prescription_basic_id`, `pathology_id`, `radiology_id`, `created_at`) VALUES (856, 275, NULL, 3, '2024-01-03 12:44:03');
INSERT INTO `ipd_prescription_test` (`id`, `ipd_prescription_basic_id`, `pathology_id`, `radiology_id`, `created_at`) VALUES (860, 277, 2, NULL, '2024-02-01 09:41:22');
INSERT INTO `ipd_prescription_test` (`id`, `ipd_prescription_basic_id`, `pathology_id`, `radiology_id`, `created_at`) VALUES (861, 277, NULL, 4, '2024-02-01 09:41:22');
INSERT INTO `ipd_prescription_test` (`id`, `ipd_prescription_basic_id`, `pathology_id`, `radiology_id`, `created_at`) VALUES (862, 278, 1, NULL, '2024-02-01 09:42:22');
INSERT INTO `ipd_prescription_test` (`id`, `ipd_prescription_basic_id`, `pathology_id`, `radiology_id`, `created_at`) VALUES (863, 278, NULL, 4, '2024-02-01 09:42:22');
INSERT INTO `ipd_prescription_test` (`id`, `ipd_prescription_basic_id`, `pathology_id`, `radiology_id`, `created_at`) VALUES (864, 279, 1, NULL, '2024-02-01 09:44:16');
INSERT INTO `ipd_prescription_test` (`id`, `ipd_prescription_basic_id`, `pathology_id`, `radiology_id`, `created_at`) VALUES (865, 279, NULL, 3, '2024-02-01 09:44:16');
INSERT INTO `ipd_prescription_test` (`id`, `ipd_prescription_basic_id`, `pathology_id`, `radiology_id`, `created_at`) VALUES (866, 280, 2, NULL, '2024-02-01 10:07:33');
INSERT INTO `ipd_prescription_test` (`id`, `ipd_prescription_basic_id`, `pathology_id`, `radiology_id`, `created_at`) VALUES (867, 280, NULL, 4, '2024-02-01 10:07:33');
INSERT INTO `ipd_prescription_test` (`id`, `ipd_prescription_basic_id`, `pathology_id`, `radiology_id`, `created_at`) VALUES (868, 281, 1, NULL, '2024-03-01 07:27:26');
INSERT INTO `ipd_prescription_test` (`id`, `ipd_prescription_basic_id`, `pathology_id`, `radiology_id`, `created_at`) VALUES (869, 281, 2, NULL, '2024-03-01 07:27:26');
INSERT INTO `ipd_prescription_test` (`id`, `ipd_prescription_basic_id`, `pathology_id`, `radiology_id`, `created_at`) VALUES (870, 281, NULL, 4, '2024-03-01 07:27:26');
INSERT INTO `ipd_prescription_test` (`id`, `ipd_prescription_basic_id`, `pathology_id`, `radiology_id`, `created_at`) VALUES (871, 282, 1, NULL, '2024-03-01 07:45:07');
INSERT INTO `ipd_prescription_test` (`id`, `ipd_prescription_basic_id`, `pathology_id`, `radiology_id`, `created_at`) VALUES (872, 282, NULL, 4, '2024-03-01 07:45:07');
INSERT INTO `ipd_prescription_test` (`id`, `ipd_prescription_basic_id`, `pathology_id`, `radiology_id`, `created_at`) VALUES (875, 284, 1, NULL, '2024-04-01 09:53:43');
INSERT INTO `ipd_prescription_test` (`id`, `ipd_prescription_basic_id`, `pathology_id`, `radiology_id`, `created_at`) VALUES (876, 284, 2, NULL, '2024-04-01 09:53:43');
INSERT INTO `ipd_prescription_test` (`id`, `ipd_prescription_basic_id`, `pathology_id`, `radiology_id`, `created_at`) VALUES (877, 284, NULL, 5, '2024-04-01 09:53:43');
INSERT INTO `ipd_prescription_test` (`id`, `ipd_prescription_basic_id`, `pathology_id`, `radiology_id`, `created_at`) VALUES (878, 284, NULL, 3, '2024-04-01 09:53:43');
INSERT INTO `ipd_prescription_test` (`id`, `ipd_prescription_basic_id`, `pathology_id`, `radiology_id`, `created_at`) VALUES (879, 285, 2, NULL, '2024-04-01 11:10:57');
INSERT INTO `ipd_prescription_test` (`id`, `ipd_prescription_basic_id`, `pathology_id`, `radiology_id`, `created_at`) VALUES (880, 285, NULL, 3, '2024-04-01 11:10:57');
INSERT INTO `ipd_prescription_test` (`id`, `ipd_prescription_basic_id`, `pathology_id`, `radiology_id`, `created_at`) VALUES (881, 286, 3, NULL, '2024-04-01 11:20:48');
INSERT INTO `ipd_prescription_test` (`id`, `ipd_prescription_basic_id`, `pathology_id`, `radiology_id`, `created_at`) VALUES (882, 286, NULL, 2, '2024-04-01 11:20:48');
INSERT INTO `ipd_prescription_test` (`id`, `ipd_prescription_basic_id`, `pathology_id`, `radiology_id`, `created_at`) VALUES (889, 289, 2, NULL, '2024-05-01 12:10:06');
INSERT INTO `ipd_prescription_test` (`id`, `ipd_prescription_basic_id`, `pathology_id`, `radiology_id`, `created_at`) VALUES (890, 289, NULL, 3, '2024-05-01 12:10:06');
INSERT INTO `ipd_prescription_test` (`id`, `ipd_prescription_basic_id`, `pathology_id`, `radiology_id`, `created_at`) VALUES (891, 290, 2, NULL, '2024-05-01 12:29:41');
INSERT INTO `ipd_prescription_test` (`id`, `ipd_prescription_basic_id`, `pathology_id`, `radiology_id`, `created_at`) VALUES (892, 290, NULL, 3, '2024-05-01 12:29:41');
INSERT INTO `ipd_prescription_test` (`id`, `ipd_prescription_basic_id`, `pathology_id`, `radiology_id`, `created_at`) VALUES (893, 291, 1, NULL, '2024-05-02 07:10:02');
INSERT INTO `ipd_prescription_test` (`id`, `ipd_prescription_basic_id`, `pathology_id`, `radiology_id`, `created_at`) VALUES (894, 291, NULL, 3, '2024-05-02 07:10:02');
INSERT INTO `ipd_prescription_test` (`id`, `ipd_prescription_basic_id`, `pathology_id`, `radiology_id`, `created_at`) VALUES (895, 292, 1, NULL, '2024-06-01 07:33:38');
INSERT INTO `ipd_prescription_test` (`id`, `ipd_prescription_basic_id`, `pathology_id`, `radiology_id`, `created_at`) VALUES (896, 292, 2, NULL, '2024-06-01 07:33:38');
INSERT INTO `ipd_prescription_test` (`id`, `ipd_prescription_basic_id`, `pathology_id`, `radiology_id`, `created_at`) VALUES (897, 292, NULL, 5, '2024-06-01 07:33:38');
INSERT INTO `ipd_prescription_test` (`id`, `ipd_prescription_basic_id`, `pathology_id`, `radiology_id`, `created_at`) VALUES (898, 292, NULL, 4, '2024-06-01 07:33:38');
INSERT INTO `ipd_prescription_test` (`id`, `ipd_prescription_basic_id`, `pathology_id`, `radiology_id`, `created_at`) VALUES (899, 293, 2, NULL, '2024-06-01 10:04:06');
INSERT INTO `ipd_prescription_test` (`id`, `ipd_prescription_basic_id`, `pathology_id`, `radiology_id`, `created_at`) VALUES (900, 293, NULL, 3, '2024-06-01 10:04:06');
INSERT INTO `ipd_prescription_test` (`id`, `ipd_prescription_basic_id`, `pathology_id`, `radiology_id`, `created_at`) VALUES (901, 294, 2, NULL, '2024-06-01 12:09:17');
INSERT INTO `ipd_prescription_test` (`id`, `ipd_prescription_basic_id`, `pathology_id`, `radiology_id`, `created_at`) VALUES (902, 294, NULL, 3, '2024-06-01 12:09:17');
INSERT INTO `ipd_prescription_test` (`id`, `ipd_prescription_basic_id`, `pathology_id`, `radiology_id`, `created_at`) VALUES (903, 295, 2, NULL, '2024-07-01 09:20:18');
INSERT INTO `ipd_prescription_test` (`id`, `ipd_prescription_basic_id`, `pathology_id`, `radiology_id`, `created_at`) VALUES (904, 295, NULL, 3, '2024-07-01 09:20:18');
INSERT INTO `ipd_prescription_test` (`id`, `ipd_prescription_basic_id`, `pathology_id`, `radiology_id`, `created_at`) VALUES (905, 296, 2, NULL, '2024-07-01 09:38:46');
INSERT INTO `ipd_prescription_test` (`id`, `ipd_prescription_basic_id`, `pathology_id`, `radiology_id`, `created_at`) VALUES (906, 296, NULL, 3, '2024-07-01 09:38:46');
INSERT INTO `ipd_prescription_test` (`id`, `ipd_prescription_basic_id`, `pathology_id`, `radiology_id`, `created_at`) VALUES (907, 297, 1, NULL, '2024-07-01 09:51:44');
INSERT INTO `ipd_prescription_test` (`id`, `ipd_prescription_basic_id`, `pathology_id`, `radiology_id`, `created_at`) VALUES (908, 297, NULL, 3, '2024-07-01 09:51:44');
INSERT INTO `ipd_prescription_test` (`id`, `ipd_prescription_basic_id`, `pathology_id`, `radiology_id`, `created_at`) VALUES (909, 298, 2, NULL, '2024-07-01 09:52:33');
INSERT INTO `ipd_prescription_test` (`id`, `ipd_prescription_basic_id`, `pathology_id`, `radiology_id`, `created_at`) VALUES (910, 298, NULL, 3, '2024-07-01 09:52:33');
INSERT INTO `ipd_prescription_test` (`id`, `ipd_prescription_basic_id`, `pathology_id`, `radiology_id`, `created_at`) VALUES (911, 299, 3, NULL, '2024-07-02 05:52:15');
INSERT INTO `ipd_prescription_test` (`id`, `ipd_prescription_basic_id`, `pathology_id`, `radiology_id`, `created_at`) VALUES (912, 299, NULL, 3, '2024-07-02 05:52:15');
INSERT INTO `ipd_prescription_test` (`id`, `ipd_prescription_basic_id`, `pathology_id`, `radiology_id`, `created_at`) VALUES (913, 300, 1, NULL, '2024-08-01 08:27:29');
INSERT INTO `ipd_prescription_test` (`id`, `ipd_prescription_basic_id`, `pathology_id`, `radiology_id`, `created_at`) VALUES (914, 300, 2, NULL, '2024-08-01 08:27:29');
INSERT INTO `ipd_prescription_test` (`id`, `ipd_prescription_basic_id`, `pathology_id`, `radiology_id`, `created_at`) VALUES (915, 300, NULL, 5, '2024-08-01 08:27:29');
INSERT INTO `ipd_prescription_test` (`id`, `ipd_prescription_basic_id`, `pathology_id`, `radiology_id`, `created_at`) VALUES (916, 300, NULL, 3, '2024-08-01 08:27:29');
INSERT INTO `ipd_prescription_test` (`id`, `ipd_prescription_basic_id`, `pathology_id`, `radiology_id`, `created_at`) VALUES (917, 301, 1, NULL, '2024-08-01 09:42:21');
INSERT INTO `ipd_prescription_test` (`id`, `ipd_prescription_basic_id`, `pathology_id`, `radiology_id`, `created_at`) VALUES (918, 301, 4, NULL, '2024-08-01 09:42:21');
INSERT INTO `ipd_prescription_test` (`id`, `ipd_prescription_basic_id`, `pathology_id`, `radiology_id`, `created_at`) VALUES (919, 301, NULL, 4, '2024-08-01 09:42:21');
INSERT INTO `ipd_prescription_test` (`id`, `ipd_prescription_basic_id`, `pathology_id`, `radiology_id`, `created_at`) VALUES (920, 301, NULL, 2, '2024-08-01 09:42:21');
INSERT INTO `ipd_prescription_test` (`id`, `ipd_prescription_basic_id`, `pathology_id`, `radiology_id`, `created_at`) VALUES (921, 302, 2, NULL, '2024-08-02 07:52:12');
INSERT INTO `ipd_prescription_test` (`id`, `ipd_prescription_basic_id`, `pathology_id`, `radiology_id`, `created_at`) VALUES (922, 302, NULL, 3, '2024-08-02 07:52:12');
INSERT INTO `ipd_prescription_test` (`id`, `ipd_prescription_basic_id`, `pathology_id`, `radiology_id`, `created_at`) VALUES (923, 303, 2, NULL, '2024-08-02 07:57:20');
INSERT INTO `ipd_prescription_test` (`id`, `ipd_prescription_basic_id`, `pathology_id`, `radiology_id`, `created_at`) VALUES (924, 303, NULL, 4, '2024-08-02 07:57:20');
INSERT INTO `ipd_prescription_test` (`id`, `ipd_prescription_basic_id`, `pathology_id`, `radiology_id`, `created_at`) VALUES (933, 324, 2, NULL, '2024-08-30 04:22:11');
INSERT INTO `ipd_prescription_test` (`id`, `ipd_prescription_basic_id`, `pathology_id`, `radiology_id`, `created_at`) VALUES (934, 324, NULL, 3, '2024-08-30 04:22:11');
INSERT INTO `ipd_prescription_test` (`id`, `ipd_prescription_basic_id`, `pathology_id`, `radiology_id`, `created_at`) VALUES (935, 325, 2, NULL, '2024-08-31 05:25:01');
INSERT INTO `ipd_prescription_test` (`id`, `ipd_prescription_basic_id`, `pathology_id`, `radiology_id`, `created_at`) VALUES (936, 325, NULL, 4, '2024-08-31 05:25:01');
INSERT INTO `ipd_prescription_test` (`id`, `ipd_prescription_basic_id`, `pathology_id`, `radiology_id`, `created_at`) VALUES (937, 326, 2, NULL, '2024-08-31 07:59:34');
INSERT INTO `ipd_prescription_test` (`id`, `ipd_prescription_basic_id`, `pathology_id`, `radiology_id`, `created_at`) VALUES (938, 326, NULL, 3, '2024-08-31 07:59:34');
INSERT INTO `ipd_prescription_test` (`id`, `ipd_prescription_basic_id`, `pathology_id`, `radiology_id`, `created_at`) VALUES (939, 327, 2, NULL, '2024-08-31 08:01:05');
INSERT INTO `ipd_prescription_test` (`id`, `ipd_prescription_basic_id`, `pathology_id`, `radiology_id`, `created_at`) VALUES (940, 327, NULL, 4, '2024-08-31 08:01:05');
INSERT INTO `ipd_prescription_test` (`id`, `ipd_prescription_basic_id`, `pathology_id`, `radiology_id`, `created_at`) VALUES (941, 328, 2, NULL, '2024-08-31 10:46:39');
INSERT INTO `ipd_prescription_test` (`id`, `ipd_prescription_basic_id`, `pathology_id`, `radiology_id`, `created_at`) VALUES (942, 328, NULL, 4, '2024-08-31 10:46:39');
INSERT INTO `ipd_prescription_test` (`id`, `ipd_prescription_basic_id`, `pathology_id`, `radiology_id`, `created_at`) VALUES (943, 329, 2, NULL, '2024-10-03 09:07:19');
INSERT INTO `ipd_prescription_test` (`id`, `ipd_prescription_basic_id`, `pathology_id`, `radiology_id`, `created_at`) VALUES (944, 329, 3, NULL, '2024-10-03 09:07:19');
INSERT INTO `ipd_prescription_test` (`id`, `ipd_prescription_basic_id`, `pathology_id`, `radiology_id`, `created_at`) VALUES (945, 329, NULL, 5, '2024-10-03 09:07:19');
INSERT INTO `ipd_prescription_test` (`id`, `ipd_prescription_basic_id`, `pathology_id`, `radiology_id`, `created_at`) VALUES (946, 329, NULL, 4, '2024-10-03 09:07:19');
INSERT INTO `ipd_prescription_test` (`id`, `ipd_prescription_basic_id`, `pathology_id`, `radiology_id`, `created_at`) VALUES (947, 330, 2, NULL, '2024-10-04 10:07:24');
INSERT INTO `ipd_prescription_test` (`id`, `ipd_prescription_basic_id`, `pathology_id`, `radiology_id`, `created_at`) VALUES (948, 330, NULL, 5, '2024-10-04 10:07:24');
INSERT INTO `ipd_prescription_test` (`id`, `ipd_prescription_basic_id`, `pathology_id`, `radiology_id`, `created_at`) VALUES (949, 331, 2, NULL, '2024-10-04 10:16:57');
INSERT INTO `ipd_prescription_test` (`id`, `ipd_prescription_basic_id`, `pathology_id`, `radiology_id`, `created_at`) VALUES (950, 331, NULL, 4, '2024-10-04 10:16:57');
INSERT INTO `ipd_prescription_test` (`id`, `ipd_prescription_basic_id`, `pathology_id`, `radiology_id`, `created_at`) VALUES (951, 332, 2, NULL, '2024-10-04 10:50:26');
INSERT INTO `ipd_prescription_test` (`id`, `ipd_prescription_basic_id`, `pathology_id`, `radiology_id`, `created_at`) VALUES (952, 332, NULL, 2, '2024-10-04 10:50:26');
INSERT INTO `ipd_prescription_test` (`id`, `ipd_prescription_basic_id`, `pathology_id`, `radiology_id`, `created_at`) VALUES (953, 333, 2, NULL, '2024-10-04 10:53:34');
INSERT INTO `ipd_prescription_test` (`id`, `ipd_prescription_basic_id`, `pathology_id`, `radiology_id`, `created_at`) VALUES (954, 333, NULL, 3, '2024-10-04 10:53:34');
INSERT INTO `ipd_prescription_test` (`id`, `ipd_prescription_basic_id`, `pathology_id`, `radiology_id`, `created_at`) VALUES (955, 334, 3, NULL, '2024-10-04 10:54:27');
INSERT INTO `ipd_prescription_test` (`id`, `ipd_prescription_basic_id`, `pathology_id`, `radiology_id`, `created_at`) VALUES (956, 334, NULL, 4, '2024-10-04 10:54:27');
INSERT INTO `ipd_prescription_test` (`id`, `ipd_prescription_basic_id`, `pathology_id`, `radiology_id`, `created_at`) VALUES (957, 335, 3, NULL, '2024-10-04 11:14:06');
INSERT INTO `ipd_prescription_test` (`id`, `ipd_prescription_basic_id`, `pathology_id`, `radiology_id`, `created_at`) VALUES (958, 335, NULL, 2, '2024-10-04 11:14:06');
INSERT INTO `ipd_prescription_test` (`id`, `ipd_prescription_basic_id`, `pathology_id`, `radiology_id`, `created_at`) VALUES (959, 336, 2, NULL, '2024-10-04 11:32:36');
INSERT INTO `ipd_prescription_test` (`id`, `ipd_prescription_basic_id`, `pathology_id`, `radiology_id`, `created_at`) VALUES (960, 336, NULL, 3, '2024-10-04 11:32:36');
INSERT INTO `ipd_prescription_test` (`id`, `ipd_prescription_basic_id`, `pathology_id`, `radiology_id`, `created_at`) VALUES (961, 337, 1, NULL, '2024-10-04 12:29:22');
INSERT INTO `ipd_prescription_test` (`id`, `ipd_prescription_basic_id`, `pathology_id`, `radiology_id`, `created_at`) VALUES (962, 337, NULL, 5, '2024-10-04 12:29:22');
INSERT INTO `ipd_prescription_test` (`id`, `ipd_prescription_basic_id`, `pathology_id`, `radiology_id`, `created_at`) VALUES (963, 338, 1, NULL, '2024-10-04 12:32:46');
INSERT INTO `ipd_prescription_test` (`id`, `ipd_prescription_basic_id`, `pathology_id`, `radiology_id`, `created_at`) VALUES (964, 338, NULL, 4, '2024-10-04 12:32:46');
INSERT INTO `ipd_prescription_test` (`id`, `ipd_prescription_basic_id`, `pathology_id`, `radiology_id`, `created_at`) VALUES (965, 339, 2, NULL, '2024-10-05 04:16:30');
INSERT INTO `ipd_prescription_test` (`id`, `ipd_prescription_basic_id`, `pathology_id`, `radiology_id`, `created_at`) VALUES (966, 339, NULL, 4, '2024-10-05 04:16:30');
INSERT INTO `ipd_prescription_test` (`id`, `ipd_prescription_basic_id`, `pathology_id`, `radiology_id`, `created_at`) VALUES (967, 340, 2, NULL, '2024-10-05 04:45:56');
INSERT INTO `ipd_prescription_test` (`id`, `ipd_prescription_basic_id`, `pathology_id`, `radiology_id`, `created_at`) VALUES (968, 340, NULL, 4, '2024-10-05 04:45:56');
INSERT INTO `ipd_prescription_test` (`id`, `ipd_prescription_basic_id`, `pathology_id`, `radiology_id`, `created_at`) VALUES (969, 341, 2, NULL, '2024-10-05 05:03:19');
INSERT INTO `ipd_prescription_test` (`id`, `ipd_prescription_basic_id`, `pathology_id`, `radiology_id`, `created_at`) VALUES (970, 341, NULL, 4, '2024-10-05 05:03:19');
INSERT INTO `ipd_prescription_test` (`id`, `ipd_prescription_basic_id`, `pathology_id`, `radiology_id`, `created_at`) VALUES (971, 342, 2, NULL, '2024-10-05 05:03:35');
INSERT INTO `ipd_prescription_test` (`id`, `ipd_prescription_basic_id`, `pathology_id`, `radiology_id`, `created_at`) VALUES (972, 342, NULL, 4, '2024-10-05 05:03:35');
INSERT INTO `ipd_prescription_test` (`id`, `ipd_prescription_basic_id`, `pathology_id`, `radiology_id`, `created_at`) VALUES (973, 343, 2, NULL, '2024-10-05 05:14:40');
INSERT INTO `ipd_prescription_test` (`id`, `ipd_prescription_basic_id`, `pathology_id`, `radiology_id`, `created_at`) VALUES (974, 343, NULL, 4, '2024-10-05 05:14:40');
INSERT INTO `ipd_prescription_test` (`id`, `ipd_prescription_basic_id`, `pathology_id`, `radiology_id`, `created_at`) VALUES (975, 344, 2, NULL, '2024-10-05 05:34:44');
INSERT INTO `ipd_prescription_test` (`id`, `ipd_prescription_basic_id`, `pathology_id`, `radiology_id`, `created_at`) VALUES (976, 344, NULL, 4, '2024-10-05 05:34:44');
INSERT INTO `ipd_prescription_test` (`id`, `ipd_prescription_basic_id`, `pathology_id`, `radiology_id`, `created_at`) VALUES (977, 345, 1, NULL, '2024-10-05 05:38:48');
INSERT INTO `ipd_prescription_test` (`id`, `ipd_prescription_basic_id`, `pathology_id`, `radiology_id`, `created_at`) VALUES (978, 345, NULL, 3, '2024-10-05 05:38:48');
INSERT INTO `ipd_prescription_test` (`id`, `ipd_prescription_basic_id`, `pathology_id`, `radiology_id`, `created_at`) VALUES (979, 346, 1, NULL, '2024-11-06 11:21:17');
INSERT INTO `ipd_prescription_test` (`id`, `ipd_prescription_basic_id`, `pathology_id`, `radiology_id`, `created_at`) VALUES (980, 346, 2, NULL, '2024-11-06 11:21:17');
INSERT INTO `ipd_prescription_test` (`id`, `ipd_prescription_basic_id`, `pathology_id`, `radiology_id`, `created_at`) VALUES (981, 346, NULL, 4, '2024-11-06 11:21:17');
INSERT INTO `ipd_prescription_test` (`id`, `ipd_prescription_basic_id`, `pathology_id`, `radiology_id`, `created_at`) VALUES (982, 346, NULL, 3, '2024-11-06 11:21:17');
INSERT INTO `ipd_prescription_test` (`id`, `ipd_prescription_basic_id`, `pathology_id`, `radiology_id`, `created_at`) VALUES (983, 347, 2, NULL, '2024-11-07 06:20:56');
INSERT INTO `ipd_prescription_test` (`id`, `ipd_prescription_basic_id`, `pathology_id`, `radiology_id`, `created_at`) VALUES (984, 347, NULL, 4, '2024-11-07 06:20:56');
INSERT INTO `ipd_prescription_test` (`id`, `ipd_prescription_basic_id`, `pathology_id`, `radiology_id`, `created_at`) VALUES (985, 348, 2, NULL, '2024-11-07 06:26:43');
INSERT INTO `ipd_prescription_test` (`id`, `ipd_prescription_basic_id`, `pathology_id`, `radiology_id`, `created_at`) VALUES (986, 348, NULL, 5, '2024-11-07 06:26:43');
INSERT INTO `ipd_prescription_test` (`id`, `ipd_prescription_basic_id`, `pathology_id`, `radiology_id`, `created_at`) VALUES (987, 349, 2, NULL, '2024-11-07 06:27:53');
INSERT INTO `ipd_prescription_test` (`id`, `ipd_prescription_basic_id`, `pathology_id`, `radiology_id`, `created_at`) VALUES (988, 349, NULL, 3, '2024-11-07 06:27:53');
INSERT INTO `ipd_prescription_test` (`id`, `ipd_prescription_basic_id`, `pathology_id`, `radiology_id`, `created_at`) VALUES (989, 350, 2, NULL, '2024-11-07 06:48:03');
INSERT INTO `ipd_prescription_test` (`id`, `ipd_prescription_basic_id`, `pathology_id`, `radiology_id`, `created_at`) VALUES (990, 350, NULL, 3, '2024-11-07 06:48:03');
INSERT INTO `ipd_prescription_test` (`id`, `ipd_prescription_basic_id`, `pathology_id`, `radiology_id`, `created_at`) VALUES (991, 351, 2, NULL, '2024-11-07 10:32:52');
INSERT INTO `ipd_prescription_test` (`id`, `ipd_prescription_basic_id`, `pathology_id`, `radiology_id`, `created_at`) VALUES (992, 351, NULL, 4, '2024-11-07 10:32:52');
INSERT INTO `ipd_prescription_test` (`id`, `ipd_prescription_basic_id`, `pathology_id`, `radiology_id`, `created_at`) VALUES (993, 352, 1, NULL, '2024-12-04 12:02:40');
INSERT INTO `ipd_prescription_test` (`id`, `ipd_prescription_basic_id`, `pathology_id`, `radiology_id`, `created_at`) VALUES (994, 352, 2, NULL, '2024-12-04 12:02:40');
INSERT INTO `ipd_prescription_test` (`id`, `ipd_prescription_basic_id`, `pathology_id`, `radiology_id`, `created_at`) VALUES (995, 352, NULL, 5, '2024-12-04 12:02:40');
INSERT INTO `ipd_prescription_test` (`id`, `ipd_prescription_basic_id`, `pathology_id`, `radiology_id`, `created_at`) VALUES (996, 352, NULL, 4, '2024-12-04 12:02:40');
INSERT INTO `ipd_prescription_test` (`id`, `ipd_prescription_basic_id`, `pathology_id`, `radiology_id`, `created_at`) VALUES (997, 353, 1, NULL, '2024-12-05 04:11:37');
INSERT INTO `ipd_prescription_test` (`id`, `ipd_prescription_basic_id`, `pathology_id`, `radiology_id`, `created_at`) VALUES (998, 353, 2, NULL, '2024-12-05 04:11:37');
INSERT INTO `ipd_prescription_test` (`id`, `ipd_prescription_basic_id`, `pathology_id`, `radiology_id`, `created_at`) VALUES (999, 353, NULL, 4, '2024-12-05 04:11:37');
INSERT INTO `ipd_prescription_test` (`id`, `ipd_prescription_basic_id`, `pathology_id`, `radiology_id`, `created_at`) VALUES (1000, 354, 2, NULL, '2024-12-05 12:31:30');
INSERT INTO `ipd_prescription_test` (`id`, `ipd_prescription_basic_id`, `pathology_id`, `radiology_id`, `created_at`) VALUES (1001, 354, NULL, 4, '2024-12-05 12:31:30');
INSERT INTO `ipd_prescription_test` (`id`, `ipd_prescription_basic_id`, `pathology_id`, `radiology_id`, `created_at`) VALUES (1002, 355, 1, NULL, '2024-12-06 05:42:28');
INSERT INTO `ipd_prescription_test` (`id`, `ipd_prescription_basic_id`, `pathology_id`, `radiology_id`, `created_at`) VALUES (1003, 355, 2, NULL, '2024-12-06 05:42:28');
INSERT INTO `ipd_prescription_test` (`id`, `ipd_prescription_basic_id`, `pathology_id`, `radiology_id`, `created_at`) VALUES (1004, 355, NULL, 4, '2024-12-06 05:42:28');
INSERT INTO `ipd_prescription_test` (`id`, `ipd_prescription_basic_id`, `pathology_id`, `radiology_id`, `created_at`) VALUES (1005, 356, 2, NULL, '2024-12-06 06:05:29');
INSERT INTO `ipd_prescription_test` (`id`, `ipd_prescription_basic_id`, `pathology_id`, `radiology_id`, `created_at`) VALUES (1006, 356, NULL, 5, '2024-12-06 06:05:29');
INSERT INTO `ipd_prescription_test` (`id`, `ipd_prescription_basic_id`, `pathology_id`, `radiology_id`, `created_at`) VALUES (1007, 357, 2, NULL, '2024-12-06 06:06:04');
INSERT INTO `ipd_prescription_test` (`id`, `ipd_prescription_basic_id`, `pathology_id`, `radiology_id`, `created_at`) VALUES (1008, 357, NULL, 2, '2024-12-06 06:06:04');


#
# TABLE STRUCTURE FOR: item
#


CREATE TABLE `item` (
  `id` int NOT NULL AUTO_INCREMENT,
  `item_category_id` int DEFAULT NULL,
  `name` varchar(255) NOT NULL,
  `unit` varchar(200) NOT NULL,
  `item_photo` text CHARACTER SET utf8mb3 COLLATE utf8mb3_general_ci,
  `description` text,
  `quantity` int NOT NULL,
  `date` date DEFAULT NULL,
  `created_at` timestamp NOT NULL DEFAULT CURRENT_TIMESTAMP ON UPDATE CURRENT_TIMESTAMP,
  PRIMARY KEY (`id`),
  KEY `item_category_id` (`item_category_id`),
  KEY `index_name` (`name`),
  KEY `index_unit` (`unit`),
  KEY `index_quantity` (`quantity`),
  KEY `index_date` (`date`),
  CONSTRAINT `item_ibfk_1` FOREIGN KEY (`item_category_id`) REFERENCES `item_category` (`id`) ON DELETE CASCADE
) ENGINE=InnoDB AUTO_INCREMENT=17 DEFAULT CHARSET=utf8mb3;

INSERT INTO `item` (`id`, `item_category_id`, `name`, `unit`, `item_photo`, `description`, `quantity`, `date`, `created_at`) VALUES (1, 1, 'Syringe', '100', NULL, '', 0, NULL, '2021-10-25 05:29:59');
INSERT INTO `item` (`id`, `item_category_id`, `name`, `unit`, `item_photo`, `description`, `quantity`, `date`, `created_at`) VALUES (2, 2, 'Dressing Cotton', '1000', NULL, 'Dressing Cotton', 0, NULL, '2021-10-25 05:32:27');
INSERT INTO `item` (`id`, `item_category_id`, `name`, `unit`, `item_photo`, `description`, `quantity`, `date`, `created_at`) VALUES (3, 3, 'Pharmacist Equipement', '500', NULL, '', 0, NULL, '2021-10-25 05:33:07');
INSERT INTO `item` (`id`, `item_category_id`, `name`, `unit`, `item_photo`, `description`, `quantity`, `date`, `created_at`) VALUES (4, 4, 'Bed Sheet', '500', NULL, '', 0, NULL, '2021-10-28 08:57:36');
INSERT INTO `item` (`id`, `item_category_id`, `name`, `unit`, `item_photo`, `description`, `quantity`, `date`, `created_at`) VALUES (5, 5, 'Uniform (Patient-Staff)', '100', NULL, 'Wearing a uniform in the workplace helps to identify employees, avoiding mistakes and uncomfortable situations', 0, NULL, '2023-08-03 05:15:55');
INSERT INTO `item` (`id`, `item_category_id`, `name`, `unit`, `item_photo`, `description`, `quantity`, `date`, `created_at`) VALUES (6, 3, 'Medical  Equipment', '100', NULL, '', 0, NULL, '2022-02-02 09:13:23');
INSERT INTO `item` (`id`, `item_category_id`, `name`, `unit`, `item_photo`, `description`, `quantity`, `date`, `created_at`) VALUES (7, 3, 'Syringe Pump', '100', NULL, '', 0, NULL, '2022-11-03 04:45:57');
INSERT INTO `item` (`id`, `item_category_id`, `name`, `unit`, `item_photo`, `description`, `quantity`, `date`, `created_at`) VALUES (8, 3, 'Surgical lights', '100', NULL, 'A surgical light which is also called as an operating light is a medical equipment which helps medical personnel during a surgery by illuminating on a local area of the patient.', 0, NULL, '2022-11-03 04:46:57');
INSERT INTO `item` (`id`, `item_category_id`, `name`, `unit`, `item_photo`, `description`, `quantity`, `date`, `created_at`) VALUES (9, 3, 'Personal Protective Equipment Kit', '100', NULL, 'High Quality Medical Equipment , Surgical Equipment , Surgical Instruments , Pharmaceutical Instruments and Pharmaceutical Testing Machines.', 0, NULL, '2022-12-05 07:53:14');
INSERT INTO `item` (`id`, `item_category_id`, `name`, `unit`, `item_photo`, `description`, `quantity`, `date`, `created_at`) VALUES (10, 7, 'Automatic Blood Pressure', '500', NULL, 'Displays simultaneous readings of systolic and diastolic blood pressure and pulse.', 0, NULL, '2024-04-01 07:32:04');
INSERT INTO `item` (`id`, `item_category_id`, `name`, `unit`, `item_photo`, `description`, `quantity`, `date`, `created_at`) VALUES (11, 6, 'Surgical blade', '500', NULL, 'An operating table or surgical table, is the table on which the patient lies during a surgical operation.', 0, NULL, '2024-04-01 07:32:41');
INSERT INTO `item` (`id`, `item_category_id`, `name`, `unit`, `item_photo`, `description`, `quantity`, `date`, `created_at`) VALUES (12, 3, 'Monitor for glucose management', '100', NULL, 'Monitor for glucose management', 0, NULL, '2024-07-01 08:07:06');
INSERT INTO `item` (`id`, `item_category_id`, `name`, `unit`, `item_photo`, `description`, `quantity`, `date`, `created_at`) VALUES (13, 12, 'Electrocardiography machines', '100', NULL, '', 0, NULL, '2024-07-01 08:16:41');
INSERT INTO `item` (`id`, `item_category_id`, `name`, `unit`, `item_photo`, `description`, `quantity`, `date`, `created_at`) VALUES (14, 12, 'Cardiac monitors, implantable or external', '100', NULL, '', 0, NULL, '2024-07-01 08:17:07');
INSERT INTO `item` (`id`, `item_category_id`, `name`, `unit`, `item_photo`, `description`, `quantity`, `date`, `created_at`) VALUES (15, 11, 'Medical shoe and boot covers', '100', NULL, '', 0, NULL, '2024-07-01 08:19:18');
INSERT INTO `item` (`id`, `item_category_id`, `name`, `unit`, `item_photo`, `description`, `quantity`, `date`, `created_at`) VALUES (16, 11, 'Head or beard covers and nets', '100', NULL, '', 0, NULL, '2024-07-01 08:19:44');


#
# TABLE STRUCTURE FOR: item_category
#


CREATE TABLE `item_category` (
  `id` int NOT NULL AUTO_INCREMENT,
  `item_category` varchar(255) DEFAULT NULL,
  `is_active` varchar(10) NOT NULL DEFAULT 'yes',
  `description` text,
  `created_at` timestamp NOT NULL DEFAULT CURRENT_TIMESTAMP ON UPDATE CURRENT_TIMESTAMP,
  PRIMARY KEY (`id`),
  KEY `index_item_category` (`item_category`)
) ENGINE=InnoDB AUTO_INCREMENT=13 DEFAULT CHARSET=utf8mb3;

INSERT INTO `item_category` (`id`, `item_category`, `is_active`, `description`, `created_at`) VALUES (1, 'Syringe Packs', 'yes', '(MPL) is a contract manufacturer of human and veterinary drug, medical device, and cosmetic products specializing in multiple non-sterile syringe packaging solutions. .Syringes can be filled with powder, semi-solids and liquid dosage forms at volumes from 1 mL to 10 mLs and larger.', '2021-10-25 05:04:05');
INSERT INTO `item_category` (`id`, `item_category`, `is_active`, `description`, `created_at`) VALUES (2, 'Cotton Packs', 'yes', '', '2021-10-25 05:05:56');
INSERT INTO `item_category` (`id`, `item_category`, `is_active`, `description`, `created_at`) VALUES (3, 'Medical Equipment', 'yes', 'Medical Equipment', '2024-04-01 07:24:58');
INSERT INTO `item_category` (`id`, `item_category`, `is_active`, `description`, `created_at`) VALUES (4, 'Bed Sheets', 'yes', '', '2021-10-25 05:06:25');
INSERT INTO `item_category` (`id`, `item_category`, `is_active`, `description`, `created_at`) VALUES (5, 'Uniforms', 'yes', '', '2023-08-03 05:01:22');
INSERT INTO `item_category` (`id`, `item_category`, `is_active`, `description`, `created_at`) VALUES (6, 'Surgical blades', 'yes', 'An operating table or surgical table, is the table on which the patient lies during a surgical operation.', '2024-04-01 07:27:37');
INSERT INTO `item_category` (`id`, `item_category`, `is_active`, `description`, `created_at`) VALUES (7, 'Automatic Blood Pressure Cuff', 'yes', 'Automatic Blood Pressure Cuff', '2024-04-01 07:29:22');
INSERT INTO `item_category` (`id`, `item_category`, `is_active`, `description`, `created_at`) VALUES (8, 'Medical scissors', 'yes', 'Medical scissors', '2024-07-01 08:07:43');
INSERT INTO `item_category` (`id`, `item_category`, `is_active`, `description`, `created_at`) VALUES (9, 'Patient wheelchairs', 'yes', 'Patient wheelchairs', '2024-07-01 08:08:06');
INSERT INTO `item_category` (`id`, `item_category`, `is_active`, `description`, `created_at`) VALUES (10, 'Stools: designed for clinical use', 'yes', 'Stools: designed for clinical use', '2024-07-01 08:09:10');
INSERT INTO `item_category` (`id`, `item_category`, `is_active`, `description`, `created_at`) VALUES (11, 'Apparel', 'yes', '', '2024-07-01 08:15:43');
INSERT INTO `item_category` (`id`, `item_category`, `is_active`, `description`, `created_at`) VALUES (12, 'Cardiology', 'yes', '', '2024-07-01 08:16:06');


#
# TABLE STRUCTURE FOR: item_issue
#


CREATE TABLE `item_issue` (
  `id` int NOT NULL AUTO_INCREMENT,
  `issue_type` int DEFAULT NULL,
  `issue_to` int DEFAULT NULL,
  `issue_by` varchar(100) DEFAULT NULL,
  `issue_date` date DEFAULT NULL,
  `return_date` date DEFAULT NULL,
  `item_category_id` int DEFAULT NULL,
  `item_id` int DEFAULT NULL,
  `quantity` int NOT NULL,
  `note` text,
  `is_returned` int NOT NULL DEFAULT '1',
  `is_active` varchar(10) DEFAULT 'no',
  `created_at` timestamp NOT NULL DEFAULT CURRENT_TIMESTAMP ON UPDATE CURRENT_TIMESTAMP,
  PRIMARY KEY (`id`),
  KEY `item_id` (`item_id`),
  KEY `item_category_id` (`item_category_id`),
  KEY `issue_to` (`issue_to`),
  KEY `index_issue_date` (`issue_date`),
  KEY `index_return_date` (`return_date`),
  KEY `index_quantity` (`quantity`),
  KEY `index_is_returned` (`is_returned`),
  CONSTRAINT `item_issue_ibfk_1` FOREIGN KEY (`item_id`) REFERENCES `item` (`id`) ON DELETE CASCADE,
  CONSTRAINT `item_issue_ibfk_2` FOREIGN KEY (`item_category_id`) REFERENCES `item_category` (`id`) ON DELETE CASCADE,
  CONSTRAINT `item_issue_ibfk_3` FOREIGN KEY (`issue_to`) REFERENCES `staff` (`id`) ON DELETE CASCADE
) ENGINE=InnoDB AUTO_INCREMENT=182 DEFAULT CHARSET=utf8mb3;

INSERT INTO `item_issue` (`id`, `issue_type`, `issue_to`, `issue_by`, `issue_date`, `return_date`, `item_category_id`, `item_id`, `quantity`, `note`, `is_returned`, `is_active`, `created_at`) VALUES (83, 6, 6, 'Super Admin', '2023-07-25', '2023-07-30', 2, 2, 10, '', 1, 'no', '2023-07-05 12:13:37');
INSERT INTO `item_issue` (`id`, `issue_type`, `issue_to`, `issue_by`, `issue_date`, `return_date`, `item_category_id`, `item_id`, `quantity`, `note`, `is_returned`, `is_active`, `created_at`) VALUES (119, 4, 13, 'Super Admin', '2024-02-05', '2024-02-02', 3, 6, 0, '', 0, 'no', '2024-02-02 05:39:00');
INSERT INTO `item_issue` (`id`, `issue_type`, `issue_to`, `issue_by`, `issue_date`, `return_date`, `item_category_id`, `item_id`, `quantity`, `note`, `is_returned`, `is_active`, `created_at`) VALUES (123, 3, 11, 'Super Admin', '2024-03-01', '2024-03-08', 1, 1, 3, '', 1, 'no', '2024-03-01 06:25:05');
INSERT INTO `item_issue` (`id`, `issue_type`, `issue_to`, `issue_by`, `issue_date`, `return_date`, `item_category_id`, `item_id`, `quantity`, `note`, `is_returned`, `is_active`, `created_at`) VALUES (124, 4, 13, 'Super Admin', '2024-03-05', '2024-03-02', 2, 2, 0, '', 0, 'no', '2024-03-02 07:13:02');
INSERT INTO `item_issue` (`id`, `issue_type`, `issue_to`, `issue_by`, `issue_date`, `return_date`, `item_category_id`, `item_id`, `quantity`, `note`, `is_returned`, `is_active`, `created_at`) VALUES (126, 6, 6, 'Jason  Abbot', '2024-03-20', '2024-03-26', 5, 5, 5, '', 1, 'no', '2024-03-01 06:26:24');
INSERT INTO `item_issue` (`id`, `issue_type`, `issue_to`, `issue_by`, `issue_date`, `return_date`, `item_category_id`, `item_id`, `quantity`, `note`, `is_returned`, `is_active`, `created_at`) VALUES (127, 9, 10, 'Jason  Abbot', '2024-03-26', '2024-03-31', 4, 4, 4, '', 1, 'no', '2024-03-01 06:26:50');
INSERT INTO `item_issue` (`id`, `issue_type`, `issue_to`, `issue_by`, `issue_date`, `return_date`, `item_category_id`, `item_id`, `quantity`, `note`, `is_returned`, `is_active`, `created_at`) VALUES (128, 4, 13, 'Super Admin', '2024-04-01', '2024-04-02', 3, 3, 0, '', 0, 'no', '2024-04-02 08:07:17');
INSERT INTO `item_issue` (`id`, `issue_type`, `issue_to`, `issue_by`, `issue_date`, `return_date`, `item_category_id`, `item_id`, `quantity`, `note`, `is_returned`, `is_active`, `created_at`) VALUES (129, 3, 2, 'Super Admin', '2024-04-05', '2024-04-12', 6, 11, 5, '', 1, 'no', '2024-04-01 07:43:32');
INSERT INTO `item_issue` (`id`, `issue_type`, `issue_to`, `issue_by`, `issue_date`, `return_date`, `item_category_id`, `item_id`, `quantity`, `note`, `is_returned`, `is_active`, `created_at`) VALUES (132, 9, 10, 'Super Admin', '2024-04-20', '2024-04-26', 5, 5, 5, '', 1, 'no', '2024-04-01 07:44:59');
INSERT INTO `item_issue` (`id`, `issue_type`, `issue_to`, `issue_by`, `issue_date`, `return_date`, `item_category_id`, `item_id`, `quantity`, `note`, `is_returned`, `is_active`, `created_at`) VALUES (133, 5, 5, 'Super Admin', '2024-04-25', '2024-04-30', 3, 8, 5, '', 1, 'no', '2024-04-01 07:45:46');
INSERT INTO `item_issue` (`id`, `issue_type`, `issue_to`, `issue_by`, `issue_date`, `return_date`, `item_category_id`, `item_id`, `quantity`, `note`, `is_returned`, `is_active`, `created_at`) VALUES (134, 3, 2, 'Super Admin', '2024-05-01', '2024-06-01', 2, 2, 0, '', 0, 'no', '2024-06-01 06:00:35');
INSERT INTO `item_issue` (`id`, `issue_type`, `issue_to`, `issue_by`, `issue_date`, `return_date`, `item_category_id`, `item_id`, `quantity`, `note`, `is_returned`, `is_active`, `created_at`) VALUES (135, 3, 11, 'Super Admin', '2024-05-06', '2024-05-10', 3, 9, 5, '', 1, 'no', '2024-05-01 10:01:53');
INSERT INTO `item_issue` (`id`, `issue_type`, `issue_to`, `issue_by`, `issue_date`, `return_date`, `item_category_id`, `item_id`, `quantity`, `note`, `is_returned`, `is_active`, `created_at`) VALUES (139, 2, 9, 'Super Admin', '2024-05-26', '2024-05-31', 2, 2, 3, '', 1, 'no', '2024-05-01 10:04:07');
INSERT INTO `item_issue` (`id`, `issue_type`, `issue_to`, `issue_by`, `issue_date`, `return_date`, `item_category_id`, `item_id`, `quantity`, `note`, `is_returned`, `is_active`, `created_at`) VALUES (140, 3, 11, 'Super Admin', '2024-06-01', '2024-06-01', 3, 8, 0, '', 0, 'no', '2024-06-01 06:17:27');
INSERT INTO `item_issue` (`id`, `issue_type`, `issue_to`, `issue_by`, `issue_date`, `return_date`, `item_category_id`, `item_id`, `quantity`, `note`, `is_returned`, `is_active`, `created_at`) VALUES (141, 4, 13, 'Super Admin', '2024-06-05', '2024-06-10', 3, 3, 5, '', 1, 'no', '2024-06-01 06:17:44');
INSERT INTO `item_issue` (`id`, `issue_type`, `issue_to`, `issue_by`, `issue_date`, `return_date`, `item_category_id`, `item_id`, `quantity`, `note`, `is_returned`, `is_active`, `created_at`) VALUES (143, 6, 6, 'Super Admin', '2024-06-20', '2024-06-25', 3, 6, 5, '', 1, 'no', '2024-06-01 06:21:44');
INSERT INTO `item_issue` (`id`, `issue_type`, `issue_to`, `issue_by`, `issue_date`, `return_date`, `item_category_id`, `item_id`, `quantity`, `note`, `is_returned`, `is_active`, `created_at`) VALUES (144, 9, 16, 'Super Admin', '2024-06-26', '2024-06-30', 2, 2, 5, '', 1, 'no', '2024-06-01 06:22:04');
INSERT INTO `item_issue` (`id`, `issue_type`, `issue_to`, `issue_by`, `issue_date`, `return_date`, `item_category_id`, `item_id`, `quantity`, `note`, `is_returned`, `is_active`, `created_at`) VALUES (145, 3, 11, 'Super Admin', '2024-07-01', '2024-07-01', 7, 10, 0, '', 0, 'no', '2024-07-01 08:25:14');
INSERT INTO `item_issue` (`id`, `issue_type`, `issue_to`, `issue_by`, `issue_date`, `return_date`, `item_category_id`, `item_id`, `quantity`, `note`, `is_returned`, `is_active`, `created_at`) VALUES (146, 3, 4, 'Super Admin', '2024-07-05', '2024-07-12', 6, 11, 5, '', 1, 'no', '2024-07-01 08:25:39');
INSERT INTO `item_issue` (`id`, `issue_type`, `issue_to`, `issue_by`, `issue_date`, `return_date`, `item_category_id`, `item_id`, `quantity`, `note`, `is_returned`, `is_active`, `created_at`) VALUES (147, 4, 13, 'Jason  Abbot', '2024-07-10', '2024-07-18', 12, 13, 2, '', 1, 'no', '2024-07-01 08:26:41');
INSERT INTO `item_issue` (`id`, `issue_type`, `issue_to`, `issue_by`, `issue_date`, `return_date`, `item_category_id`, `item_id`, `quantity`, `note`, `is_returned`, `is_active`, `created_at`) VALUES (148, 6, 6, 'Jason  Abbot', '2024-07-15', '2024-07-02', 11, 15, 0, '', 0, 'no', '2024-07-02 05:26:24');
INSERT INTO `item_issue` (`id`, `issue_type`, `issue_to`, `issue_by`, `issue_date`, `return_date`, `item_category_id`, `item_id`, `quantity`, `note`, `is_returned`, `is_active`, `created_at`) VALUES (149, 9, 16, 'Jason  Abbot', '2024-07-20', '2024-07-26', 4, 4, 5, '', 1, 'no', '2024-07-01 08:27:20');
INSERT INTO `item_issue` (`id`, `issue_type`, `issue_to`, `issue_by`, `issue_date`, `return_date`, `item_category_id`, `item_id`, `quantity`, `note`, `is_returned`, `is_active`, `created_at`) VALUES (150, 8, 15, 'Jason  Abbot', '2024-07-25', '2024-07-28', 5, 5, 2, '', 1, 'no', '2024-07-01 08:27:54');
INSERT INTO `item_issue` (`id`, `issue_type`, `issue_to`, `issue_by`, `issue_date`, `return_date`, `item_category_id`, `item_id`, `quantity`, `note`, `is_returned`, `is_active`, `created_at`) VALUES (151, 3, 2, 'Jason  Abbot', '2024-07-28', '2024-07-31', 3, 7, 2, '', 1, 'no', '2024-07-01 08:28:22');
INSERT INTO `item_issue` (`id`, `issue_type`, `issue_to`, `issue_by`, `issue_date`, `return_date`, `item_category_id`, `item_id`, `quantity`, `note`, `is_returned`, `is_active`, `created_at`) VALUES (152, 3, 11, 'Super Admin', '2024-08-01', '2024-08-02', 2, 2, 0, '', 0, 'no', '2024-08-02 10:47:10');
INSERT INTO `item_issue` (`id`, `issue_type`, `issue_to`, `issue_by`, `issue_date`, `return_date`, `item_category_id`, `item_id`, `quantity`, `note`, `is_returned`, `is_active`, `created_at`) VALUES (153, 2, 9, 'Super Admin', '2024-08-05', '2024-08-11', 6, 11, 2, '', 1, 'no', '2024-08-02 10:47:28');
INSERT INTO `item_issue` (`id`, `issue_type`, `issue_to`, `issue_by`, `issue_date`, `return_date`, `item_category_id`, `item_id`, `quantity`, `note`, `is_returned`, `is_active`, `created_at`) VALUES (154, 4, 13, 'Jason  Abbot', '2024-08-10', '2024-08-16', 3, 7, 2, '', 1, 'no', '2024-08-02 10:48:14');
INSERT INTO `item_issue` (`id`, `issue_type`, `issue_to`, `issue_by`, `issue_date`, `return_date`, `item_category_id`, `item_id`, `quantity`, `note`, `is_returned`, `is_active`, `created_at`) VALUES (155, 6, 6, 'Jason  Abbot', '2024-08-15', '2024-08-02', 5, 5, 0, '', 0, 'no', '2024-08-02 10:49:43');
INSERT INTO `item_issue` (`id`, `issue_type`, `issue_to`, `issue_by`, `issue_date`, `return_date`, `item_category_id`, `item_id`, `quantity`, `note`, `is_returned`, `is_active`, `created_at`) VALUES (156, 9, 16, 'Jason  Abbot', '2024-08-20', '2024-08-26', 4, 4, 5, '', 1, 'no', '2024-08-02 10:48:55');
INSERT INTO `item_issue` (`id`, `issue_type`, `issue_to`, `issue_by`, `issue_date`, `return_date`, `item_category_id`, `item_id`, `quantity`, `note`, `is_returned`, `is_active`, `created_at`) VALUES (157, 8, 15, 'Jason  Abbot', '2024-08-25', '2024-08-31', 7, 10, 2, '', 1, 'no', '2024-08-02 10:49:32');
INSERT INTO `item_issue` (`id`, `issue_type`, `issue_to`, `issue_by`, `issue_date`, `return_date`, `item_category_id`, `item_id`, `quantity`, `note`, `is_returned`, `is_active`, `created_at`) VALUES (160, 3, 12, 'Super Admin', '2024-09-01', '2024-09-06', 5, 5, 5, '', 1, 'no', '2024-08-31 09:05:45');
INSERT INTO `item_issue` (`id`, `issue_type`, `issue_to`, `issue_by`, `issue_date`, `return_date`, `item_category_id`, `item_id`, `quantity`, `note`, `is_returned`, `is_active`, `created_at`) VALUES (161, 4, 13, 'Super Admin', '2024-08-08', '2024-08-15', 6, 11, 2, '', 1, 'no', '2024-08-31 09:06:44');
INSERT INTO `item_issue` (`id`, `issue_type`, `issue_to`, `issue_by`, `issue_date`, `return_date`, `item_category_id`, `item_id`, `quantity`, `note`, `is_returned`, `is_active`, `created_at`) VALUES (162, 5, 5, 'Super Admin', '2024-09-08', '2024-09-15', 6, 11, 2, '', 1, 'no', '2024-08-31 09:07:10');
INSERT INTO `item_issue` (`id`, `issue_type`, `issue_to`, `issue_by`, `issue_date`, `return_date`, `item_category_id`, `item_id`, `quantity`, `note`, `is_returned`, `is_active`, `created_at`) VALUES (163, 4, 13, 'Super Admin', '2024-08-15', '2024-08-22', 2, 2, 4, '', 1, 'no', '2024-08-31 09:09:42');
INSERT INTO `item_issue` (`id`, `issue_type`, `issue_to`, `issue_by`, `issue_date`, `return_date`, `item_category_id`, `item_id`, `quantity`, `note`, `is_returned`, `is_active`, `created_at`) VALUES (164, 3, 4, 'Super Admin', '2024-08-20', '2024-08-26', 3, 6, 5, '', 1, 'no', '2024-08-31 09:18:30');
INSERT INTO `item_issue` (`id`, `issue_type`, `issue_to`, `issue_by`, `issue_date`, `return_date`, `item_category_id`, `item_id`, `quantity`, `note`, `is_returned`, `is_active`, `created_at`) VALUES (165, 3, 11, 'Super Admin', '2024-10-01', '2024-10-03', 11, 15, 0, '', 0, 'no', '2024-10-03 07:50:01');
INSERT INTO `item_issue` (`id`, `issue_type`, `issue_to`, `issue_by`, `issue_date`, `return_date`, `item_category_id`, `item_id`, `quantity`, `note`, `is_returned`, `is_active`, `created_at`) VALUES (166, 4, 13, 'Super Admin', '2024-10-10', '2024-10-16', 3, 6, 2, '', 1, 'no', '2024-10-03 07:49:58');
INSERT INTO `item_issue` (`id`, `issue_type`, `issue_to`, `issue_by`, `issue_date`, `return_date`, `item_category_id`, `item_id`, `quantity`, `note`, `is_returned`, `is_active`, `created_at`) VALUES (167, 6, 6, 'Jason  Abbot', '2024-10-05', '2024-10-05', 1, 1, 0, '', 0, 'no', '2024-10-05 05:52:34');
INSERT INTO `item_issue` (`id`, `issue_type`, `issue_to`, `issue_by`, `issue_date`, `return_date`, `item_category_id`, `item_id`, `quantity`, `note`, `is_returned`, `is_active`, `created_at`) VALUES (168, 5, 5, 'Jason  Abbot', '2024-10-15', '2024-10-22', 12, 13, 2, '', 1, 'no', '2024-10-03 07:51:06');
INSERT INTO `item_issue` (`id`, `issue_type`, `issue_to`, `issue_by`, `issue_date`, `return_date`, `item_category_id`, `item_id`, `quantity`, `note`, `is_returned`, `is_active`, `created_at`) VALUES (169, 3, 2, 'Jason  Abbot', '2024-10-25', '2024-10-31', 2, 2, 5, '', 1, 'no', '2024-10-03 07:51:22');
INSERT INTO `item_issue` (`id`, `issue_type`, `issue_to`, `issue_by`, `issue_date`, `return_date`, `item_category_id`, `item_id`, `quantity`, `note`, `is_returned`, `is_active`, `created_at`) VALUES (170, 3, 2, 'Super Admin', '2024-11-01', '2024-11-06', 3, 9, 0, '', 0, 'no', '2024-11-06 06:40:20');
INSERT INTO `item_issue` (`id`, `issue_type`, `issue_to`, `issue_by`, `issue_date`, `return_date`, `item_category_id`, `item_id`, `quantity`, `note`, `is_returned`, `is_active`, `created_at`) VALUES (171, 4, 13, 'Super Admin', '2024-11-05', '2024-11-12', 1, 1, 5, '', 1, 'no', '2024-11-06 06:38:52');
INSERT INTO `item_issue` (`id`, `issue_type`, `issue_to`, `issue_by`, `issue_date`, `return_date`, `item_category_id`, `item_id`, `quantity`, `note`, `is_returned`, `is_active`, `created_at`) VALUES (172, 5, 5, 'Super Admin', '2024-11-10', '2024-11-07', 11, 15, 0, '', 0, 'no', '2024-11-07 10:56:37');
INSERT INTO `item_issue` (`id`, `issue_type`, `issue_to`, `issue_by`, `issue_date`, `return_date`, `item_category_id`, `item_id`, `quantity`, `note`, `is_returned`, `is_active`, `created_at`) VALUES (173, 3, 11, 'Jason  Abbot', '2024-11-15', '2024-11-22', 12, 13, 5, '', 1, 'no', '2024-11-06 06:43:49');
INSERT INTO `item_issue` (`id`, `issue_type`, `issue_to`, `issue_by`, `issue_date`, `return_date`, `item_category_id`, `item_id`, `quantity`, `note`, `is_returned`, `is_active`, `created_at`) VALUES (174, 9, 16, 'Jason  Abbot', '2024-11-20', '2024-11-26', 5, 5, 5, '', 1, 'no', '2024-11-06 06:47:02');
INSERT INTO `item_issue` (`id`, `issue_type`, `issue_to`, `issue_by`, `issue_date`, `return_date`, `item_category_id`, `item_id`, `quantity`, `note`, `is_returned`, `is_active`, `created_at`) VALUES (175, 6, 6, 'Jason  Abbot', '2024-11-25', '2024-12-14', 4, 4, 0, '', 0, 'no', '2024-12-13 20:02:50');
INSERT INTO `item_issue` (`id`, `issue_type`, `issue_to`, `issue_by`, `issue_date`, `return_date`, `item_category_id`, `item_id`, `quantity`, `note`, `is_returned`, `is_active`, `created_at`) VALUES (176, 1, 14, 'Super Admin', '2024-12-01', '2024-12-06', 1, 1, 0, '', 0, 'no', '2024-12-06 07:42:24');
INSERT INTO `item_issue` (`id`, `issue_type`, `issue_to`, `issue_by`, `issue_date`, `return_date`, `item_category_id`, `item_id`, `quantity`, `note`, `is_returned`, `is_active`, `created_at`) VALUES (177, 3, 2, 'Super Admin', '2024-12-05', '2024-12-05', 3, 6, 0, '', 0, 'no', '2024-12-05 07:25:52');
INSERT INTO `item_issue` (`id`, `issue_type`, `issue_to`, `issue_by`, `issue_date`, `return_date`, `item_category_id`, `item_id`, `quantity`, `note`, `is_returned`, `is_active`, `created_at`) VALUES (179, 5, 5, 'Jason  Abbot', '2024-12-15', '2024-12-05', 6, 11, 0, '', 0, 'no', '2024-12-05 07:25:59');
INSERT INTO `item_issue` (`id`, `issue_type`, `issue_to`, `issue_by`, `issue_date`, `return_date`, `item_category_id`, `item_id`, `quantity`, `note`, `is_returned`, `is_active`, `created_at`) VALUES (180, 6, 6, 'Jason  Abbot', '2024-12-20', '2024-12-28', 5, 5, 2, '', 1, 'no', '2024-12-04 10:53:37');
INSERT INTO `item_issue` (`id`, `issue_type`, `issue_to`, `issue_by`, `issue_date`, `return_date`, `item_category_id`, `item_id`, `quantity`, `note`, `is_returned`, `is_active`, `created_at`) VALUES (181, 3, 11, 'Super Admin', '2024-12-25', '2024-12-14', 2, 2, 0, '', 0, 'no', '2024-12-13 20:02:27');


#
# TABLE STRUCTURE FOR: item_stock
#


CREATE TABLE `item_stock` (
  `id` int NOT NULL AUTO_INCREMENT,
  `item_id` int DEFAULT NULL,
  `supplier_id` int DEFAULT NULL,
  `symbol` varchar(10) NOT NULL DEFAULT '+',
  `store_id` int DEFAULT NULL,
  `quantity` int DEFAULT NULL,
  `purchase_price` float(10,2) DEFAULT '0.00',
  `date` date DEFAULT NULL,
  `attachment` text CHARACTER SET utf8mb3 COLLATE utf8mb3_general_ci,
  `description` text,
  `is_active` varchar(10) DEFAULT 'yes',
  `created_at` timestamp NOT NULL DEFAULT CURRENT_TIMESTAMP ON UPDATE CURRENT_TIMESTAMP,
  PRIMARY KEY (`id`),
  KEY `item_id` (`item_id`),
  KEY `supplier_id` (`supplier_id`),
  KEY `store_id` (`store_id`),
  KEY `index_quantity` (`quantity`),
  KEY `index_purchase_price` (`purchase_price`),
  KEY `index_date` (`date`),
  CONSTRAINT `item_stock_ibfk_1` FOREIGN KEY (`item_id`) REFERENCES `item` (`id`) ON DELETE CASCADE,
  CONSTRAINT `item_stock_ibfk_2` FOREIGN KEY (`supplier_id`) REFERENCES `item_supplier` (`id`) ON DELETE CASCADE,
  CONSTRAINT `item_stock_ibfk_3` FOREIGN KEY (`store_id`) REFERENCES `item_store` (`id`) ON DELETE CASCADE
) ENGINE=InnoDB AUTO_INCREMENT=248 DEFAULT CHARSET=utf8mb3;

INSERT INTO `item_stock` (`id`, `item_id`, `supplier_id`, `symbol`, `store_id`, `quantity`, `purchase_price`, `date`, `attachment`, `description`, `is_active`, `created_at`) VALUES (173, 4, 2, '+', 2, 10, '150.00', '2024-02-01', NULL, '	A bed sheet is a rectangular piece of cloth used either singly or in a pair as bedding, being placed immediately below or above bed occupants. ', 'yes', '2024-02-01 06:39:51');
INSERT INTO `item_stock` (`id`, `item_id`, `supplier_id`, `symbol`, `store_id`, `quantity`, `purchase_price`, `date`, `attachment`, `description`, `is_active`, `created_at`) VALUES (176, 9, 2, '+', 2, 20, '150.00', '2024-02-15', NULL, 'High Quality Medical Equipment , Surgical Equipment , Surgical Instruments , Pharmaceutical Instruments and Pharmaceutical Testing Machines', 'yes', '2024-02-01 06:50:44');
INSERT INTO `item_stock` (`id`, `item_id`, `supplier_id`, `symbol`, `store_id`, `quantity`, `purchase_price`, `date`, `attachment`, `description`, `is_active`, `created_at`) VALUES (178, 2, 3, '+', 3, 20, '150.00', '2024-02-25', NULL, 'Dressing Cotton', 'yes', '2024-02-01 06:51:41');
INSERT INTO `item_stock` (`id`, `item_id`, `supplier_id`, `symbol`, `store_id`, `quantity`, `purchase_price`, `date`, `attachment`, `description`, `is_active`, `created_at`) VALUES (179, 1, 3, '+', 2, 10, '120.00', '2024-02-28', NULL, 'An infusion pump infuses fluids, medication or nutrients into a patient’s body. It is generally used intravenously, ', 'yes', '2024-02-01 06:52:12');
INSERT INTO `item_stock` (`id`, `item_id`, `supplier_id`, `symbol`, `store_id`, `quantity`, `purchase_price`, `date`, `attachment`, `description`, `is_active`, `created_at`) VALUES (181, 6, 2, '+', 3, 5, '120.00', '2024-03-05', NULL, 'Medical Equipment and Supplies means items used for therapeutic or diagnostic purposes essential for patient care, such as dressings, catheters, or syringes.', 'yes', '2024-03-01 06:20:15');
INSERT INTO `item_stock` (`id`, `item_id`, `supplier_id`, `symbol`, `store_id`, `quantity`, `purchase_price`, `date`, `attachment`, `description`, `is_active`, `created_at`) VALUES (182, 8, 3, '+', 1, 5, '100.00', '2024-03-10', NULL, 'A surgical light which is also called as an operating light is a medical equipment which helps medical personnel during a surgery by illuminating on a local area of the patient', 'yes', '2024-03-01 06:22:03');
INSERT INTO `item_stock` (`id`, `item_id`, `supplier_id`, `symbol`, `store_id`, `quantity`, `purchase_price`, `date`, `attachment`, `description`, `is_active`, `created_at`) VALUES (183, 3, 2, '+', 1, 10, '120.00', '2024-03-15', NULL, 'High Quality Medical Equipment , Surgical Equipment , Surgical Instruments , Pharmaceutical Instruments and Pharmaceutical Testing Machines', 'yes', '2024-03-01 06:22:55');
INSERT INTO `item_stock` (`id`, `item_id`, `supplier_id`, `symbol`, `store_id`, `quantity`, `purchase_price`, `date`, `attachment`, `description`, `is_active`, `created_at`) VALUES (184, 5, 2, '+', 2, 5, '120.00', '2024-03-20', NULL, 'Wearing a uniform in the workplace helps to identify employees, avoiding mistakes and uncomfortable situations.Staff Dress Code', 'yes', '2024-03-01 06:23:24');
INSERT INTO `item_stock` (`id`, `item_id`, `supplier_id`, `symbol`, `store_id`, `quantity`, `purchase_price`, `date`, `attachment`, `description`, `is_active`, `created_at`) VALUES (185, 2, 3, '+', 1, 10, '150.00', '2024-03-25', NULL, 'Dressing Cotton', 'yes', '2024-03-01 06:24:08');
INSERT INTO `item_stock` (`id`, `item_id`, `supplier_id`, `symbol`, `store_id`, `quantity`, `purchase_price`, `date`, `attachment`, `description`, `is_active`, `created_at`) VALUES (187, 11, 3, '+', 2, 50, '120.00', '2024-04-01', NULL, 'An operating table or surgical table, is the table on which the patient lies during a surgical operation.', 'yes', '2024-04-01 07:33:18');
INSERT INTO `item_stock` (`id`, `item_id`, `supplier_id`, `symbol`, `store_id`, `quantity`, `purchase_price`, `date`, `attachment`, `description`, `is_active`, `created_at`) VALUES (188, 10, 2, '+', 1, 25, '100.00', '2024-04-05', NULL, 'Displays simultaneous readings of systolic and diastolic blood pressure and pulse.', 'yes', '2024-04-01 07:34:03');
INSERT INTO `item_stock` (`id`, `item_id`, `supplier_id`, `symbol`, `store_id`, `quantity`, `purchase_price`, `date`, `attachment`, `description`, `is_active`, `created_at`) VALUES (189, 1, 3, '+', 3, 15, '50.00', '2024-04-10', NULL, 'These are products such as clam shells, lidding, ready-to-use tubs, cartons, and ther moformed trays that protect the primary packaging devices and exhibit your product to the end consumers.', 'yes', '2024-04-01 07:35:43');
INSERT INTO `item_stock` (`id`, `item_id`, `supplier_id`, `symbol`, `store_id`, `quantity`, `purchase_price`, `date`, `attachment`, `description`, `is_active`, `created_at`) VALUES (190, 2, 2, '+', 2, 20, '35.00', '2024-04-15', NULL, '', 'yes', '2024-04-01 07:36:01');
INSERT INTO `item_stock` (`id`, `item_id`, `supplier_id`, `symbol`, `store_id`, `quantity`, `purchase_price`, `date`, `attachment`, `description`, `is_active`, `created_at`) VALUES (191, 9, 2, '+', 3, 10, '150.00', '2024-04-20', NULL, 'Medical Equipment and Supplies means items used for therapeutic or diagnostic purposes essential for patient care.', 'yes', '2024-04-01 07:36:47');
INSERT INTO `item_stock` (`id`, `item_id`, `supplier_id`, `symbol`, `store_id`, `quantity`, `purchase_price`, `date`, `attachment`, `description`, `is_active`, `created_at`) VALUES (192, 4, 3, '+', 1, 20, '120.00', '2024-04-25', NULL, '	A bed sheet is a rectangular piece of cloth used either singly or in a pair as bedding, being placed immediately below or above bed occupants.', 'yes', '2024-04-01 07:37:52');
INSERT INTO `item_stock` (`id`, `item_id`, `supplier_id`, `symbol`, `store_id`, `quantity`, `purchase_price`, `date`, `attachment`, `description`, `is_active`, `created_at`) VALUES (193, 5, 3, '+', 2, 10, '120.00', '2024-04-30', NULL, '', 'yes', '2024-04-01 07:38:24');
INSERT INTO `item_stock` (`id`, `item_id`, `supplier_id`, `symbol`, `store_id`, `quantity`, `purchase_price`, `date`, `attachment`, `description`, `is_active`, `created_at`) VALUES (194, 1, 3, '+', 2, 5, '150.00', '2024-05-01', NULL, '', 'yes', '2024-05-01 09:50:54');
INSERT INTO `item_stock` (`id`, `item_id`, `supplier_id`, `symbol`, `store_id`, `quantity`, `purchase_price`, `date`, `attachment`, `description`, `is_active`, `created_at`) VALUES (195, 9, 2, '+', 2, 10, '100.00', '2024-05-05', NULL, 'Medical Equipment and Supplies means items used for therapeutic or diagnostic purposes essential for patient care.', 'yes', '2024-05-01 09:51:14');
INSERT INTO `item_stock` (`id`, `item_id`, `supplier_id`, `symbol`, `store_id`, `quantity`, `purchase_price`, `date`, `attachment`, `description`, `is_active`, `created_at`) VALUES (196, 2, 3, '+', 1, 10, '150.00', '2024-05-10', NULL, 'A bed sheet is a rectangular piece of cloth used either singly or in a pair as bedding, being placed immediately below or above bed occupants.', 'yes', '2024-05-01 09:51:41');
INSERT INTO `item_stock` (`id`, `item_id`, `supplier_id`, `symbol`, `store_id`, `quantity`, `purchase_price`, `date`, `attachment`, `description`, `is_active`, `created_at`) VALUES (197, 5, 2, '+', 2, 10, '100.00', '2024-05-15', NULL, 'Wearing a uniform in the workplace helps to identify employees, avoiding mistakes and uncomfortable situations.Staff Dress Code.', 'yes', '2024-05-01 09:52:39');
INSERT INTO `item_stock` (`id`, `item_id`, `supplier_id`, `symbol`, `store_id`, `quantity`, `purchase_price`, `date`, `attachment`, `description`, `is_active`, `created_at`) VALUES (198, 1, 3, '+', 3, 10, '120.00', '2024-05-20', NULL, 'An infusion pump infuses fluids, medication or nutrients into a patient’s body. It is generally used intravenously, although subcutaneous, arterial and epidural infusions are also used occasionally.', 'yes', '2024-05-01 09:57:33');
INSERT INTO `item_stock` (`id`, `item_id`, `supplier_id`, `symbol`, `store_id`, `quantity`, `purchase_price`, `date`, `attachment`, `description`, `is_active`, `created_at`) VALUES (199, 11, 2, '+', 2, 15, '130.00', '2024-05-25', NULL, 'Surgical Blade', 'yes', '2024-05-01 09:58:21');
INSERT INTO `item_stock` (`id`, `item_id`, `supplier_id`, `symbol`, `store_id`, `quantity`, `purchase_price`, `date`, `attachment`, `description`, `is_active`, `created_at`) VALUES (200, 2, 3, '+', 3, 15, '100.00', '2024-05-31', NULL, 'Dressing Cotton', 'yes', '2024-05-01 09:58:50');
INSERT INTO `item_stock` (`id`, `item_id`, `supplier_id`, `symbol`, `store_id`, `quantity`, `purchase_price`, `date`, `attachment`, `description`, `is_active`, `created_at`) VALUES (201, 1, 2, '+', 2, 5, '120.00', '2024-06-01', NULL, 'An infusion pump infuses fluids, medication or nutrients into a patient’s body.', 'yes', '2024-06-01 06:01:34');
INSERT INTO `item_stock` (`id`, `item_id`, `supplier_id`, `symbol`, `store_id`, `quantity`, `purchase_price`, `date`, `attachment`, `description`, `is_active`, `created_at`) VALUES (202, 4, 3, '+', 2, 10, '150.00', '2024-06-05', NULL, '	A bed sheet is a rectangular piece of cloth used either singly or in a pair as bedding, being placed immediately below or above bed occupants.', 'yes', '2024-06-01 06:02:00');
INSERT INTO `item_stock` (`id`, `item_id`, `supplier_id`, `symbol`, `store_id`, `quantity`, `purchase_price`, `date`, `attachment`, `description`, `is_active`, `created_at`) VALUES (203, 10, 2, '+', 2, 10, '120.00', '2024-06-10', NULL, 'Displays simultaneous readings of systolic and diastolic blood pressure and pulse.', 'yes', '2024-06-01 06:05:03');
INSERT INTO `item_stock` (`id`, `item_id`, `supplier_id`, `symbol`, `store_id`, `quantity`, `purchase_price`, `date`, `attachment`, `description`, `is_active`, `created_at`) VALUES (205, 11, 2, '+', 2, 10, '200.00', '2024-06-20', NULL, 'It is generally used intravenously, although subcutaneous, arterial and epidural infusions are also used occasionally.', 'yes', '2024-06-01 06:08:46');
INSERT INTO `item_stock` (`id`, `item_id`, `supplier_id`, `symbol`, `store_id`, `quantity`, `purchase_price`, `date`, `attachment`, `description`, `is_active`, `created_at`) VALUES (206, 2, 3, '+', 1, 15, '120.00', '2024-06-25', NULL, 'Dressing Cotton', 'yes', '2024-06-01 06:09:58');
INSERT INTO `item_stock` (`id`, `item_id`, `supplier_id`, `symbol`, `store_id`, `quantity`, `purchase_price`, `date`, `attachment`, `description`, `is_active`, `created_at`) VALUES (207, 5, 3, '+', 3, 10, '200.00', '2024-06-30', NULL, 'Inventory item – is a separate product which can be specified in stock. ', 'yes', '2024-06-01 06:10:37');
INSERT INTO `item_stock` (`id`, `item_id`, `supplier_id`, `symbol`, `store_id`, `quantity`, `purchase_price`, `date`, `attachment`, `description`, `is_active`, `created_at`) VALUES (208, 13, 2, '+', 1, 20, '200.00', '2024-07-01', NULL, 'Test results can help diagnose heart attacks and irregular heartbeats, called arrhythmia.', 'yes', '2024-07-01 08:18:23');
INSERT INTO `item_stock` (`id`, `item_id`, `supplier_id`, `symbol`, `store_id`, `quantity`, `purchase_price`, `date`, `attachment`, `description`, `is_active`, `created_at`) VALUES (209, 15, 3, '+', 2, 25, '150.00', '2024-07-05', NULL, 'Hairnets, bouffants, and beard nets prevent hair from falling into food, pharmaceuticals, and other substances to ensure a clean and hygienic work area.', 'yes', '2024-07-01 08:20:39');
INSERT INTO `item_stock` (`id`, `item_id`, `supplier_id`, `symbol`, `store_id`, `quantity`, `purchase_price`, `date`, `attachment`, `description`, `is_active`, `created_at`) VALUES (210, 12, 2, '+', 2, 20, '200.00', '2024-07-10', NULL, 'A continuous glucose monitor (CGM) estimates what your glucose level is every few minutes and keeps track of it over time. ', 'yes', '2024-07-01 08:22:05');
INSERT INTO `item_stock` (`id`, `item_id`, `supplier_id`, `symbol`, `store_id`, `quantity`, `purchase_price`, `date`, `attachment`, `description`, `is_active`, `created_at`) VALUES (211, 1, 3, '+', 2, 10, '150.00', '2024-07-15', NULL, '', 'yes', '2024-07-01 08:22:27');
INSERT INTO `item_stock` (`id`, `item_id`, `supplier_id`, `symbol`, `store_id`, `quantity`, `purchase_price`, `date`, `attachment`, `description`, `is_active`, `created_at`) VALUES (212, 5, 3, '+', 3, 20, '150.00', '2024-07-20', NULL, 'Wearing a uniform in the workplace helps to identify employees, avoiding mistakes and uncomfortable situations.Staff Dress Code.', 'yes', '2024-07-02 05:27:34');
INSERT INTO `item_stock` (`id`, `item_id`, `supplier_id`, `symbol`, `store_id`, `quantity`, `purchase_price`, `date`, `attachment`, `description`, `is_active`, `created_at`) VALUES (213, 11, 2, '+', 1, 20, '150.00', '2024-07-25', NULL, 'It is generally used intravenously, although subcutaneous, arterial and epidural infusions are also used occasionally.', 'yes', '2024-07-01 08:23:14');
INSERT INTO `item_stock` (`id`, `item_id`, `supplier_id`, `symbol`, `store_id`, `quantity`, `purchase_price`, `date`, `attachment`, `description`, `is_active`, `created_at`) VALUES (214, 4, 2, '+', 2, 20, '200.00', '2024-07-31', NULL, 'A bed sheet is a rectangular piece of cloth used either singly or in a pair as bedding, being placed immediately below or above bed occupants.', 'yes', '2024-07-01 08:24:02');
INSERT INTO `item_stock` (`id`, `item_id`, `supplier_id`, `symbol`, `store_id`, `quantity`, `purchase_price`, `date`, `attachment`, `description`, `is_active`, `created_at`) VALUES (215, 1, 2, '+', 1, 10, '150.00', '2024-08-01', NULL, 'An infusion pump infuses fluids, medication or nutrients into a patient’s body. It is generally used intravenously, although subcutaneous, arterial and epidural infusions are also used occasionally.', 'yes', '2024-08-01 06:33:00');
INSERT INTO `item_stock` (`id`, `item_id`, `supplier_id`, `symbol`, `store_id`, `quantity`, `purchase_price`, `date`, `attachment`, `description`, `is_active`, `created_at`) VALUES (216, 4, 3, '+', 2, 10, '200.00', '2024-08-05', NULL, 'A bed sheet is a rectangular piece of cloth used either singly or in a pair as bedding, being placed immediately below or above bed occupants.', 'yes', '2024-08-01 06:42:38');
INSERT INTO `item_stock` (`id`, `item_id`, `supplier_id`, `symbol`, `store_id`, `quantity`, `purchase_price`, `date`, `attachment`, `description`, `is_active`, `created_at`) VALUES (217, 6, 2, '+', 3, 20, '150.00', '2024-08-10', NULL, 'High Quality Medical Equipment , Surgical Equipment , Surgical Instruments , Pharmaceutical Instruments and Pharmaceutical Testing Machines.', 'yes', '2024-08-01 06:44:18');
INSERT INTO `item_stock` (`id`, `item_id`, `supplier_id`, `symbol`, `store_id`, `quantity`, `purchase_price`, `date`, `attachment`, `description`, `is_active`, `created_at`) VALUES (218, 10, 3, '+', 2, 15, '200.00', '2024-08-15', NULL, 'Inventory item – is a separate product which can be specified in stock. If your company sells stock items, you can track inventory.', 'yes', '2024-08-01 06:45:12');
INSERT INTO `item_stock` (`id`, `item_id`, `supplier_id`, `symbol`, `store_id`, `quantity`, `purchase_price`, `date`, `attachment`, `description`, `is_active`, `created_at`) VALUES (219, 11, 3, '+', 1, 15, '100.00', '2024-08-20', NULL, 'An infusion  infuses fluids, medication or nutrients into a patient’s body. It is generally used intravenously', 'yes', '2024-08-01 06:47:13');
INSERT INTO `item_stock` (`id`, `item_id`, `supplier_id`, `symbol`, `store_id`, `quantity`, `purchase_price`, `date`, `attachment`, `description`, `is_active`, `created_at`) VALUES (220, 5, 2, '+', 2, 15, '300.00', '2024-08-25', NULL, 'Inventory item – is a separate product which can be specified in stock. If your company sells stock items, you can track inventory', 'yes', '2024-08-01 06:56:33');
INSERT INTO `item_stock` (`id`, `item_id`, `supplier_id`, `symbol`, `store_id`, `quantity`, `purchase_price`, `date`, `attachment`, `description`, `is_active`, `created_at`) VALUES (221, 15, 2, '+', 3, 5, '50.00', '2024-08-31', NULL, 'Hairnets, bouffants, and beard nets prevent hair from falling into food, pharmaceuticals, and other substances to ensure a clean and hygienic work area.', 'yes', '2024-08-31 05:22:08');
INSERT INTO `item_stock` (`id`, `item_id`, `supplier_id`, `symbol`, `store_id`, `quantity`, `purchase_price`, `date`, `attachment`, `description`, `is_active`, `created_at`) VALUES (222, 9, 3, '+', 2, 50, '120.00', '2024-09-05', NULL, 'Hairnets, bouffants, and beard nets prevent hair from falling into food, pharmaceuticals, and other substances to ensure a clean and hygienic work area.', 'yes', '2024-08-31 05:58:17');
INSERT INTO `item_stock` (`id`, `item_id`, `supplier_id`, `symbol`, `store_id`, `quantity`, `purchase_price`, `date`, `attachment`, `description`, `is_active`, `created_at`) VALUES (223, 1, 3, '+', 1, 50, '120.00', '2024-09-01', NULL, 'An infusion pump infuses fluids, medication or nutrients into a patient’s body. It is generally used intravenously, although subcutaneous, arterial and epidural infusions are also used occasionally.', 'yes', '2024-08-31 08:22:49');
INSERT INTO `item_stock` (`id`, `item_id`, `supplier_id`, `symbol`, `store_id`, `quantity`, `purchase_price`, `date`, `attachment`, `description`, `is_active`, `created_at`) VALUES (224, 10, 2, '+', 1, 100, '80.00', '2024-09-10', NULL, 'Test results can help diagnose heart attacks and irregular heartbeats, called arrhythmia.', 'yes', '2024-08-31 08:23:40');
INSERT INTO `item_stock` (`id`, `item_id`, `supplier_id`, `symbol`, `store_id`, `quantity`, `purchase_price`, `date`, `attachment`, `description`, `is_active`, `created_at`) VALUES (225, 4, 3, '+', 2, 100, '120.00', '2024-09-15', NULL, '	A bed sheet is a rectangular piece of cloth used either singly or in a pair as bedding, being placed immediately below or above bed occupants.', 'yes', '2024-08-31 08:24:19');
INSERT INTO `item_stock` (`id`, `item_id`, `supplier_id`, `symbol`, `store_id`, `quantity`, `purchase_price`, `date`, `attachment`, `description`, `is_active`, `created_at`) VALUES (226, 5, 2, '+', 3, 100, '110.00', '2024-09-20', NULL, 'Inventory item – is a separate product which can be specified in stock. If your company sells stock items, you can track inventory.', 'yes', '2024-08-31 08:24:57');
INSERT INTO `item_stock` (`id`, `item_id`, `supplier_id`, `symbol`, `store_id`, `quantity`, `purchase_price`, `date`, `attachment`, `description`, `is_active`, `created_at`) VALUES (227, 10, 2, '+', 1, 100, '50.00', '2024-09-26', NULL, '	Displays simultaneous readings of systolic and diastolic blood pressure and pulse.', 'yes', '2024-08-31 08:27:11');
INSERT INTO `item_stock` (`id`, `item_id`, `supplier_id`, `symbol`, `store_id`, `quantity`, `purchase_price`, `date`, `attachment`, `description`, `is_active`, `created_at`) VALUES (228, 1, 2, '+', 1, 100, '150.00', '2024-10-01', NULL, 'For prefilled syringes, plastic or glass syringes are the primary packaging devices.', 'yes', '2024-10-03 07:37:36');
INSERT INTO `item_stock` (`id`, `item_id`, `supplier_id`, `symbol`, `store_id`, `quantity`, `purchase_price`, `date`, `attachment`, `description`, `is_active`, `created_at`) VALUES (229, 2, 2, '+', 2, 50, '100.00', '2024-10-05', NULL, 'Dressing cotton ', 'yes', '2024-10-03 07:38:08');
INSERT INTO `item_stock` (`id`, `item_id`, `supplier_id`, `symbol`, `store_id`, `quantity`, `purchase_price`, `date`, `attachment`, `description`, `is_active`, `created_at`) VALUES (230, 9, 3, '+', 1, 100, '150.00', '2024-10-10', NULL, 'Test results can help diagnose heart attacks and irregular heartbeats, called arrhythmia.', 'yes', '2024-10-03 07:38:35');
INSERT INTO `item_stock` (`id`, `item_id`, `supplier_id`, `symbol`, `store_id`, `quantity`, `purchase_price`, `date`, `attachment`, `description`, `is_active`, `created_at`) VALUES (231, 15, 3, '+', 3, 50, '100.00', '2024-10-15', NULL, 'Hairnets, bouffants, and beard nets prevent hair from falling into food, pharmaceuticals, and other substances to ensure a clean and hygienic work area.', 'yes', '2024-10-03 07:39:26');
INSERT INTO `item_stock` (`id`, `item_id`, `supplier_id`, `symbol`, `store_id`, `quantity`, `purchase_price`, `date`, `attachment`, `description`, `is_active`, `created_at`) VALUES (232, 4, 2, '+', 1, 100, '200.00', '2024-10-20', NULL, 'A bed sheet is a rectangular piece of cloth used either singly or in a pair as bedding, being placed immediately below or above bed occupants.', 'yes', '2024-10-03 07:40:01');
INSERT INTO `item_stock` (`id`, `item_id`, `supplier_id`, `symbol`, `store_id`, `quantity`, `purchase_price`, `date`, `attachment`, `description`, `is_active`, `created_at`) VALUES (233, 11, 3, '+', 3, 100, '200.00', '2024-10-25', NULL, 'A surgical light which is also called as an operating light is a medical equipment which helps medical personnel during a surgery', 'yes', '2024-10-03 07:40:33');
INSERT INTO `item_stock` (`id`, `item_id`, `supplier_id`, `symbol`, `store_id`, `quantity`, `purchase_price`, `date`, `attachment`, `description`, `is_active`, `created_at`) VALUES (234, 3, 2, '+', 1, 10, '120.00', '2024-11-01', NULL, '	High Quality Medical Equipment , Surgical Equipment , Surgical Instruments , Pharmaceutical Instruments and Pharmaceutical Testing Machines', 'yes', '2024-11-06 06:27:16');
INSERT INTO `item_stock` (`id`, `item_id`, `supplier_id`, `symbol`, `store_id`, `quantity`, `purchase_price`, `date`, `attachment`, `description`, `is_active`, `created_at`) VALUES (235, 5, 3, '+', 2, 10, '100.00', '2024-11-05', NULL, 'Wearing a uniform in the workplace helps to identify employees, avoiding mistakes and uncomfortable situations.Staff Dress Code', 'yes', '2024-11-06 06:27:46');
INSERT INTO `item_stock` (`id`, `item_id`, `supplier_id`, `symbol`, `store_id`, `quantity`, `purchase_price`, `date`, `attachment`, `description`, `is_active`, `created_at`) VALUES (236, 2, 2, '+', 3, 10, '150.00', '2024-11-10', NULL, 'Dressing Cotton', 'yes', '2024-11-06 06:28:09');
INSERT INTO `item_stock` (`id`, `item_id`, `supplier_id`, `symbol`, `store_id`, `quantity`, `purchase_price`, `date`, `attachment`, `description`, `is_active`, `created_at`) VALUES (237, 15, 2, '+', 2, 10, '80.00', '2024-11-15', NULL, 'Hairnets, bouffants, and beard nets prevent hair from falling into food, pharmaceuticals, and other substances to ensure a clean and hygienic work area.', 'yes', '2024-11-06 06:32:51');
INSERT INTO `item_stock` (`id`, `item_id`, `supplier_id`, `symbol`, `store_id`, `quantity`, `purchase_price`, `date`, `attachment`, `description`, `is_active`, `created_at`) VALUES (238, 11, 3, '+', 3, 10, '150.00', '2024-11-20', NULL, 'An operating table or surgical table, is the table on which the patient lies during a surgical operation.', 'yes', '2024-11-06 06:36:09');
INSERT INTO `item_stock` (`id`, `item_id`, `supplier_id`, `symbol`, `store_id`, `quantity`, `purchase_price`, `date`, `attachment`, `description`, `is_active`, `created_at`) VALUES (239, 13, 2, '+', 2, 10, '100.00', '2024-11-25', NULL, 'Test results can help diagnose heart attacks and irregular heartbeats, called arrhythmia.', 'yes', '2024-11-06 06:36:51');
INSERT INTO `item_stock` (`id`, `item_id`, `supplier_id`, `symbol`, `store_id`, `quantity`, `purchase_price`, `date`, `attachment`, `description`, `is_active`, `created_at`) VALUES (240, 1, 3, '+', 3, 5, '50.00', '2024-11-30', NULL, 'An infusion pump infuses fluids, medication or nutrients into a patient’s body. It is generally used intravenously,', 'yes', '2024-11-06 06:37:34');
INSERT INTO `item_stock` (`id`, `item_id`, `supplier_id`, `symbol`, `store_id`, `quantity`, `purchase_price`, `date`, `attachment`, `description`, `is_active`, `created_at`) VALUES (241, 1, 2, '+', 1, 50, '80.00', '2024-12-01', NULL, '', 'yes', '2024-12-04 10:47:01');
INSERT INTO `item_stock` (`id`, `item_id`, `supplier_id`, `symbol`, `store_id`, `quantity`, `purchase_price`, `date`, `attachment`, `description`, `is_active`, `created_at`) VALUES (242, 2, 3, '+', 2, 20, '50.00', '2024-12-05', NULL, 'Dressing Cotton', 'yes', '2024-12-04 10:47:30');
INSERT INTO `item_stock` (`id`, `item_id`, `supplier_id`, `symbol`, `store_id`, `quantity`, `purchase_price`, `date`, `attachment`, `description`, `is_active`, `created_at`) VALUES (243, 3, 2, '+', 1, 10, '100.00', '2024-12-10', NULL, 'High Quality Medical Equipment , Surgical Equipment , Surgical Instruments , Pharmaceutical Instruments and Pharmaceutical Testing Machines', 'yes', '2024-12-04 10:47:54');
INSERT INTO `item_stock` (`id`, `item_id`, `supplier_id`, `symbol`, `store_id`, `quantity`, `purchase_price`, `date`, `attachment`, `description`, `is_active`, `created_at`) VALUES (244, 5, 3, '+', 3, 10, '150.00', '2024-12-15', NULL, 'Wearing a uniform in the workplace helps to identify employees, avoiding mistakes and uncomfortable situations.Staff Dress Code', 'yes', '2024-12-04 10:48:30');
INSERT INTO `item_stock` (`id`, `item_id`, `supplier_id`, `symbol`, `store_id`, `quantity`, `purchase_price`, `date`, `attachment`, `description`, `is_active`, `created_at`) VALUES (245, 10, 2, '+', 2, 10, '150.00', '2024-12-20', NULL, 'Test results can help diagnose heart attacks and irregular heartbeats, called arrhythmia', 'yes', '2024-12-04 10:49:01');
INSERT INTO `item_stock` (`id`, `item_id`, `supplier_id`, `symbol`, `store_id`, `quantity`, `purchase_price`, `date`, `attachment`, `description`, `is_active`, `created_at`) VALUES (246, 4, 2, '+', 3, 10, '100.00', '2024-12-25', NULL, '	A bed sheet is a rectangular piece of cloth used either singly or in a pair as bedding, being placed immediately below or above bed occupants', 'yes', '2024-12-04 10:49:43');
INSERT INTO `item_stock` (`id`, `item_id`, `supplier_id`, `symbol`, `store_id`, `quantity`, `purchase_price`, `date`, `attachment`, `description`, `is_active`, `created_at`) VALUES (247, 1, 3, '+', 2, 10, '100.00', '2024-12-30', NULL, 'For prefilled syringes, plastic or glass syringes are the primary packaging devices.', 'yes', '2024-12-04 10:50:08');


#
# TABLE STRUCTURE FOR: item_store
#


CREATE TABLE `item_store` (
  `id` int NOT NULL AUTO_INCREMENT,
  `item_store` varchar(255) NOT NULL,
  `code` varchar(255) NOT NULL,
  `description` text,
  `created_at` timestamp NOT NULL DEFAULT CURRENT_TIMESTAMP,
  PRIMARY KEY (`id`),
  KEY `index_item_store` (`item_store`),
  KEY `index_code` (`code`)
) ENGINE=InnoDB AUTO_INCREMENT=4 DEFAULT CHARSET=utf8mb3;

INSERT INTO `item_store` (`id`, `item_store`, `code`, `description`, `created_at`) VALUES (1, 'SK Pharma', '4452', '', '2021-10-25 05:06:55');
INSERT INTO `item_store` (`id`, `item_store`, `code`, `description`, `created_at`) VALUES (2, 'Vinay Pharmacy', '895', '', '2021-10-25 05:07:11');
INSERT INTO `item_store` (`id`, `item_store`, `code`, `description`, `created_at`) VALUES (3, 'Vardaan', '8852', '', '2021-10-25 05:07:23');


#
# TABLE STRUCTURE FOR: item_supplier
#


CREATE TABLE `item_supplier` (
  `id` int NOT NULL AUTO_INCREMENT,
  `item_supplier` varchar(255) NOT NULL,
  `phone` varchar(255) NOT NULL,
  `email` varchar(255) NOT NULL,
  `address` varchar(255) NOT NULL,
  `contact_person_name` varchar(255) NOT NULL,
  `contact_person_phone` varchar(255) NOT NULL,
  `contact_person_email` varchar(255) NOT NULL,
  `description` text,
  `created_at` timestamp NOT NULL DEFAULT CURRENT_TIMESTAMP,
  PRIMARY KEY (`id`),
  KEY `index_item_supplier` (`item_supplier`),
  KEY `index_phone` (`phone`),
  KEY `index_email` (`email`),
  KEY `index_address` (`address`),
  KEY `index_contact_person_name` (`contact_person_name`),
  KEY `index_contact_person_phone` (`contact_person_phone`),
  KEY `index_contact_person_email` (`contact_person_email`)
) ENGINE=InnoDB AUTO_INCREMENT=4 DEFAULT CHARSET=utf8mb3;

INSERT INTO `item_supplier` (`id`, `item_supplier`, `phone`, `email`, `address`, `contact_person_name`, `contact_person_phone`, `contact_person_email`, `description`, `created_at`) VALUES (2, 'VK Supplier', '7468248735', 'vk@gmail.com', 'Gorakhpur', 'Mr. Brajesh', '7468248735', 'brajesh@gmail.com', 'Gorakhpur', '2021-09-29 06:21:41');
INSERT INTO `item_supplier` (`id`, `item_supplier`, `phone`, `email`, `address`, `contact_person_name`, `contact_person_phone`, `contact_person_email`, `description`, `created_at`) VALUES (3, 'Quick Service', '9896541257', 'qk@gmail.com', 'Sadar, Mumbai', 'Vineet Gupta', '9854763217', 'vineet@gmail.com', 'products delivery', '2021-09-29 06:27:10');


#
# TABLE STRUCTURE FOR: lab
#


CREATE TABLE `lab` (
  `id` int NOT NULL AUTO_INCREMENT,
  `lab_name` varchar(100) DEFAULT NULL,
  `created_at` timestamp NOT NULL DEFAULT CURRENT_TIMESTAMP,
  PRIMARY KEY (`id`)
) ENGINE=InnoDB AUTO_INCREMENT=11 DEFAULT CHARSET=utf8mb3;

INSERT INTO `lab` (`id`, `lab_name`, `created_at`) VALUES (1, 'X-RAY CHEST PA VIEW', '2021-10-25 06:46:47');
INSERT INTO `lab` (`id`, `lab_name`, `created_at`) VALUES (2, 'X-RAY PNS (WATER\'S VIEW)', '2021-10-25 06:47:43');
INSERT INTO `lab` (`id`, `lab_name`, `created_at`) VALUES (3, 'X-RAY LUMBOSACRAL SPINE AP AND LAT VIEWS', '2021-10-25 06:47:50');
INSERT INTO `lab` (`id`, `lab_name`, `created_at`) VALUES (4, 'ULTRASOUND WHOLE ABDOMEN', '2021-10-25 06:47:57');
INSERT INTO `lab` (`id`, `lab_name`, `created_at`) VALUES (5, 'DOPPLER PERIPHERAL BILATERAL (VENOUS)', '2021-10-25 06:48:06');
INSERT INTO `lab` (`id`, `lab_name`, `created_at`) VALUES (6, 'CT ORBITS', '2021-10-25 06:48:14');
INSERT INTO `lab` (`id`, `lab_name`, `created_at`) VALUES (7, 'CT CHEST PLAIN', '2021-10-25 06:48:20');
INSERT INTO `lab` (`id`, `lab_name`, `created_at`) VALUES (8, 'CT 3D STUDY', '2021-10-25 06:48:28');
INSERT INTO `lab` (`id`, `lab_name`, `created_at`) VALUES (9, 'M. R. C. P.', '2021-10-25 06:48:34');
INSERT INTO `lab` (`id`, `lab_name`, `created_at`) VALUES (10, 'MRI CARDIAC WITH CONTRAST', '2021-10-25 06:48:46');


#
# TABLE STRUCTURE FOR: languages
#


CREATE TABLE `languages` (
  `id` int NOT NULL AUTO_INCREMENT,
  `language` varchar(50) DEFAULT NULL,
  `short_code` varchar(255) NOT NULL,
  `country_code` varchar(255) NOT NULL,
  `is_deleted` varchar(10) NOT NULL DEFAULT 'yes',
  `is_rtl` varchar(10) NOT NULL DEFAULT 'no',
  `is_active` varchar(255) DEFAULT 'no',
  `created_at` timestamp NOT NULL DEFAULT CURRENT_TIMESTAMP ON UPDATE CURRENT_TIMESTAMP,
  `updated_at` date DEFAULT NULL,
  PRIMARY KEY (`id`),
  KEY `index_language` (`language`),
  KEY `index_short_code` (`short_code`),
  KEY `index_country_code` (`country_code`),
  KEY `index_is_deleted` (`is_deleted`),
  KEY `index_is_rtl` (`is_rtl`)
) ENGINE=InnoDB AUTO_INCREMENT=99 DEFAULT CHARSET=utf8mb3;

INSERT INTO `languages` (`id`, `language`, `short_code`, `country_code`, `is_deleted`, `is_rtl`, `is_active`, `created_at`, `updated_at`) VALUES (1, 'Azerbaijan', 'az', 'az', 'no', 'no', 'no', '2021-09-28 09:51:22', NULL);
INSERT INTO `languages` (`id`, `language`, `short_code`, `country_code`, `is_deleted`, `is_rtl`, `is_active`, `created_at`, `updated_at`) VALUES (2, 'Albanian', 'sq', 'al', 'no', 'no', 'no', '2021-09-28 10:08:10', NULL);
INSERT INTO `languages` (`id`, `language`, `short_code`, `country_code`, `is_deleted`, `is_rtl`, `is_active`, `created_at`, `updated_at`) VALUES (3, 'Amharic', 'am', 'am', 'no', 'no', 'no', '2021-09-28 09:50:47', NULL);
INSERT INTO `languages` (`id`, `language`, `short_code`, `country_code`, `is_deleted`, `is_rtl`, `is_active`, `created_at`, `updated_at`) VALUES (4, 'English', 'en', 'us', 'no', 'no', 'no', '2021-12-01 05:49:16', NULL);
INSERT INTO `languages` (`id`, `language`, `short_code`, `country_code`, `is_deleted`, `is_rtl`, `is_active`, `created_at`, `updated_at`) VALUES (5, 'Arabic', 'ar', 'sa', 'no', 'yes', 'no', '2024-08-29 05:03:55', NULL);
INSERT INTO `languages` (`id`, `language`, `short_code`, `country_code`, `is_deleted`, `is_rtl`, `is_active`, `created_at`, `updated_at`) VALUES (6, 'Afrikaans', 'af', 'af', 'no', 'no', 'no', '2021-09-28 10:51:19', NULL);
INSERT INTO `languages` (`id`, `language`, `short_code`, `country_code`, `is_deleted`, `is_rtl`, `is_active`, `created_at`, `updated_at`) VALUES (7, 'Basque', 'eu', 'es', 'no', 'no', 'no', '2021-09-24 06:58:21', NULL);
INSERT INTO `languages` (`id`, `language`, `short_code`, `country_code`, `is_deleted`, `is_rtl`, `is_active`, `created_at`, `updated_at`) VALUES (8, 'Bengali', 'bn', 'in', 'no', 'no', 'no', '2024-08-31 06:27:21', NULL);
INSERT INTO `languages` (`id`, `language`, `short_code`, `country_code`, `is_deleted`, `is_rtl`, `is_active`, `created_at`, `updated_at`) VALUES (9, 'Bosnian', 'bs', 'bs', 'no', 'no', 'no', '2021-09-24 06:58:28', NULL);
INSERT INTO `languages` (`id`, `language`, `short_code`, `country_code`, `is_deleted`, `is_rtl`, `is_active`, `created_at`, `updated_at`) VALUES (10, 'Welsh', 'cy', 'cy', 'no', 'no', 'no', '2021-09-24 06:58:31', NULL);
INSERT INTO `languages` (`id`, `language`, `short_code`, `country_code`, `is_deleted`, `is_rtl`, `is_active`, `created_at`, `updated_at`) VALUES (11, 'Hungarian', 'hu', 'hu', 'no', 'no', 'no', '2021-09-24 06:58:35', NULL);
INSERT INTO `languages` (`id`, `language`, `short_code`, `country_code`, `is_deleted`, `is_rtl`, `is_active`, `created_at`, `updated_at`) VALUES (12, 'Vietnamese', 'vi', 'vi', 'no', 'no', 'no', '2021-09-24 06:58:39', NULL);
INSERT INTO `languages` (`id`, `language`, `short_code`, `country_code`, `is_deleted`, `is_rtl`, `is_active`, `created_at`, `updated_at`) VALUES (13, 'Haitian', 'ht', 'ht', 'no', 'no', 'no', '2021-09-24 06:58:43', NULL);
INSERT INTO `languages` (`id`, `language`, `short_code`, `country_code`, `is_deleted`, `is_rtl`, `is_active`, `created_at`, `updated_at`) VALUES (14, 'Galician', 'gl', 'gl', 'no', 'no', 'no', '2021-09-24 06:58:47', NULL);
INSERT INTO `languages` (`id`, `language`, `short_code`, `country_code`, `is_deleted`, `is_rtl`, `is_active`, `created_at`, `updated_at`) VALUES (15, 'Dutch', 'nl', 'nl', 'no', 'no', 'no', '2021-09-24 06:58:51', NULL);
INSERT INTO `languages` (`id`, `language`, `short_code`, `country_code`, `is_deleted`, `is_rtl`, `is_active`, `created_at`, `updated_at`) VALUES (16, 'Greek', 'el', 'gr', 'no', 'no', 'no', '2021-09-24 06:58:53', NULL);
INSERT INTO `languages` (`id`, `language`, `short_code`, `country_code`, `is_deleted`, `is_rtl`, `is_active`, `created_at`, `updated_at`) VALUES (17, 'Georgian', 'ka', 'ge', 'no', 'no', 'no', '2021-09-24 06:58:56', NULL);
INSERT INTO `languages` (`id`, `language`, `short_code`, `country_code`, `is_deleted`, `is_rtl`, `is_active`, `created_at`, `updated_at`) VALUES (18, 'Gujarati', 'gu', 'in', 'no', 'no', 'no', '2021-09-24 06:58:59', NULL);
INSERT INTO `languages` (`id`, `language`, `short_code`, `country_code`, `is_deleted`, `is_rtl`, `is_active`, `created_at`, `updated_at`) VALUES (19, 'Danish', 'da', 'dk', 'no', 'no', 'no', '2021-09-24 06:59:01', NULL);
INSERT INTO `languages` (`id`, `language`, `short_code`, `country_code`, `is_deleted`, `is_rtl`, `is_active`, `created_at`, `updated_at`) VALUES (20, 'Hebrew', 'he', 'il', 'no', 'no', 'no', '2021-09-24 06:59:04', NULL);
INSERT INTO `languages` (`id`, `language`, `short_code`, `country_code`, `is_deleted`, `is_rtl`, `is_active`, `created_at`, `updated_at`) VALUES (21, 'Yiddish', 'yi', 'il', 'no', 'no', 'no', '2021-09-24 06:59:07', NULL);
INSERT INTO `languages` (`id`, `language`, `short_code`, `country_code`, `is_deleted`, `is_rtl`, `is_active`, `created_at`, `updated_at`) VALUES (22, 'Indonesian', 'id', 'id', 'no', 'no', 'no', '2021-09-24 06:59:10', NULL);
INSERT INTO `languages` (`id`, `language`, `short_code`, `country_code`, `is_deleted`, `is_rtl`, `is_active`, `created_at`, `updated_at`) VALUES (23, 'Irish', 'ga', 'ga', 'no', 'no', 'no', '2021-09-24 06:59:14', NULL);
INSERT INTO `languages` (`id`, `language`, `short_code`, `country_code`, `is_deleted`, `is_rtl`, `is_active`, `created_at`, `updated_at`) VALUES (24, 'Italian', 'it', 'it', 'no', 'no', 'no', '2021-09-24 06:59:17', NULL);
INSERT INTO `languages` (`id`, `language`, `short_code`, `country_code`, `is_deleted`, `is_rtl`, `is_active`, `created_at`, `updated_at`) VALUES (25, 'Icelandic', 'is', 'is', 'no', 'no', 'no', '2021-09-24 06:59:20', NULL);
INSERT INTO `languages` (`id`, `language`, `short_code`, `country_code`, `is_deleted`, `is_rtl`, `is_active`, `created_at`, `updated_at`) VALUES (26, 'Spanish', 'es', 'es', 'no', 'no', 'no', '2021-09-24 06:59:29', NULL);
INSERT INTO `languages` (`id`, `language`, `short_code`, `country_code`, `is_deleted`, `is_rtl`, `is_active`, `created_at`, `updated_at`) VALUES (27, 'Kannada', 'kn', 'kn', 'no', 'no', 'no', '2021-09-24 06:59:32', NULL);
INSERT INTO `languages` (`id`, `language`, `short_code`, `country_code`, `is_deleted`, `is_rtl`, `is_active`, `created_at`, `updated_at`) VALUES (28, 'Catalan', 'ca', 'ca', 'no', 'no', 'no', '2021-09-24 06:59:34', NULL);
INSERT INTO `languages` (`id`, `language`, `short_code`, `country_code`, `is_deleted`, `is_rtl`, `is_active`, `created_at`, `updated_at`) VALUES (29, 'Chinese', 'zh', 'cn', 'no', 'no', 'no', '2021-09-24 06:59:36', NULL);
INSERT INTO `languages` (`id`, `language`, `short_code`, `country_code`, `is_deleted`, `is_rtl`, `is_active`, `created_at`, `updated_at`) VALUES (30, 'Korean', 'ko', 'kr', 'no', 'no', 'no', '2021-09-24 06:59:39', NULL);
INSERT INTO `languages` (`id`, `language`, `short_code`, `country_code`, `is_deleted`, `is_rtl`, `is_active`, `created_at`, `updated_at`) VALUES (31, 'Xhosa', 'xh', 'ls', 'no', 'no', 'no', '2021-09-24 06:59:42', NULL);
INSERT INTO `languages` (`id`, `language`, `short_code`, `country_code`, `is_deleted`, `is_rtl`, `is_active`, `created_at`, `updated_at`) VALUES (32, 'Latin', 'la', 'la', 'no', 'no', 'no', '2021-09-24 06:59:45', NULL);
INSERT INTO `languages` (`id`, `language`, `short_code`, `country_code`, `is_deleted`, `is_rtl`, `is_active`, `created_at`, `updated_at`) VALUES (33, 'Latvian', 'lv', 'lv', 'no', 'no', 'no', '2021-09-24 06:59:47', NULL);
INSERT INTO `languages` (`id`, `language`, `short_code`, `country_code`, `is_deleted`, `is_rtl`, `is_active`, `created_at`, `updated_at`) VALUES (34, 'Lithuanian', 'lt', 'lt', 'no', 'no', 'no', '2021-09-24 06:59:50', NULL);
INSERT INTO `languages` (`id`, `language`, `short_code`, `country_code`, `is_deleted`, `is_rtl`, `is_active`, `created_at`, `updated_at`) VALUES (35, 'Malagasy', 'mg', 'mg', 'no', 'no', 'no', '2021-09-24 06:59:52', NULL);
INSERT INTO `languages` (`id`, `language`, `short_code`, `country_code`, `is_deleted`, `is_rtl`, `is_active`, `created_at`, `updated_at`) VALUES (36, 'Malay', 'ms', 'ms', 'no', 'no', 'no', '2021-09-24 07:00:01', NULL);
INSERT INTO `languages` (`id`, `language`, `short_code`, `country_code`, `is_deleted`, `is_rtl`, `is_active`, `created_at`, `updated_at`) VALUES (37, 'Malayalam', 'ml', 'ml', 'no', 'no', 'no', '2021-09-24 07:00:05', NULL);
INSERT INTO `languages` (`id`, `language`, `short_code`, `country_code`, `is_deleted`, `is_rtl`, `is_active`, `created_at`, `updated_at`) VALUES (38, 'Maltese', 'mt', 'mt', 'no', 'no', 'no', '2021-09-24 07:00:26', NULL);
INSERT INTO `languages` (`id`, `language`, `short_code`, `country_code`, `is_deleted`, `is_rtl`, `is_active`, `created_at`, `updated_at`) VALUES (39, 'Macedonian', 'mk', 'mk', 'no', 'no', 'no', '2021-09-24 07:00:41', NULL);
INSERT INTO `languages` (`id`, `language`, `short_code`, `country_code`, `is_deleted`, `is_rtl`, `is_active`, `created_at`, `updated_at`) VALUES (40, 'Maori', 'mi', 'nz', 'no', 'no', 'no', '2021-09-24 07:00:44', NULL);
INSERT INTO `languages` (`id`, `language`, `short_code`, `country_code`, `is_deleted`, `is_rtl`, `is_active`, `created_at`, `updated_at`) VALUES (41, 'Marathi', 'mr', 'in', 'no', 'no', 'no', '2021-09-24 07:00:51', NULL);
INSERT INTO `languages` (`id`, `language`, `short_code`, `country_code`, `is_deleted`, `is_rtl`, `is_active`, `created_at`, `updated_at`) VALUES (42, 'Mongolian', 'mn', 'mn', 'no', 'no', 'no', '2021-09-24 07:01:15', NULL);
INSERT INTO `languages` (`id`, `language`, `short_code`, `country_code`, `is_deleted`, `is_rtl`, `is_active`, `created_at`, `updated_at`) VALUES (43, 'German', 'de', 'de', 'no', 'no', 'no', '2021-09-24 07:01:18', NULL);
INSERT INTO `languages` (`id`, `language`, `short_code`, `country_code`, `is_deleted`, `is_rtl`, `is_active`, `created_at`, `updated_at`) VALUES (44, 'Nepali', 'ne', 'ne', 'no', 'no', 'no', '2021-09-24 07:01:21', NULL);
INSERT INTO `languages` (`id`, `language`, `short_code`, `country_code`, `is_deleted`, `is_rtl`, `is_active`, `created_at`, `updated_at`) VALUES (45, 'Norwegian', 'no', 'no', 'no', 'no', 'no', '2021-09-24 07:01:41', NULL);
INSERT INTO `languages` (`id`, `language`, `short_code`, `country_code`, `is_deleted`, `is_rtl`, `is_active`, `created_at`, `updated_at`) VALUES (46, 'Punjabi', 'pa', 'in', 'no', 'no', 'no', '2021-09-24 07:01:43', NULL);
INSERT INTO `languages` (`id`, `language`, `short_code`, `country_code`, `is_deleted`, `is_rtl`, `is_active`, `created_at`, `updated_at`) VALUES (47, 'Persian', 'fa', 'ir', 'no', 'no', 'no', '2021-09-24 07:01:49', NULL);
INSERT INTO `languages` (`id`, `language`, `short_code`, `country_code`, `is_deleted`, `is_rtl`, `is_active`, `created_at`, `updated_at`) VALUES (48, 'Portuguese', 'pt', 'pt', 'no', 'no', 'no', '2021-09-24 07:01:52', NULL);
INSERT INTO `languages` (`id`, `language`, `short_code`, `country_code`, `is_deleted`, `is_rtl`, `is_active`, `created_at`, `updated_at`) VALUES (49, 'Romanian', 'ro', 'ro', 'no', 'no', 'no', '2021-09-24 07:01:56', NULL);
INSERT INTO `languages` (`id`, `language`, `short_code`, `country_code`, `is_deleted`, `is_rtl`, `is_active`, `created_at`, `updated_at`) VALUES (50, 'Russian', 'ru', 'ru', 'no', 'no', 'no', '2021-09-24 07:01:59', NULL);
INSERT INTO `languages` (`id`, `language`, `short_code`, `country_code`, `is_deleted`, `is_rtl`, `is_active`, `created_at`, `updated_at`) VALUES (51, 'Cebuano', 'ceb', 'ph', 'no', 'no', 'no', '2021-09-24 07:02:02', NULL);
INSERT INTO `languages` (`id`, `language`, `short_code`, `country_code`, `is_deleted`, `is_rtl`, `is_active`, `created_at`, `updated_at`) VALUES (52, 'Sinhala', 'si', 'si', 'no', 'no', 'no', '2021-09-24 07:02:04', NULL);
INSERT INTO `languages` (`id`, `language`, `short_code`, `country_code`, `is_deleted`, `is_rtl`, `is_active`, `created_at`, `updated_at`) VALUES (53, 'Slovakian', 'sk', 'sk', 'no', 'no', 'no', '2021-09-24 07:02:07', NULL);
INSERT INTO `languages` (`id`, `language`, `short_code`, `country_code`, `is_deleted`, `is_rtl`, `is_active`, `created_at`, `updated_at`) VALUES (54, 'Slovenian', 'sl', 'sl', 'no', 'no', 'no', '2021-09-24 07:02:10', NULL);
INSERT INTO `languages` (`id`, `language`, `short_code`, `country_code`, `is_deleted`, `is_rtl`, `is_active`, `created_at`, `updated_at`) VALUES (55, 'Swahili', 'sw', 'ke', 'no', 'no', 'no', '2021-09-24 07:02:12', NULL);
INSERT INTO `languages` (`id`, `language`, `short_code`, `country_code`, `is_deleted`, `is_rtl`, `is_active`, `created_at`, `updated_at`) VALUES (56, 'Sundanese', 'su', 'sd', 'no', 'no', 'no', '2021-09-24 07:02:15', NULL);
INSERT INTO `languages` (`id`, `language`, `short_code`, `country_code`, `is_deleted`, `is_rtl`, `is_active`, `created_at`, `updated_at`) VALUES (57, 'Thai', 'th', 'th', 'no', 'no', 'no', '2021-09-24 07:02:18', NULL);
INSERT INTO `languages` (`id`, `language`, `short_code`, `country_code`, `is_deleted`, `is_rtl`, `is_active`, `created_at`, `updated_at`) VALUES (58, 'Tagalog', 'tl', 'tl', 'no', 'no', 'no', '2021-09-24 07:02:21', NULL);
INSERT INTO `languages` (`id`, `language`, `short_code`, `country_code`, `is_deleted`, `is_rtl`, `is_active`, `created_at`, `updated_at`) VALUES (59, 'Tamil', 'ta', 'in', 'no', 'no', 'no', '2021-09-24 07:02:23', NULL);
INSERT INTO `languages` (`id`, `language`, `short_code`, `country_code`, `is_deleted`, `is_rtl`, `is_active`, `created_at`, `updated_at`) VALUES (60, 'Telugu', 'te', 'in', 'no', 'no', 'no', '2021-09-24 07:02:26', NULL);
INSERT INTO `languages` (`id`, `language`, `short_code`, `country_code`, `is_deleted`, `is_rtl`, `is_active`, `created_at`, `updated_at`) VALUES (61, 'Turkish', 'tr', 'tr', 'no', 'no', 'no', '2021-09-24 07:02:29', NULL);
INSERT INTO `languages` (`id`, `language`, `short_code`, `country_code`, `is_deleted`, `is_rtl`, `is_active`, `created_at`, `updated_at`) VALUES (62, 'Uzbek', 'uz', 'uz', 'no', 'no', 'no', '2021-09-24 07:02:31', NULL);
INSERT INTO `languages` (`id`, `language`, `short_code`, `country_code`, `is_deleted`, `is_rtl`, `is_active`, `created_at`, `updated_at`) VALUES (63, 'Urdu', 'ur', 'pk', 'no', 'no', 'no', '2021-09-24 07:02:34', NULL);
INSERT INTO `languages` (`id`, `language`, `short_code`, `country_code`, `is_deleted`, `is_rtl`, `is_active`, `created_at`, `updated_at`) VALUES (64, 'Finnish', 'fi', 'fi', 'no', 'no', 'no', '2021-09-24 07:02:37', NULL);
INSERT INTO `languages` (`id`, `language`, `short_code`, `country_code`, `is_deleted`, `is_rtl`, `is_active`, `created_at`, `updated_at`) VALUES (65, 'French', 'fr', 'fr', 'no', 'no', 'no', '2021-09-24 07:02:39', NULL);
INSERT INTO `languages` (`id`, `language`, `short_code`, `country_code`, `is_deleted`, `is_rtl`, `is_active`, `created_at`, `updated_at`) VALUES (66, 'Hindi', 'hi', 'in', 'no', 'no', 'no', '2021-09-24 07:02:41', NULL);
INSERT INTO `languages` (`id`, `language`, `short_code`, `country_code`, `is_deleted`, `is_rtl`, `is_active`, `created_at`, `updated_at`) VALUES (67, 'Czech', 'cs', 'cz', 'no', 'no', 'no', '2021-09-24 07:02:44', NULL);
INSERT INTO `languages` (`id`, `language`, `short_code`, `country_code`, `is_deleted`, `is_rtl`, `is_active`, `created_at`, `updated_at`) VALUES (68, 'Swedish', 'sv', 'sv', 'no', 'no', 'no', '2021-09-24 07:02:46', NULL);
INSERT INTO `languages` (`id`, `language`, `short_code`, `country_code`, `is_deleted`, `is_rtl`, `is_active`, `created_at`, `updated_at`) VALUES (69, 'Scottish', 'gd', 'gd', 'no', 'no', 'no', '2021-09-24 07:02:49', NULL);
INSERT INTO `languages` (`id`, `language`, `short_code`, `country_code`, `is_deleted`, `is_rtl`, `is_active`, `created_at`, `updated_at`) VALUES (70, 'Estonian', 'et', 'et', 'no', 'no', 'no', '2021-09-24 07:02:52', NULL);
INSERT INTO `languages` (`id`, `language`, `short_code`, `country_code`, `is_deleted`, `is_rtl`, `is_active`, `created_at`, `updated_at`) VALUES (71, 'Esperanto', 'eo', 'br', 'no', 'no', 'no', '2021-09-24 07:02:55', NULL);
INSERT INTO `languages` (`id`, `language`, `short_code`, `country_code`, `is_deleted`, `is_rtl`, `is_active`, `created_at`, `updated_at`) VALUES (72, 'Javanese', 'jv', 'id', 'no', 'no', 'no', '2021-09-24 07:02:58', NULL);
INSERT INTO `languages` (`id`, `language`, `short_code`, `country_code`, `is_deleted`, `is_rtl`, `is_active`, `created_at`, `updated_at`) VALUES (73, 'Japanese', 'ja', 'jp', 'no', 'no', 'no', '2021-09-24 07:03:01', NULL);
INSERT INTO `languages` (`id`, `language`, `short_code`, `country_code`, `is_deleted`, `is_rtl`, `is_active`, `created_at`, `updated_at`) VALUES (74, 'Polish', 'pl', 'pl', 'no', 'no', 'no', '2021-09-28 06:39:06', NULL);
INSERT INTO `languages` (`id`, `language`, `short_code`, `country_code`, `is_deleted`, `is_rtl`, `is_active`, `created_at`, `updated_at`) VALUES (96, 'Croatia', 'hr', 'hr', 'no', 'no', 'no', '2024-08-29 08:50:12', NULL);
INSERT INTO `languages` (`id`, `language`, `short_code`, `country_code`, `is_deleted`, `is_rtl`, `is_active`, `created_at`, `updated_at`) VALUES (97, 'Kurdish', 'ku', 'iq', 'no', 'no', 'no', '2021-10-23 05:43:17', NULL);
INSERT INTO `languages` (`id`, `language`, `short_code`, `country_code`, `is_deleted`, `is_rtl`, `is_active`, `created_at`, `updated_at`) VALUES (98, 'Lao', 'lo', 'la', 'no', 'no', 'no', '2021-10-27 11:34:11', NULL);


#
# TABLE STRUCTURE FOR: leave_types
#


CREATE TABLE `leave_types` (
  `id` int NOT NULL AUTO_INCREMENT,
  `type` varchar(200) NOT NULL,
  `is_active` varchar(50) NOT NULL,
  `created_at` timestamp NOT NULL DEFAULT CURRENT_TIMESTAMP,
  PRIMARY KEY (`id`),
  UNIQUE KEY `type` (`type`)
) ENGINE=InnoDB AUTO_INCREMENT=8 DEFAULT CHARSET=utf8mb3;

INSERT INTO `leave_types` (`id`, `type`, `is_active`, `created_at`) VALUES (1, 'Casual Leave', 'yes', '2021-09-25 06:48:17');
INSERT INTO `leave_types` (`id`, `type`, `is_active`, `created_at`) VALUES (2, 'Privilege Leave ', 'yes', '2021-09-25 11:34:37');
INSERT INTO `leave_types` (`id`, `type`, `is_active`, `created_at`) VALUES (3, 'Sick Leave', 'yes', '2021-09-25 11:34:43');
INSERT INTO `leave_types` (`id`, `type`, `is_active`, `created_at`) VALUES (4, 'Maternity Leave', 'yes', '2021-09-25 11:34:49');
INSERT INTO `leave_types` (`id`, `type`, `is_active`, `created_at`) VALUES (5, 'Paternity Leave.', 'yes', '2021-09-25 11:34:55');
INSERT INTO `leave_types` (`id`, `type`, `is_active`, `created_at`) VALUES (7, 'Fever Leave', 'yes', '2021-09-28 07:35:40');


#
# TABLE STRUCTURE FOR: logs
#


CREATE TABLE `logs` (
  `id` int NOT NULL AUTO_INCREMENT,
  `message` text,
  `record_id` int NOT NULL,
  `user_id` int DEFAULT NULL,
  `action` varchar(50) NOT NULL,
  `ip_address` varchar(50) NOT NULL,
  `platform` varchar(50) NOT NULL,
  `agent` varchar(50) NOT NULL,
  `time` timestamp NOT NULL DEFAULT CURRENT_TIMESTAMP ON UPDATE CURRENT_TIMESTAMP,
  `created_at` date DEFAULT NULL,
  PRIMARY KEY (`id`),
  KEY `user_id` (`user_id`)
) ENGINE=InnoDB AUTO_INCREMENT=50 DEFAULT CHARSET=utf8mb3;

INSERT INTO `logs` (`id`, `message`, `record_id`, `user_id`, `action`, `ip_address`, `platform`, `agent`, `time`, `created_at`) VALUES (1, 'Record updated For Item Issue id 181', 181, 0, 'Update', '114.31.131.239', 'Windows 10', 'Chrome 131.0.0.0', '2024-12-14 01:32:27', '2024-12-14');
INSERT INTO `logs` (`id`, `message`, `record_id`, `user_id`, `action`, `ip_address`, `platform`, `agent`, `time`, `created_at`) VALUES (2, 'Record updated For Item Issue id 175', 175, 0, 'Update', '114.31.131.239', 'Windows 10', 'Chrome 131.0.0.0', '2024-12-14 01:32:50', '2024-12-14');
INSERT INTO `logs` (`id`, `message`, `record_id`, `user_id`, `action`, `ip_address`, `platform`, `agent`, `time`, `created_at`) VALUES (3, 'Record updated For Item Issue id 178', 178, 0, 'Update', '114.31.131.239', 'Windows 10', 'Chrome 131.0.0.0', '2024-12-14 01:33:30', '2024-12-14');
INSERT INTO `logs` (`id`, `message`, `record_id`, `user_id`, `action`, `ip_address`, `platform`, `agent`, `time`, `created_at`) VALUES (4, 'Record deleted Where Item Issue id 178', 178, 0, 'Delete', '114.31.131.239', 'Windows 10', 'Chrome 131.0.0.0', '2024-12-14 01:33:40', '2024-12-14');
INSERT INTO `logs` (`id`, `message`, `record_id`, `user_id`, `action`, `ip_address`, `platform`, `agent`, `time`, `created_at`) VALUES (5, 'New Record inserted On Appointment Created 6874', 6874, 0, 'Insert', '49.43.155.135', 'Android', 'Chrome 131.0.0.0', '2024-12-14 01:49:41', '2024-12-14');
INSERT INTO `logs` (`id`, `message`, `record_id`, `user_id`, `action`, `ip_address`, `platform`, `agent`, `time`, `created_at`) VALUES (6, 'New Record inserted On Read System Notification id 88', 88, 0, 'Insert', '154.161.189.140', 'Mac OS X', 'Chrome 131.0.0.0', '2024-12-14 03:01:49', '2024-12-14');
INSERT INTO `logs` (`id`, `message`, `record_id`, `user_id`, `action`, `ip_address`, `platform`, `agent`, `time`, `created_at`) VALUES (7, 'New Record inserted On Read System Notification id 89', 89, 0, 'Insert', '154.161.189.140', 'Mac OS X', 'Chrome 131.0.0.0', '2024-12-14 03:01:50', '2024-12-14');
INSERT INTO `logs` (`id`, `message`, `record_id`, `user_id`, `action`, `ip_address`, `platform`, `agent`, `time`, `created_at`) VALUES (8, 'New Record inserted On Read System Notification id 90', 90, 0, 'Insert', '154.161.189.140', 'Mac OS X', 'Chrome 131.0.0.0', '2024-12-14 03:01:51', '2024-12-14');
INSERT INTO `logs` (`id`, `message`, `record_id`, `user_id`, `action`, `ip_address`, `platform`, `agent`, `time`, `created_at`) VALUES (9, 'New Record inserted On Read System Notification id 91', 91, 0, 'Insert', '154.161.189.140', 'Mac OS X', 'Chrome 131.0.0.0', '2024-12-14 03:01:53', '2024-12-14');
INSERT INTO `logs` (`id`, `message`, `record_id`, `user_id`, `action`, `ip_address`, `platform`, `agent`, `time`, `created_at`) VALUES (10, 'New Record inserted On Read System Notification id 92', 92, 0, 'Insert', '154.161.189.140', 'Mac OS X', 'Chrome 131.0.0.0', '2024-12-14 03:01:53', '2024-12-14');
INSERT INTO `logs` (`id`, `message`, `record_id`, `user_id`, `action`, `ip_address`, `platform`, `agent`, `time`, `created_at`) VALUES (11, 'New Record inserted On Read System Notification id 93', 93, 0, 'Insert', '154.161.189.140', 'Mac OS X', 'Chrome 131.0.0.0', '2024-12-14 03:01:54', '2024-12-14');
INSERT INTO `logs` (`id`, `message`, `record_id`, `user_id`, `action`, `ip_address`, `platform`, `agent`, `time`, `created_at`) VALUES (12, 'New Record inserted On Read System Notification id 94', 94, 0, 'Insert', '154.161.189.140', 'Mac OS X', 'Chrome 131.0.0.0', '2024-12-14 03:01:55', '2024-12-14');
INSERT INTO `logs` (`id`, `message`, `record_id`, `user_id`, `action`, `ip_address`, `platform`, `agent`, `time`, `created_at`) VALUES (13, 'New Record inserted On Read System Notification id 95', 95, 0, 'Insert', '154.161.189.140', 'Mac OS X', 'Chrome 131.0.0.0', '2024-12-14 03:01:55', '2024-12-14');
INSERT INTO `logs` (`id`, `message`, `record_id`, `user_id`, `action`, `ip_address`, `platform`, `agent`, `time`, `created_at`) VALUES (14, 'New Record inserted On Read System Notification id 96', 96, 0, 'Insert', '154.161.189.140', 'Mac OS X', 'Chrome 131.0.0.0', '2024-12-14 03:02:11', '2024-12-14');
INSERT INTO `logs` (`id`, `message`, `record_id`, `user_id`, `action`, `ip_address`, `platform`, `agent`, `time`, `created_at`) VALUES (15, 'New Record inserted On Read System Notification id 97', 97, 0, 'Insert', '154.161.189.140', 'Mac OS X', 'Chrome 131.0.0.0', '2024-12-14 03:02:13', '2024-12-14');
INSERT INTO `logs` (`id`, `message`, `record_id`, `user_id`, `action`, `ip_address`, `platform`, `agent`, `time`, `created_at`) VALUES (16, 'New Record inserted On Read System Notification id 98', 98, 0, 'Insert', '154.161.189.140', 'Mac OS X', 'Chrome 131.0.0.0', '2024-12-14 03:02:13', '2024-12-14');
INSERT INTO `logs` (`id`, `message`, `record_id`, `user_id`, `action`, `ip_address`, `platform`, `agent`, `time`, `created_at`) VALUES (17, 'New Record inserted On Read System Notification id 99', 99, 0, 'Insert', '154.161.189.140', 'Mac OS X', 'Chrome 131.0.0.0', '2024-12-14 03:02:14', '2024-12-14');
INSERT INTO `logs` (`id`, `message`, `record_id`, `user_id`, `action`, `ip_address`, `platform`, `agent`, `time`, `created_at`) VALUES (18, 'New Record inserted On Read System Notification id 100', 100, 0, 'Insert', '154.161.189.140', 'Mac OS X', 'Chrome 131.0.0.0', '2024-12-14 03:02:14', '2024-12-14');
INSERT INTO `logs` (`id`, `message`, `record_id`, `user_id`, `action`, `ip_address`, `platform`, `agent`, `time`, `created_at`) VALUES (19, 'New Record inserted On Read System Notification id 101', 101, 0, 'Insert', '154.161.189.140', 'Mac OS X', 'Chrome 131.0.0.0', '2024-12-14 03:02:15', '2024-12-14');
INSERT INTO `logs` (`id`, `message`, `record_id`, `user_id`, `action`, `ip_address`, `platform`, `agent`, `time`, `created_at`) VALUES (20, 'New Record inserted On Read System Notification id 102', 102, 0, 'Insert', '154.161.189.140', 'Mac OS X', 'Chrome 131.0.0.0', '2024-12-14 03:02:15', '2024-12-14');
INSERT INTO `logs` (`id`, `message`, `record_id`, `user_id`, `action`, `ip_address`, `platform`, `agent`, `time`, `created_at`) VALUES (21, 'New Record inserted On Read System Notification id 103', 103, 0, 'Insert', '154.161.189.140', 'Mac OS X', 'Chrome 131.0.0.0', '2024-12-14 03:02:16', '2024-12-14');
INSERT INTO `logs` (`id`, `message`, `record_id`, `user_id`, `action`, `ip_address`, `platform`, `agent`, `time`, `created_at`) VALUES (22, 'New Record inserted On Read System Notification id 104', 104, 0, 'Insert', '154.161.189.140', 'Mac OS X', 'Chrome 131.0.0.0', '2024-12-14 03:02:38', '2024-12-14');
INSERT INTO `logs` (`id`, `message`, `record_id`, `user_id`, `action`, `ip_address`, `platform`, `agent`, `time`, `created_at`) VALUES (23, 'New Record inserted On Read System Notification id 105', 105, 0, 'Insert', '154.161.189.140', 'Mac OS X', 'Chrome 131.0.0.0', '2024-12-14 03:02:41', '2024-12-14');
INSERT INTO `logs` (`id`, `message`, `record_id`, `user_id`, `action`, `ip_address`, `platform`, `agent`, `time`, `created_at`) VALUES (24, 'New Record inserted On Read System Notification id 106', 106, 0, 'Insert', '154.161.189.140', 'Mac OS X', 'Chrome 131.0.0.0', '2024-12-14 03:02:54', '2024-12-14');
INSERT INTO `logs` (`id`, `message`, `record_id`, `user_id`, `action`, `ip_address`, `platform`, `agent`, `time`, `created_at`) VALUES (25, 'New Record inserted On Read System Notification id 107', 107, 0, 'Insert', '154.161.189.140', 'Mac OS X', 'Chrome 131.0.0.0', '2024-12-14 03:03:16', '2024-12-14');
INSERT INTO `logs` (`id`, `message`, `record_id`, `user_id`, `action`, `ip_address`, `platform`, `agent`, `time`, `created_at`) VALUES (26, 'New Record inserted On Read System Notification id 108', 108, 0, 'Insert', '154.161.189.140', 'Mac OS X', 'Chrome 131.0.0.0', '2024-12-14 03:03:17', '2024-12-14');
INSERT INTO `logs` (`id`, `message`, `record_id`, `user_id`, `action`, `ip_address`, `platform`, `agent`, `time`, `created_at`) VALUES (27, 'New Record inserted On Read System Notification id 109', 109, 0, 'Insert', '154.161.189.140', 'Mac OS X', 'Chrome 131.0.0.0', '2024-12-14 03:03:18', '2024-12-14');
INSERT INTO `logs` (`id`, `message`, `record_id`, `user_id`, `action`, `ip_address`, `platform`, `agent`, `time`, `created_at`) VALUES (28, 'New Record inserted On Read System Notification id 110', 110, 0, 'Insert', '154.161.189.140', 'Mac OS X', 'Chrome 131.0.0.0', '2024-12-14 03:03:19', '2024-12-14');
INSERT INTO `logs` (`id`, `message`, `record_id`, `user_id`, `action`, `ip_address`, `platform`, `agent`, `time`, `created_at`) VALUES (29, 'New Record inserted On Read System Notification id 111', 111, 0, 'Insert', '154.161.189.140', 'Mac OS X', 'Chrome 131.0.0.0', '2024-12-14 03:03:21', '2024-12-14');
INSERT INTO `logs` (`id`, `message`, `record_id`, `user_id`, `action`, `ip_address`, `platform`, `agent`, `time`, `created_at`) VALUES (30, 'New Record inserted On Read System Notification id 112', 112, 0, 'Insert', '154.161.189.140', 'Mac OS X', 'Chrome 131.0.0.0', '2024-12-14 03:03:21', '2024-12-14');
INSERT INTO `logs` (`id`, `message`, `record_id`, `user_id`, `action`, `ip_address`, `platform`, `agent`, `time`, `created_at`) VALUES (31, 'New Record inserted On Read System Notification id 113', 113, 0, 'Insert', '154.161.189.140', 'Mac OS X', 'Chrome 131.0.0.0', '2024-12-14 03:04:23', '2024-12-14');
INSERT INTO `logs` (`id`, `message`, `record_id`, `user_id`, `action`, `ip_address`, `platform`, `agent`, `time`, `created_at`) VALUES (32, 'New Record inserted On Read System Notification id 114', 114, 0, 'Insert', '154.161.189.140', 'Mac OS X', 'Chrome 131.0.0.0', '2024-12-14 03:04:25', '2024-12-14');
INSERT INTO `logs` (`id`, `message`, `record_id`, `user_id`, `action`, `ip_address`, `platform`, `agent`, `time`, `created_at`) VALUES (33, 'New Record inserted On Read System Notification id 115', 115, 0, 'Insert', '154.161.189.140', 'Mac OS X', 'Chrome 131.0.0.0', '2024-12-14 03:04:25', '2024-12-14');
INSERT INTO `logs` (`id`, `message`, `record_id`, `user_id`, `action`, `ip_address`, `platform`, `agent`, `time`, `created_at`) VALUES (34, 'New Record inserted On Read System Notification id 116', 116, 0, 'Insert', '154.161.189.140', 'Mac OS X', 'Chrome 131.0.0.0', '2024-12-14 03:04:28', '2024-12-14');
INSERT INTO `logs` (`id`, `message`, `record_id`, `user_id`, `action`, `ip_address`, `platform`, `agent`, `time`, `created_at`) VALUES (35, 'New Record inserted On Read System Notification id 117', 117, 0, 'Insert', '154.161.189.140', 'Mac OS X', 'Chrome 131.0.0.0', '2024-12-14 03:04:29', '2024-12-14');
INSERT INTO `logs` (`id`, `message`, `record_id`, `user_id`, `action`, `ip_address`, `platform`, `agent`, `time`, `created_at`) VALUES (36, 'New Record inserted On Read System Notification id 118', 118, 0, 'Insert', '154.161.189.140', 'Mac OS X', 'Chrome 131.0.0.0', '2024-12-14 03:04:35', '2024-12-14');
INSERT INTO `logs` (`id`, `message`, `record_id`, `user_id`, `action`, `ip_address`, `platform`, `agent`, `time`, `created_at`) VALUES (37, 'New Record inserted On Read System Notification id 119', 119, 0, 'Insert', '154.161.189.140', 'Mac OS X', 'Chrome 131.0.0.0', '2024-12-14 03:04:36', '2024-12-14');
INSERT INTO `logs` (`id`, `message`, `record_id`, `user_id`, `action`, `ip_address`, `platform`, `agent`, `time`, `created_at`) VALUES (38, 'New Record inserted On Read System Notification id 120', 120, 0, 'Insert', '154.161.189.140', 'Mac OS X', 'Chrome 131.0.0.0', '2024-12-14 03:04:37', '2024-12-14');
INSERT INTO `logs` (`id`, `message`, `record_id`, `user_id`, `action`, `ip_address`, `platform`, `agent`, `time`, `created_at`) VALUES (39, 'New Record inserted On Transactions id 10087', 10087, 0, 'Insert', '154.161.189.140', 'Mac OS X', 'Chrome 131.0.0.0', '2024-12-14 03:40:25', '2024-12-14');
INSERT INTO `logs` (`id`, `message`, `record_id`, `user_id`, `action`, `ip_address`, `platform`, `agent`, `time`, `created_at`) VALUES (40, 'Record updated On Patient id 844', 844, 0, 'Update', '154.161.189.140', 'Mac OS X', 'Chrome 131.0.0.0', '2024-12-14 03:40:25', '2024-12-14');
INSERT INTO `logs` (`id`, `message`, `record_id`, `user_id`, `action`, `ip_address`, `platform`, `agent`, `time`, `created_at`) VALUES (41, 'New Record inserted On Patient id 1144', 1144, 0, 'Insert', '176.123.24.85', 'Android', 'Chrome 130.0.0.0', '2024-12-14 04:30:07', '2024-12-14');
INSERT INTO `logs` (`id`, `message`, `record_id`, `user_id`, `action`, `ip_address`, `platform`, `agent`, `time`, `created_at`) VALUES (42, 'Record updated On Patient id 1144', 1144, 0, 'Update', '176.123.24.85', 'Android', 'Chrome 130.0.0.0', '2024-12-14 04:30:07', '2024-12-14');
INSERT INTO `logs` (`id`, `message`, `record_id`, `user_id`, `action`, `ip_address`, `platform`, `agent`, `time`, `created_at`) VALUES (43, 'New Record inserted On Radiology Billing id 435', 435, 0, 'Insert', '176.123.24.85', 'Android', 'Chrome 130.0.0.0', '2024-12-14 04:31:28', '2024-12-14');
INSERT INTO `logs` (`id`, `message`, `record_id`, `user_id`, `action`, `ip_address`, `platform`, `agent`, `time`, `created_at`) VALUES (44, 'New Record inserted On Transactions id 10088', 10088, 0, 'Insert', '176.123.24.85', 'Android', 'Chrome 130.0.0.0', '2024-12-14 04:31:28', '2024-12-14');
INSERT INTO `logs` (`id`, `message`, `record_id`, `user_id`, `action`, `ip_address`, `platform`, `agent`, `time`, `created_at`) VALUES (45, 'New Record inserted On Read System Notification id 121', 121, 0, 'Insert', '176.123.24.85', 'Android', 'Chrome 130.0.0.0', '2024-12-14 04:34:33', '2024-12-14');
INSERT INTO `logs` (`id`, `message`, `record_id`, `user_id`, `action`, `ip_address`, `platform`, `agent`, `time`, `created_at`) VALUES (46, 'New Record inserted On Read System Notification id 122', 122, 0, 'Insert', '176.123.24.85', 'Android', 'Chrome 130.0.0.0', '2024-12-14 04:34:40', '2024-12-14');
INSERT INTO `logs` (`id`, `message`, `record_id`, `user_id`, `action`, `ip_address`, `platform`, `agent`, `time`, `created_at`) VALUES (47, 'New Record inserted On Chat Messages id 366', 366, 0, 'Insert', '176.123.24.85', 'Android', 'Chrome 130.0.0.0', '2024-12-14 04:34:58', '2024-12-14');
INSERT INTO `logs` (`id`, `message`, `record_id`, `user_id`, `action`, `ip_address`, `platform`, `agent`, `time`, `created_at`) VALUES (48, 'New Record inserted On Chat Messages id 368', 368, 0, 'Insert', '176.123.24.85', 'Android', 'Chrome 130.0.0.0', '2024-12-14 04:35:31', '2024-12-14');
INSERT INTO `logs` (`id`, `message`, `record_id`, `user_id`, `action`, `ip_address`, `platform`, `agent`, `time`, `created_at`) VALUES (49, 'New Record inserted On Appointment Created 6875', 6875, 0, 'Insert', '176.123.24.85', 'Android', 'Chrome 130.0.0.0', '2024-12-14 04:37:37', '2024-12-14');


#
# TABLE STRUCTURE FOR: medication_report
#


CREATE TABLE `medication_report` (
  `id` int NOT NULL AUTO_INCREMENT,
  `medicine_dosage_id` int DEFAULT NULL,
  `pharmacy_id` int DEFAULT NULL,
  `opd_details_id` int DEFAULT NULL,
  `ipd_id` int DEFAULT NULL,
  `date` date NOT NULL,
  `time` time NOT NULL,
  `remark` text,
  `generated_by` int DEFAULT NULL,
  `created_at` timestamp NOT NULL DEFAULT CURRENT_TIMESTAMP ON UPDATE CURRENT_TIMESTAMP,
  PRIMARY KEY (`id`),
  KEY `generated_by` (`generated_by`),
  KEY `pharmacy_id` (`pharmacy_id`),
  KEY `ipd_id` (`ipd_id`),
  KEY `medicine_dosage_id` (`medicine_dosage_id`),
  KEY `opd_details_id` (`opd_details_id`),
  KEY `index_date` (`date`),
  KEY `index_time` (`time`),
  CONSTRAINT `medication_report_ibfk_1` FOREIGN KEY (`generated_by`) REFERENCES `staff` (`id`) ON DELETE CASCADE,
  CONSTRAINT `medication_report_ibfk_2` FOREIGN KEY (`pharmacy_id`) REFERENCES `pharmacy` (`id`) ON DELETE CASCADE,
  CONSTRAINT `medication_report_ibfk_3` FOREIGN KEY (`ipd_id`) REFERENCES `ipd_details` (`id`) ON DELETE CASCADE,
  CONSTRAINT `medication_report_ibfk_4` FOREIGN KEY (`medicine_dosage_id`) REFERENCES `medicine_dosage` (`id`) ON DELETE CASCADE,
  CONSTRAINT `medication_report_ibfk_5` FOREIGN KEY (`opd_details_id`) REFERENCES `opd_details` (`id`) ON DELETE CASCADE
) ENGINE=InnoDB AUTO_INCREMENT=723 DEFAULT CHARSET=utf8mb3;

INSERT INTO `medication_report` (`id`, `medicine_dosage_id`, `pharmacy_id`, `opd_details_id`, `ipd_id`, `date`, `time`, `remark`, `generated_by`, `created_at`) VALUES (12, 1, 1, 1, NULL, '2021-10-04', '06:00:00', '', 1, '2021-10-25 14:14:59');
INSERT INTO `medication_report` (`id`, `medicine_dosage_id`, `pharmacy_id`, `opd_details_id`, `ipd_id`, `date`, `time`, `remark`, `generated_by`, `created_at`) VALUES (14, 1, 1, 12, NULL, '2021-10-26', '12:00:00', '', 1, '2021-10-26 07:23:55');
INSERT INTO `medication_report` (`id`, `medicine_dosage_id`, `pharmacy_id`, `opd_details_id`, `ipd_id`, `date`, `time`, `remark`, `generated_by`, `created_at`) VALUES (15, 1, 1, 12, NULL, '2021-10-26', '13:00:00', '', 1, '2021-10-26 07:24:04');
INSERT INTO `medication_report` (`id`, `medicine_dosage_id`, `pharmacy_id`, `opd_details_id`, `ipd_id`, `date`, `time`, `remark`, `generated_by`, `created_at`) VALUES (18, 3, 41, 10, NULL, '2021-10-31', '13:00:00', '', 1, '2021-10-26 10:17:16');
INSERT INTO `medication_report` (`id`, `medicine_dosage_id`, `pharmacy_id`, `opd_details_id`, `ipd_id`, `date`, `time`, `remark`, `generated_by`, `created_at`) VALUES (19, 6, 86, 10, NULL, '2021-12-01', '12:00:00', '', 1, '2021-10-26 10:21:54');
INSERT INTO `medication_report` (`id`, `medicine_dosage_id`, `pharmacy_id`, `opd_details_id`, `ipd_id`, `date`, `time`, `remark`, `generated_by`, `created_at`) VALUES (20, 1, 14, 15, NULL, '2021-11-01', '13:00:00', '', 1, '2021-10-26 10:41:07');
INSERT INTO `medication_report` (`id`, `medicine_dosage_id`, `pharmacy_id`, `opd_details_id`, `ipd_id`, `date`, `time`, `remark`, `generated_by`, `created_at`) VALUES (21, 5, 14, 15, NULL, '2021-11-02', '12:00:00', '', 1, '2021-10-26 10:41:26');
INSERT INTO `medication_report` (`id`, `medicine_dosage_id`, `pharmacy_id`, `opd_details_id`, `ipd_id`, `date`, `time`, `remark`, `generated_by`, `created_at`) VALUES (29, 5, 90, NULL, 7, '2021-10-27', '11:00:00', '', 1, '2021-10-27 05:29:30');
INSERT INTO `medication_report` (`id`, `medicine_dosage_id`, `pharmacy_id`, `opd_details_id`, `ipd_id`, `date`, `time`, `remark`, `generated_by`, `created_at`) VALUES (30, 6, 90, NULL, 7, '2021-10-27', '12:00:00', '', 1, '2021-10-27 05:29:48');
INSERT INTO `medication_report` (`id`, `medicine_dosage_id`, `pharmacy_id`, `opd_details_id`, `ipd_id`, `date`, `time`, `remark`, `generated_by`, `created_at`) VALUES (31, 6, 90, NULL, 7, '2021-10-28', '09:00:00', '', 1, '2021-10-27 05:39:13');
INSERT INTO `medication_report` (`id`, `medicine_dosage_id`, `pharmacy_id`, `opd_details_id`, `ipd_id`, `date`, `time`, `remark`, `generated_by`, `created_at`) VALUES (32, 6, 90, NULL, 7, '2021-10-28', '10:00:00', '', 1, '2021-10-27 05:39:50');
INSERT INTO `medication_report` (`id`, `medicine_dosage_id`, `pharmacy_id`, `opd_details_id`, `ipd_id`, `date`, `time`, `remark`, `generated_by`, `created_at`) VALUES (33, 4, 3, NULL, 7, '2021-10-27', '12:00:00', '', 1, '2021-10-27 05:40:46');
INSERT INTO `medication_report` (`id`, `medicine_dosage_id`, `pharmacy_id`, `opd_details_id`, `ipd_id`, `date`, `time`, `remark`, `generated_by`, `created_at`) VALUES (34, 5, 90, NULL, 7, '2021-10-28', '12:00:00', '', 1, '2021-10-27 06:54:56');
INSERT INTO `medication_report` (`id`, `medicine_dosage_id`, `pharmacy_id`, `opd_details_id`, `ipd_id`, `date`, `time`, `remark`, `generated_by`, `created_at`) VALUES (35, 6, 90, NULL, 7, '2021-10-28', '13:00:00', '', 1, '2021-10-27 06:55:14');
INSERT INTO `medication_report` (`id`, `medicine_dosage_id`, `pharmacy_id`, `opd_details_id`, `ipd_id`, `date`, `time`, `remark`, `generated_by`, `created_at`) VALUES (52, 6, 14, NULL, 8, '2021-10-26', '13:00:00', '', 1, '2021-10-29 06:20:49');
INSERT INTO `medication_report` (`id`, `medicine_dosage_id`, `pharmacy_id`, `opd_details_id`, `ipd_id`, `date`, `time`, `remark`, `generated_by`, `created_at`) VALUES (55, 5, 90, NULL, 8, '2021-10-27', '11:00:00', '', 1, '2021-10-29 06:22:32');
INSERT INTO `medication_report` (`id`, `medicine_dosage_id`, `pharmacy_id`, `opd_details_id`, `ipd_id`, `date`, `time`, `remark`, `generated_by`, `created_at`) VALUES (58, 5, 14, NULL, 7, '2021-10-30', '12:00:00', '', 1, '2021-10-29 06:40:25');
INSERT INTO `medication_report` (`id`, `medicine_dosage_id`, `pharmacy_id`, `opd_details_id`, `ipd_id`, `date`, `time`, `remark`, `generated_by`, `created_at`) VALUES (59, 6, 23, NULL, 7, '2021-10-30', '12:00:00', '', 1, '2021-10-29 06:40:33');
INSERT INTO `medication_report` (`id`, `medicine_dosage_id`, `pharmacy_id`, `opd_details_id`, `ipd_id`, `date`, `time`, `remark`, `generated_by`, `created_at`) VALUES (60, 6, 14, NULL, 7, '2021-10-30', '13:00:00', '', 1, '2021-10-29 06:40:43');
INSERT INTO `medication_report` (`id`, `medicine_dosage_id`, `pharmacy_id`, `opd_details_id`, `ipd_id`, `date`, `time`, `remark`, `generated_by`, `created_at`) VALUES (61, 6, 14, NULL, 7, '2021-10-30', '14:00:00', '', 1, '2021-10-29 06:40:54');
INSERT INTO `medication_report` (`id`, `medicine_dosage_id`, `pharmacy_id`, `opd_details_id`, `ipd_id`, `date`, `time`, `remark`, `generated_by`, `created_at`) VALUES (64, 6, 86, 10, NULL, '2021-12-01', '13:00:00', '', 1, '2021-10-29 06:46:19');
INSERT INTO `medication_report` (`id`, `medicine_dosage_id`, `pharmacy_id`, `opd_details_id`, `ipd_id`, `date`, `time`, `remark`, `generated_by`, `created_at`) VALUES (65, 5, 86, 10, NULL, '2021-12-01', '14:00:00', '', 1, '2021-10-29 06:46:27');
INSERT INTO `medication_report` (`id`, `medicine_dosage_id`, `pharmacy_id`, `opd_details_id`, `ipd_id`, `date`, `time`, `remark`, `generated_by`, `created_at`) VALUES (66, 6, 23, 10, NULL, '2021-12-01', '16:00:00', '', 1, '2021-10-29 06:47:32');
INSERT INTO `medication_report` (`id`, `medicine_dosage_id`, `pharmacy_id`, `opd_details_id`, `ipd_id`, `date`, `time`, `remark`, `generated_by`, `created_at`) VALUES (67, 3, 41, 10, NULL, '2021-10-31', '14:00:00', '', 1, '2021-10-29 06:46:53');
INSERT INTO `medication_report` (`id`, `medicine_dosage_id`, `pharmacy_id`, `opd_details_id`, `ipd_id`, `date`, `time`, `remark`, `generated_by`, `created_at`) VALUES (68, 5, 27, 10, NULL, '2021-12-01', '12:00:00', '', 1, '2021-10-29 06:47:45');
INSERT INTO `medication_report` (`id`, `medicine_dosage_id`, `pharmacy_id`, `opd_details_id`, `ipd_id`, `date`, `time`, `remark`, `generated_by`, `created_at`) VALUES (69, 1, 1, 25, NULL, '2021-10-29', '00:00:00', '', 1, '2021-10-29 06:54:17');
INSERT INTO `medication_report` (`id`, `medicine_dosage_id`, `pharmacy_id`, `opd_details_id`, `ipd_id`, `date`, `time`, `remark`, `generated_by`, `created_at`) VALUES (70, 1, 1, 25, NULL, '2021-10-29', '13:00:00', '', 1, '2021-10-29 06:54:24');
INSERT INTO `medication_report` (`id`, `medicine_dosage_id`, `pharmacy_id`, `opd_details_id`, `ipd_id`, `date`, `time`, `remark`, `generated_by`, `created_at`) VALUES (71, 1, 1, 25, NULL, '2021-10-29', '12:00:00', '', 1, '2021-10-29 06:54:35');
INSERT INTO `medication_report` (`id`, `medicine_dosage_id`, `pharmacy_id`, `opd_details_id`, `ipd_id`, `date`, `time`, `remark`, `generated_by`, `created_at`) VALUES (73, 5, 15, 25, NULL, '2021-10-30', '12:00:00', '', 1, '2021-10-29 06:55:16');
INSERT INTO `medication_report` (`id`, `medicine_dosage_id`, `pharmacy_id`, `opd_details_id`, `ipd_id`, `date`, `time`, `remark`, `generated_by`, `created_at`) VALUES (74, 1, 1, 26, NULL, '2021-11-01', '23:15:00', '', 1, '2021-11-01 06:02:36');
INSERT INTO `medication_report` (`id`, `medicine_dosage_id`, `pharmacy_id`, `opd_details_id`, `ipd_id`, `date`, `time`, `remark`, `generated_by`, `created_at`) VALUES (75, 1, 1, 27, NULL, '2021-11-01', '07:00:00', '', 1, '2021-11-01 06:53:26');
INSERT INTO `medication_report` (`id`, `medicine_dosage_id`, `pharmacy_id`, `opd_details_id`, `ipd_id`, `date`, `time`, `remark`, `generated_by`, `created_at`) VALUES (76, 1, 95, 27, NULL, '2021-11-02', '08:00:00', '', 1, '2021-11-01 06:53:45');
INSERT INTO `medication_report` (`id`, `medicine_dosage_id`, `pharmacy_id`, `opd_details_id`, `ipd_id`, `date`, `time`, `remark`, `generated_by`, `created_at`) VALUES (77, 1, 1, 27, NULL, '2021-11-01', '20:00:00', '', 1, '2021-11-01 06:54:06');
INSERT INTO `medication_report` (`id`, `medicine_dosage_id`, `pharmacy_id`, `opd_details_id`, `ipd_id`, `date`, `time`, `remark`, `generated_by`, `created_at`) VALUES (78, 1, 1, 27, NULL, '2021-11-01', '09:00:00', '', 1, '2021-11-01 06:54:20');
INSERT INTO `medication_report` (`id`, `medicine_dosage_id`, `pharmacy_id`, `opd_details_id`, `ipd_id`, `date`, `time`, `remark`, `generated_by`, `created_at`) VALUES (79, 1, 1, 27, NULL, '2021-11-01', '11:00:00', '', 1, '2021-11-01 06:54:39');
INSERT INTO `medication_report` (`id`, `medicine_dosage_id`, `pharmacy_id`, `opd_details_id`, `ipd_id`, `date`, `time`, `remark`, `generated_by`, `created_at`) VALUES (81, 1, 95, 27, NULL, '2021-11-02', '09:00:00', '', 1, '2021-11-01 06:56:02');
INSERT INTO `medication_report` (`id`, `medicine_dosage_id`, `pharmacy_id`, `opd_details_id`, `ipd_id`, `date`, `time`, `remark`, `generated_by`, `created_at`) VALUES (82, 2, 84, 27, NULL, '2021-11-02', '13:00:00', '', 1, '2021-11-01 06:56:26');
INSERT INTO `medication_report` (`id`, `medicine_dosage_id`, `pharmacy_id`, `opd_details_id`, `ipd_id`, `date`, `time`, `remark`, `generated_by`, `created_at`) VALUES (83, 7, 2, 27, NULL, '2021-11-02', '14:00:00', '', 1, '2021-11-01 06:58:17');
INSERT INTO `medication_report` (`id`, `medicine_dosage_id`, `pharmacy_id`, `opd_details_id`, `ipd_id`, `date`, `time`, `remark`, `generated_by`, `created_at`) VALUES (84, 8, 93, 27, NULL, '2021-11-02', '12:00:00', '', 1, '2021-11-01 06:59:39');
INSERT INTO `medication_report` (`id`, `medicine_dosage_id`, `pharmacy_id`, `opd_details_id`, `ipd_id`, `date`, `time`, `remark`, `generated_by`, `created_at`) VALUES (89, 2, 84, 27, NULL, '2021-11-02', '12:00:00', '', 1, '2021-11-01 07:27:18');
INSERT INTO `medication_report` (`id`, `medicine_dosage_id`, `pharmacy_id`, `opd_details_id`, `ipd_id`, `date`, `time`, `remark`, `generated_by`, `created_at`) VALUES (90, 2, 84, 27, NULL, '2021-11-02', '15:00:00', '', 1, '2021-11-01 07:27:37');
INSERT INTO `medication_report` (`id`, `medicine_dosage_id`, `pharmacy_id`, `opd_details_id`, `ipd_id`, `date`, `time`, `remark`, `generated_by`, `created_at`) VALUES (92, 1, 1, 29, NULL, '2021-11-24', '14:00:00', '', 1, '2021-11-01 08:34:49');
INSERT INTO `medication_report` (`id`, `medicine_dosage_id`, `pharmacy_id`, `opd_details_id`, `ipd_id`, `date`, `time`, `remark`, `generated_by`, `created_at`) VALUES (96, 1, 1, 32, NULL, '2021-11-05', '13:00:00', '', 1, '2021-11-01 09:01:52');
INSERT INTO `medication_report` (`id`, `medicine_dosage_id`, `pharmacy_id`, `opd_details_id`, `ipd_id`, `date`, `time`, `remark`, `generated_by`, `created_at`) VALUES (97, 1, 1, 32, NULL, '2021-11-05', '14:00:00', '', 1, '2021-11-01 09:02:02');
INSERT INTO `medication_report` (`id`, `medicine_dosage_id`, `pharmacy_id`, `opd_details_id`, `ipd_id`, `date`, `time`, `remark`, `generated_by`, `created_at`) VALUES (98, 1, 1, 32, NULL, '2021-11-05', '15:00:00', '', 1, '2021-11-01 09:02:16');
INSERT INTO `medication_report` (`id`, `medicine_dosage_id`, `pharmacy_id`, `opd_details_id`, `ipd_id`, `date`, `time`, `remark`, `generated_by`, `created_at`) VALUES (99, 1, 1, 32, NULL, '2021-11-05', '16:00:00', '', 1, '2021-11-01 09:02:29');
INSERT INTO `medication_report` (`id`, `medicine_dosage_id`, `pharmacy_id`, `opd_details_id`, `ipd_id`, `date`, `time`, `remark`, `generated_by`, `created_at`) VALUES (100, 1, 1, 32, NULL, '2021-11-05', '17:00:00', '', 1, '2021-11-01 09:04:05');
INSERT INTO `medication_report` (`id`, `medicine_dosage_id`, `pharmacy_id`, `opd_details_id`, `ipd_id`, `date`, `time`, `remark`, `generated_by`, `created_at`) VALUES (101, 1, 95, 32, NULL, '2021-11-08', '13:00:00', '', 1, '2021-11-01 09:04:17');
INSERT INTO `medication_report` (`id`, `medicine_dosage_id`, `pharmacy_id`, `opd_details_id`, `ipd_id`, `date`, `time`, `remark`, `generated_by`, `created_at`) VALUES (102, 1, 95, 32, NULL, '2021-11-08', '14:00:00', '', 1, '2021-11-01 09:04:33');
INSERT INTO `medication_report` (`id`, `medicine_dosage_id`, `pharmacy_id`, `opd_details_id`, `ipd_id`, `date`, `time`, `remark`, `generated_by`, `created_at`) VALUES (103, 6, 90, 32, NULL, '2021-11-10', '14:00:00', '', 1, '2021-11-01 09:04:49');
INSERT INTO `medication_report` (`id`, `medicine_dosage_id`, `pharmacy_id`, `opd_details_id`, `ipd_id`, `date`, `time`, `remark`, `generated_by`, `created_at`) VALUES (104, 1, 1, 104, NULL, '2021-12-03', '13:00:00', '', 1, '2021-12-01 10:35:17');
INSERT INTO `medication_report` (`id`, `medicine_dosage_id`, `pharmacy_id`, `opd_details_id`, `ipd_id`, `date`, `time`, `remark`, `generated_by`, `created_at`) VALUES (111, 1, 1, 104, NULL, '2021-12-03', '14:00:00', '', 1, '2021-12-01 10:36:33');
INSERT INTO `medication_report` (`id`, `medicine_dosage_id`, `pharmacy_id`, `opd_details_id`, `ipd_id`, `date`, `time`, `remark`, `generated_by`, `created_at`) VALUES (112, 1, 1, 104, NULL, '2021-12-03', '15:00:00', '', 1, '2021-12-01 10:36:44');
INSERT INTO `medication_report` (`id`, `medicine_dosage_id`, `pharmacy_id`, `opd_details_id`, `ipd_id`, `date`, `time`, `remark`, `generated_by`, `created_at`) VALUES (113, 1, 1, 104, NULL, '2021-12-03', '16:00:00', '', 1, '2021-12-01 10:37:14');
INSERT INTO `medication_report` (`id`, `medicine_dosage_id`, `pharmacy_id`, `opd_details_id`, `ipd_id`, `date`, `time`, `remark`, `generated_by`, `created_at`) VALUES (114, 2, 84, 104, NULL, '2021-12-04', '13:00:00', '', 1, '2021-12-01 10:37:26');
INSERT INTO `medication_report` (`id`, `medicine_dosage_id`, `pharmacy_id`, `opd_details_id`, `ipd_id`, `date`, `time`, `remark`, `generated_by`, `created_at`) VALUES (115, 7, 2, 104, NULL, '2021-12-06', '13:00:00', '', 1, '2021-12-01 10:37:39');
INSERT INTO `medication_report` (`id`, `medicine_dosage_id`, `pharmacy_id`, `opd_details_id`, `ipd_id`, `date`, `time`, `remark`, `generated_by`, `created_at`) VALUES (116, 8, 2, 104, NULL, '2021-12-06', '14:00:00', '', 1, '2021-12-01 10:37:53');
INSERT INTO `medication_report` (`id`, `medicine_dosage_id`, `pharmacy_id`, `opd_details_id`, `ipd_id`, `date`, `time`, `remark`, `generated_by`, `created_at`) VALUES (117, 7, 2, 104, NULL, '2021-12-06', '15:00:00', '', 1, '2021-12-01 10:38:00');
INSERT INTO `medication_report` (`id`, `medicine_dosage_id`, `pharmacy_id`, `opd_details_id`, `ipd_id`, `date`, `time`, `remark`, `generated_by`, `created_at`) VALUES (118, 2, 84, 103, NULL, '2021-12-01', '13:00:00', '', 1, '2021-12-01 10:49:46');
INSERT INTO `medication_report` (`id`, `medicine_dosage_id`, `pharmacy_id`, `opd_details_id`, `ipd_id`, `date`, `time`, `remark`, `generated_by`, `created_at`) VALUES (119, 2, 84, 103, NULL, '2021-12-01', '14:00:00', '', 1, '2021-12-01 10:50:01');
INSERT INTO `medication_report` (`id`, `medicine_dosage_id`, `pharmacy_id`, `opd_details_id`, `ipd_id`, `date`, `time`, `remark`, `generated_by`, `created_at`) VALUES (120, 2, 84, 103, NULL, '2021-12-01', '15:00:00', '', 1, '2021-12-01 10:50:09');
INSERT INTO `medication_report` (`id`, `medicine_dosage_id`, `pharmacy_id`, `opd_details_id`, `ipd_id`, `date`, `time`, `remark`, `generated_by`, `created_at`) VALUES (121, 2, 84, 103, NULL, '2021-12-01', '16:00:00', '', 1, '2021-12-01 10:50:17');
INSERT INTO `medication_report` (`id`, `medicine_dosage_id`, `pharmacy_id`, `opd_details_id`, `ipd_id`, `date`, `time`, `remark`, `generated_by`, `created_at`) VALUES (122, 7, 93, 103, NULL, '2021-12-02', '14:00:00', '', 1, '2021-12-01 10:50:36');
INSERT INTO `medication_report` (`id`, `medicine_dosage_id`, `pharmacy_id`, `opd_details_id`, `ipd_id`, `date`, `time`, `remark`, `generated_by`, `created_at`) VALUES (123, 1, 1, 103, NULL, '2021-12-03', '13:00:00', '', 1, '2021-12-01 10:50:50');
INSERT INTO `medication_report` (`id`, `medicine_dosage_id`, `pharmacy_id`, `opd_details_id`, `ipd_id`, `date`, `time`, `remark`, `generated_by`, `created_at`) VALUES (124, 1, 1, 103, NULL, '2021-12-03', '14:00:00', '', 1, '2021-12-01 10:51:03');
INSERT INTO `medication_report` (`id`, `medicine_dosage_id`, `pharmacy_id`, `opd_details_id`, `ipd_id`, `date`, `time`, `remark`, `generated_by`, `created_at`) VALUES (125, 1, 1, 102, NULL, '2021-12-03', '13:00:00', '', 1, '2021-12-01 11:23:50');
INSERT INTO `medication_report` (`id`, `medicine_dosage_id`, `pharmacy_id`, `opd_details_id`, `ipd_id`, `date`, `time`, `remark`, `generated_by`, `created_at`) VALUES (126, 1, 1, 102, NULL, '2021-12-03', '12:00:00', '', 1, '2021-12-01 11:23:58');
INSERT INTO `medication_report` (`id`, `medicine_dosage_id`, `pharmacy_id`, `opd_details_id`, `ipd_id`, `date`, `time`, `remark`, `generated_by`, `created_at`) VALUES (127, 1, 1, 102, NULL, '2021-12-03', '15:00:00', '', 1, '2021-12-01 11:24:06');
INSERT INTO `medication_report` (`id`, `medicine_dosage_id`, `pharmacy_id`, `opd_details_id`, `ipd_id`, `date`, `time`, `remark`, `generated_by`, `created_at`) VALUES (128, 1, 95, 102, NULL, '2021-12-04', '13:00:00', '', 1, '2021-12-01 11:24:16');
INSERT INTO `medication_report` (`id`, `medicine_dosage_id`, `pharmacy_id`, `opd_details_id`, `ipd_id`, `date`, `time`, `remark`, `generated_by`, `created_at`) VALUES (129, 1, 95, 102, NULL, '2021-12-04', '12:00:00', '', 1, '2021-12-01 11:24:32');
INSERT INTO `medication_report` (`id`, `medicine_dosage_id`, `pharmacy_id`, `opd_details_id`, `ipd_id`, `date`, `time`, `remark`, `generated_by`, `created_at`) VALUES (130, 2, 84, 102, NULL, '2021-12-04', '12:00:00', '', 1, '2021-12-01 11:24:40');
INSERT INTO `medication_report` (`id`, `medicine_dosage_id`, `pharmacy_id`, `opd_details_id`, `ipd_id`, `date`, `time`, `remark`, `generated_by`, `created_at`) VALUES (131, 2, 84, 102, NULL, '2021-12-06', '17:00:00', '', 1, '2021-12-01 11:24:53');
INSERT INTO `medication_report` (`id`, `medicine_dosage_id`, `pharmacy_id`, `opd_details_id`, `ipd_id`, `date`, `time`, `remark`, `generated_by`, `created_at`) VALUES (132, 8, 93, 102, NULL, '2021-12-08', '13:00:00', '', 1, '2021-12-01 11:25:04');
INSERT INTO `medication_report` (`id`, `medicine_dosage_id`, `pharmacy_id`, `opd_details_id`, `ipd_id`, `date`, `time`, `remark`, `generated_by`, `created_at`) VALUES (133, 8, 93, 102, NULL, '2021-12-08', '14:00:00', '', 1, '2021-12-01 11:27:11');
INSERT INTO `medication_report` (`id`, `medicine_dosage_id`, `pharmacy_id`, `opd_details_id`, `ipd_id`, `date`, `time`, `remark`, `generated_by`, `created_at`) VALUES (134, 8, 2, 102, NULL, '2021-12-08', '15:00:00', '', 1, '2021-12-01 11:27:25');
INSERT INTO `medication_report` (`id`, `medicine_dosage_id`, `pharmacy_id`, `opd_details_id`, `ipd_id`, `date`, `time`, `remark`, `generated_by`, `created_at`) VALUES (135, 8, 93, 102, NULL, '2021-12-08', '12:00:00', '', 1, '2021-12-01 11:27:32');
INSERT INTO `medication_report` (`id`, `medicine_dosage_id`, `pharmacy_id`, `opd_details_id`, `ipd_id`, `date`, `time`, `remark`, `generated_by`, `created_at`) VALUES (136, 7, 93, 102, NULL, '2021-12-08', '16:00:00', '', 1, '2021-12-01 11:27:41');
INSERT INTO `medication_report` (`id`, `medicine_dosage_id`, `pharmacy_id`, `opd_details_id`, `ipd_id`, `date`, `time`, `remark`, `generated_by`, `created_at`) VALUES (137, 7, 2, 102, NULL, '2021-12-08', '16:00:00', '', 1, '2021-12-01 11:27:52');
INSERT INTO `medication_report` (`id`, `medicine_dosage_id`, `pharmacy_id`, `opd_details_id`, `ipd_id`, `date`, `time`, `remark`, `generated_by`, `created_at`) VALUES (138, 8, 2, 102, NULL, '2021-12-08', '17:00:00', '', 1, '2021-12-01 11:27:59');
INSERT INTO `medication_report` (`id`, `medicine_dosage_id`, `pharmacy_id`, `opd_details_id`, `ipd_id`, `date`, `time`, `remark`, `generated_by`, `created_at`) VALUES (150, 1, 1, 106, NULL, '2021-12-01', '13:00:00', '', 1, '2021-12-01 12:32:01');
INSERT INTO `medication_report` (`id`, `medicine_dosage_id`, `pharmacy_id`, `opd_details_id`, `ipd_id`, `date`, `time`, `remark`, `generated_by`, `created_at`) VALUES (151, 2, 84, 106, NULL, '2021-12-01', '13:00:00', '', 1, '2021-12-01 12:32:13');
INSERT INTO `medication_report` (`id`, `medicine_dosage_id`, `pharmacy_id`, `opd_details_id`, `ipd_id`, `date`, `time`, `remark`, `generated_by`, `created_at`) VALUES (152, 1, 1, 106, NULL, '2021-12-02', '13:00:00', '', 1, '2021-12-01 12:32:21');
INSERT INTO `medication_report` (`id`, `medicine_dosage_id`, `pharmacy_id`, `opd_details_id`, `ipd_id`, `date`, `time`, `remark`, `generated_by`, `created_at`) VALUES (153, 1, 1, 106, NULL, '2021-12-02', '12:00:00', '', 1, '2021-12-01 12:32:32');
INSERT INTO `medication_report` (`id`, `medicine_dosage_id`, `pharmacy_id`, `opd_details_id`, `ipd_id`, `date`, `time`, `remark`, `generated_by`, `created_at`) VALUES (154, 1, 1, 106, NULL, '2021-12-02', '14:00:00', '', 1, '2021-12-01 12:32:40');
INSERT INTO `medication_report` (`id`, `medicine_dosage_id`, `pharmacy_id`, `opd_details_id`, `ipd_id`, `date`, `time`, `remark`, `generated_by`, `created_at`) VALUES (155, 1, 1, 106, NULL, '2021-12-02', '17:00:00', '', 1, '2021-12-01 12:32:50');
INSERT INTO `medication_report` (`id`, `medicine_dosage_id`, `pharmacy_id`, `opd_details_id`, `ipd_id`, `date`, `time`, `remark`, `generated_by`, `created_at`) VALUES (156, 1, 1, 106, NULL, '2021-12-02', '11:00:00', '', 1, '2021-12-01 12:33:02');
INSERT INTO `medication_report` (`id`, `medicine_dosage_id`, `pharmacy_id`, `opd_details_id`, `ipd_id`, `date`, `time`, `remark`, `generated_by`, `created_at`) VALUES (157, 1, 1, 106, NULL, '2021-12-01', '12:00:00', '', 1, '2021-12-01 12:33:11');
INSERT INTO `medication_report` (`id`, `medicine_dosage_id`, `pharmacy_id`, `opd_details_id`, `ipd_id`, `date`, `time`, `remark`, `generated_by`, `created_at`) VALUES (158, 8, 2, 106, NULL, '2021-12-03', '13:00:00', '', 1, '2021-12-01 12:33:29');
INSERT INTO `medication_report` (`id`, `medicine_dosage_id`, `pharmacy_id`, `opd_details_id`, `ipd_id`, `date`, `time`, `remark`, `generated_by`, `created_at`) VALUES (159, 2, 84, 73, NULL, '2021-12-02', '13:00:00', '', 1, '2021-12-02 09:29:30');
INSERT INTO `medication_report` (`id`, `medicine_dosage_id`, `pharmacy_id`, `opd_details_id`, `ipd_id`, `date`, `time`, `remark`, `generated_by`, `created_at`) VALUES (160, 2, 84, 73, NULL, '2021-12-02', '12:00:00', '', 1, '2021-12-02 09:29:35');
INSERT INTO `medication_report` (`id`, `medicine_dosage_id`, `pharmacy_id`, `opd_details_id`, `ipd_id`, `date`, `time`, `remark`, `generated_by`, `created_at`) VALUES (161, 2, 84, 73, NULL, '2021-12-02', '14:00:00', '', 1, '2021-12-02 09:29:43');
INSERT INTO `medication_report` (`id`, `medicine_dosage_id`, `pharmacy_id`, `opd_details_id`, `ipd_id`, `date`, `time`, `remark`, `generated_by`, `created_at`) VALUES (162, 2, 84, 73, NULL, '2021-12-02', '16:00:00', '', 1, '2021-12-02 09:29:54');
INSERT INTO `medication_report` (`id`, `medicine_dosage_id`, `pharmacy_id`, `opd_details_id`, `ipd_id`, `date`, `time`, `remark`, `generated_by`, `created_at`) VALUES (169, 1, 1, 104, NULL, '2021-12-07', '13:00:00', '', 1, '2021-12-03 04:45:29');
INSERT INTO `medication_report` (`id`, `medicine_dosage_id`, `pharmacy_id`, `opd_details_id`, `ipd_id`, `date`, `time`, `remark`, `generated_by`, `created_at`) VALUES (170, 1, 1, 104, NULL, '2021-12-07', '14:00:00', '', 1, '2021-12-03 04:45:42');
INSERT INTO `medication_report` (`id`, `medicine_dosage_id`, `pharmacy_id`, `opd_details_id`, `ipd_id`, `date`, `time`, `remark`, `generated_by`, `created_at`) VALUES (171, 1, 1, 104, NULL, '2021-12-07', '12:00:00', '', 1, '2021-12-03 04:45:48');
INSERT INTO `medication_report` (`id`, `medicine_dosage_id`, `pharmacy_id`, `opd_details_id`, `ipd_id`, `date`, `time`, `remark`, `generated_by`, `created_at`) VALUES (185, 1, 1, 104, NULL, '2021-12-09', '13:00:00', '', 1, '2021-12-04 07:05:04');
INSERT INTO `medication_report` (`id`, `medicine_dosage_id`, `pharmacy_id`, `opd_details_id`, `ipd_id`, `date`, `time`, `remark`, `generated_by`, `created_at`) VALUES (195, 1, 1, 112, NULL, '2022-01-06', '14:00:00', '', 1, '2022-01-06 09:03:20');
INSERT INTO `medication_report` (`id`, `medicine_dosage_id`, `pharmacy_id`, `opd_details_id`, `ipd_id`, `date`, `time`, `remark`, `generated_by`, `created_at`) VALUES (196, 1, 1, 112, NULL, '2022-01-06', '15:00:00', '', 1, '2022-01-06 09:03:33');
INSERT INTO `medication_report` (`id`, `medicine_dosage_id`, `pharmacy_id`, `opd_details_id`, `ipd_id`, `date`, `time`, `remark`, `generated_by`, `created_at`) VALUES (197, 1, 1, 112, NULL, '2022-01-06', '16:00:00', '', 1, '2022-01-06 09:03:43');
INSERT INTO `medication_report` (`id`, `medicine_dosage_id`, `pharmacy_id`, `opd_details_id`, `ipd_id`, `date`, `time`, `remark`, `generated_by`, `created_at`) VALUES (198, 1, 1, 112, NULL, '2022-01-07', '13:00:00', '', 1, '2022-01-06 09:03:56');
INSERT INTO `medication_report` (`id`, `medicine_dosage_id`, `pharmacy_id`, `opd_details_id`, `ipd_id`, `date`, `time`, `remark`, `generated_by`, `created_at`) VALUES (199, 2, 84, 112, NULL, '2022-01-10', '13:00:00', '', 1, '2022-01-06 09:04:10');
INSERT INTO `medication_report` (`id`, `medicine_dosage_id`, `pharmacy_id`, `opd_details_id`, `ipd_id`, `date`, `time`, `remark`, `generated_by`, `created_at`) VALUES (201, 1, 1, 118, NULL, '2022-01-09', '13:00:00', '', 1, '2022-01-06 09:42:49');
INSERT INTO `medication_report` (`id`, `medicine_dosage_id`, `pharmacy_id`, `opd_details_id`, `ipd_id`, `date`, `time`, `remark`, `generated_by`, `created_at`) VALUES (202, 2, 84, 118, NULL, '2022-01-12', '13:00:00', '', 1, '2022-01-06 09:42:59');
INSERT INTO `medication_report` (`id`, `medicine_dosage_id`, `pharmacy_id`, `opd_details_id`, `ipd_id`, `date`, `time`, `remark`, `generated_by`, `created_at`) VALUES (203, 3, 42, 118, NULL, '2022-01-12', '13:00:00', '', 1, '2022-01-06 09:43:15');
INSERT INTO `medication_report` (`id`, `medicine_dosage_id`, `pharmacy_id`, `opd_details_id`, `ipd_id`, `date`, `time`, `remark`, `generated_by`, `created_at`) VALUES (204, 1, 1, 237, NULL, '2022-01-06', '01:00:00', '', 1, '2022-01-07 05:45:43');
INSERT INTO `medication_report` (`id`, `medicine_dosage_id`, `pharmacy_id`, `opd_details_id`, `ipd_id`, `date`, `time`, `remark`, `generated_by`, `created_at`) VALUES (205, 1, 1, 237, NULL, '2022-01-06', '13:00:00', '', 1, '2022-01-07 05:53:23');
INSERT INTO `medication_report` (`id`, `medicine_dosage_id`, `pharmacy_id`, `opd_details_id`, `ipd_id`, `date`, `time`, `remark`, `generated_by`, `created_at`) VALUES (206, 1, 1, 237, NULL, '2022-01-06', '12:00:00', '', 1, '2022-01-07 05:53:29');
INSERT INTO `medication_report` (`id`, `medicine_dosage_id`, `pharmacy_id`, `opd_details_id`, `ipd_id`, `date`, `time`, `remark`, `generated_by`, `created_at`) VALUES (207, 1, 1, 237, NULL, '2022-01-06', '14:00:00', '', 1, '2022-01-07 05:53:37');
INSERT INTO `medication_report` (`id`, `medicine_dosage_id`, `pharmacy_id`, `opd_details_id`, `ipd_id`, `date`, `time`, `remark`, `generated_by`, `created_at`) VALUES (208, 1, 1, 237, NULL, '2022-01-06', '15:00:00', '', 1, '2022-01-07 05:53:45');
INSERT INTO `medication_report` (`id`, `medicine_dosage_id`, `pharmacy_id`, `opd_details_id`, `ipd_id`, `date`, `time`, `remark`, `generated_by`, `created_at`) VALUES (209, 2, 84, 237, NULL, '2022-01-07', '13:00:00', '', 1, '2022-01-07 05:53:56');
INSERT INTO `medication_report` (`id`, `medicine_dosage_id`, `pharmacy_id`, `opd_details_id`, `ipd_id`, `date`, `time`, `remark`, `generated_by`, `created_at`) VALUES (210, 2, 84, 237, NULL, '2022-01-07', '14:00:00', '', 1, '2022-01-07 05:54:07');
INSERT INTO `medication_report` (`id`, `medicine_dosage_id`, `pharmacy_id`, `opd_details_id`, `ipd_id`, `date`, `time`, `remark`, `generated_by`, `created_at`) VALUES (211, 2, 84, 237, NULL, '2022-01-09', '13:00:00', '', 1, '2022-01-07 05:56:07');
INSERT INTO `medication_report` (`id`, `medicine_dosage_id`, `pharmacy_id`, `opd_details_id`, `ipd_id`, `date`, `time`, `remark`, `generated_by`, `created_at`) VALUES (212, 2, 84, 237, NULL, '2022-01-09', '12:00:00', '', 1, '2022-01-07 05:56:13');
INSERT INTO `medication_report` (`id`, `medicine_dosage_id`, `pharmacy_id`, `opd_details_id`, `ipd_id`, `date`, `time`, `remark`, `generated_by`, `created_at`) VALUES (213, 1, 1, 117, NULL, '2022-01-07', '13:00:00', '', 1, '2022-01-07 06:08:07');
INSERT INTO `medication_report` (`id`, `medicine_dosage_id`, `pharmacy_id`, `opd_details_id`, `ipd_id`, `date`, `time`, `remark`, `generated_by`, `created_at`) VALUES (214, 1, 1, 117, NULL, '2022-01-07', '14:00:00', '', 1, '2022-01-07 06:08:18');
INSERT INTO `medication_report` (`id`, `medicine_dosage_id`, `pharmacy_id`, `opd_details_id`, `ipd_id`, `date`, `time`, `remark`, `generated_by`, `created_at`) VALUES (215, 1, 1, 117, NULL, '2022-01-07', '12:00:00', '', 1, '2022-01-07 06:08:23');
INSERT INTO `medication_report` (`id`, `medicine_dosage_id`, `pharmacy_id`, `opd_details_id`, `ipd_id`, `date`, `time`, `remark`, `generated_by`, `created_at`) VALUES (216, 1, 1, 117, NULL, '2022-01-07', '15:00:00', '', 1, '2022-01-07 06:08:30');
INSERT INTO `medication_report` (`id`, `medicine_dosage_id`, `pharmacy_id`, `opd_details_id`, `ipd_id`, `date`, `time`, `remark`, `generated_by`, `created_at`) VALUES (217, 1, 1, 117, NULL, '2022-01-08', '13:00:00', '', 1, '2022-01-07 06:08:40');
INSERT INTO `medication_report` (`id`, `medicine_dosage_id`, `pharmacy_id`, `opd_details_id`, `ipd_id`, `date`, `time`, `remark`, `generated_by`, `created_at`) VALUES (222, 1, 1, 499, NULL, '2022-02-02', '13:00:00', '', 1, '2022-02-03 05:37:05');
INSERT INTO `medication_report` (`id`, `medicine_dosage_id`, `pharmacy_id`, `opd_details_id`, `ipd_id`, `date`, `time`, `remark`, `generated_by`, `created_at`) VALUES (223, 1, 1, 499, NULL, '2022-02-02', '14:00:00', '', 1, '2022-02-03 05:37:14');
INSERT INTO `medication_report` (`id`, `medicine_dosage_id`, `pharmacy_id`, `opd_details_id`, `ipd_id`, `date`, `time`, `remark`, `generated_by`, `created_at`) VALUES (224, 1, 1, 499, NULL, '2022-02-02', '15:00:00', '', 1, '2022-02-03 05:37:21');
INSERT INTO `medication_report` (`id`, `medicine_dosage_id`, `pharmacy_id`, `opd_details_id`, `ipd_id`, `date`, `time`, `remark`, `generated_by`, `created_at`) VALUES (225, 1, 1, 499, NULL, '2022-02-02', '16:00:00', '', 1, '2022-02-03 05:37:28');
INSERT INTO `medication_report` (`id`, `medicine_dosage_id`, `pharmacy_id`, `opd_details_id`, `ipd_id`, `date`, `time`, `remark`, `generated_by`, `created_at`) VALUES (226, 2, 84, 499, NULL, '2022-02-03', '13:00:00', 'Capsule do not change without consult with Dr. Mohit ', 1, '2022-02-03 05:39:39');
INSERT INTO `medication_report` (`id`, `medicine_dosage_id`, `pharmacy_id`, `opd_details_id`, `ipd_id`, `date`, `time`, `remark`, `generated_by`, `created_at`) VALUES (227, 2, 84, 499, NULL, '2022-02-03', '12:00:00', '', 1, '2022-02-03 05:37:49');
INSERT INTO `medication_report` (`id`, `medicine_dosage_id`, `pharmacy_id`, `opd_details_id`, `ipd_id`, `date`, `time`, `remark`, `generated_by`, `created_at`) VALUES (228, 2, 84, 499, NULL, '2022-02-03', '14:00:00', '', 1, '2022-02-03 05:37:56');
INSERT INTO `medication_report` (`id`, `medicine_dosage_id`, `pharmacy_id`, `opd_details_id`, `ipd_id`, `date`, `time`, `remark`, `generated_by`, `created_at`) VALUES (229, 2, 84, 499, NULL, '2022-02-03', '15:00:00', '', 1, '2022-02-03 05:38:05');
INSERT INTO `medication_report` (`id`, `medicine_dosage_id`, `pharmacy_id`, `opd_details_id`, `ipd_id`, `date`, `time`, `remark`, `generated_by`, `created_at`) VALUES (230, 2, 84, 499, NULL, '2022-02-03', '17:00:00', '', 1, '2022-02-03 05:38:12');
INSERT INTO `medication_report` (`id`, `medicine_dosage_id`, `pharmacy_id`, `opd_details_id`, `ipd_id`, `date`, `time`, `remark`, `generated_by`, `created_at`) VALUES (231, 1, 1, 499, NULL, '2022-02-04', '13:00:00', '', 1, '2022-02-03 05:38:23');
INSERT INTO `medication_report` (`id`, `medicine_dosage_id`, `pharmacy_id`, `opd_details_id`, `ipd_id`, `date`, `time`, `remark`, `generated_by`, `created_at`) VALUES (232, 2, 84, 499, NULL, '2022-02-05', '09:00:00', '', 1, '2022-02-03 05:38:42');
INSERT INTO `medication_report` (`id`, `medicine_dosage_id`, `pharmacy_id`, `opd_details_id`, `ipd_id`, `date`, `time`, `remark`, `generated_by`, `created_at`) VALUES (233, 2, 84, 494, NULL, '2022-02-02', '13:00:00', '', 1, '2022-02-03 05:54:45');
INSERT INTO `medication_report` (`id`, `medicine_dosage_id`, `pharmacy_id`, `opd_details_id`, `ipd_id`, `date`, `time`, `remark`, `generated_by`, `created_at`) VALUES (234, 2, 84, 494, NULL, '2022-02-02', '12:00:00', '', 1, '2022-02-03 05:55:01');
INSERT INTO `medication_report` (`id`, `medicine_dosage_id`, `pharmacy_id`, `opd_details_id`, `ipd_id`, `date`, `time`, `remark`, `generated_by`, `created_at`) VALUES (235, 2, 84, 494, NULL, '2022-02-02', '14:00:00', '', 1, '2022-02-03 05:56:25');
INSERT INTO `medication_report` (`id`, `medicine_dosage_id`, `pharmacy_id`, `opd_details_id`, `ipd_id`, `date`, `time`, `remark`, `generated_by`, `created_at`) VALUES (236, 1, 1, 494, NULL, '2022-02-03', '13:00:00', '', 1, '2022-02-03 05:56:38');
INSERT INTO `medication_report` (`id`, `medicine_dosage_id`, `pharmacy_id`, `opd_details_id`, `ipd_id`, `date`, `time`, `remark`, `generated_by`, `created_at`) VALUES (237, 7, 2, 494, NULL, '2022-02-05', '14:00:00', '', 1, '2022-02-03 05:57:03');
INSERT INTO `medication_report` (`id`, `medicine_dosage_id`, `pharmacy_id`, `opd_details_id`, `ipd_id`, `date`, `time`, `remark`, `generated_by`, `created_at`) VALUES (238, 1, 1, 488, NULL, '2022-02-02', '13:00:00', '', 1, '2022-02-03 07:09:41');
INSERT INTO `medication_report` (`id`, `medicine_dosage_id`, `pharmacy_id`, `opd_details_id`, `ipd_id`, `date`, `time`, `remark`, `generated_by`, `created_at`) VALUES (239, 1, 1, 488, NULL, '2022-02-02', '14:00:00', '', 1, '2022-02-03 07:09:52');
INSERT INTO `medication_report` (`id`, `medicine_dosage_id`, `pharmacy_id`, `opd_details_id`, `ipd_id`, `date`, `time`, `remark`, `generated_by`, `created_at`) VALUES (240, 1, 1, 488, NULL, '2022-02-02', '15:00:00', '', 1, '2022-02-03 07:10:01');
INSERT INTO `medication_report` (`id`, `medicine_dosage_id`, `pharmacy_id`, `opd_details_id`, `ipd_id`, `date`, `time`, `remark`, `generated_by`, `created_at`) VALUES (241, 1, 1, 488, NULL, '2022-02-04', '10:00:00', '', 1, '2022-02-03 07:10:18');
INSERT INTO `medication_report` (`id`, `medicine_dosage_id`, `pharmacy_id`, `opd_details_id`, `ipd_id`, `date`, `time`, `remark`, `generated_by`, `created_at`) VALUES (252, 2, 84, 483, NULL, '2022-02-07', '14:00:00', '', 1, '2022-02-03 10:17:01');
INSERT INTO `medication_report` (`id`, `medicine_dosage_id`, `pharmacy_id`, `opd_details_id`, `ipd_id`, `date`, `time`, `remark`, `generated_by`, `created_at`) VALUES (258, 1, 1, NULL, 21, '2022-02-07', '08:00:00', '', 1, '2022-02-03 11:34:40');
INSERT INTO `medication_report` (`id`, `medicine_dosage_id`, `pharmacy_id`, `opd_details_id`, `ipd_id`, `date`, `time`, `remark`, `generated_by`, `created_at`) VALUES (259, 1, 1, NULL, 21, '2022-02-07', '10:00:00', '', 1, '2022-02-03 11:34:48');
INSERT INTO `medication_report` (`id`, `medicine_dosage_id`, `pharmacy_id`, `opd_details_id`, `ipd_id`, `date`, `time`, `remark`, `generated_by`, `created_at`) VALUES (260, 2, 84, NULL, 21, '2022-02-08', '07:00:00', '', 1, '2022-02-03 11:35:04');
INSERT INTO `medication_report` (`id`, `medicine_dosage_id`, `pharmacy_id`, `opd_details_id`, `ipd_id`, `date`, `time`, `remark`, `generated_by`, `created_at`) VALUES (269, 1, 1, 739, NULL, '2022-03-03', '13:00:00', '', 1, '2022-03-03 12:33:02');
INSERT INTO `medication_report` (`id`, `medicine_dosage_id`, `pharmacy_id`, `opd_details_id`, `ipd_id`, `date`, `time`, `remark`, `generated_by`, `created_at`) VALUES (270, 2, 84, 739, NULL, '2022-03-04', '13:00:00', '', 1, '2022-03-03 12:33:14');
INSERT INTO `medication_report` (`id`, `medicine_dosage_id`, `pharmacy_id`, `opd_details_id`, `ipd_id`, `date`, `time`, `remark`, `generated_by`, `created_at`) VALUES (271, 2, 84, 739, NULL, '2022-03-04', '14:00:00', '', 1, '2022-03-03 12:33:37');
INSERT INTO `medication_report` (`id`, `medicine_dosage_id`, `pharmacy_id`, `opd_details_id`, `ipd_id`, `date`, `time`, `remark`, `generated_by`, `created_at`) VALUES (272, 2, 84, 739, NULL, '2022-03-04', '15:00:00', '', 1, '2022-03-03 12:33:44');
INSERT INTO `medication_report` (`id`, `medicine_dosage_id`, `pharmacy_id`, `opd_details_id`, `ipd_id`, `date`, `time`, `remark`, `generated_by`, `created_at`) VALUES (273, 2, 84, 739, NULL, '2022-03-04', '16:00:00', '', 1, '2022-03-03 12:33:51');
INSERT INTO `medication_report` (`id`, `medicine_dosage_id`, `pharmacy_id`, `opd_details_id`, `ipd_id`, `date`, `time`, `remark`, `generated_by`, `created_at`) VALUES (274, 1, 1, 739, NULL, '2022-03-03', '12:00:00', '', 1, '2022-03-03 12:34:03');
INSERT INTO `medication_report` (`id`, `medicine_dosage_id`, `pharmacy_id`, `opd_details_id`, `ipd_id`, `date`, `time`, `remark`, `generated_by`, `created_at`) VALUES (275, 2, 84, 739, NULL, '2022-03-07', '16:00:00', '', 1, '2022-03-03 12:35:26');
INSERT INTO `medication_report` (`id`, `medicine_dosage_id`, `pharmacy_id`, `opd_details_id`, `ipd_id`, `date`, `time`, `remark`, `generated_by`, `created_at`) VALUES (276, 2, 84, 736, NULL, '2022-03-07', '13:00:00', '', 1, '2022-03-03 12:44:16');
INSERT INTO `medication_report` (`id`, `medicine_dosage_id`, `pharmacy_id`, `opd_details_id`, `ipd_id`, `date`, `time`, `remark`, `generated_by`, `created_at`) VALUES (277, 2, 84, 736, NULL, '2022-03-07', '14:00:00', '', 1, '2022-03-03 12:44:29');
INSERT INTO `medication_report` (`id`, `medicine_dosage_id`, `pharmacy_id`, `opd_details_id`, `ipd_id`, `date`, `time`, `remark`, `generated_by`, `created_at`) VALUES (278, 2, 84, 736, NULL, '2022-03-07', '15:00:00', '', 1, '2022-03-03 12:44:37');
INSERT INTO `medication_report` (`id`, `medicine_dosage_id`, `pharmacy_id`, `opd_details_id`, `ipd_id`, `date`, `time`, `remark`, `generated_by`, `created_at`) VALUES (279, 2, 84, 736, NULL, '2022-03-07', '01:00:00', '', 1, '2022-03-03 12:44:50');
INSERT INTO `medication_report` (`id`, `medicine_dosage_id`, `pharmacy_id`, `opd_details_id`, `ipd_id`, `date`, `time`, `remark`, `generated_by`, `created_at`) VALUES (280, 1, 1, 725, NULL, '2022-03-07', '13:00:00', '', 1, '2022-03-03 12:47:30');
INSERT INTO `medication_report` (`id`, `medicine_dosage_id`, `pharmacy_id`, `opd_details_id`, `ipd_id`, `date`, `time`, `remark`, `generated_by`, `created_at`) VALUES (281, 1, 1, 725, NULL, '2022-03-07', '14:00:00', '', 1, '2022-03-03 12:47:40');
INSERT INTO `medication_report` (`id`, `medicine_dosage_id`, `pharmacy_id`, `opd_details_id`, `ipd_id`, `date`, `time`, `remark`, `generated_by`, `created_at`) VALUES (282, 1, 1, 725, NULL, '2022-03-07', '15:00:00', '', 1, '2022-03-03 12:47:47');
INSERT INTO `medication_report` (`id`, `medicine_dosage_id`, `pharmacy_id`, `opd_details_id`, `ipd_id`, `date`, `time`, `remark`, `generated_by`, `created_at`) VALUES (283, 2, 84, 725, NULL, '2022-03-08', '13:00:00', '', 1, '2022-03-03 12:47:56');
INSERT INTO `medication_report` (`id`, `medicine_dosage_id`, `pharmacy_id`, `opd_details_id`, `ipd_id`, `date`, `time`, `remark`, `generated_by`, `created_at`) VALUES (284, 2, 84, 725, NULL, '2022-03-10', '16:00:00', '', 1, '2022-03-03 12:48:09');
INSERT INTO `medication_report` (`id`, `medicine_dosage_id`, `pharmacy_id`, `opd_details_id`, `ipd_id`, `date`, `time`, `remark`, `generated_by`, `created_at`) VALUES (285, 2, 84, 709, NULL, '2022-03-09', '14:00:00', '', 1, '2022-03-03 12:58:52');
INSERT INTO `medication_report` (`id`, `medicine_dosage_id`, `pharmacy_id`, `opd_details_id`, `ipd_id`, `date`, `time`, `remark`, `generated_by`, `created_at`) VALUES (286, 2, 84, 709, NULL, '2022-03-09', '15:00:00', '', 1, '2022-03-03 12:59:04');
INSERT INTO `medication_report` (`id`, `medicine_dosage_id`, `pharmacy_id`, `opd_details_id`, `ipd_id`, `date`, `time`, `remark`, `generated_by`, `created_at`) VALUES (293, 1, 1, 740, NULL, '2022-03-15', '13:00:00', '', 1, '2022-03-04 05:09:44');
INSERT INTO `medication_report` (`id`, `medicine_dosage_id`, `pharmacy_id`, `opd_details_id`, `ipd_id`, `date`, `time`, `remark`, `generated_by`, `created_at`) VALUES (294, 1, 1, 740, NULL, '2022-03-15', '14:00:00', '', 1, '2022-03-04 05:09:50');
INSERT INTO `medication_report` (`id`, `medicine_dosage_id`, `pharmacy_id`, `opd_details_id`, `ipd_id`, `date`, `time`, `remark`, `generated_by`, `created_at`) VALUES (295, 1, 1, 740, NULL, '2022-03-15', '15:00:00', '', 1, '2022-03-04 05:09:57');
INSERT INTO `medication_report` (`id`, `medicine_dosage_id`, `pharmacy_id`, `opd_details_id`, `ipd_id`, `date`, `time`, `remark`, `generated_by`, `created_at`) VALUES (296, 1, 1, 740, NULL, '2022-03-15', '16:00:00', '', 1, '2022-03-04 05:10:20');
INSERT INTO `medication_report` (`id`, `medicine_dosage_id`, `pharmacy_id`, `opd_details_id`, `ipd_id`, `date`, `time`, `remark`, `generated_by`, `created_at`) VALUES (297, 2, 84, 740, NULL, '2022-03-16', '13:00:00', '', 1, '2022-03-04 05:10:31');
INSERT INTO `medication_report` (`id`, `medicine_dosage_id`, `pharmacy_id`, `opd_details_id`, `ipd_id`, `date`, `time`, `remark`, `generated_by`, `created_at`) VALUES (299, 1, 1, 606, NULL, '2022-04-04', '13:00:00', '', 1, '2022-04-01 09:32:25');
INSERT INTO `medication_report` (`id`, `medicine_dosage_id`, `pharmacy_id`, `opd_details_id`, `ipd_id`, `date`, `time`, `remark`, `generated_by`, `created_at`) VALUES (300, 1, 95, 606, NULL, '2022-04-04', '12:00:00', '', 1, '2022-04-01 09:32:35');
INSERT INTO `medication_report` (`id`, `medicine_dosage_id`, `pharmacy_id`, `opd_details_id`, `ipd_id`, `date`, `time`, `remark`, `generated_by`, `created_at`) VALUES (301, 1, 1, 606, NULL, '2022-04-04', '14:00:00', '', 1, '2022-04-01 09:33:33');
INSERT INTO `medication_report` (`id`, `medicine_dosage_id`, `pharmacy_id`, `opd_details_id`, `ipd_id`, `date`, `time`, `remark`, `generated_by`, `created_at`) VALUES (302, 1, 1, 606, NULL, '2022-04-04', '15:00:00', '', 1, '2022-04-01 09:33:50');
INSERT INTO `medication_report` (`id`, `medicine_dosage_id`, `pharmacy_id`, `opd_details_id`, `ipd_id`, `date`, `time`, `remark`, `generated_by`, `created_at`) VALUES (303, 1, 1, 606, NULL, '2022-04-04', '16:00:00', '', 1, '2022-04-01 09:34:03');
INSERT INTO `medication_report` (`id`, `medicine_dosage_id`, `pharmacy_id`, `opd_details_id`, `ipd_id`, `date`, `time`, `remark`, `generated_by`, `created_at`) VALUES (304, 1, 1, 606, NULL, '2022-04-04', '17:00:00', '', 1, '2022-04-01 09:34:19');
INSERT INTO `medication_report` (`id`, `medicine_dosage_id`, `pharmacy_id`, `opd_details_id`, `ipd_id`, `date`, `time`, `remark`, `generated_by`, `created_at`) VALUES (305, 1, 1, 606, NULL, '2022-04-04', '18:00:00', '', 1, '2022-04-01 09:34:59');
INSERT INTO `medication_report` (`id`, `medicine_dosage_id`, `pharmacy_id`, `opd_details_id`, `ipd_id`, `date`, `time`, `remark`, `generated_by`, `created_at`) VALUES (306, 1, 95, 606, NULL, '2022-04-04', '13:00:00', '', 1, '2022-04-01 09:35:19');
INSERT INTO `medication_report` (`id`, `medicine_dosage_id`, `pharmacy_id`, `opd_details_id`, `ipd_id`, `date`, `time`, `remark`, `generated_by`, `created_at`) VALUES (307, 1, 95, 606, NULL, '2022-04-04', '14:00:00', '', 1, '2022-04-01 09:35:26');
INSERT INTO `medication_report` (`id`, `medicine_dosage_id`, `pharmacy_id`, `opd_details_id`, `ipd_id`, `date`, `time`, `remark`, `generated_by`, `created_at`) VALUES (308, 1, 95, 606, NULL, '2022-04-04', '15:00:00', '', 1, '2022-04-01 09:35:37');
INSERT INTO `medication_report` (`id`, `medicine_dosage_id`, `pharmacy_id`, `opd_details_id`, `ipd_id`, `date`, `time`, `remark`, `generated_by`, `created_at`) VALUES (309, 1, 95, 606, NULL, '2022-04-04', '16:00:00', '', 1, '2022-04-01 09:35:50');
INSERT INTO `medication_report` (`id`, `medicine_dosage_id`, `pharmacy_id`, `opd_details_id`, `ipd_id`, `date`, `time`, `remark`, `generated_by`, `created_at`) VALUES (310, 2, 84, 606, NULL, '2022-04-05', '13:00:00', '', 1, '2022-04-01 09:36:07');
INSERT INTO `medication_report` (`id`, `medicine_dosage_id`, `pharmacy_id`, `opd_details_id`, `ipd_id`, `date`, `time`, `remark`, `generated_by`, `created_at`) VALUES (315, 1, 1, 948, NULL, '2022-04-04', '12:00:00', '', 1, '2022-04-02 07:16:52');
INSERT INTO `medication_report` (`id`, `medicine_dosage_id`, `pharmacy_id`, `opd_details_id`, `ipd_id`, `date`, `time`, `remark`, `generated_by`, `created_at`) VALUES (316, 7, 2, 948, NULL, '2022-04-06', '13:00:00', '', 1, '2022-04-02 07:17:04');
INSERT INTO `medication_report` (`id`, `medicine_dosage_id`, `pharmacy_id`, `opd_details_id`, `ipd_id`, `date`, `time`, `remark`, `generated_by`, `created_at`) VALUES (317, 7, 93, 948, NULL, '2022-04-08', '13:00:00', '', 1, '2022-04-02 07:17:14');
INSERT INTO `medication_report` (`id`, `medicine_dosage_id`, `pharmacy_id`, `opd_details_id`, `ipd_id`, `date`, `time`, `remark`, `generated_by`, `created_at`) VALUES (318, 2, 84, 948, NULL, '2022-04-08', '14:00:00', '', 1, '2022-04-02 07:17:33');
INSERT INTO `medication_report` (`id`, `medicine_dosage_id`, `pharmacy_id`, `opd_details_id`, `ipd_id`, `date`, `time`, `remark`, `generated_by`, `created_at`) VALUES (319, 1, 1, 987, NULL, '2022-04-04', '12:00:00', '', 1, '2022-04-02 07:26:28');
INSERT INTO `medication_report` (`id`, `medicine_dosage_id`, `pharmacy_id`, `opd_details_id`, `ipd_id`, `date`, `time`, `remark`, `generated_by`, `created_at`) VALUES (320, 1, 1, 987, NULL, '2022-04-05', '13:00:00', '', 1, '2022-04-02 07:26:41');
INSERT INTO `medication_report` (`id`, `medicine_dosage_id`, `pharmacy_id`, `opd_details_id`, `ipd_id`, `date`, `time`, `remark`, `generated_by`, `created_at`) VALUES (321, 1, 1, 987, NULL, '2022-04-05', '14:00:00', '', 1, '2022-04-02 07:26:59');
INSERT INTO `medication_report` (`id`, `medicine_dosage_id`, `pharmacy_id`, `opd_details_id`, `ipd_id`, `date`, `time`, `remark`, `generated_by`, `created_at`) VALUES (322, 1, 1, 987, NULL, '2022-04-05', '15:00:00', '', 1, '2022-04-02 07:27:06');
INSERT INTO `medication_report` (`id`, `medicine_dosage_id`, `pharmacy_id`, `opd_details_id`, `ipd_id`, `date`, `time`, `remark`, `generated_by`, `created_at`) VALUES (323, 1, 1, 986, NULL, '2022-04-05', '00:00:00', '', 1, '2022-04-02 07:32:12');
INSERT INTO `medication_report` (`id`, `medicine_dosage_id`, `pharmacy_id`, `opd_details_id`, `ipd_id`, `date`, `time`, `remark`, `generated_by`, `created_at`) VALUES (324, 2, 84, 986, NULL, '2022-04-05', '13:00:00', '', 1, '2022-04-02 07:32:22');
INSERT INTO `medication_report` (`id`, `medicine_dosage_id`, `pharmacy_id`, `opd_details_id`, `ipd_id`, `date`, `time`, `remark`, `generated_by`, `created_at`) VALUES (325, 1, 1, NULL, 26, '2022-04-04', '12:00:00', '', 1, '2022-04-02 07:43:58');
INSERT INTO `medication_report` (`id`, `medicine_dosage_id`, `pharmacy_id`, `opd_details_id`, `ipd_id`, `date`, `time`, `remark`, `generated_by`, `created_at`) VALUES (326, 2, 84, NULL, 26, '2022-04-04', '13:00:00', '', 1, '2022-04-02 07:44:06');
INSERT INTO `medication_report` (`id`, `medicine_dosage_id`, `pharmacy_id`, `opd_details_id`, `ipd_id`, `date`, `time`, `remark`, `generated_by`, `created_at`) VALUES (343, 1, 1, 1194, NULL, '2022-05-03', '14:00:00', '', 1, '2022-05-03 09:06:33');
INSERT INTO `medication_report` (`id`, `medicine_dosage_id`, `pharmacy_id`, `opd_details_id`, `ipd_id`, `date`, `time`, `remark`, `generated_by`, `created_at`) VALUES (344, 2, 84, 1194, NULL, '2022-05-03', '15:00:00', '', 1, '2022-05-03 09:06:48');
INSERT INTO `medication_report` (`id`, `medicine_dosage_id`, `pharmacy_id`, `opd_details_id`, `ipd_id`, `date`, `time`, `remark`, `generated_by`, `created_at`) VALUES (345, 1, 1, 1179, NULL, '2022-05-04', '13:10:00', '', 1, '2022-05-03 09:06:54');
INSERT INTO `medication_report` (`id`, `medicine_dosage_id`, `pharmacy_id`, `opd_details_id`, `ipd_id`, `date`, `time`, `remark`, `generated_by`, `created_at`) VALUES (346, 1, 1, 1194, NULL, '2022-05-03', '15:00:00', '', 1, '2022-05-03 09:07:04');
INSERT INTO `medication_report` (`id`, `medicine_dosage_id`, `pharmacy_id`, `opd_details_id`, `ipd_id`, `date`, `time`, `remark`, `generated_by`, `created_at`) VALUES (347, 1, 1, 1194, NULL, '2022-05-03', '16:00:00', '', 1, '2022-05-03 09:08:32');
INSERT INTO `medication_report` (`id`, `medicine_dosage_id`, `pharmacy_id`, `opd_details_id`, `ipd_id`, `date`, `time`, `remark`, `generated_by`, `created_at`) VALUES (348, 2, 84, 1194, NULL, '2022-05-04', '14:00:00', '', 1, '2022-05-03 09:09:19');
INSERT INTO `medication_report` (`id`, `medicine_dosage_id`, `pharmacy_id`, `opd_details_id`, `ipd_id`, `date`, `time`, `remark`, `generated_by`, `created_at`) VALUES (349, 1, 95, 1179, NULL, '2022-05-05', '12:15:00', '', 1, '2022-05-03 09:09:27');
INSERT INTO `medication_report` (`id`, `medicine_dosage_id`, `pharmacy_id`, `opd_details_id`, `ipd_id`, `date`, `time`, `remark`, `generated_by`, `created_at`) VALUES (350, 2, 84, 1189, NULL, '2022-05-04', '13:00:00', '', 1, '2022-05-03 09:23:16');
INSERT INTO `medication_report` (`id`, `medicine_dosage_id`, `pharmacy_id`, `opd_details_id`, `ipd_id`, `date`, `time`, `remark`, `generated_by`, `created_at`) VALUES (351, 1, 1, 1183, NULL, '2022-05-04', '13:00:00', '', 1, '2022-05-03 09:24:39');
INSERT INTO `medication_report` (`id`, `medicine_dosage_id`, `pharmacy_id`, `opd_details_id`, `ipd_id`, `date`, `time`, `remark`, `generated_by`, `created_at`) VALUES (352, 2, 84, 1183, NULL, '2022-05-05', '14:10:00', '', 1, '2022-05-03 09:24:57');
INSERT INTO `medication_report` (`id`, `medicine_dosage_id`, `pharmacy_id`, `opd_details_id`, `ipd_id`, `date`, `time`, `remark`, `generated_by`, `created_at`) VALUES (353, 7, 2, 1183, NULL, '2022-05-06', '12:45:00', '', 1, '2022-05-03 09:25:18');
INSERT INTO `medication_report` (`id`, `medicine_dosage_id`, `pharmacy_id`, `opd_details_id`, `ipd_id`, `date`, `time`, `remark`, `generated_by`, `created_at`) VALUES (354, 2, 84, 1189, NULL, '2022-05-05', '13:00:00', '', 1, '2022-05-03 09:27:03');
INSERT INTO `medication_report` (`id`, `medicine_dosage_id`, `pharmacy_id`, `opd_details_id`, `ipd_id`, `date`, `time`, `remark`, `generated_by`, `created_at`) VALUES (355, 7, 2, 1183, NULL, '2022-05-06', '20:00:00', '', 1, '2022-05-03 09:28:35');
INSERT INTO `medication_report` (`id`, `medicine_dosage_id`, `pharmacy_id`, `opd_details_id`, `ipd_id`, `date`, `time`, `remark`, `generated_by`, `created_at`) VALUES (356, 2, 84, 1183, NULL, '2022-05-05', '19:00:00', '', 1, '2022-05-03 09:28:47');
INSERT INTO `medication_report` (`id`, `medicine_dosage_id`, `pharmacy_id`, `opd_details_id`, `ipd_id`, `date`, `time`, `remark`, `generated_by`, `created_at`) VALUES (357, 1, 1, 1183, NULL, '2022-05-04', '18:00:00', '', 1, '2022-05-03 09:29:01');
INSERT INTO `medication_report` (`id`, `medicine_dosage_id`, `pharmacy_id`, `opd_details_id`, `ipd_id`, `date`, `time`, `remark`, `generated_by`, `created_at`) VALUES (369, 1, 1, NULL, 31, '2022-05-03', '13:00:00', '', 1, '2022-05-03 11:27:19');
INSERT INTO `medication_report` (`id`, `medicine_dosage_id`, `pharmacy_id`, `opd_details_id`, `ipd_id`, `date`, `time`, `remark`, `generated_by`, `created_at`) VALUES (370, 2, 84, 1194, NULL, '2022-05-04', '12:00:00', '', 16, '2022-05-03 12:01:26');
INSERT INTO `medication_report` (`id`, `medicine_dosage_id`, `pharmacy_id`, `opd_details_id`, `ipd_id`, `date`, `time`, `remark`, `generated_by`, `created_at`) VALUES (372, 1, 1, 1412, NULL, '2022-06-01', '13:00:00', '', 14, '2022-06-02 11:45:47');
INSERT INTO `medication_report` (`id`, `medicine_dosage_id`, `pharmacy_id`, `opd_details_id`, `ipd_id`, `date`, `time`, `remark`, `generated_by`, `created_at`) VALUES (373, 2, 84, 1412, NULL, '2022-06-02', '12:00:00', '', 14, '2022-06-02 11:45:59');
INSERT INTO `medication_report` (`id`, `medicine_dosage_id`, `pharmacy_id`, `opd_details_id`, `ipd_id`, `date`, `time`, `remark`, `generated_by`, `created_at`) VALUES (374, 1, 1, 1408, NULL, '2022-06-03', '13:00:00', '', 14, '2022-06-02 11:48:21');
INSERT INTO `medication_report` (`id`, `medicine_dosage_id`, `pharmacy_id`, `opd_details_id`, `ipd_id`, `date`, `time`, `remark`, `generated_by`, `created_at`) VALUES (375, 1, 1, 1408, NULL, '2022-06-03', '14:00:00', '', 14, '2022-06-02 11:48:33');
INSERT INTO `medication_report` (`id`, `medicine_dosage_id`, `pharmacy_id`, `opd_details_id`, `ipd_id`, `date`, `time`, `remark`, `generated_by`, `created_at`) VALUES (376, 2, 84, 1408, NULL, '2022-06-04', '13:00:00', '', 14, '2022-06-02 11:48:49');
INSERT INTO `medication_report` (`id`, `medicine_dosage_id`, `pharmacy_id`, `opd_details_id`, `ipd_id`, `date`, `time`, `remark`, `generated_by`, `created_at`) VALUES (377, 1, 1, 1404, NULL, '2022-06-30', '17:35:00', '', 1, '2022-06-02 11:56:18');
INSERT INTO `medication_report` (`id`, `medicine_dosage_id`, `pharmacy_id`, `opd_details_id`, `ipd_id`, `date`, `time`, `remark`, `generated_by`, `created_at`) VALUES (378, 1, 1, 1404, NULL, '2022-06-30', '13:00:00', '', 1, '2022-06-02 11:57:30');
INSERT INTO `medication_report` (`id`, `medicine_dosage_id`, `pharmacy_id`, `opd_details_id`, `ipd_id`, `date`, `time`, `remark`, `generated_by`, `created_at`) VALUES (379, 1, 1, 1404, NULL, '2022-06-30', '22:00:00', '', 1, '2022-06-02 11:57:41');
INSERT INTO `medication_report` (`id`, `medicine_dosage_id`, `pharmacy_id`, `opd_details_id`, `ipd_id`, `date`, `time`, `remark`, `generated_by`, `created_at`) VALUES (380, 2, 84, 1404, NULL, '2022-06-30', '15:01:00', '', 1, '2022-06-02 11:58:02');
INSERT INTO `medication_report` (`id`, `medicine_dosage_id`, `pharmacy_id`, `opd_details_id`, `ipd_id`, `date`, `time`, `remark`, `generated_by`, `created_at`) VALUES (381, 2, 84, 1404, NULL, '2022-06-30', '19:00:00', '', 1, '2022-06-02 11:58:16');
INSERT INTO `medication_report` (`id`, `medicine_dosage_id`, `pharmacy_id`, `opd_details_id`, `ipd_id`, `date`, `time`, `remark`, `generated_by`, `created_at`) VALUES (382, 2, 84, 1404, NULL, '2022-06-30', '05:00:00', '', 1, '2022-06-02 11:58:36');
INSERT INTO `medication_report` (`id`, `medicine_dosage_id`, `pharmacy_id`, `opd_details_id`, `ipd_id`, `date`, `time`, `remark`, `generated_by`, `created_at`) VALUES (383, 7, 2, 1404, NULL, '2022-06-30', '14:00:00', '', 1, '2022-06-02 11:58:55');
INSERT INTO `medication_report` (`id`, `medicine_dosage_id`, `pharmacy_id`, `opd_details_id`, `ipd_id`, `date`, `time`, `remark`, `generated_by`, `created_at`) VALUES (384, 7, 2, 1404, NULL, '2022-06-30', '21:00:00', '', 1, '2022-06-02 11:59:09');
INSERT INTO `medication_report` (`id`, `medicine_dosage_id`, `pharmacy_id`, `opd_details_id`, `ipd_id`, `date`, `time`, `remark`, `generated_by`, `created_at`) VALUES (385, 8, 2, 1404, NULL, '2022-06-30', '06:00:00', '', 1, '2022-06-02 11:59:28');
INSERT INTO `medication_report` (`id`, `medicine_dosage_id`, `pharmacy_id`, `opd_details_id`, `ipd_id`, `date`, `time`, `remark`, `generated_by`, `created_at`) VALUES (386, 7, 2, 1412, NULL, '2022-06-02', '12:00:00', '', 14, '2022-06-02 12:03:21');
INSERT INTO `medication_report` (`id`, `medicine_dosage_id`, `pharmacy_id`, `opd_details_id`, `ipd_id`, `date`, `time`, `remark`, `generated_by`, `created_at`) VALUES (387, 2, 84, 1412, NULL, '2022-06-02', '13:00:00', '', 14, '2022-06-02 12:03:29');
INSERT INTO `medication_report` (`id`, `medicine_dosage_id`, `pharmacy_id`, `opd_details_id`, `ipd_id`, `date`, `time`, `remark`, `generated_by`, `created_at`) VALUES (388, 2, 84, NULL, 31, '2022-06-07', '12:00:00', '', 14, '2022-06-02 12:05:30');
INSERT INTO `medication_report` (`id`, `medicine_dosage_id`, `pharmacy_id`, `opd_details_id`, `ipd_id`, `date`, `time`, `remark`, `generated_by`, `created_at`) VALUES (389, 1, 1, NULL, 31, '2022-06-08', '13:00:00', '', 14, '2022-06-02 12:15:21');
INSERT INTO `medication_report` (`id`, `medicine_dosage_id`, `pharmacy_id`, `opd_details_id`, `ipd_id`, `date`, `time`, `remark`, `generated_by`, `created_at`) VALUES (390, 1, 1, NULL, 31, '2022-06-08', '14:00:00', '', 14, '2022-06-02 12:15:33');
INSERT INTO `medication_report` (`id`, `medicine_dosage_id`, `pharmacy_id`, `opd_details_id`, `ipd_id`, `date`, `time`, `remark`, `generated_by`, `created_at`) VALUES (407, 1, 1, 1616, NULL, '2022-07-02', '13:00:00', '', 1, '2022-07-02 12:12:44');
INSERT INTO `medication_report` (`id`, `medicine_dosage_id`, `pharmacy_id`, `opd_details_id`, `ipd_id`, `date`, `time`, `remark`, `generated_by`, `created_at`) VALUES (408, 1, 1, 1616, NULL, '2022-07-02', '14:00:00', '', 1, '2022-07-02 12:13:01');
INSERT INTO `medication_report` (`id`, `medicine_dosage_id`, `pharmacy_id`, `opd_details_id`, `ipd_id`, `date`, `time`, `remark`, `generated_by`, `created_at`) VALUES (411, 1, 95, 1613, NULL, '2022-07-06', '13:00:00', '', 1, '2022-07-02 12:21:45');
INSERT INTO `medication_report` (`id`, `medicine_dosage_id`, `pharmacy_id`, `opd_details_id`, `ipd_id`, `date`, `time`, `remark`, `generated_by`, `created_at`) VALUES (412, 1, 1, 1616, NULL, '2022-07-04', '14:00:00', '', 1, '2022-07-02 12:23:00');
INSERT INTO `medication_report` (`id`, `medicine_dosage_id`, `pharmacy_id`, `opd_details_id`, `ipd_id`, `date`, `time`, `remark`, `generated_by`, `created_at`) VALUES (413, 7, 93, 1616, NULL, '2022-07-07', '10:00:00', '', 1, '2022-07-02 12:23:18');
INSERT INTO `medication_report` (`id`, `medicine_dosage_id`, `pharmacy_id`, `opd_details_id`, `ipd_id`, `date`, `time`, `remark`, `generated_by`, `created_at`) VALUES (414, 2, 84, 1613, NULL, '2022-07-11', '14:00:00', '', 1, '2022-07-02 12:25:17');
INSERT INTO `medication_report` (`id`, `medicine_dosage_id`, `pharmacy_id`, `opd_details_id`, `ipd_id`, `date`, `time`, `remark`, `generated_by`, `created_at`) VALUES (421, 2, 84, 1617, NULL, '2022-07-03', '08:00:00', '', 1, '2022-07-02 13:38:58');
INSERT INTO `medication_report` (`id`, `medicine_dosage_id`, `pharmacy_id`, `opd_details_id`, `ipd_id`, `date`, `time`, `remark`, `generated_by`, `created_at`) VALUES (422, 2, 84, 1617, NULL, '2022-07-05', '11:00:00', '', 1, '2022-07-02 13:39:15');
INSERT INTO `medication_report` (`id`, `medicine_dosage_id`, `pharmacy_id`, `opd_details_id`, `ipd_id`, `date`, `time`, `remark`, `generated_by`, `created_at`) VALUES (423, 8, 2, 1617, NULL, '2022-07-07', '13:00:00', '', 1, '2022-07-02 13:39:36');
INSERT INTO `medication_report` (`id`, `medicine_dosage_id`, `pharmacy_id`, `opd_details_id`, `ipd_id`, `date`, `time`, `remark`, `generated_by`, `created_at`) VALUES (424, 2, 84, 1617, NULL, '2022-07-03', '14:00:00', '', 1, '2022-07-02 13:39:54');
INSERT INTO `medication_report` (`id`, `medicine_dosage_id`, `pharmacy_id`, `opd_details_id`, `ipd_id`, `date`, `time`, `remark`, `generated_by`, `created_at`) VALUES (427, 1, 1, 1631, NULL, '2022-08-01', '08:30:00', '', 1, '2022-08-04 04:51:03');
INSERT INTO `medication_report` (`id`, `medicine_dosage_id`, `pharmacy_id`, `opd_details_id`, `ipd_id`, `date`, `time`, `remark`, `generated_by`, `created_at`) VALUES (428, 2, 84, 1631, NULL, '2022-08-02', '10:00:00', '', 1, '2022-08-04 04:51:25');
INSERT INTO `medication_report` (`id`, `medicine_dosage_id`, `pharmacy_id`, `opd_details_id`, `ipd_id`, `date`, `time`, `remark`, `generated_by`, `created_at`) VALUES (462, 2, 84, NULL, 47, '2022-10-09', '12:30:00', '', 1, '2022-10-04 09:57:48');
INSERT INTO `medication_report` (`id`, `medicine_dosage_id`, `pharmacy_id`, `opd_details_id`, `ipd_id`, `date`, `time`, `remark`, `generated_by`, `created_at`) VALUES (463, 7, 97, NULL, 47, '2022-10-10', '13:00:00', '', 1, '2022-10-04 09:58:02');
INSERT INTO `medication_report` (`id`, `medicine_dosage_id`, `pharmacy_id`, `opd_details_id`, `ipd_id`, `date`, `time`, `remark`, `generated_by`, `created_at`) VALUES (464, 3, 41, NULL, 47, '2022-10-10', '15:00:00', '', 1, '2022-10-04 09:58:18');
INSERT INTO `medication_report` (`id`, `medicine_dosage_id`, `pharmacy_id`, `opd_details_id`, `ipd_id`, `date`, `time`, `remark`, `generated_by`, `created_at`) VALUES (475, 1, 1, 2191, NULL, '2022-10-06', '00:30:00', '', 1, '2022-10-06 06:43:33');
INSERT INTO `medication_report` (`id`, `medicine_dosage_id`, `pharmacy_id`, `opd_details_id`, `ipd_id`, `date`, `time`, `remark`, `generated_by`, `created_at`) VALUES (476, 2, 84, 2194, NULL, '2022-10-06', '13:30:00', '', 1, '2022-10-06 07:11:26');
INSERT INTO `medication_report` (`id`, `medicine_dosage_id`, `pharmacy_id`, `opd_details_id`, `ipd_id`, `date`, `time`, `remark`, `generated_by`, `created_at`) VALUES (477, 7, 2, 2194, NULL, '2022-10-06', '20:30:00', '', 1, '2022-10-06 07:11:50');
INSERT INTO `medication_report` (`id`, `medicine_dosage_id`, `pharmacy_id`, `opd_details_id`, `ipd_id`, `date`, `time`, `remark`, `generated_by`, `created_at`) VALUES (480, 1, 1, 2195, NULL, '2022-11-07', '11:00:00', '', 1, '2022-11-03 06:23:46');
INSERT INTO `medication_report` (`id`, `medicine_dosage_id`, `pharmacy_id`, `opd_details_id`, `ipd_id`, `date`, `time`, `remark`, `generated_by`, `created_at`) VALUES (484, 1, 1, 2259, NULL, '2022-11-11', '15:00:00', '', 1, '2022-11-03 07:04:32');
INSERT INTO `medication_report` (`id`, `medicine_dosage_id`, `pharmacy_id`, `opd_details_id`, `ipd_id`, `date`, `time`, `remark`, `generated_by`, `created_at`) VALUES (489, 2, 84, NULL, 55, '2022-12-05', '12:30:00', '', 1, '2022-12-05 10:58:21');
INSERT INTO `medication_report` (`id`, `medicine_dosage_id`, `pharmacy_id`, `opd_details_id`, `ipd_id`, `date`, `time`, `remark`, `generated_by`, `created_at`) VALUES (490, 2, 84, NULL, 55, '2022-12-07', '16:30:00', '', 1, '2022-12-05 10:58:34');
INSERT INTO `medication_report` (`id`, `medicine_dosage_id`, `pharmacy_id`, `opd_details_id`, `ipd_id`, `date`, `time`, `remark`, `generated_by`, `created_at`) VALUES (503, 1, 1, NULL, 60, '2023-01-08', '10:00:00', '', 1, '2023-01-04 12:12:13');
INSERT INTO `medication_report` (`id`, `medicine_dosage_id`, `pharmacy_id`, `opd_details_id`, `ipd_id`, `date`, `time`, `remark`, `generated_by`, `created_at`) VALUES (504, 2, 84, NULL, 60, '2023-01-09', '12:00:00', '', 1, '2023-01-04 12:12:22');
INSERT INTO `medication_report` (`id`, `medicine_dosage_id`, `pharmacy_id`, `opd_details_id`, `ipd_id`, `date`, `time`, `remark`, `generated_by`, `created_at`) VALUES (506, 1, 1, NULL, 61, '2023-01-12', '12:00:00', '', 1, '2023-01-04 12:26:56');
INSERT INTO `medication_report` (`id`, `medicine_dosage_id`, `pharmacy_id`, `opd_details_id`, `ipd_id`, `date`, `time`, `remark`, `generated_by`, `created_at`) VALUES (507, 2, 84, NULL, 61, '2023-01-13', '14:00:00', '', 1, '2023-01-04 12:27:07');
INSERT INTO `medication_report` (`id`, `medicine_dosage_id`, `pharmacy_id`, `opd_details_id`, `ipd_id`, `date`, `time`, `remark`, `generated_by`, `created_at`) VALUES (511, 1, 1, NULL, 62, '2023-02-08', '12:30:00', '', 1, '2023-02-01 09:29:24');
INSERT INTO `medication_report` (`id`, `medicine_dosage_id`, `pharmacy_id`, `opd_details_id`, `ipd_id`, `date`, `time`, `remark`, `generated_by`, `created_at`) VALUES (512, 2, 84, NULL, 62, '2023-02-09', '18:00:00', '', 1, '2023-02-01 09:29:40');
INSERT INTO `medication_report` (`id`, `medicine_dosage_id`, `pharmacy_id`, `opd_details_id`, `ipd_id`, `date`, `time`, `remark`, `generated_by`, `created_at`) VALUES (513, 1, 1, 2981, NULL, '2023-02-14', '13:00:00', '', 1, '2023-02-01 09:47:39');
INSERT INTO `medication_report` (`id`, `medicine_dosage_id`, `pharmacy_id`, `opd_details_id`, `ipd_id`, `date`, `time`, `remark`, `generated_by`, `created_at`) VALUES (514, 1, 1, NULL, 63, '2023-02-14', '14:30:00', '', 1, '2023-02-01 09:58:26');
INSERT INTO `medication_report` (`id`, `medicine_dosage_id`, `pharmacy_id`, `opd_details_id`, `ipd_id`, `date`, `time`, `remark`, `generated_by`, `created_at`) VALUES (515, 2, 84, NULL, 63, '2023-02-14', '18:30:00', '', 1, '2023-02-01 09:58:39');
INSERT INTO `medication_report` (`id`, `medicine_dosage_id`, `pharmacy_id`, `opd_details_id`, `ipd_id`, `date`, `time`, `remark`, `generated_by`, `created_at`) VALUES (517, 2, 84, NULL, 64, '2023-02-22', '15:45:00', '', 1, '2023-02-01 10:39:22');
INSERT INTO `medication_report` (`id`, `medicine_dosage_id`, `pharmacy_id`, `opd_details_id`, `ipd_id`, `date`, `time`, `remark`, `generated_by`, `created_at`) VALUES (518, 2, 84, NULL, 64, '2023-02-23', '15:35:00', '', 1, '2023-02-01 10:39:49');
INSERT INTO `medication_report` (`id`, `medicine_dosage_id`, `pharmacy_id`, `opd_details_id`, `ipd_id`, `date`, `time`, `remark`, `generated_by`, `created_at`) VALUES (521, 2, 84, 3130, NULL, '2023-02-14', '14:00:00', '', 1, '2023-02-06 06:27:20');
INSERT INTO `medication_report` (`id`, `medicine_dosage_id`, `pharmacy_id`, `opd_details_id`, `ipd_id`, `date`, `time`, `remark`, `generated_by`, `created_at`) VALUES (522, 7, 93, 3130, NULL, '2023-02-15', '14:35:00', '', 1, '2023-02-06 06:29:51');
INSERT INTO `medication_report` (`id`, `medicine_dosage_id`, `pharmacy_id`, `opd_details_id`, `ipd_id`, `date`, `time`, `remark`, `generated_by`, `created_at`) VALUES (523, 1, 1, 3163, NULL, '2023-03-05', '14:30:00', '', 1, '2023-03-06 08:10:19');
INSERT INTO `medication_report` (`id`, `medicine_dosage_id`, `pharmacy_id`, `opd_details_id`, `ipd_id`, `date`, `time`, `remark`, `generated_by`, `created_at`) VALUES (524, 1, 1, 3163, NULL, '2023-03-06', '12:00:00', '', 1, '2023-03-06 08:10:29');
INSERT INTO `medication_report` (`id`, `medicine_dosage_id`, `pharmacy_id`, `opd_details_id`, `ipd_id`, `date`, `time`, `remark`, `generated_by`, `created_at`) VALUES (527, 1, 1, 3152, NULL, '2023-03-08', '14:00:00', '', 1, '2023-03-06 09:13:18');
INSERT INTO `medication_report` (`id`, `medicine_dosage_id`, `pharmacy_id`, `opd_details_id`, `ipd_id`, `date`, `time`, `remark`, `generated_by`, `created_at`) VALUES (529, 7, 2, 3173, NULL, '2023-03-12', '14:00:00', '', 1, '2023-03-06 10:07:46');
INSERT INTO `medication_report` (`id`, `medicine_dosage_id`, `pharmacy_id`, `opd_details_id`, `ipd_id`, `date`, `time`, `remark`, `generated_by`, `created_at`) VALUES (532, 1, 1, 3141, NULL, '2023-03-18', '13:00:00', '', 1, '2023-03-06 10:21:25');
INSERT INTO `medication_report` (`id`, `medicine_dosage_id`, `pharmacy_id`, `opd_details_id`, `ipd_id`, `date`, `time`, `remark`, `generated_by`, `created_at`) VALUES (533, 1, 1, 3141, NULL, '2023-03-19', '12:00:00', '', 1, '2023-03-06 10:22:24');
INSERT INTO `medication_report` (`id`, `medicine_dosage_id`, `pharmacy_id`, `opd_details_id`, `ipd_id`, `date`, `time`, `remark`, `generated_by`, `created_at`) VALUES (536, 1, 95, 3189, NULL, '2023-03-06', '18:00:00', '', 1, '2023-03-06 10:40:50');
INSERT INTO `medication_report` (`id`, `medicine_dosage_id`, `pharmacy_id`, `opd_details_id`, `ipd_id`, `date`, `time`, `remark`, `generated_by`, `created_at`) VALUES (537, 2, 84, 3189, NULL, '2023-03-07', '15:00:00', '', 1, '2023-03-06 10:41:04');
INSERT INTO `medication_report` (`id`, `medicine_dosage_id`, `pharmacy_id`, `opd_details_id`, `ipd_id`, `date`, `time`, `remark`, `generated_by`, `created_at`) VALUES (538, 1, 1, 3193, NULL, '2023-03-07', '14:00:00', '', 1, '2023-03-06 10:44:11');
INSERT INTO `medication_report` (`id`, `medicine_dosage_id`, `pharmacy_id`, `opd_details_id`, `ipd_id`, `date`, `time`, `remark`, `generated_by`, `created_at`) VALUES (540, 1, 1, 3440, NULL, '2023-04-04', '13:00:00', '', 1, '2023-04-04 07:03:19');
INSERT INTO `medication_report` (`id`, `medicine_dosage_id`, `pharmacy_id`, `opd_details_id`, `ipd_id`, `date`, `time`, `remark`, `generated_by`, `created_at`) VALUES (541, 1, 1, 3440, NULL, '2023-04-04', '19:00:00', '', 1, '2023-04-04 07:03:28');
INSERT INTO `medication_report` (`id`, `medicine_dosage_id`, `pharmacy_id`, `opd_details_id`, `ipd_id`, `date`, `time`, `remark`, `generated_by`, `created_at`) VALUES (544, 1, 1, 3472, NULL, '2023-04-08', '14:00:00', '', 1, '2023-04-04 07:35:42');
INSERT INTO `medication_report` (`id`, `medicine_dosage_id`, `pharmacy_id`, `opd_details_id`, `ipd_id`, `date`, `time`, `remark`, `generated_by`, `created_at`) VALUES (546, 1, 1, 3415, NULL, '2023-04-05', '14:00:00', '', 1, '2023-04-04 08:08:28');
INSERT INTO `medication_report` (`id`, `medicine_dosage_id`, `pharmacy_id`, `opd_details_id`, `ipd_id`, `date`, `time`, `remark`, `generated_by`, `created_at`) VALUES (547, 7, 2, 3415, NULL, '2023-04-06', '14:00:00', '', 1, '2023-04-04 08:08:38');
INSERT INTO `medication_report` (`id`, `medicine_dosage_id`, `pharmacy_id`, `opd_details_id`, `ipd_id`, `date`, `time`, `remark`, `generated_by`, `created_at`) VALUES (548, 7, 2, 3415, NULL, '2023-04-06', '16:00:00', '', 1, '2023-04-04 08:08:49');
INSERT INTO `medication_report` (`id`, `medicine_dosage_id`, `pharmacy_id`, `opd_details_id`, `ipd_id`, `date`, `time`, `remark`, `generated_by`, `created_at`) VALUES (549, 1, 1, 3415, NULL, '2023-04-05', '18:00:00', '', 1, '2023-04-04 08:09:04');
INSERT INTO `medication_report` (`id`, `medicine_dosage_id`, `pharmacy_id`, `opd_details_id`, `ipd_id`, `date`, `time`, `remark`, `generated_by`, `created_at`) VALUES (554, 1, 1, 3679, NULL, '2023-05-04', '15:00:00', '', 1, '2023-05-04 05:58:42');
INSERT INTO `medication_report` (`id`, `medicine_dosage_id`, `pharmacy_id`, `opd_details_id`, `ipd_id`, `date`, `time`, `remark`, `generated_by`, `created_at`) VALUES (558, 1, 1, NULL, 74, '2023-05-08', '15:30:00', '', 1, '2023-05-04 06:41:36');
INSERT INTO `medication_report` (`id`, `medicine_dosage_id`, `pharmacy_id`, `opd_details_id`, `ipd_id`, `date`, `time`, `remark`, `generated_by`, `created_at`) VALUES (561, 1, 1, 3899, NULL, '2023-06-12', '14:00:00', '', 1, '2023-06-06 09:15:12');
INSERT INTO `medication_report` (`id`, `medicine_dosage_id`, `pharmacy_id`, `opd_details_id`, `ipd_id`, `date`, `time`, `remark`, `generated_by`, `created_at`) VALUES (564, 2, 84, NULL, 77, '2023-06-22', '14:00:00', '', 1, '2023-06-06 10:23:13');
INSERT INTO `medication_report` (`id`, `medicine_dosage_id`, `pharmacy_id`, `opd_details_id`, `ipd_id`, `date`, `time`, `remark`, `generated_by`, `created_at`) VALUES (569, 1, 1, 4120, NULL, '2023-07-06', '14:00:00', '', 1, '2023-07-06 06:21:16');
INSERT INTO `medication_report` (`id`, `medicine_dosage_id`, `pharmacy_id`, `opd_details_id`, `ipd_id`, `date`, `time`, `remark`, `generated_by`, `created_at`) VALUES (570, 1, 1, 4120, NULL, '2023-07-06', '18:00:00', '', 1, '2023-07-06 06:21:25');
INSERT INTO `medication_report` (`id`, `medicine_dosage_id`, `pharmacy_id`, `opd_details_id`, `ipd_id`, `date`, `time`, `remark`, `generated_by`, `created_at`) VALUES (571, 1, 1, 4189, NULL, '2023-07-10', '14:00:00', '', 1, '2023-07-06 06:27:32');
INSERT INTO `medication_report` (`id`, `medicine_dosage_id`, `pharmacy_id`, `opd_details_id`, `ipd_id`, `date`, `time`, `remark`, `generated_by`, `created_at`) VALUES (573, 1, 1, 4202, NULL, '2023-07-22', '14:00:00', '', 1, '2023-07-06 06:52:43');
INSERT INTO `medication_report` (`id`, `medicine_dosage_id`, `pharmacy_id`, `opd_details_id`, `ipd_id`, `date`, `time`, `remark`, `generated_by`, `created_at`) VALUES (575, 1, 1, 4421, NULL, '2023-08-05', '16:00:00', '', 1, '2023-08-02 11:21:48');
INSERT INTO `medication_report` (`id`, `medicine_dosage_id`, `pharmacy_id`, `opd_details_id`, `ipd_id`, `date`, `time`, `remark`, `generated_by`, `created_at`) VALUES (576, 1, 1, 4421, NULL, '2023-08-06', '21:00:00', '', 1, '2023-08-02 11:22:00');
INSERT INTO `medication_report` (`id`, `medicine_dosage_id`, `pharmacy_id`, `opd_details_id`, `ipd_id`, `date`, `time`, `remark`, `generated_by`, `created_at`) VALUES (579, 1, 1, 4444, NULL, '2023-08-09', '14:00:00', '', 1, '2023-08-02 12:01:31');
INSERT INTO `medication_report` (`id`, `medicine_dosage_id`, `pharmacy_id`, `opd_details_id`, `ipd_id`, `date`, `time`, `remark`, `generated_by`, `created_at`) VALUES (580, 1, 1, NULL, 80, '2023-08-09', '14:00:00', '', 1, '2023-08-02 12:03:56');
INSERT INTO `medication_report` (`id`, `medicine_dosage_id`, `pharmacy_id`, `opd_details_id`, `ipd_id`, `date`, `time`, `remark`, `generated_by`, `created_at`) VALUES (582, 2, 84, NULL, 81, '2023-08-23', '14:00:00', '', 1, '2023-08-02 12:25:22');
INSERT INTO `medication_report` (`id`, `medicine_dosage_id`, `pharmacy_id`, `opd_details_id`, `ipd_id`, `date`, `time`, `remark`, `generated_by`, `created_at`) VALUES (585, 1, 1, 4699, NULL, '2023-09-18', '14:00:00', '', 1, '2023-09-04 06:52:28');
INSERT INTO `medication_report` (`id`, `medicine_dosage_id`, `pharmacy_id`, `opd_details_id`, `ipd_id`, `date`, `time`, `remark`, `generated_by`, `created_at`) VALUES (586, 1, 1, NULL, 82, '2023-09-16', '14:00:00', '', 1, '2023-09-04 07:02:11');
INSERT INTO `medication_report` (`id`, `medicine_dosage_id`, `pharmacy_id`, `opd_details_id`, `ipd_id`, `date`, `time`, `remark`, `generated_by`, `created_at`) VALUES (587, 1, 95, NULL, 83, '2023-09-26', '14:03:00', '', 1, '2023-09-04 07:22:32');
INSERT INTO `medication_report` (`id`, `medicine_dosage_id`, `pharmacy_id`, `opd_details_id`, `ipd_id`, `date`, `time`, `remark`, `generated_by`, `created_at`) VALUES (588, 1, 95, NULL, 83, '2023-09-26', '05:00:00', '', 1, '2023-09-04 07:22:44');
INSERT INTO `medication_report` (`id`, `medicine_dosage_id`, `pharmacy_id`, `opd_details_id`, `ipd_id`, `date`, `time`, `remark`, `generated_by`, `created_at`) VALUES (589, 2, 84, 4723, NULL, '2023-09-28', '14:00:00', '', 1, '2023-09-04 07:36:54');
INSERT INTO `medication_report` (`id`, `medicine_dosage_id`, `pharmacy_id`, `opd_details_id`, `ipd_id`, `date`, `time`, `remark`, `generated_by`, `created_at`) VALUES (590, 2, 84, NULL, 84, '2023-09-29', '16:00:00', '', 1, '2023-09-04 07:38:47');
INSERT INTO `medication_report` (`id`, `medicine_dosage_id`, `pharmacy_id`, `opd_details_id`, `ipd_id`, `date`, `time`, `remark`, `generated_by`, `created_at`) VALUES (591, 1, 1, 4836, NULL, '2023-10-05', '13:00:00', '', 1, '2023-10-04 11:41:36');
INSERT INTO `medication_report` (`id`, `medicine_dosage_id`, `pharmacy_id`, `opd_details_id`, `ipd_id`, `date`, `time`, `remark`, `generated_by`, `created_at`) VALUES (593, 1, 1, 4837, NULL, '2023-10-05', '14:30:00', '', 1, '2023-10-04 11:56:25');
INSERT INTO `medication_report` (`id`, `medicine_dosage_id`, `pharmacy_id`, `opd_details_id`, `ipd_id`, `date`, `time`, `remark`, `generated_by`, `created_at`) VALUES (596, 7, 2, 4872, NULL, '2023-10-18', '16:45:00', '', 1, '2023-10-05 04:39:27');
INSERT INTO `medication_report` (`id`, `medicine_dosage_id`, `pharmacy_id`, `opd_details_id`, `ipd_id`, `date`, `time`, `remark`, `generated_by`, `created_at`) VALUES (597, 2, 84, NULL, 86, '2023-10-18', '13:30:00', '', 1, '2023-10-05 04:42:33');
INSERT INTO `medication_report` (`id`, `medicine_dosage_id`, `pharmacy_id`, `opd_details_id`, `ipd_id`, `date`, `time`, `remark`, `generated_by`, `created_at`) VALUES (598, 1, 1, NULL, 87, '2023-10-28', '13:55:00', '', 1, '2023-10-05 07:06:15');
INSERT INTO `medication_report` (`id`, `medicine_dosage_id`, `pharmacy_id`, `opd_details_id`, `ipd_id`, `date`, `time`, `remark`, `generated_by`, `created_at`) VALUES (599, 2, 84, NULL, 88, '2023-11-08', '17:00:00', '', 1, '2023-11-03 07:55:28');
INSERT INTO `medication_report` (`id`, `medicine_dosage_id`, `pharmacy_id`, `opd_details_id`, `ipd_id`, `date`, `time`, `remark`, `generated_by`, `created_at`) VALUES (600, 1, 1, NULL, 88, '2023-11-10', '21:00:00', '', 1, '2023-11-03 07:55:51');
INSERT INTO `medication_report` (`id`, `medicine_dosage_id`, `pharmacy_id`, `opd_details_id`, `ipd_id`, `date`, `time`, `remark`, `generated_by`, `created_at`) VALUES (603, 1, 95, 5070, NULL, '2023-11-18', '15:00:00', '', 1, '2023-11-03 09:22:38');
INSERT INTO `medication_report` (`id`, `medicine_dosage_id`, `pharmacy_id`, `opd_details_id`, `ipd_id`, `date`, `time`, `remark`, `generated_by`, `created_at`) VALUES (606, 1, 1, 5265, NULL, '2023-12-05', '13:00:00', '', 1, '2023-12-04 06:47:48');
INSERT INTO `medication_report` (`id`, `medicine_dosage_id`, `pharmacy_id`, `opd_details_id`, `ipd_id`, `date`, `time`, `remark`, `generated_by`, `created_at`) VALUES (607, 2, 84, NULL, 90, '2023-12-12', '16:00:00', '', 1, '2023-12-04 07:22:44');
INSERT INTO `medication_report` (`id`, `medicine_dosage_id`, `pharmacy_id`, `opd_details_id`, `ipd_id`, `date`, `time`, `remark`, `generated_by`, `created_at`) VALUES (608, 2, 84, NULL, 91, '2023-12-18', '16:00:00', '', 1, '2023-12-04 07:44:44');
INSERT INTO `medication_report` (`id`, `medicine_dosage_id`, `pharmacy_id`, `opd_details_id`, `ipd_id`, `date`, `time`, `remark`, `generated_by`, `created_at`) VALUES (611, 1, 1, NULL, 92, '2024-01-12', '19:00:00', '', 1, '2024-01-03 12:43:40');
INSERT INTO `medication_report` (`id`, `medicine_dosage_id`, `pharmacy_id`, `opd_details_id`, `ipd_id`, `date`, `time`, `remark`, `generated_by`, `created_at`) VALUES (615, 2, 84, 5685, NULL, '2024-02-05', '13:00:00', '', 1, '2024-02-01 09:42:41');
INSERT INTO `medication_report` (`id`, `medicine_dosage_id`, `pharmacy_id`, `opd_details_id`, `ipd_id`, `date`, `time`, `remark`, `generated_by`, `created_at`) VALUES (616, 1, 1, NULL, 93, '2024-02-05', '13:30:00', '', 1, '2024-02-01 09:43:42');
INSERT INTO `medication_report` (`id`, `medicine_dosage_id`, `pharmacy_id`, `opd_details_id`, `ipd_id`, `date`, `time`, `remark`, `generated_by`, `created_at`) VALUES (617, 2, 84, NULL, 93, '2024-02-06', '12:00:00', '', 1, '2024-02-01 09:43:54');
INSERT INTO `medication_report` (`id`, `medicine_dosage_id`, `pharmacy_id`, `opd_details_id`, `ipd_id`, `date`, `time`, `remark`, `generated_by`, `created_at`) VALUES (618, 1, 84, 5431, NULL, '2024-02-14', '14:00:00', '', 1, '2024-02-01 10:00:51');
INSERT INTO `medication_report` (`id`, `medicine_dosage_id`, `pharmacy_id`, `opd_details_id`, `ipd_id`, `date`, `time`, `remark`, `generated_by`, `created_at`) VALUES (619, 1, 1, 5431, NULL, '2024-02-12', '14:00:00', '', 1, '2024-02-01 10:01:08');
INSERT INTO `medication_report` (`id`, `medicine_dosage_id`, `pharmacy_id`, `opd_details_id`, `ipd_id`, `date`, `time`, `remark`, `generated_by`, `created_at`) VALUES (620, 1, 1, 5510, NULL, '2024-02-08', '14:00:00', '', 1, '2024-02-01 10:04:37');
INSERT INTO `medication_report` (`id`, `medicine_dosage_id`, `pharmacy_id`, `opd_details_id`, `ipd_id`, `date`, `time`, `remark`, `generated_by`, `created_at`) VALUES (621, 2, 84, 5510, NULL, '2024-02-10', '16:00:00', '', 1, '2024-02-01 10:04:51');
INSERT INTO `medication_report` (`id`, `medicine_dosage_id`, `pharmacy_id`, `opd_details_id`, `ipd_id`, `date`, `time`, `remark`, `generated_by`, `created_at`) VALUES (622, 1, 1, 5697, NULL, '2024-02-02', '14:00:00', '', 1, '2024-02-01 10:07:52');
INSERT INTO `medication_report` (`id`, `medicine_dosage_id`, `pharmacy_id`, `opd_details_id`, `ipd_id`, `date`, `time`, `remark`, `generated_by`, `created_at`) VALUES (623, 2, 84, 5697, NULL, '2024-02-05', '14:00:00', '', 1, '2024-02-01 10:08:04');
INSERT INTO `medication_report` (`id`, `medicine_dosage_id`, `pharmacy_id`, `opd_details_id`, `ipd_id`, `date`, `time`, `remark`, `generated_by`, `created_at`) VALUES (627, 1, 1, NULL, 94, '2024-03-05', '12:00:00', '', 1, '2024-03-01 07:26:37');
INSERT INTO `medication_report` (`id`, `medicine_dosage_id`, `pharmacy_id`, `opd_details_id`, `ipd_id`, `date`, `time`, `remark`, `generated_by`, `created_at`) VALUES (628, 1, 1, NULL, 94, '2024-03-05', '16:00:00', '', 1, '2024-03-01 07:26:45');
INSERT INTO `medication_report` (`id`, `medicine_dosage_id`, `pharmacy_id`, `opd_details_id`, `ipd_id`, `date`, `time`, `remark`, `generated_by`, `created_at`) VALUES (629, 1, 1, NULL, 94, '2024-03-08', '15:50:00', '', 1, '2024-03-01 07:27:01');
INSERT INTO `medication_report` (`id`, `medicine_dosage_id`, `pharmacy_id`, `opd_details_id`, `ipd_id`, `date`, `time`, `remark`, `generated_by`, `created_at`) VALUES (630, 2, 84, 5804, NULL, '2024-03-06', '13:00:00', '', 1, '2024-03-01 07:45:21');
INSERT INTO `medication_report` (`id`, `medicine_dosage_id`, `pharmacy_id`, `opd_details_id`, `ipd_id`, `date`, `time`, `remark`, `generated_by`, `created_at`) VALUES (631, 2, 84, 5804, NULL, '2024-03-06', '17:00:00', '', 1, '2024-03-01 07:45:29');
INSERT INTO `medication_report` (`id`, `medicine_dosage_id`, `pharmacy_id`, `opd_details_id`, `ipd_id`, `date`, `time`, `remark`, `generated_by`, `created_at`) VALUES (632, 1, 1, NULL, 14, '2024-03-06', '12:30:00', '', 1, '2024-03-01 07:48:57');
INSERT INTO `medication_report` (`id`, `medicine_dosage_id`, `pharmacy_id`, `opd_details_id`, `ipd_id`, `date`, `time`, `remark`, `generated_by`, `created_at`) VALUES (633, 1, 1, NULL, 14, '2024-03-06', '18:00:00', '', 1, '2024-03-01 07:49:07');
INSERT INTO `medication_report` (`id`, `medicine_dosage_id`, `pharmacy_id`, `opd_details_id`, `ipd_id`, `date`, `time`, `remark`, `generated_by`, `created_at`) VALUES (635, 1, 1, NULL, 14, '2024-04-03', '18:00:00', '', 1, '2024-04-01 10:53:55');
INSERT INTO `medication_report` (`id`, `medicine_dosage_id`, `pharmacy_id`, `opd_details_id`, `ipd_id`, `date`, `time`, `remark`, `generated_by`, `created_at`) VALUES (637, 1, 1, 5867, NULL, '2024-04-12', '14:00:00', '', 1, '2024-04-01 11:11:11');
INSERT INTO `medication_report` (`id`, `medicine_dosage_id`, `pharmacy_id`, `opd_details_id`, `ipd_id`, `date`, `time`, `remark`, `generated_by`, `created_at`) VALUES (638, 2, 84, NULL, 95, '2024-04-12', '15:00:00', '', 1, '2024-04-01 11:14:26');
INSERT INTO `medication_report` (`id`, `medicine_dosage_id`, `pharmacy_id`, `opd_details_id`, `ipd_id`, `date`, `time`, `remark`, `generated_by`, `created_at`) VALUES (639, 1, 1, 6084, NULL, '2024-04-12', '16:00:00', '', 1, '2024-04-02 07:11:04');
INSERT INTO `medication_report` (`id`, `medicine_dosage_id`, `pharmacy_id`, `opd_details_id`, `ipd_id`, `date`, `time`, `remark`, `generated_by`, `created_at`) VALUES (640, 2, 84, 6084, NULL, '2024-04-12', '21:00:00', '', 1, '2024-04-02 07:11:15');
INSERT INTO `medication_report` (`id`, `medicine_dosage_id`, `pharmacy_id`, `opd_details_id`, `ipd_id`, `date`, `time`, `remark`, `generated_by`, `created_at`) VALUES (641, 1, 1, 6103, NULL, '2024-04-12', '15:00:00', '', 1, '2024-04-02 07:40:44');
INSERT INTO `medication_report` (`id`, `medicine_dosage_id`, `pharmacy_id`, `opd_details_id`, `ipd_id`, `date`, `time`, `remark`, `generated_by`, `created_at`) VALUES (642, 1, 95, NULL, 14, '2024-05-05', '13:30:00', '', 1, '2024-05-01 11:48:46');
INSERT INTO `medication_report` (`id`, `medicine_dosage_id`, `pharmacy_id`, `opd_details_id`, `ipd_id`, `date`, `time`, `remark`, `generated_by`, `created_at`) VALUES (643, 2, 84, NULL, 14, '2024-05-05', '17:00:00', '', 1, '2024-05-01 11:49:03');
INSERT INTO `medication_report` (`id`, `medicine_dosage_id`, `pharmacy_id`, `opd_details_id`, `ipd_id`, `date`, `time`, `remark`, `generated_by`, `created_at`) VALUES (644, 1, 95, NULL, 14, '2024-05-05', '16:00:00', '', 1, '2024-05-01 11:49:14');
INSERT INTO `medication_report` (`id`, `medicine_dosage_id`, `pharmacy_id`, `opd_details_id`, `ipd_id`, `date`, `time`, `remark`, `generated_by`, `created_at`) VALUES (645, 1, 1, NULL, 96, '2024-05-05', '15:00:00', '', 1, '2024-05-02 07:08:39');
INSERT INTO `medication_report` (`id`, `medicine_dosage_id`, `pharmacy_id`, `opd_details_id`, `ipd_id`, `date`, `time`, `remark`, `generated_by`, `created_at`) VALUES (646, 1, 95, NULL, 96, '2024-05-05', '11:00:00', '', 1, '2024-05-02 07:08:48');
INSERT INTO `medication_report` (`id`, `medicine_dosage_id`, `pharmacy_id`, `opd_details_id`, `ipd_id`, `date`, `time`, `remark`, `generated_by`, `created_at`) VALUES (647, 2, 84, NULL, 96, '2024-05-06', '18:30:00', '', 1, '2024-05-02 07:09:05');
INSERT INTO `medication_report` (`id`, `medicine_dosage_id`, `pharmacy_id`, `opd_details_id`, `ipd_id`, `date`, `time`, `remark`, `generated_by`, `created_at`) VALUES (648, 2, 84, 6212, NULL, '2024-05-25', '13:01:00', '', 1, '2024-05-02 11:51:28');
INSERT INTO `medication_report` (`id`, `medicine_dosage_id`, `pharmacy_id`, `opd_details_id`, `ipd_id`, `date`, `time`, `remark`, `generated_by`, `created_at`) VALUES (649, 4, 65, 6212, NULL, '2024-05-25', '12:00:00', '', 1, '2024-05-02 11:51:36');
INSERT INTO `medication_report` (`id`, `medicine_dosage_id`, `pharmacy_id`, `opd_details_id`, `ipd_id`, `date`, `time`, `remark`, `generated_by`, `created_at`) VALUES (650, 1, 1, 6278, NULL, '2024-06-12', '13:00:00', '', 1, '2024-06-01 10:11:58');
INSERT INTO `medication_report` (`id`, `medicine_dosage_id`, `pharmacy_id`, `opd_details_id`, `ipd_id`, `date`, `time`, `remark`, `generated_by`, `created_at`) VALUES (651, 1, 1, 6278, NULL, '2024-06-12', '17:00:00', '', 1, '2024-06-01 10:12:07');
INSERT INTO `medication_report` (`id`, `medicine_dosage_id`, `pharmacy_id`, `opd_details_id`, `ipd_id`, `date`, `time`, `remark`, `generated_by`, `created_at`) VALUES (652, 2, 84, NULL, 14, '2024-06-14', '13:30:00', '', 1, '2024-06-01 10:18:24');
INSERT INTO `medication_report` (`id`, `medicine_dosage_id`, `pharmacy_id`, `opd_details_id`, `ipd_id`, `date`, `time`, `remark`, `generated_by`, `created_at`) VALUES (653, 7, 2, NULL, 14, '2024-06-16', '17:00:00', '', 1, '2024-06-01 10:18:41');
INSERT INTO `medication_report` (`id`, `medicine_dosage_id`, `pharmacy_id`, `opd_details_id`, `ipd_id`, `date`, `time`, `remark`, `generated_by`, `created_at`) VALUES (654, 8, 2, NULL, 14, '2024-06-16', '19:00:00', '', 1, '2024-06-01 10:18:51');
INSERT INTO `medication_report` (`id`, `medicine_dosage_id`, `pharmacy_id`, `opd_details_id`, `ipd_id`, `date`, `time`, `remark`, `generated_by`, `created_at`) VALUES (655, 2, 84, NULL, 97, '2024-06-22', '13:00:00', '', 1, '2024-06-01 12:08:45');
INSERT INTO `medication_report` (`id`, `medicine_dosage_id`, `pharmacy_id`, `opd_details_id`, `ipd_id`, `date`, `time`, `remark`, `generated_by`, `created_at`) VALUES (656, 2, 84, NULL, 97, '2024-06-22', '21:00:00', '', 1, '2024-06-01 12:08:55');
INSERT INTO `medication_report` (`id`, `medicine_dosage_id`, `pharmacy_id`, `opd_details_id`, `ipd_id`, `date`, `time`, `remark`, `generated_by`, `created_at`) VALUES (657, 1, 1, NULL, 98, '2024-07-10', '14:35:00', '', 14, '2024-07-01 09:19:25');
INSERT INTO `medication_report` (`id`, `medicine_dosage_id`, `pharmacy_id`, `opd_details_id`, `ipd_id`, `date`, `time`, `remark`, `generated_by`, `created_at`) VALUES (658, 7, 2, NULL, 98, '2024-07-10', '18:00:00', '', 14, '2024-07-01 09:19:35');
INSERT INTO `medication_report` (`id`, `medicine_dosage_id`, `pharmacy_id`, `opd_details_id`, `ipd_id`, `date`, `time`, `remark`, `generated_by`, `created_at`) VALUES (659, 1, 1, NULL, 14, '2024-07-05', '12:30:00', '', 14, '2024-07-01 09:42:41');
INSERT INTO `medication_report` (`id`, `medicine_dosage_id`, `pharmacy_id`, `opd_details_id`, `ipd_id`, `date`, `time`, `remark`, `generated_by`, `created_at`) VALUES (660, 7, 2, NULL, 14, '2024-07-05', '17:00:00', '', 14, '2024-07-01 09:42:59');
INSERT INTO `medication_report` (`id`, `medicine_dosage_id`, `pharmacy_id`, `opd_details_id`, `ipd_id`, `date`, `time`, `remark`, `generated_by`, `created_at`) VALUES (661, 2, 84, NULL, 14, '2024-07-08', '20:00:00', '', 14, '2024-07-01 09:43:13');
INSERT INTO `medication_report` (`id`, `medicine_dosage_id`, `pharmacy_id`, `opd_details_id`, `ipd_id`, `date`, `time`, `remark`, `generated_by`, `created_at`) VALUES (662, 2, 84, 6527, NULL, '2024-07-12', '15:00:00', '', 1, '2024-07-02 05:52:26');
INSERT INTO `medication_report` (`id`, `medicine_dosage_id`, `pharmacy_id`, `opd_details_id`, `ipd_id`, `date`, `time`, `remark`, `generated_by`, `created_at`) VALUES (663, 1, 1, 6528, NULL, '2024-08-05', '13:00:00', '', 1, '2024-08-01 09:10:24');
INSERT INTO `medication_report` (`id`, `medicine_dosage_id`, `pharmacy_id`, `opd_details_id`, `ipd_id`, `date`, `time`, `remark`, `generated_by`, `created_at`) VALUES (664, 1, 1, NULL, 14, '2024-08-15', '12:00:00', '', 1, '2024-08-01 11:47:57');
INSERT INTO `medication_report` (`id`, `medicine_dosage_id`, `pharmacy_id`, `opd_details_id`, `ipd_id`, `date`, `time`, `remark`, `generated_by`, `created_at`) VALUES (665, 7, 2, NULL, 14, '2024-08-12', '13:00:00', '', 1, '2024-08-01 11:48:13');
INSERT INTO `medication_report` (`id`, `medicine_dosage_id`, `pharmacy_id`, `opd_details_id`, `ipd_id`, `date`, `time`, `remark`, `generated_by`, `created_at`) VALUES (666, 8, 93, NULL, 14, '2024-08-12', '17:00:00', '', 1, '2024-08-01 11:48:25');
INSERT INTO `medication_report` (`id`, `medicine_dosage_id`, `pharmacy_id`, `opd_details_id`, `ipd_id`, `date`, `time`, `remark`, `generated_by`, `created_at`) VALUES (667, 1, 1, NULL, 99, '2024-08-08', '12:30:00', '', 1, '2024-08-02 07:56:23');
INSERT INTO `medication_report` (`id`, `medicine_dosage_id`, `pharmacy_id`, `opd_details_id`, `ipd_id`, `date`, `time`, `remark`, `generated_by`, `created_at`) VALUES (668, 1, 1, NULL, 99, '2024-08-12', '14:00:00', '', 1, '2024-08-02 07:56:35');
INSERT INTO `medication_report` (`id`, `medicine_dosage_id`, `pharmacy_id`, `opd_details_id`, `ipd_id`, `date`, `time`, `remark`, `generated_by`, `created_at`) VALUES (669, 1, 1, 6590, NULL, '2024-08-19', '13:04:00', '', 1, '2024-08-28 07:33:46');
INSERT INTO `medication_report` (`id`, `medicine_dosage_id`, `pharmacy_id`, `opd_details_id`, `ipd_id`, `date`, `time`, `remark`, `generated_by`, `created_at`) VALUES (670, 2, 84, 6590, NULL, '2024-08-22', '13:04:00', '', 1, '2024-08-28 07:34:04');
INSERT INTO `medication_report` (`id`, `medicine_dosage_id`, `pharmacy_id`, `opd_details_id`, `ipd_id`, `date`, `time`, `remark`, `generated_by`, `created_at`) VALUES (671, 7, 2, NULL, 99, '2024-08-12', '17:00:00', '', 1, '2024-08-28 10:29:47');
INSERT INTO `medication_report` (`id`, `medicine_dosage_id`, `pharmacy_id`, `opd_details_id`, `ipd_id`, `date`, `time`, `remark`, `generated_by`, `created_at`) VALUES (672, 6, 90, NULL, 99, '2024-08-30', '16:00:00', '', 1, '2024-08-28 10:30:43');
INSERT INTO `medication_report` (`id`, `medicine_dosage_id`, `pharmacy_id`, `opd_details_id`, `ipd_id`, `date`, `time`, `remark`, `generated_by`, `created_at`) VALUES (673, 1, 1, NULL, 14, '2024-08-07', '10:53:00', '', 1, '2024-08-31 05:23:24');
INSERT INTO `medication_report` (`id`, `medicine_dosage_id`, `pharmacy_id`, `opd_details_id`, `ipd_id`, `date`, `time`, `remark`, `generated_by`, `created_at`) VALUES (674, 2, 84, NULL, 14, '2024-09-05', '11:54:00', '', 1, '2024-08-31 05:24:07');
INSERT INTO `medication_report` (`id`, `medicine_dosage_id`, `pharmacy_id`, `opd_details_id`, `ipd_id`, `date`, `time`, `remark`, `generated_by`, `created_at`) VALUES (675, 7, 93, NULL, 14, '2024-09-07', '12:54:00', '', 1, '2024-08-31 05:24:27');
INSERT INTO `medication_report` (`id`, `medicine_dosage_id`, `pharmacy_id`, `opd_details_id`, `ipd_id`, `date`, `time`, `remark`, `generated_by`, `created_at`) VALUES (676, 1, 1, 6609, NULL, '2024-09-12', '17:17:00', '', 1, '2024-08-31 10:46:50');
INSERT INTO `medication_report` (`id`, `medicine_dosage_id`, `pharmacy_id`, `opd_details_id`, `ipd_id`, `date`, `time`, `remark`, `generated_by`, `created_at`) VALUES (677, 1, 1, 6706, NULL, '2024-10-01', '15:37:00', '', 1, '2024-10-04 10:07:37');
INSERT INTO `medication_report` (`id`, `medicine_dosage_id`, `pharmacy_id`, `opd_details_id`, `ipd_id`, `date`, `time`, `remark`, `generated_by`, `created_at`) VALUES (678, 7, 93, 6706, NULL, '2024-10-05', '16:37:00', '', 1, '2024-10-04 10:07:46');
INSERT INTO `medication_report` (`id`, `medicine_dosage_id`, `pharmacy_id`, `opd_details_id`, `ipd_id`, `date`, `time`, `remark`, `generated_by`, `created_at`) VALUES (679, 2, 84, 6705, NULL, '2024-10-05', '16:47:00', '', 1, '2024-10-04 10:17:25');
INSERT INTO `medication_report` (`id`, `medicine_dosage_id`, `pharmacy_id`, `opd_details_id`, `ipd_id`, `date`, `time`, `remark`, `generated_by`, `created_at`) VALUES (680, 1, 1, 6645, NULL, '2024-10-12', '15:30:00', '', 1, '2024-10-04 10:21:32');
INSERT INTO `medication_report` (`id`, `medicine_dosage_id`, `pharmacy_id`, `opd_details_id`, `ipd_id`, `date`, `time`, `remark`, `generated_by`, `created_at`) VALUES (681, 2, 84, 6645, NULL, '2024-10-14', '16:30:00', '', 1, '2024-10-04 10:21:43');
INSERT INTO `medication_report` (`id`, `medicine_dosage_id`, `pharmacy_id`, `opd_details_id`, `ipd_id`, `date`, `time`, `remark`, `generated_by`, `created_at`) VALUES (682, 1, 1, 6697, NULL, '2024-10-16', '16:20:00', '', 1, '2024-10-04 10:50:40');
INSERT INTO `medication_report` (`id`, `medicine_dosage_id`, `pharmacy_id`, `opd_details_id`, `ipd_id`, `date`, `time`, `remark`, `generated_by`, `created_at`) VALUES (683, 1, 1, 6704, NULL, '2024-10-14', '16:23:00', '', 1, '2024-10-04 10:53:56');
INSERT INTO `medication_report` (`id`, `medicine_dosage_id`, `pharmacy_id`, `opd_details_id`, `ipd_id`, `date`, `time`, `remark`, `generated_by`, `created_at`) VALUES (684, 7, 2, 6704, NULL, '2024-10-16', '17:24:00', '', 1, '2024-10-04 10:54:08');
INSERT INTO `medication_report` (`id`, `medicine_dosage_id`, `pharmacy_id`, `opd_details_id`, `ipd_id`, `date`, `time`, `remark`, `generated_by`, `created_at`) VALUES (685, 1, 1, NULL, 100, '2024-10-12', '16:43:00', '', 1, '2024-10-04 11:13:41');
INSERT INTO `medication_report` (`id`, `medicine_dosage_id`, `pharmacy_id`, `opd_details_id`, `ipd_id`, `date`, `time`, `remark`, `generated_by`, `created_at`) VALUES (686, 2, 84, NULL, 100, '2024-10-13', '18:43:00', '', 1, '2024-10-04 11:13:49');
INSERT INTO `medication_report` (`id`, `medicine_dosage_id`, `pharmacy_id`, `opd_details_id`, `ipd_id`, `date`, `time`, `remark`, `generated_by`, `created_at`) VALUES (688, 8, 2, NULL, 14, '2024-10-18', '20:56:00', '', 1, '2024-10-04 11:26:15');
INSERT INTO `medication_report` (`id`, `medicine_dosage_id`, `pharmacy_id`, `opd_details_id`, `ipd_id`, `date`, `time`, `remark`, `generated_by`, `created_at`) VALUES (689, 1, 1, 6700, NULL, '2024-10-23', '17:18:00', '', 1, '2024-10-04 11:48:06');
INSERT INTO `medication_report` (`id`, `medicine_dosage_id`, `pharmacy_id`, `opd_details_id`, `ipd_id`, `date`, `time`, `remark`, `generated_by`, `created_at`) VALUES (690, 2, 84, 6702, NULL, '2024-10-17', '17:31:00', '', 1, '2024-10-04 12:01:43');
INSERT INTO `medication_report` (`id`, `medicine_dosage_id`, `pharmacy_id`, `opd_details_id`, `ipd_id`, `date`, `time`, `remark`, `generated_by`, `created_at`) VALUES (691, 2, 84, 6703, NULL, '2024-10-26', '17:57:00', '', 1, '2024-10-04 12:27:51');
INSERT INTO `medication_report` (`id`, `medicine_dosage_id`, `pharmacy_id`, `opd_details_id`, `ipd_id`, `date`, `time`, `remark`, `generated_by`, `created_at`) VALUES (692, 1, 1, 6689, NULL, '2024-10-23', '18:09:00', '', 1, '2024-10-04 12:40:01');
INSERT INTO `medication_report` (`id`, `medicine_dosage_id`, `pharmacy_id`, `opd_details_id`, `ipd_id`, `date`, `time`, `remark`, `generated_by`, `created_at`) VALUES (693, 1, 1, 6707, NULL, '2024-10-16', '09:41:00', '', 1, '2024-10-05 04:11:57');
INSERT INTO `medication_report` (`id`, `medicine_dosage_id`, `pharmacy_id`, `opd_details_id`, `ipd_id`, `date`, `time`, `remark`, `generated_by`, `created_at`) VALUES (694, 8, 2, 6707, NULL, '2024-10-16', '14:42:00', '', 1, '2024-10-05 04:12:08');
INSERT INTO `medication_report` (`id`, `medicine_dosage_id`, `pharmacy_id`, `opd_details_id`, `ipd_id`, `date`, `time`, `remark`, `generated_by`, `created_at`) VALUES (695, 1, 1, 6715, NULL, '2024-10-15', '10:33:00', '', 1, '2024-10-05 05:03:57');
INSERT INTO `medication_report` (`id`, `medicine_dosage_id`, `pharmacy_id`, `opd_details_id`, `ipd_id`, `date`, `time`, `remark`, `generated_by`, `created_at`) VALUES (696, 1, 95, 6710, NULL, '2024-10-26', '13:44:00', '', 1, '2024-10-05 05:15:07');
INSERT INTO `medication_report` (`id`, `medicine_dosage_id`, `pharmacy_id`, `opd_details_id`, `ipd_id`, `date`, `time`, `remark`, `generated_by`, `created_at`) VALUES (697, 1, 1, 6714, NULL, '2024-10-24', '10:50:00', '', 1, '2024-10-05 05:19:55');
INSERT INTO `medication_report` (`id`, `medicine_dosage_id`, `pharmacy_id`, `opd_details_id`, `ipd_id`, `date`, `time`, `remark`, `generated_by`, `created_at`) VALUES (698, 1, 95, 6713, NULL, '2024-10-22', '10:30:00', '', 1, '2024-10-05 05:25:35');
INSERT INTO `medication_report` (`id`, `medicine_dosage_id`, `pharmacy_id`, `opd_details_id`, `ipd_id`, `date`, `time`, `remark`, `generated_by`, `created_at`) VALUES (699, 7, 2, 6712, NULL, '2024-10-16', '00:57:00', '', 1, '2024-10-05 05:27:32');
INSERT INTO `medication_report` (`id`, `medicine_dosage_id`, `pharmacy_id`, `opd_details_id`, `ipd_id`, `date`, `time`, `remark`, `generated_by`, `created_at`) VALUES (700, 2, 84, 6711, NULL, '2024-10-08', '10:59:00', '', 1, '2024-10-05 05:29:07');
INSERT INTO `medication_report` (`id`, `medicine_dosage_id`, `pharmacy_id`, `opd_details_id`, `ipd_id`, `date`, `time`, `remark`, `generated_by`, `created_at`) VALUES (701, 9, 92, 6711, NULL, '2024-10-09', '11:59:00', '', 1, '2024-10-05 05:29:18');
INSERT INTO `medication_report` (`id`, `medicine_dosage_id`, `pharmacy_id`, `opd_details_id`, `ipd_id`, `date`, `time`, `remark`, `generated_by`, `created_at`) VALUES (702, 2, 84, 6709, NULL, '2024-10-23', '11:01:00', '', 1, '2024-10-05 05:31:48');
INSERT INTO `medication_report` (`id`, `medicine_dosage_id`, `pharmacy_id`, `opd_details_id`, `ipd_id`, `date`, `time`, `remark`, `generated_by`, `created_at`) VALUES (703, 10, 92, 6708, NULL, '2024-10-28', '11:03:00', '', 1, '2024-10-05 05:33:33');
INSERT INTO `medication_report` (`id`, `medicine_dosage_id`, `pharmacy_id`, `opd_details_id`, `ipd_id`, `date`, `time`, `remark`, `generated_by`, `created_at`) VALUES (704, 1, 1, NULL, 14, '2024-11-06', '16:50:00', '', 1, '2024-11-06 11:20:33');
INSERT INTO `medication_report` (`id`, `medicine_dosage_id`, `pharmacy_id`, `opd_details_id`, `ipd_id`, `date`, `time`, `remark`, `generated_by`, `created_at`) VALUES (705, 2, 84, NULL, 14, '2024-11-08', '17:50:00', '', 1, '2024-11-06 11:20:45');
INSERT INTO `medication_report` (`id`, `medicine_dosage_id`, `pharmacy_id`, `opd_details_id`, `ipd_id`, `date`, `time`, `remark`, `generated_by`, `created_at`) VALUES (706, 1, 1, 6777, NULL, '2024-11-12', '12:03:00', '', 1, '2024-11-07 06:34:01');
INSERT INTO `medication_report` (`id`, `medicine_dosage_id`, `pharmacy_id`, `opd_details_id`, `ipd_id`, `date`, `time`, `remark`, `generated_by`, `created_at`) VALUES (707, 1, 1, 6776, NULL, '2024-11-15', '12:14:00', '', 1, '2024-11-07 06:44:36');
INSERT INTO `medication_report` (`id`, `medicine_dosage_id`, `pharmacy_id`, `opd_details_id`, `ipd_id`, `date`, `time`, `remark`, `generated_by`, `created_at`) VALUES (708, 1, 1, NULL, 101, '2024-11-12', '14:17:00', '', 1, '2024-11-07 06:47:28');
INSERT INTO `medication_report` (`id`, `medicine_dosage_id`, `pharmacy_id`, `opd_details_id`, `ipd_id`, `date`, `time`, `remark`, `generated_by`, `created_at`) VALUES (709, 7, 2, NULL, 101, '2024-11-14', '13:17:00', '', 1, '2024-11-07 06:47:38');
INSERT INTO `medication_report` (`id`, `medicine_dosage_id`, `pharmacy_id`, `opd_details_id`, `ipd_id`, `date`, `time`, `remark`, `generated_by`, `created_at`) VALUES (710, 2, 84, 6775, NULL, '2024-11-25', '12:34:00', '', 1, '2024-11-07 07:04:18');
INSERT INTO `medication_report` (`id`, `medicine_dosage_id`, `pharmacy_id`, `opd_details_id`, `ipd_id`, `date`, `time`, `remark`, `generated_by`, `created_at`) VALUES (711, 1, 1, 6774, NULL, '2024-11-05', '12:41:00', '', 1, '2024-11-07 07:11:20');
INSERT INTO `medication_report` (`id`, `medicine_dosage_id`, `pharmacy_id`, `opd_details_id`, `ipd_id`, `date`, `time`, `remark`, `generated_by`, `created_at`) VALUES (712, 1, 1, 6716, NULL, '2024-11-06', '16:01:00', '', 1, '2024-11-07 10:31:50');
INSERT INTO `medication_report` (`id`, `medicine_dosage_id`, `pharmacy_id`, `opd_details_id`, `ipd_id`, `date`, `time`, `remark`, `generated_by`, `created_at`) VALUES (713, 1, 1, 6772, NULL, '2024-11-14', '13:28:00', '', 1, '2024-11-08 07:58:28');
INSERT INTO `medication_report` (`id`, `medicine_dosage_id`, `pharmacy_id`, `opd_details_id`, `ipd_id`, `date`, `time`, `remark`, `generated_by`, `created_at`) VALUES (714, 1, 1, 6778, NULL, '2024-12-05', '09:45:00', '', 1, '2024-12-05 04:13:43');
INSERT INTO `medication_report` (`id`, `medicine_dosage_id`, `pharmacy_id`, `opd_details_id`, `ipd_id`, `date`, `time`, `remark`, `generated_by`, `created_at`) VALUES (715, 2, 84, NULL, 14, '2024-12-12', '11:58:00', '', 1, '2024-12-06 05:28:21');
INSERT INTO `medication_report` (`id`, `medicine_dosage_id`, `pharmacy_id`, `opd_details_id`, `ipd_id`, `date`, `time`, `remark`, `generated_by`, `created_at`) VALUES (716, 1, 1, NULL, 102, '2024-12-08', '11:30:00', '', 1, '2024-12-06 05:41:51');
INSERT INTO `medication_report` (`id`, `medicine_dosage_id`, `pharmacy_id`, `opd_details_id`, `ipd_id`, `date`, `time`, `remark`, `generated_by`, `created_at`) VALUES (717, 7, 93, NULL, 102, '2024-12-08', '15:11:00', '', 1, '2024-12-06 05:41:59');
INSERT INTO `medication_report` (`id`, `medicine_dosage_id`, `pharmacy_id`, `opd_details_id`, `ipd_id`, `date`, `time`, `remark`, `generated_by`, `created_at`) VALUES (718, 1, 1, 6835, NULL, '2024-12-06', '11:44:00', '', 1, '2024-12-06 06:14:29');
INSERT INTO `medication_report` (`id`, `medicine_dosage_id`, `pharmacy_id`, `opd_details_id`, `ipd_id`, `date`, `time`, `remark`, `generated_by`, `created_at`) VALUES (719, 1, 1, 6834, NULL, '2024-12-08', '11:45:00', '', 1, '2024-12-06 06:15:04');
INSERT INTO `medication_report` (`id`, `medicine_dosage_id`, `pharmacy_id`, `opd_details_id`, `ipd_id`, `date`, `time`, `remark`, `generated_by`, `created_at`) VALUES (720, 1, 1, 6833, NULL, '2024-12-12', '11:59:00', '', 1, '2024-12-06 06:29:15');
INSERT INTO `medication_report` (`id`, `medicine_dosage_id`, `pharmacy_id`, `opd_details_id`, `ipd_id`, `date`, `time`, `remark`, `generated_by`, `created_at`) VALUES (721, 1, 1, 6832, NULL, '2024-12-12', '12:12:00', '', 1, '2024-12-06 06:42:34');
INSERT INTO `medication_report` (`id`, `medicine_dosage_id`, `pharmacy_id`, `opd_details_id`, `ipd_id`, `date`, `time`, `remark`, `generated_by`, `created_at`) VALUES (722, 1, 1, 6831, NULL, '2024-12-16', '12:16:00', '', 1, '2024-12-06 06:46:31');


#
# TABLE STRUCTURE FOR: medicine_bad_stock
#

