
CREATE TABLE `operation_category` (
  `id` int NOT NULL AUTO_INCREMENT,
  `category` varchar(250) NOT NULL,
  `is_active` varchar(10) NOT NULL,
  `created_at` date NOT NULL,
  PRIMARY KEY (`id`),
  KEY `index_category` (`category`)
) ENGINE=InnoDB AUTO_INCREMENT=9 DEFAULT CHARSET=utf8mb3;

INSERT INTO `operation_category` (`id`, `category`, `is_active`, `created_at`) VALUES (1, 'ENT and Oral Surgery', 'yes', '2021-10-25');
INSERT INTO `operation_category` (`id`, `category`, `is_active`, `created_at`) VALUES (2, 'Orthopedic Surgery', 'yes', '2021-10-25');
INSERT INTO `operation_category` (`id`, `category`, `is_active`, `created_at`) VALUES (3, 'Plastic Surgery', 'yes', '2021-10-25');
INSERT INTO `operation_category` (`id`, `category`, `is_active`, `created_at`) VALUES (4, 'Thoracic Surgery', 'yes', '2021-10-25');
INSERT INTO `operation_category` (`id`, `category`, `is_active`, `created_at`) VALUES (5, 'Ophthalmology', 'yes', '2021-10-25');
INSERT INTO `operation_category` (`id`, `category`, `is_active`, `created_at`) VALUES (6, 'Gynaecology', 'yes', '2021-10-25');
INSERT INTO `operation_category` (`id`, `category`, `is_active`, `created_at`) VALUES (7, 'Urology', 'yes', '2021-10-25');
INSERT INTO `operation_category` (`id`, `category`, `is_active`, `created_at`) VALUES (8, 'Thoracic Surgery', 'yes', '2021-10-25');


#
# TABLE STRUCTURE FOR: operation_theatre
#


CREATE TABLE `operation_theatre` (
  `id` int NOT NULL AUTO_INCREMENT,
  `opd_details_id` int DEFAULT NULL,
  `ipd_details_id` int DEFAULT NULL,
  `customer_type` varchar(50) DEFAULT NULL,
  `operation_id` int NOT NULL,
  `date` datetime DEFAULT NULL,
  `operation_type` varchar(100) DEFAULT NULL,
  `consultant_doctor` int DEFAULT NULL,
  `ass_consultant_1` varchar(50) DEFAULT NULL,
  `ass_consultant_2` varchar(50) DEFAULT NULL,
  `anesthetist` varchar(50) DEFAULT NULL,
  `anaethesia_type` varchar(50) DEFAULT NULL,
  `ot_technician` varchar(100) DEFAULT NULL,
  `ot_assistant` varchar(100) DEFAULT NULL,
  `result` text,
  `remark` text,
  `generated_by` int DEFAULT NULL,
  `created_at` timestamp NOT NULL DEFAULT CURRENT_TIMESTAMP,
  PRIMARY KEY (`id`),
  KEY `opd_details_id` (`opd_details_id`),
  KEY `ipd_details_id` (`ipd_details_id`),
  KEY `consultant_doctor` (`consultant_doctor`),
  KEY `generated_by` (`generated_by`),
  KEY `operation_id` (`operation_id`),
  KEY `index_date` (`date`),
  CONSTRAINT `operation_theatre_ibfk_1` FOREIGN KEY (`opd_details_id`) REFERENCES `opd_details` (`id`) ON DELETE CASCADE,
  CONSTRAINT `operation_theatre_ibfk_2` FOREIGN KEY (`ipd_details_id`) REFERENCES `ipd_details` (`id`) ON DELETE CASCADE,
  CONSTRAINT `operation_theatre_ibfk_3` FOREIGN KEY (`consultant_doctor`) REFERENCES `staff` (`id`) ON DELETE CASCADE,
  CONSTRAINT `operation_theatre_ibfk_4` FOREIGN KEY (`generated_by`) REFERENCES `staff` (`id`) ON DELETE CASCADE,
  CONSTRAINT `operation_theatre_ibfk_5` FOREIGN KEY (`operation_id`) REFERENCES `operation` (`id`) ON DELETE CASCADE
) ENGINE=InnoDB AUTO_INCREMENT=259 DEFAULT CHARSET=utf8mb3;

INSERT INTO `operation_theatre` (`id`, `opd_details_id`, `ipd_details_id`, `customer_type`, `operation_id`, `date`, `operation_type`, `consultant_doctor`, `ass_consultant_1`, `ass_consultant_2`, `anesthetist`, `anaethesia_type`, `ot_technician`, `ot_assistant`, `result`, `remark`, `generated_by`, `created_at`) VALUES (2, NULL, 2, NULL, 1, '2021-10-28 18:03:00', NULL, 4, 'Reyes ', 'Kavindra', '', '', '', '', '', '', 1, '2021-10-25 12:33:34');
INSERT INTO `operation_theatre` (`id`, `opd_details_id`, `ipd_details_id`, `customer_type`, `operation_id`, `date`, `operation_type`, `consultant_doctor`, `ass_consultant_1`, `ass_consultant_2`, `anesthetist`, `anaethesia_type`, `ot_technician`, `ot_assistant`, `result`, `remark`, `generated_by`, `created_at`) VALUES (4, NULL, 2, NULL, 5, '2021-10-27 13:00:00', NULL, 12, '', '', '', '', '', '', '', '', 1, '2021-10-26 07:50:32');
INSERT INTO `operation_theatre` (`id`, `opd_details_id`, `ipd_details_id`, `customer_type`, `operation_id`, `date`, `operation_type`, `consultant_doctor`, `ass_consultant_1`, `ass_consultant_2`, `anesthetist`, `anaethesia_type`, `ot_technician`, `ot_assistant`, `result`, `remark`, `generated_by`, `created_at`) VALUES (9, NULL, 7, NULL, 2, '2021-11-01 11:00:00', NULL, 11, 'Taren Jetta', 'Peter Disuza', 'Analgesia', 'Reduce or eliminate pain in that area', 'Kindle', 'Marikannapum', 'Successfully completed', '', 1, '2021-10-27 05:56:38');
INSERT INTO `operation_theatre` (`id`, `opd_details_id`, `ipd_details_id`, `customer_type`, `operation_id`, `date`, `operation_type`, `consultant_doctor`, `ass_consultant_1`, `ass_consultant_2`, `anesthetist`, `anaethesia_type`, `ot_technician`, `ot_assistant`, `result`, `remark`, `generated_by`, `created_at`) VALUES (12, NULL, 8, NULL, 6, '2021-10-27 09:00:00', NULL, 12, '', '', '', '', '', '', '', '', 1, '2021-10-29 06:26:36');
INSERT INTO `operation_theatre` (`id`, `opd_details_id`, `ipd_details_id`, `customer_type`, `operation_id`, `date`, `operation_type`, `consultant_doctor`, `ass_consultant_1`, `ass_consultant_2`, `anesthetist`, `anaethesia_type`, `ot_technician`, `ot_assistant`, `result`, `remark`, `generated_by`, `created_at`) VALUES (13, NULL, 8, NULL, 6, '2021-10-27 09:00:00', NULL, 12, '', '', '', '', '', '', '', '', 1, '2021-10-29 06:26:36');
INSERT INTO `operation_theatre` (`id`, `opd_details_id`, `ipd_details_id`, `customer_type`, `operation_id`, `date`, `operation_type`, `consultant_doctor`, `ass_consultant_1`, `ass_consultant_2`, `anesthetist`, `anaethesia_type`, `ot_technician`, `ot_assistant`, `result`, `remark`, `generated_by`, `created_at`) VALUES (14, NULL, 7, NULL, 4, '2021-10-29 17:00:00', NULL, 4, 'Vipul Sinha (MBBS, MD)', ' Resu J0ain (MD)', '', '', '', '', '', '', 1, '2021-10-29 06:43:16');
INSERT INTO `operation_theatre` (`id`, `opd_details_id`, `ipd_details_id`, `customer_type`, `operation_id`, `date`, `operation_type`, `consultant_doctor`, `ass_consultant_1`, `ass_consultant_2`, `anesthetist`, `anaethesia_type`, `ot_technician`, `ot_assistant`, `result`, `remark`, `generated_by`, `created_at`) VALUES (47, NULL, 21, NULL, 5, '2022-02-09 17:15:00', NULL, 12, '', '', '', '', '', '', '', '', 1, '2022-02-03 11:45:39');
INSERT INTO `operation_theatre` (`id`, `opd_details_id`, `ipd_details_id`, `customer_type`, `operation_id`, `date`, `operation_type`, `consultant_doctor`, `ass_consultant_1`, `ass_consultant_2`, `anesthetist`, `anaethesia_type`, `ot_technician`, `ot_assistant`, `result`, `remark`, `generated_by`, `created_at`) VALUES (63, NULL, 26, NULL, 5, '2022-04-11 13:31:00', NULL, 11, '', '', '', '', '', '', '', '', 1, '2022-04-02 08:01:21');
INSERT INTO `operation_theatre` (`id`, `opd_details_id`, `ipd_details_id`, `customer_type`, `operation_id`, `date`, `operation_type`, `consultant_doctor`, `ass_consultant_1`, `ass_consultant_2`, `anesthetist`, `anaethesia_type`, `ot_technician`, `ot_assistant`, `result`, `remark`, `generated_by`, `created_at`) VALUES (71, NULL, 31, NULL, 5, '2022-05-03 17:01:00', NULL, 11, '', '', '', '', '', '', '', '', 1, '2022-05-03 11:31:12');
INSERT INTO `operation_theatre` (`id`, `opd_details_id`, `ipd_details_id`, `customer_type`, `operation_id`, `date`, `operation_type`, `consultant_doctor`, `ass_consultant_1`, `ass_consultant_2`, `anesthetist`, `anaethesia_type`, `ot_technician`, `ot_assistant`, `result`, `remark`, `generated_by`, `created_at`) VALUES (75, NULL, 31, NULL, 4, '2022-06-07 17:35:00', NULL, 11, '', '', '', '', '', '', '', '', 14, '2022-06-02 12:05:15');
INSERT INTO `operation_theatre` (`id`, `opd_details_id`, `ipd_details_id`, `customer_type`, `operation_id`, `date`, `operation_type`, `consultant_doctor`, `ass_consultant_1`, `ass_consultant_2`, `anesthetist`, `anaethesia_type`, `ot_technician`, `ot_assistant`, `result`, `remark`, `generated_by`, `created_at`) VALUES (78, NULL, 31, NULL, 3, '2022-06-15 17:00:00', NULL, 4, '', '', '', '', '', '', '', '', 14, '2022-06-02 12:16:45');
INSERT INTO `operation_theatre` (`id`, `opd_details_id`, `ipd_details_id`, `customer_type`, `operation_id`, `date`, `operation_type`, `consultant_doctor`, `ass_consultant_1`, `ass_consultant_2`, `anesthetist`, `anaethesia_type`, `ot_technician`, `ot_assistant`, `result`, `remark`, `generated_by`, `created_at`) VALUES (112, NULL, 47, NULL, 3, '2022-10-09 18:30:00', NULL, 12, 'Dr. Singh', 'Dr. Rao', 'Anesthetist 1', 'Anesthetist 2', 'Rahul ', 'Rohit', '', '', 1, '2022-10-04 10:08:22');
INSERT INTO `operation_theatre` (`id`, `opd_details_id`, `ipd_details_id`, `customer_type`, `operation_id`, `date`, `operation_type`, `consultant_doctor`, `ass_consultant_1`, `ass_consultant_2`, `anesthetist`, `anaethesia_type`, `ot_technician`, `ot_assistant`, `result`, `remark`, `generated_by`, `created_at`) VALUES (125, NULL, 55, NULL, 5, '2022-12-06 16:34:00', NULL, 11, 'Dr.Shah ', 'Dr.Patel', 'Anesthetist', 'Anesthetist Type', 'Rahul', 'Danish', '', 'Normal', 1, '2022-12-05 11:05:17');
INSERT INTO `operation_theatre` (`id`, `opd_details_id`, `ipd_details_id`, `customer_type`, `operation_id`, `date`, `operation_type`, `consultant_doctor`, `ass_consultant_1`, `ass_consultant_2`, `anesthetist`, `anaethesia_type`, `ot_technician`, `ot_assistant`, `result`, `remark`, `generated_by`, `created_at`) VALUES (131, NULL, 60, NULL, 4, '2023-01-08 22:30:00', NULL, 4, 'Dr.Patel', 'Dr. Singh', 'Anesthetist', 'Anesthesia Type 1', 'David ', 'Sahil', '', '', 1, '2023-01-04 12:17:43');
INSERT INTO `operation_theatre` (`id`, `opd_details_id`, `ipd_details_id`, `customer_type`, `operation_id`, `date`, `operation_type`, `consultant_doctor`, `ass_consultant_1`, `ass_consultant_2`, `anesthetist`, `anaethesia_type`, `ot_technician`, `ot_assistant`, `result`, `remark`, `generated_by`, `created_at`) VALUES (133, NULL, 61, NULL, 6, '2023-01-12 20:30:00', NULL, 12, 'Dr.Patel', 'Dr.Singh', 'Anesthetist', 'Anesthesia Type 1', 'David', 'Faran', '', '', 1, '2023-01-04 12:36:44');
INSERT INTO `operation_theatre` (`id`, `opd_details_id`, `ipd_details_id`, `customer_type`, `operation_id`, `date`, `operation_type`, `consultant_doctor`, `ass_consultant_1`, `ass_consultant_2`, `anesthetist`, `anaethesia_type`, `ot_technician`, `ot_assistant`, `result`, `remark`, `generated_by`, `created_at`) VALUES (135, NULL, 62, NULL, 5, '2023-02-08 15:00:00', NULL, 11, 'Dr.singh', 'Dr.Shah', 'Anesthetist 1', 'Anesthesia Type 2', 'David ', 'Garry', '', '', 1, '2023-02-01 09:34:46');
INSERT INTO `operation_theatre` (`id`, `opd_details_id`, `ipd_details_id`, `customer_type`, `operation_id`, `date`, `operation_type`, `consultant_doctor`, `ass_consultant_1`, `ass_consultant_2`, `anesthetist`, `anaethesia_type`, `ot_technician`, `ot_assistant`, `result`, `remark`, `generated_by`, `created_at`) VALUES (136, 2981, NULL, NULL, 4, '2023-02-14 15:17:00', NULL, 4, 'Dr. Rao', 'Dr. Patel', 'Anesthetist', 'Anesthetist Type2', 'Varun', 'Faran', '', '', 1, '2023-02-01 09:48:24');
INSERT INTO `operation_theatre` (`id`, `opd_details_id`, `ipd_details_id`, `customer_type`, `operation_id`, `date`, `operation_type`, `consultant_doctor`, `ass_consultant_1`, `ass_consultant_2`, `anesthetist`, `anaethesia_type`, `ot_technician`, `ot_assistant`, `result`, `remark`, `generated_by`, `created_at`) VALUES (137, NULL, 63, NULL, 4, '2023-02-14 16:30:00', NULL, 12, 'Dr. Varun', 'Dr.Sinha', 'Anesthetist ', 'Anesthesia Type 2', 'Faran', ' Gaurav', '', '', 1, '2023-02-01 10:00:19');
INSERT INTO `operation_theatre` (`id`, `opd_details_id`, `ipd_details_id`, `customer_type`, `operation_id`, `date`, `operation_type`, `consultant_doctor`, `ass_consultant_1`, `ass_consultant_2`, `anesthetist`, `anaethesia_type`, `ot_technician`, `ot_assistant`, `result`, `remark`, `generated_by`, `created_at`) VALUES (139, NULL, 64, NULL, 6, '2023-02-22 18:30:00', NULL, 12, 'Dr.Singh', 'Dr.Rao', 'Anesthetist 1', 'Anesthesia Type 2', 'Tarun', 'David', 'oral Surgery', 'Left Hand mark', 1, '2023-02-01 10:44:57');
INSERT INTO `operation_theatre` (`id`, `opd_details_id`, `ipd_details_id`, `customer_type`, `operation_id`, `date`, `operation_type`, `consultant_doctor`, `ass_consultant_1`, `ass_consultant_2`, `anesthetist`, `anaethesia_type`, `ot_technician`, `ot_assistant`, `result`, `remark`, `generated_by`, `created_at`) VALUES (161, NULL, 74, NULL, 5, '2023-05-08 12:45:00', NULL, 11, 'Dr. Garry', 'Dr. Singh', 'Anesthetist', 'Anesthesia Type -2', 'Kalvin', 'Harry', '', 'Left Hand Mark', 1, '2023-05-04 06:43:44');
INSERT INTO `operation_theatre` (`id`, `opd_details_id`, `ipd_details_id`, `customer_type`, `operation_id`, `date`, `operation_type`, `consultant_doctor`, `ass_consultant_1`, `ass_consultant_2`, `anesthetist`, `anaethesia_type`, `ot_technician`, `ot_assistant`, `result`, `remark`, `generated_by`, `created_at`) VALUES (165, NULL, 77, NULL, 5, '2023-06-22 17:30:00', NULL, 11, 'Dr. Singh', 'Dr. Garry', 'Anaesthetist ', 'Anaesthesia Type 2', 'Faran', 'harry', '', '', 1, '2023-06-06 10:25:08');
INSERT INTO `operation_theatre` (`id`, `opd_details_id`, `ipd_details_id`, `customer_type`, `operation_id`, `date`, `operation_type`, `consultant_doctor`, `ass_consultant_1`, `ass_consultant_2`, `anesthetist`, `anaethesia_type`, `ot_technician`, `ot_assistant`, `result`, `remark`, `generated_by`, `created_at`) VALUES (174, 4444, NULL, NULL, 4, '2023-08-13 17:31:00', NULL, 11, 'Dr. Singh', 'Dr.Khan', 'Anesthetist', 'Anesthesia Type 2', 'David', 'Usman', '', '', 1, '2023-08-02 12:02:09');
INSERT INTO `operation_theatre` (`id`, `opd_details_id`, `ipd_details_id`, `customer_type`, `operation_id`, `date`, `operation_type`, `consultant_doctor`, `ass_consultant_1`, `ass_consultant_2`, `anesthetist`, `anaethesia_type`, `ot_technician`, `ot_assistant`, `result`, `remark`, `generated_by`, `created_at`) VALUES (175, NULL, 80, NULL, 5, '2023-08-10 17:34:00', NULL, 11, 'Dr. Khanna', 'Dr. Singh', 'Anesthetist', 'Anesthesia Type 2', 'Ravi', 'Daniel', '', '', 1, '2023-08-02 12:05:16');
INSERT INTO `operation_theatre` (`id`, `opd_details_id`, `ipd_details_id`, `customer_type`, `operation_id`, `date`, `operation_type`, `consultant_doctor`, `ass_consultant_1`, `ass_consultant_2`, `anesthetist`, `anaethesia_type`, `ot_technician`, `ot_assistant`, `result`, `remark`, `generated_by`, `created_at`) VALUES (176, NULL, 81, NULL, 3, '2023-08-22 21:30:00', NULL, 12, 'Dr.Singh', 'Dr. Faran', 'Anesthetist', 'Anesthesia Type 2', 'peter', 'Hary', '', '', 1, '2023-08-02 12:26:57');
INSERT INTO `operation_theatre` (`id`, `opd_details_id`, `ipd_details_id`, `customer_type`, `operation_id`, `date`, `operation_type`, `consultant_doctor`, `ass_consultant_1`, `ass_consultant_2`, `anesthetist`, `anaethesia_type`, `ot_technician`, `ot_assistant`, `result`, `remark`, `generated_by`, `created_at`) VALUES (178, NULL, 82, NULL, 5, '2023-09-12 14:33:00', NULL, 11, 'Dr.singh', 'Dr. Ankit', 'Anesthetist', 'Anesthesia Type 1', 'David', 'Elive', '', 'Left hand mark', 1, '2023-09-04 07:03:47');
INSERT INTO `operation_theatre` (`id`, `opd_details_id`, `ipd_details_id`, `customer_type`, `operation_id`, `date`, `operation_type`, `consultant_doctor`, `ass_consultant_1`, `ass_consultant_2`, `anesthetist`, `anaethesia_type`, `ot_technician`, `ot_assistant`, `result`, `remark`, `generated_by`, `created_at`) VALUES (179, NULL, 83, NULL, 3, '2023-09-26 21:30:00', NULL, 2, 'Dr.Singh', 'Dr.Ketan', 'Anesthetist', 'Anesthesia Type 3', 'Usman', 'Arvind', '', 'Left hand mark', 1, '2023-09-04 07:23:58');
INSERT INTO `operation_theatre` (`id`, `opd_details_id`, `ipd_details_id`, `customer_type`, `operation_id`, `date`, `operation_type`, `consultant_doctor`, `ass_consultant_1`, `ass_consultant_2`, `anesthetist`, `anaethesia_type`, `ot_technician`, `ot_assistant`, `result`, `remark`, `generated_by`, `created_at`) VALUES (180, 4723, NULL, NULL, 4, '2023-09-29 13:06:00', NULL, 11, 'Dr. Rao', 'Dr. William', '', '', '', '', '', '', 1, '2023-09-04 07:36:37');
INSERT INTO `operation_theatre` (`id`, `opd_details_id`, `ipd_details_id`, `customer_type`, `operation_id`, `date`, `operation_type`, `consultant_doctor`, `ass_consultant_1`, `ass_consultant_2`, `anesthetist`, `anaethesia_type`, `ot_technician`, `ot_assistant`, `result`, `remark`, `generated_by`, `created_at`) VALUES (181, NULL, 84, NULL, 4, '2023-09-29 17:09:00', NULL, 2, 'Dr. Elbert', 'Dr. Wood', 'Anesthetist', 'Anesthesia Type', 'Tarun', 'Wood', '', 'Left hand mark', 1, '2023-09-04 07:40:03');
INSERT INTO `operation_theatre` (`id`, `opd_details_id`, `ipd_details_id`, `customer_type`, `operation_id`, `date`, `operation_type`, `consultant_doctor`, `ass_consultant_1`, `ass_consultant_2`, `anesthetist`, `anaethesia_type`, `ot_technician`, `ot_assistant`, `result`, `remark`, `generated_by`, `created_at`) VALUES (184, 4837, NULL, NULL, 4, '2023-10-05 17:45:00', NULL, 12, 'Dr. singh', 'Dr. Rao', 'Anesthetist', 'Anesthesia Type', 'Kalvin', 'Robert', '', '', 1, '2023-10-04 11:57:09');
INSERT INTO `operation_theatre` (`id`, `opd_details_id`, `ipd_details_id`, `customer_type`, `operation_id`, `date`, `operation_type`, `consultant_doctor`, `ass_consultant_1`, `ass_consultant_2`, `anesthetist`, `anaethesia_type`, `ot_technician`, `ot_assistant`, `result`, `remark`, `generated_by`, `created_at`) VALUES (186, 4872, NULL, NULL, 3, '2023-10-18 10:09:00', NULL, 4, 'Dr. david', 'Dr.khan', 'Anesthetist', 'Anesthesia Type', 'Denver', 'Faran', '', 'Right hand Mark', 1, '2023-10-05 04:40:30');
INSERT INTO `operation_theatre` (`id`, `opd_details_id`, `ipd_details_id`, `customer_type`, `operation_id`, `date`, `operation_type`, `consultant_doctor`, `ass_consultant_1`, `ass_consultant_2`, `anesthetist`, `anaethesia_type`, `ot_technician`, `ot_assistant`, `result`, `remark`, `generated_by`, `created_at`) VALUES (187, NULL, 86, NULL, 3, '2023-10-19 10:13:00', NULL, 12, 'Dr.Singh', 'Dr.Mehra', 'Anesthetist', 'Anesthesia Type', 'Faran', 'Arjun', '', '', 1, '2023-10-05 04:43:55');
INSERT INTO `operation_theatre` (`id`, `opd_details_id`, `ipd_details_id`, `customer_type`, `operation_id`, `date`, `operation_type`, `consultant_doctor`, `ass_consultant_1`, `ass_consultant_2`, `anesthetist`, `anaethesia_type`, `ot_technician`, `ot_assistant`, `result`, `remark`, `generated_by`, `created_at`) VALUES (188, NULL, 87, NULL, 3, '2023-10-28 21:30:00', NULL, 4, 'Dr.Shah', 'Dr.Khanna', 'Anesthetist', 'Anesthesia Type 1', 'Usman', 'David', '', '', 1, '2023-10-05 07:08:39');
INSERT INTO `operation_theatre` (`id`, `opd_details_id`, `ipd_details_id`, `customer_type`, `operation_id`, `date`, `operation_type`, `consultant_doctor`, `ass_consultant_1`, `ass_consultant_2`, `anesthetist`, `anaethesia_type`, `ot_technician`, `ot_assistant`, `result`, `remark`, `generated_by`, `created_at`) VALUES (189, NULL, 88, NULL, 4, '2023-11-09 13:26:00', NULL, 4, 'Dr.Sinha', 'Dr.Rao', 'Anesthetist', 'Anesthesia Type', 'David', 'Rabbi', '', 'Left Hand Mark', 1, '2023-11-03 07:57:00');
INSERT INTO `operation_theatre` (`id`, `opd_details_id`, `ipd_details_id`, `customer_type`, `operation_id`, `date`, `operation_type`, `consultant_doctor`, `ass_consultant_1`, `ass_consultant_2`, `anesthetist`, `anaethesia_type`, `ot_technician`, `ot_assistant`, `result`, `remark`, `generated_by`, `created_at`) VALUES (194, NULL, 90, NULL, 5, '2023-12-13 12:55:00', NULL, 11, 'Dr.Khnna', 'Dr.Rana', 'Anesthetist', 'Anesthesia Type', 'Garry', 'David', '', 'left hand mark', 1, '2023-12-04 07:27:35');
INSERT INTO `operation_theatre` (`id`, `opd_details_id`, `ipd_details_id`, `customer_type`, `operation_id`, `date`, `operation_type`, `consultant_doctor`, `ass_consultant_1`, `ass_consultant_2`, `anesthetist`, `anaethesia_type`, `ot_technician`, `ot_assistant`, `result`, `remark`, `generated_by`, `created_at`) VALUES (195, NULL, 91, NULL, 4, '2023-12-18 20:20:00', NULL, 12, 'Dr.Khan', 'dr.Patel', 'Anesthetist', 'Anesthetist', 'Harry', 'Mohan', '', 'Left hand Mark', 1, '2023-12-04 07:50:51');
INSERT INTO `operation_theatre` (`id`, `opd_details_id`, `ipd_details_id`, `customer_type`, `operation_id`, `date`, `operation_type`, `consultant_doctor`, `ass_consultant_1`, `ass_consultant_2`, `anesthetist`, `anaethesia_type`, `ot_technician`, `ot_assistant`, `result`, `remark`, `generated_by`, `created_at`) VALUES (197, NULL, 92, NULL, 5, '2024-01-12 09:59:00', NULL, 11, 'Dr.Shah', 'Dr.Khan', 'Anesthetist ', 'Anesthesia Type 1', 'David', 'Vina', '', 'Left hand', 1, '2024-01-04 04:30:32');
INSERT INTO `operation_theatre` (`id`, `opd_details_id`, `ipd_details_id`, `customer_type`, `operation_id`, `date`, `operation_type`, `consultant_doctor`, `ass_consultant_1`, `ass_consultant_2`, `anesthetist`, `anaethesia_type`, `ot_technician`, `ot_assistant`, `result`, `remark`, `generated_by`, `created_at`) VALUES (199, NULL, 93, NULL, 5, '2024-02-08 15:14:00', NULL, 12, 'Dr.Shah', 'Dr.Khan', 'Anesthetist', 'Anesthesia Type 1', 'Vinay', 'Arun', '', 'Left Hand Mark', 1, '2024-02-01 09:45:47');
INSERT INTO `operation_theatre` (`id`, `opd_details_id`, `ipd_details_id`, `customer_type`, `operation_id`, `date`, `operation_type`, `consultant_doctor`, `ass_consultant_1`, `ass_consultant_2`, `anesthetist`, `anaethesia_type`, `ot_technician`, `ot_assistant`, `result`, `remark`, `generated_by`, `created_at`) VALUES (200, 5697, NULL, NULL, 4, '2024-02-08 15:38:00', NULL, 11, 'Dr.Shah', 'Dr.Khan', 'Anesthetist', 'Anesthetist 1', 'Garry', 'Olia', '', '', 1, '2024-02-01 10:09:00');
INSERT INTO `operation_theatre` (`id`, `opd_details_id`, `ipd_details_id`, `customer_type`, `operation_id`, `date`, `operation_type`, `consultant_doctor`, `ass_consultant_1`, `ass_consultant_2`, `anesthetist`, `anaethesia_type`, `ot_technician`, `ot_assistant`, `result`, `remark`, `generated_by`, `created_at`) VALUES (201, NULL, 14, NULL, 5, '2024-02-14 15:51:00', NULL, 12, 'DR.Khan', 'Dr.Suri', 'Anesthetist', 'Anesthetist 2', 'Garry', 'David', '', 'Left Hand Mark', 1, '2024-02-01 10:21:46');
INSERT INTO `operation_theatre` (`id`, `opd_details_id`, `ipd_details_id`, `customer_type`, `operation_id`, `date`, `operation_type`, `consultant_doctor`, `ass_consultant_1`, `ass_consultant_2`, `anesthetist`, `anaethesia_type`, `ot_technician`, `ot_assistant`, `result`, `remark`, `generated_by`, `created_at`) VALUES (202, NULL, 94, NULL, 5, '2024-03-06 18:30:00', NULL, 11, 'Dr.Rao', 'Dr.Singh', 'Anesthetist', 'Anesthesia Type', 'Vikki', 'Jhon', '', 'Left Hand Mark', 1, '2024-03-01 07:28:30');
INSERT INTO `operation_theatre` (`id`, `opd_details_id`, `ipd_details_id`, `customer_type`, `operation_id`, `date`, `operation_type`, `consultant_doctor`, `ass_consultant_1`, `ass_consultant_2`, `anesthetist`, `anaethesia_type`, `ot_technician`, `ot_assistant`, `result`, `remark`, `generated_by`, `created_at`) VALUES (203, 5804, NULL, NULL, 5, '2024-03-08 14:30:00', NULL, 11, 'Dr.Singh', 'Dr.Khan', 'Anesthetist', 'Anesthesia Type', 'David', 'Shan', '', 'Right Hand mark', 1, '2024-03-01 07:46:21');
INSERT INTO `operation_theatre` (`id`, `opd_details_id`, `ipd_details_id`, `customer_type`, `operation_id`, `date`, `operation_type`, `consultant_doctor`, `ass_consultant_1`, `ass_consultant_2`, `anesthetist`, `anaethesia_type`, `ot_technician`, `ot_assistant`, `result`, `remark`, `generated_by`, `created_at`) VALUES (204, NULL, 14, NULL, 6, '2024-03-08 14:30:00', NULL, 12, 'Dr.Khan', 'Dr.singh', 'Anesthetist', 'Anesthesia Type 1', 'Harish', 'Garry', '', 'Left Hand Mark', 1, '2024-03-01 07:55:16');
INSERT INTO `operation_theatre` (`id`, `opd_details_id`, `ipd_details_id`, `customer_type`, `operation_id`, `date`, `operation_type`, `consultant_doctor`, `ass_consultant_1`, `ass_consultant_2`, `anesthetist`, `anaethesia_type`, `ot_technician`, `ot_assistant`, `result`, `remark`, `generated_by`, `created_at`) VALUES (205, NULL, 14, NULL, 4, '2024-04-08 16:24:00', NULL, 11, 'Dr.Shah', 'Dr.Khan', 'Anesthetist', 'Anesthesia Type 1', 'Vancy', 'Jacy', '', 'Left Hand mark', 1, '2024-04-01 10:55:18');
INSERT INTO `operation_theatre` (`id`, `opd_details_id`, `ipd_details_id`, `customer_type`, `operation_id`, `date`, `operation_type`, `consultant_doctor`, `ass_consultant_1`, `ass_consultant_2`, `anesthetist`, `anaethesia_type`, `ot_technician`, `ot_assistant`, `result`, `remark`, `generated_by`, `created_at`) VALUES (206, 5867, NULL, NULL, 4, '2024-04-14 16:41:00', NULL, 11, 'Dr.Shah', 'Dr.Khan', 'Anesthetist', 'Anesthesia Type 1', '', '', '', '', 1, '2024-04-01 11:11:54');
INSERT INTO `operation_theatre` (`id`, `opd_details_id`, `ipd_details_id`, `customer_type`, `operation_id`, `date`, `operation_type`, `consultant_doctor`, `ass_consultant_1`, `ass_consultant_2`, `anesthetist`, `anaethesia_type`, `ot_technician`, `ot_assistant`, `result`, `remark`, `generated_by`, `created_at`) VALUES (207, NULL, 95, NULL, 3, '2024-04-12 21:30:00', NULL, 11, 'Dr.singh', 'Dr.patel', 'Anesthetist', 'Anesthesia Type 1', 'Tarun', 'vinay', '', '', 1, '2024-04-01 11:24:53');
INSERT INTO `operation_theatre` (`id`, `opd_details_id`, `ipd_details_id`, `customer_type`, `operation_id`, `date`, `operation_type`, `consultant_doctor`, `ass_consultant_1`, `ass_consultant_2`, `anesthetist`, `anaethesia_type`, `ot_technician`, `ot_assistant`, `result`, `remark`, `generated_by`, `created_at`) VALUES (209, 6103, NULL, NULL, 5, '2024-04-12 13:10:00', NULL, 12, 'Dr.khan', 'Dr.singh', 'Anesthetist', 'Anesthesia Type 1', 'Vancy', '', '', '', 1, '2024-04-02 07:41:16');
INSERT INTO `operation_theatre` (`id`, `opd_details_id`, `ipd_details_id`, `customer_type`, `operation_id`, `date`, `operation_type`, `consultant_doctor`, `ass_consultant_1`, `ass_consultant_2`, `anesthetist`, `anaethesia_type`, `ot_technician`, `ot_assistant`, `result`, `remark`, `generated_by`, `created_at`) VALUES (210, NULL, 14, NULL, 4, '2024-05-08 20:30:00', NULL, 2, 'Dr.Singh', 'Dr. Mehta', 'Anesthetist', 'Anesthesia Type 1', 'Daniel Wood', 'David', 'Result Good', 'Left Hand Mark', 1, '2024-05-01 11:52:02');
INSERT INTO `operation_theatre` (`id`, `opd_details_id`, `ipd_details_id`, `customer_type`, `operation_id`, `date`, `operation_type`, `consultant_doctor`, `ass_consultant_1`, `ass_consultant_2`, `anesthetist`, `anaethesia_type`, `ot_technician`, `ot_assistant`, `result`, `remark`, `generated_by`, `created_at`) VALUES (211, NULL, 96, NULL, 4, '2024-05-10 12:40:00', NULL, 12, 'Dr.Shah', 'Dr.Patel', 'Anesthetist', 'Anesthesia Type 1', 'Vinki', 'arvind', '', '', 1, '2024-05-02 07:11:04');
INSERT INTO `operation_theatre` (`id`, `opd_details_id`, `ipd_details_id`, `customer_type`, `operation_id`, `date`, `operation_type`, `consultant_doctor`, `ass_consultant_1`, `ass_consultant_2`, `anesthetist`, `anaethesia_type`, `ot_technician`, `ot_assistant`, `result`, `remark`, `generated_by`, `created_at`) VALUES (212, 6212, NULL, NULL, 6, '2024-05-25 17:22:00', NULL, 12, 'Dr.Khan', 'Dr.David', 'Anesthetist', 'Anesthesia Type', '', '', '', '', 1, '2024-05-02 11:52:07');
INSERT INTO `operation_theatre` (`id`, `opd_details_id`, `ipd_details_id`, `customer_type`, `operation_id`, `date`, `operation_type`, `consultant_doctor`, `ass_consultant_1`, `ass_consultant_2`, `anesthetist`, `anaethesia_type`, `ot_technician`, `ot_assistant`, `result`, `remark`, `generated_by`, `created_at`) VALUES (213, 6278, NULL, NULL, 8, '2024-06-12 20:30:00', NULL, 4, 'Dr.Jain', 'Dr.Jhunjhunwala', 'Anesthetist', 'Anesthesia Type 1', 'David', 'Martin', '', '', 1, '2024-06-01 10:15:38');
INSERT INTO `operation_theatre` (`id`, `opd_details_id`, `ipd_details_id`, `customer_type`, `operation_id`, `date`, `operation_type`, `consultant_doctor`, `ass_consultant_1`, `ass_consultant_2`, `anesthetist`, `anaethesia_type`, `ot_technician`, `ot_assistant`, `result`, `remark`, `generated_by`, `created_at`) VALUES (214, NULL, 14, NULL, 8, '2024-06-18 15:51:00', NULL, 2, 'Dr.Mathews', 'Dr.Singh', 'Anesthetist', 'Anesthesia Type 1', 'David', 'Mathews', '', 'Left Hand Mark', 1, '2024-06-01 10:20:59');
INSERT INTO `operation_theatre` (`id`, `opd_details_id`, `ipd_details_id`, `customer_type`, `operation_id`, `date`, `operation_type`, `consultant_doctor`, `ass_consultant_1`, `ass_consultant_2`, `anesthetist`, `anaethesia_type`, `ot_technician`, `ot_assistant`, `result`, `remark`, `generated_by`, `created_at`) VALUES (215, NULL, 97, NULL, 7, '2024-06-22 21:30:00', NULL, 4, 'Dr.Shah', 'Dr.Singh', 'Anesthetist', 'Anesthesia Type 1', 'Vinesh', 'Mahesh', '', 'Left Hand Mark', 1, '2024-06-01 12:10:27');
INSERT INTO `operation_theatre` (`id`, `opd_details_id`, `ipd_details_id`, `customer_type`, `operation_id`, `date`, `operation_type`, `consultant_doctor`, `ass_consultant_1`, `ass_consultant_2`, `anesthetist`, `anaethesia_type`, `ot_technician`, `ot_assistant`, `result`, `remark`, `generated_by`, `created_at`) VALUES (216, NULL, 98, NULL, 4, '2024-07-12 19:30:00', NULL, 4, 'Dr.Sinha', 'Dr.Khanna', 'Anesthetist', 'Anesthesia Type 1', 'Vinay', 'Arjun', '', 'Left hand Mark', 14, '2024-07-01 09:21:33');
INSERT INTO `operation_theatre` (`id`, `opd_details_id`, `ipd_details_id`, `customer_type`, `operation_id`, `date`, `operation_type`, `consultant_doctor`, `ass_consultant_1`, `ass_consultant_2`, `anesthetist`, `anaethesia_type`, `ot_technician`, `ot_assistant`, `result`, `remark`, `generated_by`, `created_at`) VALUES (217, NULL, 14, NULL, 3, '2024-07-08 20:14:00', NULL, 11, 'Dr.Khanna', 'Dr.Patel', 'Anesthetist', 'Anesthesia Type 1', 'Ravi', 'Vinay', '', '', 14, '2024-07-01 09:44:43');
INSERT INTO `operation_theatre` (`id`, `opd_details_id`, `ipd_details_id`, `customer_type`, `operation_id`, `date`, `operation_type`, `consultant_doctor`, `ass_consultant_1`, `ass_consultant_2`, `anesthetist`, `anaethesia_type`, `ot_technician`, `ot_assistant`, `result`, `remark`, `generated_by`, `created_at`) VALUES (218, 6527, NULL, NULL, 3, '2024-07-12 11:22:00', NULL, 11, 'Dr.Khan', 'Dr.Singh', 'Anesthetist', 'Anesthesia Type 1', 'Vinay', 'Arvind', '', '', 1, '2024-07-02 05:53:00');
INSERT INTO `operation_theatre` (`id`, `opd_details_id`, `ipd_details_id`, `customer_type`, `operation_id`, `date`, `operation_type`, `consultant_doctor`, `ass_consultant_1`, `ass_consultant_2`, `anesthetist`, `anaethesia_type`, `ot_technician`, `ot_assistant`, `result`, `remark`, `generated_by`, `created_at`) VALUES (219, 6528, NULL, NULL, 4, '2024-08-05 20:30:00', NULL, 11, 'Dr.Sinha', 'Dr.Khanna', 'Anesthetist', 'Anesthesia Type 2', 'Siyoon', 'Vinay', '', '', 1, '2024-08-01 09:11:30');
INSERT INTO `operation_theatre` (`id`, `opd_details_id`, `ipd_details_id`, `customer_type`, `operation_id`, `date`, `operation_type`, `consultant_doctor`, `ass_consultant_1`, `ass_consultant_2`, `anesthetist`, `anaethesia_type`, `ot_technician`, `ot_assistant`, `result`, `remark`, `generated_by`, `created_at`) VALUES (220, NULL, 14, NULL, 5, '2024-08-12 17:26:00', NULL, 11, 'Dr.Sinha', 'Dr.Khanna', 'Anesthetist', 'Anesthesia Type 1', 'Vinay', 'Arvind', '', '', 1, '2024-08-01 11:56:10');
INSERT INTO `operation_theatre` (`id`, `opd_details_id`, `ipd_details_id`, `customer_type`, `operation_id`, `date`, `operation_type`, `consultant_doctor`, `ass_consultant_1`, `ass_consultant_2`, `anesthetist`, `anaethesia_type`, `ot_technician`, `ot_assistant`, `result`, `remark`, `generated_by`, `created_at`) VALUES (221, NULL, 99, NULL, 4, '2024-08-12 13:30:00', NULL, 11, 'Dr.Khanna', 'Dr.Sinha', 'Anesthetist', 'Anesthesia Type 2', 'Vinay ', 'Albert', '', '', 1, '2024-08-02 07:59:43');
INSERT INTO `operation_theatre` (`id`, `opd_details_id`, `ipd_details_id`, `customer_type`, `operation_id`, `date`, `operation_type`, `consultant_doctor`, `ass_consultant_1`, `ass_consultant_2`, `anesthetist`, `anaethesia_type`, `ot_technician`, `ot_assistant`, `result`, `remark`, `generated_by`, `created_at`) VALUES (222, NULL, 14, NULL, 4, '2024-09-15 10:56:00', NULL, 11, 'Garry', 'Mr.khan', 'Anesthetist', 'Anesthesia Type ', 'Vinay', 'Faran', '', '', 1, '2024-08-31 05:26:16');
INSERT INTO `operation_theatre` (`id`, `opd_details_id`, `ipd_details_id`, `customer_type`, `operation_id`, `date`, `operation_type`, `consultant_doctor`, `ass_consultant_1`, `ass_consultant_2`, `anesthetist`, `anaethesia_type`, `ot_technician`, `ot_assistant`, `result`, `remark`, `generated_by`, `created_at`) VALUES (223, 6609, NULL, NULL, 4, '2024-09-16 16:17:00', NULL, 11, 'Dr.Khnna', 'Dr.Sinha', 'Anesthetist', 'Anesthesia Type', 'Arjun', 'Ankit', '', '', 1, '2024-08-31 10:47:24');
INSERT INTO `operation_theatre` (`id`, `opd_details_id`, `ipd_details_id`, `customer_type`, `operation_id`, `date`, `operation_type`, `consultant_doctor`, `ass_consultant_1`, `ass_consultant_2`, `anesthetist`, `anaethesia_type`, `ot_technician`, `ot_assistant`, `result`, `remark`, `generated_by`, `created_at`) VALUES (224, 6706, NULL, NULL, 6, '2024-10-07 15:39:00', NULL, 11, 'Dr.Shah', 'Dr.Khanna', 'Anesthetist', 'Anesthesia Type', 'Vinay', 'Arun', '', '', 1, '2024-10-04 10:09:29');
INSERT INTO `operation_theatre` (`id`, `opd_details_id`, `ipd_details_id`, `customer_type`, `operation_id`, `date`, `operation_type`, `consultant_doctor`, `ass_consultant_1`, `ass_consultant_2`, `anesthetist`, `anaethesia_type`, `ot_technician`, `ot_assistant`, `result`, `remark`, `generated_by`, `created_at`) VALUES (225, 6705, NULL, NULL, 4, '2024-10-16 18:48:00', NULL, 11, 'Dr.khan', 'Dr.singh', 'Anesthetist', 'Anesthesia Type', 'Harry', 'Garry', '', '', 1, '2024-10-04 10:18:54');
INSERT INTO `operation_theatre` (`id`, `opd_details_id`, `ipd_details_id`, `customer_type`, `operation_id`, `date`, `operation_type`, `consultant_doctor`, `ass_consultant_1`, `ass_consultant_2`, `anesthetist`, `anaethesia_type`, `ot_technician`, `ot_assistant`, `result`, `remark`, `generated_by`, `created_at`) VALUES (226, 6645, NULL, NULL, 5, '2024-10-12 17:30:00', NULL, 11, 'Dr.Singh', 'Dr.Mishra', 'Anesthetist', 'Anesthesia Type 1', 'Garry', 'arun', '', '', 1, '2024-10-04 10:22:24');
INSERT INTO `operation_theatre` (`id`, `opd_details_id`, `ipd_details_id`, `customer_type`, `operation_id`, `date`, `operation_type`, `consultant_doctor`, `ass_consultant_1`, `ass_consultant_2`, `anesthetist`, `anaethesia_type`, `ot_technician`, `ot_assistant`, `result`, `remark`, `generated_by`, `created_at`) VALUES (227, 6704, NULL, NULL, 4, '2024-10-08 20:30:00', NULL, 11, 'Dr.Paul', 'Dr.singh', 'Anesthetist', 'Anesthesia Type 1', 'Fraddy', 'Methews', '', '', 1, '2024-10-04 10:55:52');
INSERT INTO `operation_theatre` (`id`, `opd_details_id`, `ipd_details_id`, `customer_type`, `operation_id`, `date`, `operation_type`, `consultant_doctor`, `ass_consultant_1`, `ass_consultant_2`, `anesthetist`, `anaethesia_type`, `ot_technician`, `ot_assistant`, `result`, `remark`, `generated_by`, `created_at`) VALUES (228, NULL, 100, NULL, 4, '2024-10-12 20:44:00', NULL, 11, 'Dr.Shaun', 'Dr.William', 'Anesthetist', 'Anesthesia Type 1', 'garry', 'Faran', '', '', 1, '2024-10-04 11:15:10');
INSERT INTO `operation_theatre` (`id`, `opd_details_id`, `ipd_details_id`, `customer_type`, `operation_id`, `date`, `operation_type`, `consultant_doctor`, `ass_consultant_1`, `ass_consultant_2`, `anesthetist`, `anaethesia_type`, `ot_technician`, `ot_assistant`, `result`, `remark`, `generated_by`, `created_at`) VALUES (229, NULL, 14, NULL, 3, '2024-10-16 17:07:00', NULL, 12, 'Dr.William', 'Dr.John', 'Anesthetist', 'Anesthesia Type 1', 'Tarun', 'Vinay', '', '', 1, '2024-10-04 11:38:14');
INSERT INTO `operation_theatre` (`id`, `opd_details_id`, `ipd_details_id`, `customer_type`, `operation_id`, `date`, `operation_type`, `consultant_doctor`, `ass_consultant_1`, `ass_consultant_2`, `anesthetist`, `anaethesia_type`, `ot_technician`, `ot_assistant`, `result`, `remark`, `generated_by`, `created_at`) VALUES (230, 6700, NULL, NULL, 4, '2024-10-23 17:18:00', NULL, 12, 'Dr.Kahnna', 'Dr.Rao', 'Anesthetist', 'Anesthesia Type 1', 'Tarun', 'Vinay', '', '', 1, '2024-10-04 11:48:42');
INSERT INTO `operation_theatre` (`id`, `opd_details_id`, `ipd_details_id`, `customer_type`, `operation_id`, `date`, `operation_type`, `consultant_doctor`, `ass_consultant_1`, `ass_consultant_2`, `anesthetist`, `anaethesia_type`, `ot_technician`, `ot_assistant`, `result`, `remark`, `generated_by`, `created_at`) VALUES (231, 6702, NULL, NULL, 4, '2024-10-10 17:31:00', NULL, 11, 'Dr.Neal', 'Dr.Kalvin', 'Anesthetist', 'Anesthesia Type 1', 'George', 'John', '', '', 1, '2024-10-04 12:02:19');
INSERT INTO `operation_theatre` (`id`, `opd_details_id`, `ipd_details_id`, `customer_type`, `operation_id`, `date`, `operation_type`, `consultant_doctor`, `ass_consultant_1`, `ass_consultant_2`, `anesthetist`, `anaethesia_type`, `ot_technician`, `ot_assistant`, `result`, `remark`, `generated_by`, `created_at`) VALUES (232, 6703, NULL, NULL, 4, '2024-10-26 17:57:00', NULL, 11, 'Dr.William', 'Dr.Singh', 'Anesthetist', 'Anesthesia Type 1', 'Arun', 'vinay', '', '', 1, '2024-10-04 12:28:18');
INSERT INTO `operation_theatre` (`id`, `opd_details_id`, `ipd_details_id`, `customer_type`, `operation_id`, `date`, `operation_type`, `consultant_doctor`, `ass_consultant_1`, `ass_consultant_2`, `anesthetist`, `anaethesia_type`, `ot_technician`, `ot_assistant`, `result`, `remark`, `generated_by`, `created_at`) VALUES (233, 6689, NULL, NULL, 5, '2024-10-28 18:10:00', NULL, 11, 'Dr.Singh', 'Dr.Mahesh', 'Anesthetist', 'Anesthesia Type 1', 'Edward', 'William', '', '', 1, '2024-10-04 12:40:44');
INSERT INTO `operation_theatre` (`id`, `opd_details_id`, `ipd_details_id`, `customer_type`, `operation_id`, `date`, `operation_type`, `consultant_doctor`, `ass_consultant_1`, `ass_consultant_2`, `anesthetist`, `anaethesia_type`, `ot_technician`, `ot_assistant`, `result`, `remark`, `generated_by`, `created_at`) VALUES (234, 6707, NULL, NULL, 4, '2024-10-16 09:42:00', NULL, 11, 'Dr.singh', 'Dr.kaur', 'Anesthetist', 'Anesthesia Type 1', 'Garry', 'Arun', '', '', 1, '2024-10-05 04:12:53');
INSERT INTO `operation_theatre` (`id`, `opd_details_id`, `ipd_details_id`, `customer_type`, `operation_id`, `date`, `operation_type`, `consultant_doctor`, `ass_consultant_1`, `ass_consultant_2`, `anesthetist`, `anaethesia_type`, `ot_technician`, `ot_assistant`, `result`, `remark`, `generated_by`, `created_at`) VALUES (235, 6710, NULL, NULL, 4, '2024-10-05 10:46:00', NULL, 11, 'Dr.Mehra', 'Dr.Patel', 'Anesthetist', 'Anesthesia Type 1', 'Vinay', 'rahul', '', '', 1, '2024-10-05 05:16:45');
INSERT INTO `operation_theatre` (`id`, `opd_details_id`, `ipd_details_id`, `customer_type`, `operation_id`, `date`, `operation_type`, `consultant_doctor`, `ass_consultant_1`, `ass_consultant_2`, `anesthetist`, `anaethesia_type`, `ot_technician`, `ot_assistant`, `result`, `remark`, `generated_by`, `created_at`) VALUES (236, 6715, NULL, NULL, 5, '2024-10-12 10:48:00', NULL, 12, 'Dr.Lokesh', 'Dr.Vinay', 'Anesthetist', 'Anesthesia Type 1', 'Garry', 'Eliva', '', '', 1, '2024-10-05 05:18:34');
INSERT INTO `operation_theatre` (`id`, `opd_details_id`, `ipd_details_id`, `customer_type`, `operation_id`, `date`, `operation_type`, `consultant_doctor`, `ass_consultant_1`, `ass_consultant_2`, `anesthetist`, `anaethesia_type`, `ot_technician`, `ot_assistant`, `result`, `remark`, `generated_by`, `created_at`) VALUES (237, 6714, NULL, NULL, 3, '2024-10-24 10:52:00', NULL, 11, 'Dr.Jack', 'Dr.kalvin', 'Anesthetist', 'Anesthesia Type', 'Jakson', 'William', '', '', 1, '2024-10-05 05:22:44');
INSERT INTO `operation_theatre` (`id`, `opd_details_id`, `ipd_details_id`, `customer_type`, `operation_id`, `date`, `operation_type`, `consultant_doctor`, `ass_consultant_1`, `ass_consultant_2`, `anesthetist`, `anaethesia_type`, `ot_technician`, `ot_assistant`, `result`, `remark`, `generated_by`, `created_at`) VALUES (238, 6713, NULL, NULL, 4, '2024-10-22 12:55:00', NULL, 2, 'Dr.Khanna', 'Dr.mishra', 'Anesthetist', 'Anesthesia Type 1', 'Faran', 'Umesh', '', '', 1, '2024-10-05 05:26:17');
INSERT INTO `operation_theatre` (`id`, `opd_details_id`, `ipd_details_id`, `customer_type`, `operation_id`, `date`, `operation_type`, `consultant_doctor`, `ass_consultant_1`, `ass_consultant_2`, `anesthetist`, `anaethesia_type`, `ot_technician`, `ot_assistant`, `result`, `remark`, `generated_by`, `created_at`) VALUES (239, 6712, NULL, NULL, 4, '2024-10-16 12:30:00', NULL, 4, 'Dr.lokesh', 'Dr.kalvin', 'Anesthetist', 'Anesthesia Type', 'Jack', 'David', '', '', 1, '2024-10-05 05:28:26');
INSERT INTO `operation_theatre` (`id`, `opd_details_id`, `ipd_details_id`, `customer_type`, `operation_id`, `date`, `operation_type`, `consultant_doctor`, `ass_consultant_1`, `ass_consultant_2`, `anesthetist`, `anaethesia_type`, `ot_technician`, `ot_assistant`, `result`, `remark`, `generated_by`, `created_at`) VALUES (240, 6711, NULL, NULL, 5, '2024-10-10 10:59:00', NULL, 11, 'Dr.David', 'Dr.faran', 'Anesthetist', 'Anesthesia Type 1', 'Hari', 'Vinay', '', '', 1, '2024-10-05 05:29:56');
INSERT INTO `operation_theatre` (`id`, `opd_details_id`, `ipd_details_id`, `customer_type`, `operation_id`, `date`, `operation_type`, `consultant_doctor`, `ass_consultant_1`, `ass_consultant_2`, `anesthetist`, `anaethesia_type`, `ot_technician`, `ot_assistant`, `result`, `remark`, `generated_by`, `created_at`) VALUES (241, 6709, NULL, NULL, 4, '2024-10-23 11:01:00', NULL, 11, 'Dr.Hari ', 'Dr.faran', 'Anesthetist', 'Anesthesia Type', 'Lokesh', 'Meera', '', '', 1, '2024-10-05 05:32:28');
INSERT INTO `operation_theatre` (`id`, `opd_details_id`, `ipd_details_id`, `customer_type`, `operation_id`, `date`, `operation_type`, `consultant_doctor`, `ass_consultant_1`, `ass_consultant_2`, `anesthetist`, `anaethesia_type`, `ot_technician`, `ot_assistant`, `result`, `remark`, `generated_by`, `created_at`) VALUES (242, 6708, NULL, NULL, 4, '2024-10-28 11:30:00', NULL, 12, 'Dr.Oliver', 'Dr.jack', 'Anesthetist', 'Anesthesia Type', 'varun', 'Karun', '', '', 1, '2024-10-05 05:34:18');
INSERT INTO `operation_theatre` (`id`, `opd_details_id`, `ipd_details_id`, `customer_type`, `operation_id`, `date`, `operation_type`, `consultant_doctor`, `ass_consultant_1`, `ass_consultant_2`, `anesthetist`, `anaethesia_type`, `ot_technician`, `ot_assistant`, `result`, `remark`, `generated_by`, `created_at`) VALUES (243, NULL, 14, NULL, 4, '2024-11-10 17:30:00', NULL, 4, 'Dr.Singh', 'Dr.Rao', 'Anesthetist', 'Anesthesia Type 1', 'Faran', 'Vinay', '', 'Left hand shoulder', 1, '2024-11-06 11:22:35');
INSERT INTO `operation_theatre` (`id`, `opd_details_id`, `ipd_details_id`, `customer_type`, `operation_id`, `date`, `operation_type`, `consultant_doctor`, `ass_consultant_1`, `ass_consultant_2`, `anesthetist`, `anaethesia_type`, `ot_technician`, `ot_assistant`, `result`, `remark`, `generated_by`, `created_at`) VALUES (244, 6777, NULL, NULL, 5, '2024-11-12 12:04:00', NULL, 11, 'Dr.singh', 'Dr.khan', 'Anesthetist', 'Anesthesia Type 1', 'Garry ', 'William', '', '', 1, '2024-11-07 06:34:31');
INSERT INTO `operation_theatre` (`id`, `opd_details_id`, `ipd_details_id`, `customer_type`, `operation_id`, `date`, `operation_type`, `consultant_doctor`, `ass_consultant_1`, `ass_consultant_2`, `anesthetist`, `anaethesia_type`, `ot_technician`, `ot_assistant`, `result`, `remark`, `generated_by`, `created_at`) VALUES (245, 6776, NULL, NULL, 3, '2024-11-30 12:15:00', NULL, 12, 'Dr.Preeti', 'Dr.Sinha', 'Anesthetist', 'Anesthesia Type 1', 'Lokesh ', 'William', '', '', 1, '2024-11-07 06:45:41');
INSERT INTO `operation_theatre` (`id`, `opd_details_id`, `ipd_details_id`, `customer_type`, `operation_id`, `date`, `operation_type`, `consultant_doctor`, `ass_consultant_1`, `ass_consultant_2`, `anesthetist`, `anaethesia_type`, `ot_technician`, `ot_assistant`, `result`, `remark`, `generated_by`, `created_at`) VALUES (246, NULL, 101, NULL, 3, '2024-11-12 12:24:00', NULL, 11, 'Dr.Sinha', 'Dr.Khan', 'Anesthetist', 'Anesthesia Type 1', 'Wilson', 'Olia', '', '', 1, '2024-11-07 06:55:44');
INSERT INTO `operation_theatre` (`id`, `opd_details_id`, `ipd_details_id`, `customer_type`, `operation_id`, `date`, `operation_type`, `consultant_doctor`, `ass_consultant_1`, `ass_consultant_2`, `anesthetist`, `anaethesia_type`, `ot_technician`, `ot_assistant`, `result`, `remark`, `generated_by`, `created_at`) VALUES (247, 6775, NULL, NULL, 4, '2024-11-25 12:34:00', NULL, 12, 'Dr.Mehra', 'Dr.John', 'Anesthetist', 'Anesthesia Type 1', 'Wilson', 'David', '', '', 1, '2024-11-07 07:07:29');
INSERT INTO `operation_theatre` (`id`, `opd_details_id`, `ipd_details_id`, `customer_type`, `operation_id`, `date`, `operation_type`, `consultant_doctor`, `ass_consultant_1`, `ass_consultant_2`, `anesthetist`, `anaethesia_type`, `ot_technician`, `ot_assistant`, `result`, `remark`, `generated_by`, `created_at`) VALUES (248, 6774, NULL, NULL, 5, '2024-11-05 20:41:00', NULL, 4, 'Dr.karun', 'Dr.Garry', 'Anesthetist', 'Anesthesia Type 1', 'jack', 'Edwards', '', '', 1, '2024-11-07 07:12:05');
INSERT INTO `operation_theatre` (`id`, `opd_details_id`, `ipd_details_id`, `customer_type`, `operation_id`, `date`, `operation_type`, `consultant_doctor`, `ass_consultant_1`, `ass_consultant_2`, `anesthetist`, `anaethesia_type`, `ot_technician`, `ot_assistant`, `result`, `remark`, `generated_by`, `created_at`) VALUES (249, 6716, NULL, NULL, 3, '2024-11-08 16:01:00', NULL, 11, 'Dr.Sinha', 'Dr.Rao', 'Anesthetist', 'Anesthesia Type 1', 'Wilson', 'David', '', '', 1, '2024-11-07 10:32:22');
INSERT INTO `operation_theatre` (`id`, `opd_details_id`, `ipd_details_id`, `customer_type`, `operation_id`, `date`, `operation_type`, `consultant_doctor`, `ass_consultant_1`, `ass_consultant_2`, `anesthetist`, `anaethesia_type`, `ot_technician`, `ot_assistant`, `result`, `remark`, `generated_by`, `created_at`) VALUES (250, 6772, NULL, NULL, 3, '2024-11-15 13:28:00', NULL, 12, 'Dr.wilson', 'Dr.David', 'Anesthetist', 'Anesthesia Type 1', 'Garry', 'tarun', '', '', 1, '2024-11-08 07:59:10');
INSERT INTO `operation_theatre` (`id`, `opd_details_id`, `ipd_details_id`, `customer_type`, `operation_id`, `date`, `operation_type`, `consultant_doctor`, `ass_consultant_1`, `ass_consultant_2`, `anesthetist`, `anaethesia_type`, `ot_technician`, `ot_assistant`, `result`, `remark`, `generated_by`, `created_at`) VALUES (251, 6778, NULL, NULL, 5, '2024-12-05 14:30:00', NULL, 12, 'Dr.Khanna', 'Dr.David', 'Anesthetist 1', 'Anesthesia Type 2', 'Garry ', 'Faran', '', '', 1, '2024-12-05 04:14:22');
INSERT INTO `operation_theatre` (`id`, `opd_details_id`, `ipd_details_id`, `customer_type`, `operation_id`, `date`, `operation_type`, `consultant_doctor`, `ass_consultant_1`, `ass_consultant_2`, `anesthetist`, `anaethesia_type`, `ot_technician`, `ot_assistant`, `result`, `remark`, `generated_by`, `created_at`) VALUES (252, NULL, 14, NULL, 4, '2024-12-12 13:30:00', NULL, 4, 'Dr.Khana', 'Dr.Singh', 'Anesthetist', 'Anesthesia Type 1', 'Liam Jensen', 'Jack', '', '', 1, '2024-12-06 05:38:27');
INSERT INTO `operation_theatre` (`id`, `opd_details_id`, `ipd_details_id`, `customer_type`, `operation_id`, `date`, `operation_type`, `consultant_doctor`, `ass_consultant_1`, `ass_consultant_2`, `anesthetist`, `anaethesia_type`, `ot_technician`, `ot_assistant`, `result`, `remark`, `generated_by`, `created_at`) VALUES (253, NULL, 102, NULL, 5, '2024-12-08 14:30:00', NULL, 12, 'Dr.Garry', 'Dr.Khan', 'Anesthetist', 'Anesthesia Type 1', 'Faran', 'Arun', '', '', 1, '2024-12-06 05:43:10');
INSERT INTO `operation_theatre` (`id`, `opd_details_id`, `ipd_details_id`, `customer_type`, `operation_id`, `date`, `operation_type`, `consultant_doctor`, `ass_consultant_1`, `ass_consultant_2`, `anesthetist`, `anaethesia_type`, `ot_technician`, `ot_assistant`, `result`, `remark`, `generated_by`, `created_at`) VALUES (254, 6835, NULL, NULL, 5, '2024-12-06 11:46:00', NULL, 11, 'Dr.Khana', 'Dr.Arun', 'Anesthetist', 'Anesthesia Type', '', '', '', '', 1, '2024-12-06 06:18:17');
INSERT INTO `operation_theatre` (`id`, `opd_details_id`, `ipd_details_id`, `customer_type`, `operation_id`, `date`, `operation_type`, `consultant_doctor`, `ass_consultant_1`, `ass_consultant_2`, `anesthetist`, `anaethesia_type`, `ot_technician`, `ot_assistant`, `result`, `remark`, `generated_by`, `created_at`) VALUES (255, 6834, NULL, NULL, 5, '2024-12-12 11:52:00', NULL, 11, 'Dr.Jack', 'Dr.Peter', 'Anesthetist', 'Anesthesia Type 1', '', '', '', '', 1, '2024-12-06 06:22:44');
INSERT INTO `operation_theatre` (`id`, `opd_details_id`, `ipd_details_id`, `customer_type`, `operation_id`, `date`, `operation_type`, `consultant_doctor`, `ass_consultant_1`, `ass_consultant_2`, `anesthetist`, `anaethesia_type`, `ot_technician`, `ot_assistant`, `result`, `remark`, `generated_by`, `created_at`) VALUES (256, 6833, NULL, NULL, 5, '2024-12-12 14:30:00', NULL, 12, 'Dr.Mariya', 'Dr.Khana', 'Anesthetist', 'Anesthesia Type 1', '', '', '', '', 1, '2024-12-06 06:30:00');
INSERT INTO `operation_theatre` (`id`, `opd_details_id`, `ipd_details_id`, `customer_type`, `operation_id`, `date`, `operation_type`, `consultant_doctor`, `ass_consultant_1`, `ass_consultant_2`, `anesthetist`, `anaethesia_type`, `ot_technician`, `ot_assistant`, `result`, `remark`, `generated_by`, `created_at`) VALUES (257, 6832, NULL, NULL, 3, '2024-12-12 12:12:00', NULL, 11, 'Dr.Patel', 'Dr.William', 'Anesthetist', 'Anesthesia Type 1', '', '', '', '', 1, '2024-12-06 06:43:00');
INSERT INTO `operation_theatre` (`id`, `opd_details_id`, `ipd_details_id`, `customer_type`, `operation_id`, `date`, `operation_type`, `consultant_doctor`, `ass_consultant_1`, `ass_consultant_2`, `anesthetist`, `anaethesia_type`, `ot_technician`, `ot_assistant`, `result`, `remark`, `generated_by`, `created_at`) VALUES (258, 6831, NULL, NULL, 5, '2024-12-16 12:30:00', NULL, 11, 'Dr.Raran', 'Dr.David', 'Anesthetist', 'Anesthesia Type 1', '', '', '', '', 1, '2024-12-06 06:47:13');


#
# TABLE STRUCTURE FOR: organisation
#


CREATE TABLE `organisation` (
  `id` int NOT NULL AUTO_INCREMENT,
  `organisation_name` varchar(200) NOT NULL,
  `code` varchar(50) NOT NULL,
  `contact_no` varchar(20) NOT NULL,
  `address` varchar(300) NOT NULL,
  `contact_person_name` varchar(200) NOT NULL,
  `contact_person_phone` varchar(20) NOT NULL,
  `created_at` timestamp NOT NULL DEFAULT CURRENT_TIMESTAMP,
  PRIMARY KEY (`id`),
  KEY `index_organisation_name` (`organisation_name`),
  KEY `index_code` (`code`),
  KEY `index_contact_no` (`contact_no`),
  KEY `index_address` (`address`),
  KEY `index_contact_person_name` (`contact_person_name`),
  KEY `index_contact_person_phone` (`contact_person_phone`)
) ENGINE=InnoDB AUTO_INCREMENT=5 DEFAULT CHARSET=utf8mb3;

INSERT INTO `organisation` (`id`, `organisation_name`, `code`, `contact_no`, `address`, `contact_person_name`, `contact_person_phone`, `created_at`) VALUES (1, 'CGHS', '6549464', '9564564745	', '789, Paradise Complex, CA	', 'Monica Gibbs	', '689464645', '2021-10-25 09:17:08');
INSERT INTO `organisation` (`id`, `organisation_name`, `code`, `contact_no`, `address`, `contact_person_name`, `contact_person_phone`, `created_at`) VALUES (2, 'IDBI Federal', '154', '9874523647', 'Main Branch, Indore	', 'Menis Albert	', '9871453652', '2021-10-25 09:18:15');
INSERT INTO `organisation` (`id`, `organisation_name`, `code`, `contact_no`, `address`, `contact_person_name`, `contact_person_phone`, `created_at`) VALUES (3, 'Star Health Insurance', '111', '7864456525', 'AB road, Indore	', 'Mr Vineet sharma	', '8787852121', '2021-10-25 09:18:58');
INSERT INTO `organisation` (`id`, `organisation_name`, `code`, `contact_no`, `address`, `contact_person_name`, `contact_person_phone`, `created_at`) VALUES (4, 'Health Life Insurance', '2013', '9848940151', 'Delhi ', 'Arvind Singh', '8445661051', '2022-09-05 06:09:50');


#
# TABLE STRUCTURE FOR: organisations_charges
#


CREATE TABLE `organisations_charges` (
  `id` int NOT NULL AUTO_INCREMENT,
  `org_id` int DEFAULT NULL,
  `charge_id` int DEFAULT NULL,
  `org_charge` float(10,2) NOT NULL,
  `created_at` timestamp NULL DEFAULT CURRENT_TIMESTAMP ON UPDATE CURRENT_TIMESTAMP,
  PRIMARY KEY (`id`),
  KEY `org_id` (`org_id`),
  KEY `charge_id` (`charge_id`),
  CONSTRAINT `organisations_charges_ibfk_1` FOREIGN KEY (`org_id`) REFERENCES `organisation` (`id`) ON DELETE CASCADE,
  CONSTRAINT `organisations_charges_ibfk_2` FOREIGN KEY (`charge_id`) REFERENCES `charges` (`id`) ON DELETE CASCADE
) ENGINE=InnoDB AUTO_INCREMENT=116 DEFAULT CHARSET=utf8mb3;

INSERT INTO `organisations_charges` (`id`, `org_id`, `charge_id`, `org_charge`, `created_at`) VALUES (1, 2, NULL, '150.00', '2021-10-25 10:23:48');
INSERT INTO `organisations_charges` (`id`, `org_id`, `charge_id`, `org_charge`, `created_at`) VALUES (2, 1, NULL, '150.00', '2021-10-25 10:23:48');
INSERT INTO `organisations_charges` (`id`, `org_id`, `charge_id`, `org_charge`, `created_at`) VALUES (3, 3, NULL, '150.00', '2021-10-25 10:23:48');
INSERT INTO `organisations_charges` (`id`, `org_id`, `charge_id`, `org_charge`, `created_at`) VALUES (4, 3, 1, '55.00', '2024-03-02 09:35:20');
INSERT INTO `organisations_charges` (`id`, `org_id`, `charge_id`, `org_charge`, `created_at`) VALUES (5, 2, 1, '80.00', '2024-08-30 11:59:52');
INSERT INTO `organisations_charges` (`id`, `org_id`, `charge_id`, `org_charge`, `created_at`) VALUES (6, 1, 1, '90.00', '2024-08-30 11:59:52');
INSERT INTO `organisations_charges` (`id`, `org_id`, `charge_id`, `org_charge`, `created_at`) VALUES (13, 3, 4, '100.00', '2024-03-02 09:35:29');
INSERT INTO `organisations_charges` (`id`, `org_id`, `charge_id`, `org_charge`, `created_at`) VALUES (14, 2, 4, '100.00', '2024-03-02 09:36:59');
INSERT INTO `organisations_charges` (`id`, `org_id`, `charge_id`, `org_charge`, `created_at`) VALUES (15, 1, 4, '100.00', '2021-10-30 09:55:04');
INSERT INTO `organisations_charges` (`id`, `org_id`, `charge_id`, `org_charge`, `created_at`) VALUES (16, 3, 3, '80.00', '2024-03-02 09:35:36');
INSERT INTO `organisations_charges` (`id`, `org_id`, `charge_id`, `org_charge`, `created_at`) VALUES (17, 2, 3, '65.00', '2024-08-30 12:00:54');
INSERT INTO `organisations_charges` (`id`, `org_id`, `charge_id`, `org_charge`, `created_at`) VALUES (18, 1, 3, '70.00', '2024-08-30 12:00:54');
INSERT INTO `organisations_charges` (`id`, `org_id`, `charge_id`, `org_charge`, `created_at`) VALUES (25, 3, 6, '70.00', '2024-08-30 12:02:57');
INSERT INTO `organisations_charges` (`id`, `org_id`, `charge_id`, `org_charge`, `created_at`) VALUES (26, 2, 6, '90.00', '2024-08-30 12:02:57');
INSERT INTO `organisations_charges` (`id`, `org_id`, `charge_id`, `org_charge`, `created_at`) VALUES (27, 1, 6, '85.00', '2024-08-30 12:02:57');
INSERT INTO `organisations_charges` (`id`, `org_id`, `charge_id`, `org_charge`, `created_at`) VALUES (34, 3, 9, '100.00', '2024-03-02 09:35:50');
INSERT INTO `organisations_charges` (`id`, `org_id`, `charge_id`, `org_charge`, `created_at`) VALUES (35, 2, 9, '100.00', '2024-03-02 09:37:14');
INSERT INTO `organisations_charges` (`id`, `org_id`, `charge_id`, `org_charge`, `created_at`) VALUES (36, 1, 9, '120.00', '2021-10-25 10:00:18');
INSERT INTO `organisations_charges` (`id`, `org_id`, `charge_id`, `org_charge`, `created_at`) VALUES (40, 3, 11, '85.00', '2024-03-02 09:35:58');
INSERT INTO `organisations_charges` (`id`, `org_id`, `charge_id`, `org_charge`, `created_at`) VALUES (41, 2, 11, '50.00', '2021-12-01 11:49:39');
INSERT INTO `organisations_charges` (`id`, `org_id`, `charge_id`, `org_charge`, `created_at`) VALUES (42, 1, 11, '50.00', '2021-12-01 11:49:39');
INSERT INTO `organisations_charges` (`id`, `org_id`, `charge_id`, `org_charge`, `created_at`) VALUES (49, 3, 13, '90.00', '2024-08-30 12:03:09');
INSERT INTO `organisations_charges` (`id`, `org_id`, `charge_id`, `org_charge`, `created_at`) VALUES (50, 2, 13, '75.00', '2024-08-30 12:03:09');
INSERT INTO `organisations_charges` (`id`, `org_id`, `charge_id`, `org_charge`, `created_at`) VALUES (51, 1, 13, '80.00', '2024-08-30 12:03:09');
INSERT INTO `organisations_charges` (`id`, `org_id`, `charge_id`, `org_charge`, `created_at`) VALUES (52, 3, 18, '50.00', '2021-12-02 10:59:20');
INSERT INTO `organisations_charges` (`id`, `org_id`, `charge_id`, `org_charge`, `created_at`) VALUES (53, 2, 18, '50.00', '2021-12-02 10:59:20');
INSERT INTO `organisations_charges` (`id`, `org_id`, `charge_id`, `org_charge`, `created_at`) VALUES (54, 1, 18, '50.00', '2021-12-02 10:59:20');
INSERT INTO `organisations_charges` (`id`, `org_id`, `charge_id`, `org_charge`, `created_at`) VALUES (55, 3, 21, '350.00', '2024-03-02 09:36:14');
INSERT INTO `organisations_charges` (`id`, `org_id`, `charge_id`, `org_charge`, `created_at`) VALUES (56, 2, 21, '350.00', '2024-03-02 09:37:24');
INSERT INTO `organisations_charges` (`id`, `org_id`, `charge_id`, `org_charge`, `created_at`) VALUES (57, 1, 21, '100.00', '2021-12-01 11:45:09');
INSERT INTO `organisations_charges` (`id`, `org_id`, `charge_id`, `org_charge`, `created_at`) VALUES (59, 3, 22, '700.00', '2024-03-02 09:36:24');
INSERT INTO `organisations_charges` (`id`, `org_id`, `charge_id`, `org_charge`, `created_at`) VALUES (60, 2, 22, '700.00', '2024-03-02 09:36:46');
INSERT INTO `organisations_charges` (`id`, `org_id`, `charge_id`, `org_charge`, `created_at`) VALUES (61, 1, 22, '20.00', '2021-12-01 11:46:25');
INSERT INTO `organisations_charges` (`id`, `org_id`, `charge_id`, `org_charge`, `created_at`) VALUES (62, 4, 17, '80.00', '2024-08-30 12:00:28');
INSERT INTO `organisations_charges` (`id`, `org_id`, `charge_id`, `org_charge`, `created_at`) VALUES (63, 3, 17, '50.00', '2024-08-30 12:00:28');
INSERT INTO `organisations_charges` (`id`, `org_id`, `charge_id`, `org_charge`, `created_at`) VALUES (64, 2, 17, '60.00', '2024-08-30 12:00:28');
INSERT INTO `organisations_charges` (`id`, `org_id`, `charge_id`, `org_charge`, `created_at`) VALUES (65, 1, 17, '70.00', '2024-08-30 12:00:28');
INSERT INTO `organisations_charges` (`id`, `org_id`, `charge_id`, `org_charge`, `created_at`) VALUES (66, 4, 23, '80.00', '2024-08-30 12:00:18');
INSERT INTO `organisations_charges` (`id`, `org_id`, `charge_id`, `org_charge`, `created_at`) VALUES (67, 3, 23, '90.00', '2024-08-30 12:00:18');
INSERT INTO `organisations_charges` (`id`, `org_id`, `charge_id`, `org_charge`, `created_at`) VALUES (68, 2, 23, '80.00', '2024-08-30 12:00:18');
INSERT INTO `organisations_charges` (`id`, `org_id`, `charge_id`, `org_charge`, `created_at`) VALUES (69, 1, 23, '70.00', '2024-08-30 12:00:18');
INSERT INTO `organisations_charges` (`id`, `org_id`, `charge_id`, `org_charge`, `created_at`) VALUES (70, 4, 16, '85.00', '2024-11-06 06:16:27');
INSERT INTO `organisations_charges` (`id`, `org_id`, `charge_id`, `org_charge`, `created_at`) VALUES (71, 3, 16, '0.00', '2024-07-01 05:39:28');
INSERT INTO `organisations_charges` (`id`, `org_id`, `charge_id`, `org_charge`, `created_at`) VALUES (72, 2, 16, '0.00', '2024-07-01 05:39:28');
INSERT INTO `organisations_charges` (`id`, `org_id`, `charge_id`, `org_charge`, `created_at`) VALUES (73, 1, 16, '0.00', '2024-07-01 05:39:28');
INSERT INTO `organisations_charges` (`id`, `org_id`, `charge_id`, `org_charge`, `created_at`) VALUES (74, 4, 15, '90.00', '2024-11-06 06:16:38');
INSERT INTO `organisations_charges` (`id`, `org_id`, `charge_id`, `org_charge`, `created_at`) VALUES (75, 3, 15, '0.00', '2024-07-01 05:43:23');
INSERT INTO `organisations_charges` (`id`, `org_id`, `charge_id`, `org_charge`, `created_at`) VALUES (76, 2, 15, '0.00', '2024-07-01 05:43:23');
INSERT INTO `organisations_charges` (`id`, `org_id`, `charge_id`, `org_charge`, `created_at`) VALUES (77, 1, 15, '0.00', '2024-07-01 05:43:23');
INSERT INTO `organisations_charges` (`id`, `org_id`, `charge_id`, `org_charge`, `created_at`) VALUES (78, 4, 10, '80.00', '2024-08-30 12:03:22');
INSERT INTO `organisations_charges` (`id`, `org_id`, `charge_id`, `org_charge`, `created_at`) VALUES (79, 3, 10, '90.00', '2024-08-30 12:03:22');
INSERT INTO `organisations_charges` (`id`, `org_id`, `charge_id`, `org_charge`, `created_at`) VALUES (80, 2, 10, '75.00', '2024-08-30 12:03:22');
INSERT INTO `organisations_charges` (`id`, `org_id`, `charge_id`, `org_charge`, `created_at`) VALUES (81, 1, 10, '90.00', '2024-08-30 12:03:22');
INSERT INTO `organisations_charges` (`id`, `org_id`, `charge_id`, `org_charge`, `created_at`) VALUES (82, 4, 19, '80.00', '2024-08-30 12:00:05');
INSERT INTO `organisations_charges` (`id`, `org_id`, `charge_id`, `org_charge`, `created_at`) VALUES (83, 3, 19, '90.00', '2024-08-30 12:00:05');
INSERT INTO `organisations_charges` (`id`, `org_id`, `charge_id`, `org_charge`, `created_at`) VALUES (84, 2, 19, '40.00', '2024-08-30 12:00:05');
INSERT INTO `organisations_charges` (`id`, `org_id`, `charge_id`, `org_charge`, `created_at`) VALUES (85, 1, 19, '80.00', '2024-08-30 12:00:05');
INSERT INTO `organisations_charges` (`id`, `org_id`, `charge_id`, `org_charge`, `created_at`) VALUES (86, 4, 18, '80.00', '2024-08-30 11:58:56');
INSERT INTO `organisations_charges` (`id`, `org_id`, `charge_id`, `org_charge`, `created_at`) VALUES (87, 4, 9, '60.00', '2024-11-06 06:16:44');
INSERT INTO `organisations_charges` (`id`, `org_id`, `charge_id`, `org_charge`, `created_at`) VALUES (88, 4, 8, '80.00', '2024-08-30 12:01:06');
INSERT INTO `organisations_charges` (`id`, `org_id`, `charge_id`, `org_charge`, `created_at`) VALUES (89, 3, 8, '80.00', '2024-08-30 12:01:06');
INSERT INTO `organisations_charges` (`id`, `org_id`, `charge_id`, `org_charge`, `created_at`) VALUES (90, 2, 8, '70.00', '2024-08-30 12:01:06');
INSERT INTO `organisations_charges` (`id`, `org_id`, `charge_id`, `org_charge`, `created_at`) VALUES (91, 1, 8, '75.00', '2024-08-30 12:01:06');
INSERT INTO `organisations_charges` (`id`, `org_id`, `charge_id`, `org_charge`, `created_at`) VALUES (92, 4, 1, '80.00', '2024-08-30 11:59:52');
INSERT INTO `organisations_charges` (`id`, `org_id`, `charge_id`, `org_charge`, `created_at`) VALUES (93, 4, 14, '80.00', '2024-11-06 06:16:51');
INSERT INTO `organisations_charges` (`id`, `org_id`, `charge_id`, `org_charge`, `created_at`) VALUES (94, 3, 14, '0.00', '2024-07-01 05:51:09');
INSERT INTO `organisations_charges` (`id`, `org_id`, `charge_id`, `org_charge`, `created_at`) VALUES (95, 2, 14, '0.00', '2024-07-01 05:51:09');
INSERT INTO `organisations_charges` (`id`, `org_id`, `charge_id`, `org_charge`, `created_at`) VALUES (96, 1, 14, '0.00', '2024-07-01 05:51:09');
INSERT INTO `organisations_charges` (`id`, `org_id`, `charge_id`, `org_charge`, `created_at`) VALUES (97, 4, 11, '90.00', '2024-08-30 11:59:10');
INSERT INTO `organisations_charges` (`id`, `org_id`, `charge_id`, `org_charge`, `created_at`) VALUES (98, 4, 20, '85.00', '2024-11-06 06:16:56');
INSERT INTO `organisations_charges` (`id`, `org_id`, `charge_id`, `org_charge`, `created_at`) VALUES (99, 3, 20, '0.00', '2024-07-01 06:11:48');
INSERT INTO `organisations_charges` (`id`, `org_id`, `charge_id`, `org_charge`, `created_at`) VALUES (100, 2, 20, '0.00', '2024-07-01 06:11:48');
INSERT INTO `organisations_charges` (`id`, `org_id`, `charge_id`, `org_charge`, `created_at`) VALUES (101, 1, 20, '0.00', '2024-07-01 06:11:48');
INSERT INTO `organisations_charges` (`id`, `org_id`, `charge_id`, `org_charge`, `created_at`) VALUES (102, 4, 4, '120.00', '2024-11-06 06:17:02');
INSERT INTO `organisations_charges` (`id`, `org_id`, `charge_id`, `org_charge`, `created_at`) VALUES (103, 4, 21, '250.00', '2024-08-30 11:58:29');
INSERT INTO `organisations_charges` (`id`, `org_id`, `charge_id`, `org_charge`, `created_at`) VALUES (104, 4, 22, '450.00', '2024-08-30 11:58:41');
INSERT INTO `organisations_charges` (`id`, `org_id`, `charge_id`, `org_charge`, `created_at`) VALUES (105, 4, 7, '100.00', '2024-08-30 11:59:35');
INSERT INTO `organisations_charges` (`id`, `org_id`, `charge_id`, `org_charge`, `created_at`) VALUES (106, 3, 7, '80.00', '2024-08-30 11:59:35');
INSERT INTO `organisations_charges` (`id`, `org_id`, `charge_id`, `org_charge`, `created_at`) VALUES (107, 2, 7, '50.00', '2024-08-30 11:59:35');
INSERT INTO `organisations_charges` (`id`, `org_id`, `charge_id`, `org_charge`, `created_at`) VALUES (108, 1, 7, '60.00', '2024-08-30 11:59:35');
INSERT INTO `organisations_charges` (`id`, `org_id`, `charge_id`, `org_charge`, `created_at`) VALUES (109, 4, 3, '80.00', '2024-08-30 12:00:54');
INSERT INTO `organisations_charges` (`id`, `org_id`, `charge_id`, `org_charge`, `created_at`) VALUES (110, 4, 12, '90.00', '2024-08-30 12:01:39');
INSERT INTO `organisations_charges` (`id`, `org_id`, `charge_id`, `org_charge`, `created_at`) VALUES (111, 3, 12, '70.00', '2024-08-30 12:01:39');
INSERT INTO `organisations_charges` (`id`, `org_id`, `charge_id`, `org_charge`, `created_at`) VALUES (112, 2, 12, '70.00', '2024-08-30 12:01:39');
INSERT INTO `organisations_charges` (`id`, `org_id`, `charge_id`, `org_charge`, `created_at`) VALUES (113, 1, 12, '80.00', '2024-08-30 12:01:39');
INSERT INTO `organisations_charges` (`id`, `org_id`, `charge_id`, `org_charge`, `created_at`) VALUES (114, 4, 6, '80.00', '2024-08-30 12:02:57');
INSERT INTO `organisations_charges` (`id`, `org_id`, `charge_id`, `org_charge`, `created_at`) VALUES (115, 4, 13, '80.00', '2024-08-30 12:03:09');


#
# TABLE STRUCTURE FOR: pathology
#


CREATE TABLE `pathology` (
  `id` int NOT NULL AUTO_INCREMENT,
  `test_name` varchar(100) DEFAULT NULL,
  `short_name` varchar(100) DEFAULT NULL,
  `test_type` varchar(100) DEFAULT NULL,
  `pathology_category_id` int DEFAULT NULL,
  `unit` varchar(50) NOT NULL,
  `sub_category` varchar(50) NOT NULL,
  `report_days` varchar(50) NOT NULL,
  `method` varchar(50) NOT NULL,
  `charge_id` int DEFAULT NULL,
  `created_at` timestamp NOT NULL DEFAULT CURRENT_TIMESTAMP,
  PRIMARY KEY (`id`),
  KEY `pathology_category_id` (`pathology_category_id`),
  KEY `charge_id` (`charge_id`),
  KEY `index_test_name` (`test_name`),
  KEY `index_short_name` (`short_name`),
  KEY `index_test_type` (`test_type`),
  KEY `index_unit` (`unit`),
  KEY `index_sub_category` (`sub_category`),
  KEY `index_report_days` (`report_days`),
  KEY `index_method` (`method`),
  CONSTRAINT `pathology_ibfk_1` FOREIGN KEY (`pathology_category_id`) REFERENCES `pathology_category` (`id`) ON DELETE CASCADE,
  CONSTRAINT `pathology_ibfk_2` FOREIGN KEY (`charge_id`) REFERENCES `charges` (`id`) ON DELETE CASCADE
) ENGINE=InnoDB AUTO_INCREMENT=10 DEFAULT CHARSET=utf8mb3;

INSERT INTO `pathology` (`id`, `test_name`, `short_name`, `test_type`, `pathology_category_id`, `unit`, `sub_category`, `report_days`, `method`, `charge_id`, `created_at`) VALUES (1, 'Chest X-rays', 'c', 'COPD', 4, '', 'COPD', '1', 'COPD', 20, '2021-10-25 11:31:04');
INSERT INTO `pathology` (`id`, `test_name`, `short_name`, `test_type`, `pathology_category_id`, `unit`, `sub_category`, `report_days`, `method`, `charge_id`, `created_at`) VALUES (2, 'Abdomen X-rays', 'AX', 'Abdomen X-rays', 1, '', 'Abdomen X-rays', '1', 'Ionizing radiation', 20, '2021-10-25 11:35:37');
INSERT INTO `pathology` (`id`, `test_name`, `short_name`, `test_type`, `pathology_category_id`, `unit`, `sub_category`, `report_days`, `method`, `charge_id`, `created_at`) VALUES (3, 'Liver test', 'LFT', 'Liver test ', 1, '', 'LFT', '2', 'Liver test ', 20, '2021-10-25 11:36:42');
INSERT INTO `pathology` (`id`, `test_name`, `short_name`, `test_type`, `pathology_category_id`, `unit`, `sub_category`, `report_days`, `method`, `charge_id`, `created_at`) VALUES (4, 'Cardiac MRI', 'CMRI', 'CMRI', 1, '', '', '1', '', 20, '2021-10-25 11:39:13');
INSERT INTO `pathology` (`id`, `test_name`, `short_name`, `test_type`, `pathology_category_id`, `unit`, `sub_category`, `report_days`, `method`, `charge_id`, `created_at`) VALUES (5, 'Signal-averaged electrocardiogram', 'SAECG', 'SAECG', 2, '', '', '1', '', 20, '2021-10-25 11:39:44');
INSERT INTO `pathology` (`id`, `test_name`, `short_name`, `test_type`, `pathology_category_id`, `unit`, `sub_category`, `report_days`, `method`, `charge_id`, `created_at`) VALUES (6, 'Vascular Sonography	', 'VSG', 'VSG', 4, '', '', '2', '', 20, '2021-10-25 11:40:56');
INSERT INTO `pathology` (`id`, `test_name`, `short_name`, `test_type`, `pathology_category_id`, `unit`, `sub_category`, `report_days`, `method`, `charge_id`, `created_at`) VALUES (7, 'Breast Ultrasound	', 'BU', 'Breast Ultrasound	', 1, '', '', '2', '', 20, '2021-10-25 11:41:51');
INSERT INTO `pathology` (`id`, `test_name`, `short_name`, `test_type`, `pathology_category_id`, `unit`, `sub_category`, `report_days`, `method`, `charge_id`, `created_at`) VALUES (8, 'Chest X-rays	', 'C', 'Chest X-rays	', 1, '', 'Chest X-rays	', '2', 'Painless imaging test', 20, '2021-10-25 11:42:42');
INSERT INTO `pathology` (`id`, `test_name`, `short_name`, `test_type`, `pathology_category_id`, `unit`, `sub_category`, `report_days`, `method`, `charge_id`, `created_at`) VALUES (9, 'Appendicitis', 'Appendicitis', 'Appendicitis', 3, '', 'Appendicitis', '2', 'open appendectomy', 20, '2021-10-25 11:43:16');


#
# TABLE STRUCTURE FOR: pathology_billing
#


CREATE TABLE `pathology_billing` (
  `id` int NOT NULL AUTO_INCREMENT,
  `case_reference_id` int DEFAULT NULL,
  `ipd_prescription_basic_id` int DEFAULT NULL,
  `date` datetime DEFAULT NULL,
  `patient_id` int DEFAULT NULL,
  `doctor_id` int DEFAULT NULL,
  `doctor_name` varchar(100) NOT NULL,
  `total` float(10,2) DEFAULT '0.00',
  `discount_percentage` float(10,2) DEFAULT '0.00',
  `discount` float(10,2) DEFAULT '0.00',
  `tax_percentage` float(10,2) DEFAULT '0.00',
  `tax` float(10,2) DEFAULT '0.00',
  `net_amount` float(10,2) DEFAULT '0.00',
  `transaction_id` int DEFAULT NULL,
  `note` text,
  `organisation_id` int DEFAULT NULL,
  `insurance_validity` date DEFAULT NULL,
  `generated_by` int DEFAULT NULL,
  `created_at` timestamp NULL DEFAULT CURRENT_TIMESTAMP ON UPDATE CURRENT_TIMESTAMP,
  `updated_at` datetime DEFAULT NULL,
  `insurance_id` varchar(250) DEFAULT NULL,
  PRIMARY KEY (`id`),
  KEY `patient_id` (`patient_id`),
  KEY `doctor_id` (`doctor_id`),
  KEY `case_reference_id` (`case_reference_id`),
  KEY `transaction_id` (`transaction_id`),
  KEY `generated_by` (`generated_by`),
  KEY `ipd_prescription_basic_id` (`ipd_prescription_basic_id`),
  KEY `index_date` (`date`),
  KEY `index_doctor_name` (`doctor_name`),
  KEY `index_total` (`total`),
  KEY `index_discount_percentage` (`discount_percentage`),
  KEY `index_discount` (`discount`),
  KEY `index_tax_percentage` (`tax_percentage`),
  KEY `index_tax` (`tax`),
  KEY `index_net_amount` (`net_amount`),
  KEY `organisation_id` (`organisation_id`),
  CONSTRAINT `pathology_billing_ibfk_1` FOREIGN KEY (`patient_id`) REFERENCES `patients` (`id`) ON DELETE CASCADE,
  CONSTRAINT `pathology_billing_ibfk_2` FOREIGN KEY (`doctor_id`) REFERENCES `staff` (`id`) ON DELETE CASCADE,
  CONSTRAINT `pathology_billing_ibfk_3` FOREIGN KEY (`case_reference_id`) REFERENCES `case_references` (`id`) ON DELETE CASCADE,
  CONSTRAINT `pathology_billing_ibfk_4` FOREIGN KEY (`generated_by`) REFERENCES `staff` (`id`) ON DELETE CASCADE,
  CONSTRAINT `pathology_billing_ibfk_5` FOREIGN KEY (`transaction_id`) REFERENCES `transactions` (`id`) ON DELETE SET NULL,
  CONSTRAINT `pathology_billing_ibfk_6` FOREIGN KEY (`ipd_prescription_basic_id`) REFERENCES `ipd_prescription_basic` (`id`) ON DELETE CASCADE,
  CONSTRAINT `pathology_billing_ibfk_7` FOREIGN KEY (`organisation_id`) REFERENCES `organisation` (`id`) ON DELETE CASCADE
) ENGINE=InnoDB AUTO_INCREMENT=498 DEFAULT CHARSET=utf8mb3;

INSERT INTO `pathology_billing` (`id`, `case_reference_id`, `ipd_prescription_basic_id`, `date`, `patient_id`, `doctor_id`, `doctor_name`, `total`, `discount_percentage`, `discount`, `tax_percentage`, `tax`, `net_amount`, `transaction_id`, `note`, `organisation_id`, `insurance_validity`, `generated_by`, `created_at`, `updated_at`, `insurance_id`) VALUES (364, 4743, 247, '2023-10-10 19:34:00', 872, 12, 'Reyan Jain (9011)', '150.00', '0.00', '0.00', '0.00', '45.00', '195.00', NULL, '', NULL, NULL, 1, '2023-10-04 12:15:37', NULL, NULL);
INSERT INTO `pathology_billing` (`id`, `case_reference_id`, `ipd_prescription_basic_id`, `date`, `patient_id`, `doctor_id`, `doctor_name`, `total`, `discount_percentage`, `discount`, `tax_percentage`, `tax`, `net_amount`, `transaction_id`, `note`, `organisation_id`, `insurance_validity`, `generated_by`, `created_at`, `updated_at`, `insurance_id`) VALUES (395, 3009, 193, '2024-01-20 18:05:00', 643, 4, 'Sansa Gomez (9008)', '150.00', '0.00', '0.00', '0.00', '45.00', '195.00', NULL, '', NULL, NULL, 1, '2024-01-03 11:37:00', NULL, NULL);
INSERT INTO `pathology_billing` (`id`, `case_reference_id`, `ipd_prescription_basic_id`, `date`, `patient_id`, `doctor_id`, `doctor_name`, `total`, `discount_percentage`, `discount`, `tax_percentage`, `tax`, `net_amount`, `transaction_id`, `note`, `organisation_id`, `insurance_validity`, `generated_by`, `created_at`, `updated_at`, `insurance_id`) VALUES (398, 5456, 275, '2024-01-12 14:04:00', 493, 11, 'Amit  Singh (9009)', '150.00', '0.00', '0.00', '0.00', '45.00', '195.00', NULL, '', NULL, NULL, 1, '2024-01-04 04:35:04', NULL, NULL);
INSERT INTO `pathology_billing` (`id`, `case_reference_id`, `ipd_prescription_basic_id`, `date`, `patient_id`, `doctor_id`, `doctor_name`, `total`, `discount_percentage`, `discount`, `tax_percentage`, `tax`, `net_amount`, `transaction_id`, `note`, `organisation_id`, `insurance_validity`, `generated_by`, `created_at`, `updated_at`, `insurance_id`) VALUES (403, 4896, 255, '2024-02-15 12:30:00', 886, 12, 'Reyan Jain (9011)', '300.00', '0.00', '0.00', '0.00', '90.00', '390.00', NULL, '', NULL, NULL, 1, '2024-02-01 08:04:03', NULL, NULL);
INSERT INTO `pathology_billing` (`id`, `case_reference_id`, `ipd_prescription_basic_id`, `date`, `patient_id`, `doctor_id`, `doctor_name`, `total`, `discount_percentage`, `discount`, `tax_percentage`, `tax`, `net_amount`, `transaction_id`, `note`, `organisation_id`, `insurance_validity`, `generated_by`, `created_at`, `updated_at`, `insurance_id`) VALUES (404, NULL, NULL, '2024-02-20 13:34:00', 363, 12, 'Reyan Jain (9011)', '150.00', '0.00', '0.00', '0.00', '45.00', '195.00', NULL, '', NULL, NULL, 1, '2024-02-01 08:05:41', NULL, NULL);
INSERT INTO `pathology_billing` (`id`, `case_reference_id`, `ipd_prescription_basic_id`, `date`, `patient_id`, `doctor_id`, `doctor_name`, `total`, `discount_percentage`, `discount`, `tax_percentage`, `tax`, `net_amount`, `transaction_id`, `note`, `organisation_id`, `insurance_validity`, `generated_by`, `created_at`, `updated_at`, `insurance_id`) VALUES (406, 5709, 279, '2024-02-08 15:17:00', 990, 12, 'Reyan Jain (9011)', '150.00', '0.00', '0.00', '0.00', '45.00', '195.00', NULL, '', NULL, NULL, 1, '2024-02-01 09:47:29', NULL, NULL);
INSERT INTO `pathology_billing` (`id`, `case_reference_id`, `ipd_prescription_basic_id`, `date`, `patient_id`, `doctor_id`, `doctor_name`, `total`, `discount_percentage`, `discount`, `tax_percentage`, `tax`, `net_amount`, `transaction_id`, `note`, `organisation_id`, `insurance_validity`, `generated_by`, `created_at`, `updated_at`, `insurance_id`) VALUES (408, 5827, 281, '2024-03-01 12:30:00', 1005, 12, 'Reyan Jain (9011)', '300.00', '0.00', '0.00', '0.00', '90.00', '390.00', NULL, '', NULL, NULL, 1, '2024-03-01 07:32:26', NULL, NULL);
INSERT INTO `pathology_billing` (`id`, `case_reference_id`, `ipd_prescription_basic_id`, `date`, `patient_id`, `doctor_id`, `doctor_name`, `total`, `discount_percentage`, `discount`, `tax_percentage`, `tax`, `net_amount`, `transaction_id`, `note`, `organisation_id`, `insurance_validity`, `generated_by`, `created_at`, `updated_at`, `insurance_id`) VALUES (410, 4991, 257, '2024-03-10 13:42:00', 896, 4, 'Sansa Gomez (9008)', '150.00', '10.00', '15.00', '0.00', '45.00', '180.00', NULL, '', NULL, NULL, 1, '2024-03-01 08:12:36', NULL, NULL);
INSERT INTO `pathology_billing` (`id`, `case_reference_id`, `ipd_prescription_basic_id`, `date`, `patient_id`, `doctor_id`, `doctor_name`, `total`, `discount_percentage`, `discount`, `tax_percentage`, `tax`, `net_amount`, `transaction_id`, `note`, `organisation_id`, `insurance_validity`, `generated_by`, `created_at`, `updated_at`, `insurance_id`) VALUES (411, 5307, 272, '2024-03-15 16:30:00', 939, 12, 'Reyan Jain (9011)', '300.00', '10.00', '30.00', '0.00', '90.00', '360.00', NULL, '', NULL, NULL, 1, '2024-03-01 08:13:17', NULL, NULL);
INSERT INTO `pathology_billing` (`id`, `case_reference_id`, `ipd_prescription_basic_id`, `date`, `patient_id`, `doctor_id`, `doctor_name`, `total`, `discount_percentage`, `discount`, `tax_percentage`, `tax`, `net_amount`, `transaction_id`, `note`, `organisation_id`, `insurance_validity`, `generated_by`, `created_at`, `updated_at`, `insurance_id`) VALUES (412, 4991, 257, '2024-03-20 15:30:00', 896, 11, 'Amit  Singh (9009)', '150.00', '0.00', '0.00', '0.00', '45.00', '195.00', NULL, '', NULL, NULL, 1, '2024-03-01 08:14:08', NULL, NULL);
INSERT INTO `pathology_billing` (`id`, `case_reference_id`, `ipd_prescription_basic_id`, `date`, `patient_id`, `doctor_id`, `doctor_name`, `total`, `discount_percentage`, `discount`, `tax_percentage`, `tax`, `net_amount`, `transaction_id`, `note`, `organisation_id`, `insurance_validity`, `generated_by`, `created_at`, `updated_at`, `insurance_id`) VALUES (415, NULL, NULL, '2024-03-12 12:31:00', 1025, 11, 'Amit  Singh (9009)', '150.00', '0.00', '0.00', '0.00', '45.00', '195.00', NULL, '', NULL, NULL, 1, '2024-03-02 07:02:11', NULL, NULL);
INSERT INTO `pathology_billing` (`id`, `case_reference_id`, `ipd_prescription_basic_id`, `date`, `patient_id`, `doctor_id`, `doctor_name`, `total`, `discount_percentage`, `discount`, `tax_percentage`, `tax`, `net_amount`, `transaction_id`, `note`, `organisation_id`, `insurance_validity`, `generated_by`, `created_at`, `updated_at`, `insurance_id`) VALUES (416, 115, 284, '2024-04-01 15:30:00', 1, 4, 'Sansa Gomez (9008)', '300.00', '10.00', '30.00', '0.00', '90.00', '360.00', NULL, '', NULL, NULL, 1, '2024-04-01 10:17:16', NULL, NULL);
INSERT INTO `pathology_billing` (`id`, `case_reference_id`, `ipd_prescription_basic_id`, `date`, `patient_id`, `doctor_id`, `doctor_name`, `total`, `discount_percentage`, `discount`, `tax_percentage`, `tax`, `net_amount`, `transaction_id`, `note`, `organisation_id`, `insurance_validity`, `generated_by`, `created_at`, `updated_at`, `insurance_id`) VALUES (417, 4747, 249, '2024-04-05 16:30:00', 873, 4, 'Sansa Gomez (9008)', '150.00', '10.00', '15.00', '0.00', '45.00', '180.00', NULL, '', NULL, NULL, 1, '2024-04-01 10:26:33', NULL, NULL);
INSERT INTO `pathology_billing` (`id`, `case_reference_id`, `ipd_prescription_basic_id`, `date`, `patient_id`, `doctor_id`, `doctor_name`, `total`, `discount_percentage`, `discount`, `tax_percentage`, `tax`, `net_amount`, `transaction_id`, `note`, `organisation_id`, `insurance_validity`, `generated_by`, `created_at`, `updated_at`, `insurance_id`) VALUES (418, 4131, 229, '2024-04-10 16:30:00', 781, 4, 'Sansa Gomez (9008)', '300.00', '10.00', '30.00', '0.00', '90.00', '360.00', NULL, '', NULL, NULL, 1, '2024-04-01 10:42:16', NULL, NULL);
INSERT INTO `pathology_billing` (`id`, `case_reference_id`, `ipd_prescription_basic_id`, `date`, `patient_id`, `doctor_id`, `doctor_name`, `total`, `discount_percentage`, `discount`, `tax_percentage`, `tax`, `net_amount`, `transaction_id`, `note`, `organisation_id`, `insurance_validity`, `generated_by`, `created_at`, `updated_at`, `insurance_id`) VALUES (419, NULL, NULL, '2024-04-15 17:30:00', 2, 12, 'Reyan Jain (9011)', '150.00', '0.00', '0.00', '0.00', '45.00', '195.00', NULL, '', NULL, NULL, 1, '2024-04-01 10:43:30', NULL, NULL);
INSERT INTO `pathology_billing` (`id`, `case_reference_id`, `ipd_prescription_basic_id`, `date`, `patient_id`, `doctor_id`, `doctor_name`, `total`, `discount_percentage`, `discount`, `tax_percentage`, `tax`, `net_amount`, `transaction_id`, `note`, `organisation_id`, `insurance_validity`, `generated_by`, `created_at`, `updated_at`, `insurance_id`) VALUES (420, 5456, 275, '2024-04-20 17:00:00', 493, 2, 'Sonia Bush (9002)', '150.00', '10.00', '15.00', '0.00', '45.00', '180.00', NULL, '', NULL, NULL, 1, '2024-04-01 10:44:33', NULL, NULL);
INSERT INTO `pathology_billing` (`id`, `case_reference_id`, `ipd_prescription_basic_id`, `date`, `patient_id`, `doctor_id`, `doctor_name`, `total`, `discount_percentage`, `discount`, `tax_percentage`, `tax`, `net_amount`, `transaction_id`, `note`, `organisation_id`, `insurance_validity`, `generated_by`, `created_at`, `updated_at`, `insurance_id`) VALUES (421, 4991, 257, '2024-04-25 12:30:00', 896, 11, 'Amit  Singh (9009)', '150.00', '0.00', '0.00', '0.00', '45.00', '195.00', NULL, '', NULL, NULL, 1, '2024-04-01 10:45:32', NULL, NULL);
INSERT INTO `pathology_billing` (`id`, `case_reference_id`, `ipd_prescription_basic_id`, `date`, `patient_id`, `doctor_id`, `doctor_name`, `total`, `discount_percentage`, `discount`, `tax_percentage`, `tax`, `net_amount`, `transaction_id`, `note`, `organisation_id`, `insurance_validity`, `generated_by`, `created_at`, `updated_at`, `insurance_id`) VALUES (422, NULL, NULL, '2024-04-30 18:50:00', 484, 12, 'Reyan Jain (9011)', '150.00', '0.00', '0.00', '0.00', '45.00', '195.00', NULL, '', NULL, NULL, 1, '2024-04-01 10:46:28', NULL, NULL);
INSERT INTO `pathology_billing` (`id`, `case_reference_id`, `ipd_prescription_basic_id`, `date`, `patient_id`, `doctor_id`, `doctor_name`, `total`, `discount_percentage`, `discount`, `tax_percentage`, `tax`, `net_amount`, `transaction_id`, `note`, `organisation_id`, `insurance_validity`, `generated_by`, `created_at`, `updated_at`, `insurance_id`) VALUES (423, 5891, 286, '2024-04-26 17:01:00', 878, 4, 'Sansa Gomez (9008)', '150.00', '0.00', '0.00', '0.00', '45.00', '195.00', NULL, '', NULL, NULL, 1, '2024-04-01 11:31:26', NULL, NULL);
INSERT INTO `pathology_billing` (`id`, `case_reference_id`, `ipd_prescription_basic_id`, `date`, `patient_id`, `doctor_id`, `doctor_name`, `total`, `discount_percentage`, `discount`, `tax_percentage`, `tax`, `net_amount`, `transaction_id`, `note`, `organisation_id`, `insurance_validity`, `generated_by`, `created_at`, `updated_at`, `insurance_id`) VALUES (426, 4991, 257, '2024-05-05 13:34:00', 896, 12, 'Reyan Jain (9011)', '150.00', '10.00', '15.00', '0.00', '45.00', '180.00', NULL, '', NULL, NULL, 5, '2024-05-01 12:04:41', NULL, NULL);
INSERT INTO `pathology_billing` (`id`, `case_reference_id`, `ipd_prescription_basic_id`, `date`, `patient_id`, `doctor_id`, `doctor_name`, `total`, `discount_percentage`, `discount`, `tax_percentage`, `tax`, `net_amount`, `transaction_id`, `note`, `organisation_id`, `insurance_validity`, `generated_by`, `created_at`, `updated_at`, `insurance_id`) VALUES (427, NULL, NULL, '2024-05-10 16:35:00', 658, 4, 'Sansa Gomez (9008)', '150.00', '0.00', '0.00', '0.00', '45.00', '195.00', NULL, '', NULL, NULL, 5, '2024-05-01 12:05:19', NULL, NULL);
INSERT INTO `pathology_billing` (`id`, `case_reference_id`, `ipd_prescription_basic_id`, `date`, `patient_id`, `doctor_id`, `doctor_name`, `total`, `discount_percentage`, `discount`, `tax_percentage`, `tax`, `net_amount`, `transaction_id`, `note`, `organisation_id`, `insurance_validity`, `generated_by`, `created_at`, `updated_at`, `insurance_id`) VALUES (428, 5827, 281, '2024-05-15 15:30:00', 1005, 4, 'Sansa Gomez (9008)', '150.00', '10.00', '15.00', '0.00', '45.00', '180.00', NULL, '', NULL, NULL, 1, '2024-05-01 12:08:05', NULL, NULL);
INSERT INTO `pathology_billing` (`id`, `case_reference_id`, `ipd_prescription_basic_id`, `date`, `patient_id`, `doctor_id`, `doctor_name`, `total`, `discount_percentage`, `discount`, `tax_percentage`, `tax`, `net_amount`, `transaction_id`, `note`, `organisation_id`, `insurance_validity`, `generated_by`, `created_at`, `updated_at`, `insurance_id`) VALUES (429, NULL, NULL, '2024-05-20 17:38:00', 151, 11, 'Amit  Singh (9009)', '150.00', '0.00', '0.00', '0.00', '45.00', '195.00', NULL, '', NULL, NULL, 1, '2024-05-01 12:09:06', NULL, NULL);
INSERT INTO `pathology_billing` (`id`, `case_reference_id`, `ipd_prescription_basic_id`, `date`, `patient_id`, `doctor_id`, `doctor_name`, `total`, `discount_percentage`, `discount`, `tax_percentage`, `tax`, `net_amount`, `transaction_id`, `note`, `organisation_id`, `insurance_validity`, `generated_by`, `created_at`, `updated_at`, `insurance_id`) VALUES (430, 5658, 289, '2024-05-25 17:40:00', 980, 2, 'Sonia Bush (9002)', '150.00', '10.00', '15.00', '0.00', '45.00', '180.00', NULL, '', NULL, NULL, 1, '2024-05-01 12:10:26', NULL, NULL);
INSERT INTO `pathology_billing` (`id`, `case_reference_id`, `ipd_prescription_basic_id`, `date`, `patient_id`, `doctor_id`, `doctor_name`, `total`, `discount_percentage`, `discount`, `tax_percentage`, `tax`, `net_amount`, `transaction_id`, `note`, `organisation_id`, `insurance_validity`, `generated_by`, `created_at`, `updated_at`, `insurance_id`) VALUES (431, NULL, NULL, '2024-05-31 16:05:00', 2, 4, 'Sansa Gomez (9008)', '150.00', '0.00', '0.00', '0.00', '45.00', '195.00', NULL, '', NULL, NULL, 1, '2024-05-01 12:11:17', NULL, NULL);
INSERT INTO `pathology_billing` (`id`, `case_reference_id`, `ipd_prescription_basic_id`, `date`, `patient_id`, `doctor_id`, `doctor_name`, `total`, `discount_percentage`, `discount`, `tax_percentage`, `tax`, `net_amount`, `transaction_id`, `note`, `organisation_id`, `insurance_validity`, `generated_by`, `created_at`, `updated_at`, `insurance_id`) VALUES (432, 6182, 291, '2024-05-12 12:43:00', 843, 4, 'Sansa Gomez (9008)', '150.00', '0.00', '0.00', '0.00', '45.00', '195.00', NULL, '', NULL, NULL, 1, '2024-05-02 07:13:11', NULL, NULL);
INSERT INTO `pathology_billing` (`id`, `case_reference_id`, `ipd_prescription_basic_id`, `date`, `patient_id`, `doctor_id`, `doctor_name`, `total`, `discount_percentage`, `discount`, `tax_percentage`, `tax`, `net_amount`, `transaction_id`, `note`, `organisation_id`, `insurance_validity`, `generated_by`, `created_at`, `updated_at`, `insurance_id`) VALUES (434, NULL, NULL, '2024-06-05 18:30:00', 288, 4, 'Sansa Gomez (9008)', '150.00', '0.00', '0.00', '0.00', '45.00', '195.00', NULL, '', NULL, NULL, 1, '2024-06-01 07:59:23', NULL, NULL);
INSERT INTO `pathology_billing` (`id`, `case_reference_id`, `ipd_prescription_basic_id`, `date`, `patient_id`, `doctor_id`, `doctor_name`, `total`, `discount_percentage`, `discount`, `tax_percentage`, `tax`, `net_amount`, `transaction_id`, `note`, `organisation_id`, `insurance_validity`, `generated_by`, `created_at`, `updated_at`, `insurance_id`) VALUES (435, NULL, NULL, '2024-06-10 13:30:00', 578, 2, 'Sonia Bush (9002)', '150.00', '10.00', '15.00', '0.00', '45.00', '180.00', NULL, '', NULL, NULL, 1, '2024-06-01 08:00:30', NULL, NULL);
INSERT INTO `pathology_billing` (`id`, `case_reference_id`, `ipd_prescription_basic_id`, `date`, `patient_id`, `doctor_id`, `doctor_name`, `total`, `discount_percentage`, `discount`, `tax_percentage`, `tax`, `net_amount`, `transaction_id`, `note`, `organisation_id`, `insurance_validity`, `generated_by`, `created_at`, `updated_at`, `insurance_id`) VALUES (436, 5827, 281, '2024-06-15 14:30:00', 1005, 12, 'Reyan Jain (9011)', '300.00', '10.00', '30.00', '0.00', '90.00', '360.00', NULL, '', NULL, NULL, 1, '2024-06-01 08:03:38', NULL, NULL);
INSERT INTO `pathology_billing` (`id`, `case_reference_id`, `ipd_prescription_basic_id`, `date`, `patient_id`, `doctor_id`, `doctor_name`, `total`, `discount_percentage`, `discount`, `tax_percentage`, `tax`, `net_amount`, `transaction_id`, `note`, `organisation_id`, `insurance_validity`, `generated_by`, `created_at`, `updated_at`, `insurance_id`) VALUES (437, 5307, 272, '2024-06-20 12:30:00', 939, 2, 'Sonia Bush (9002)', '300.00', '10.00', '30.00', '0.00', '90.00', '360.00', NULL, '', NULL, NULL, 1, '2024-06-01 08:06:36', NULL, NULL);
INSERT INTO `pathology_billing` (`id`, `case_reference_id`, `ipd_prescription_basic_id`, `date`, `patient_id`, `doctor_id`, `doctor_name`, `total`, `discount_percentage`, `discount`, `tax_percentage`, `tax`, `net_amount`, `transaction_id`, `note`, `organisation_id`, `insurance_validity`, `generated_by`, `created_at`, `updated_at`, `insurance_id`) VALUES (438, NULL, NULL, '2024-06-25 13:37:00', 520, 12, 'Reyan Jain (9011)', '150.00', '0.00', '0.00', '0.00', '45.00', '195.00', NULL, '', NULL, NULL, 1, '2024-06-01 08:18:11', NULL, NULL);
INSERT INTO `pathology_billing` (`id`, `case_reference_id`, `ipd_prescription_basic_id`, `date`, `patient_id`, `doctor_id`, `doctor_name`, `total`, `discount_percentage`, `discount`, `tax_percentage`, `tax`, `net_amount`, `transaction_id`, `note`, `organisation_id`, `insurance_validity`, `generated_by`, `created_at`, `updated_at`, `insurance_id`) VALUES (439, 4991, 257, '2024-06-30 13:49:00', 896, 2, 'Sonia Bush (9002)', '150.00', '10.00', '15.00', '0.00', '45.00', '180.00', NULL, '', NULL, NULL, 1, '2024-06-01 08:22:44', NULL, NULL);
INSERT INTO `pathology_billing` (`id`, `case_reference_id`, `ipd_prescription_basic_id`, `date`, `patient_id`, `doctor_id`, `doctor_name`, `total`, `discount_percentage`, `discount`, `tax_percentage`, `tax`, `net_amount`, `transaction_id`, `note`, `organisation_id`, `insurance_validity`, `generated_by`, `created_at`, `updated_at`, `insurance_id`) VALUES (441, 6290, 294, '2024-06-22 12:30:00', 980, 4, 'Sansa Gomez (9008)', '150.00', '0.00', '0.00', '0.00', '45.00', '195.00', NULL, '', NULL, NULL, 1, '2024-06-01 12:12:26', NULL, NULL);
INSERT INTO `pathology_billing` (`id`, `case_reference_id`, `ipd_prescription_basic_id`, `date`, `patient_id`, `doctor_id`, `doctor_name`, `total`, `discount_percentage`, `discount`, `tax_percentage`, `tax`, `net_amount`, `transaction_id`, `note`, `organisation_id`, `insurance_validity`, `generated_by`, `created_at`, `updated_at`, `insurance_id`) VALUES (442, 6457, 295, '2024-07-11 14:54:00', 1084, 12, 'Reyan Jain (9011)', '150.00', '10.00', '15.00', '0.00', '45.00', '180.00', NULL, '', NULL, NULL, 14, '2024-07-01 09:24:44', NULL, NULL);
INSERT INTO `pathology_billing` (`id`, `case_reference_id`, `ipd_prescription_basic_id`, `date`, `patient_id`, `doctor_id`, `doctor_name`, `total`, `discount_percentage`, `discount`, `tax_percentage`, `tax`, `net_amount`, `transaction_id`, `note`, `organisation_id`, `insurance_validity`, `generated_by`, `created_at`, `updated_at`, `insurance_id`) VALUES (444, 6360, 298, '2024-07-05 15:34:00', 844, 2, 'Sonia Bush (9002)', '150.00', '10.00', '15.00', '0.00', '45.00', '180.00', NULL, '', NULL, NULL, 14, '2024-07-01 10:04:09', NULL, NULL);
INSERT INTO `pathology_billing` (`id`, `case_reference_id`, `ipd_prescription_basic_id`, `date`, `patient_id`, `doctor_id`, `doctor_name`, `total`, `discount_percentage`, `discount`, `tax_percentage`, `tax`, `net_amount`, `transaction_id`, `note`, `organisation_id`, `insurance_validity`, `generated_by`, `created_at`, `updated_at`, `insurance_id`) VALUES (445, 6360, 298, '2024-07-15 20:34:00', 844, 4, 'Sansa Gomez (9008)', '150.00', '0.00', '0.00', '0.00', '45.00', '195.00', NULL, '', NULL, NULL, 14, '2024-07-01 10:05:00', NULL, NULL);
INSERT INTO `pathology_billing` (`id`, `case_reference_id`, `ipd_prescription_basic_id`, `date`, `patient_id`, `doctor_id`, `doctor_name`, `total`, `discount_percentage`, `discount`, `tax_percentage`, `tax`, `net_amount`, `transaction_id`, `note`, `organisation_id`, `insurance_validity`, `generated_by`, `created_at`, `updated_at`, `insurance_id`) VALUES (446, 6461, 297, '2024-07-20 16:30:00', 1085, 12, 'Reyan Jain (9011)', '150.00', '10.00', '15.00', '0.00', '45.00', '180.00', NULL, '', NULL, NULL, 14, '2024-07-01 10:05:33', NULL, NULL);
INSERT INTO `pathology_billing` (`id`, `case_reference_id`, `ipd_prescription_basic_id`, `date`, `patient_id`, `doctor_id`, `doctor_name`, `total`, `discount_percentage`, `discount`, `tax_percentage`, `tax`, `net_amount`, `transaction_id`, `note`, `organisation_id`, `insurance_validity`, `generated_by`, `created_at`, `updated_at`, `insurance_id`) VALUES (447, NULL, NULL, '2024-07-25 12:36:00', 827, 12, 'Reyan Jain (9011)', '150.00', '0.00', '0.00', '0.00', '45.00', '195.00', NULL, '', NULL, NULL, 14, '2024-07-01 10:06:48', NULL, NULL);
INSERT INTO `pathology_billing` (`id`, `case_reference_id`, `ipd_prescription_basic_id`, `date`, `patient_id`, `doctor_id`, `doctor_name`, `total`, `discount_percentage`, `discount`, `tax_percentage`, `tax`, `net_amount`, `transaction_id`, `note`, `organisation_id`, `insurance_validity`, `generated_by`, `created_at`, `updated_at`, `insurance_id`) VALUES (448, NULL, NULL, '2024-07-30 15:37:00', 578, 11, 'Amit  Singh (9009)', '150.00', '10.00', '15.00', '0.00', '45.00', '180.00', NULL, '', NULL, NULL, 14, '2024-07-01 10:07:40', NULL, NULL);
INSERT INTO `pathology_billing` (`id`, `case_reference_id`, `ipd_prescription_basic_id`, `date`, `patient_id`, `doctor_id`, `doctor_name`, `total`, `discount_percentage`, `discount`, `tax_percentage`, `tax`, `net_amount`, `transaction_id`, `note`, `organisation_id`, `insurance_validity`, `generated_by`, `created_at`, `updated_at`, `insurance_id`) VALUES (449, 115, 296, '2024-07-02 11:16:00', 1, 12, 'Reyan Jain (9011)', '150.00', '0.00', '0.00', '0.00', '45.00', '195.00', NULL, '', NULL, NULL, 1, '2024-07-02 05:46:37', NULL, NULL);
INSERT INTO `pathology_billing` (`id`, `case_reference_id`, `ipd_prescription_basic_id`, `date`, `patient_id`, `doctor_id`, `doctor_name`, `total`, `discount_percentage`, `discount`, `tax_percentage`, `tax`, `net_amount`, `transaction_id`, `note`, `organisation_id`, `insurance_validity`, `generated_by`, `created_at`, `updated_at`, `insurance_id`) VALUES (450, 115, 301, '2024-08-01 15:12:00', 1, 4, 'Sansa Gomez (9008)', '300.00', '10.00', '30.00', '0.00', '90.00', '360.00', NULL, '', NULL, NULL, 1, '2024-08-01 09:42:42', NULL, NULL);
INSERT INTO `pathology_billing` (`id`, `case_reference_id`, `ipd_prescription_basic_id`, `date`, `patient_id`, `doctor_id`, `doctor_name`, `total`, `discount_percentage`, `discount`, `tax_percentage`, `tax`, `net_amount`, `transaction_id`, `note`, `organisation_id`, `insurance_validity`, `generated_by`, `created_at`, `updated_at`, `insurance_id`) VALUES (451, NULL, NULL, '2024-08-05 12:30:00', 658, 11, 'Amit  Singh (9009)', '150.00', '0.00', '0.00', '0.00', '45.00', '195.00', NULL, '', NULL, NULL, 1, '2024-08-01 09:53:08', NULL, NULL);
INSERT INTO `pathology_billing` (`id`, `case_reference_id`, `ipd_prescription_basic_id`, `date`, `patient_id`, `doctor_id`, `doctor_name`, `total`, `discount_percentage`, `discount`, `tax_percentage`, `tax`, `net_amount`, `transaction_id`, `note`, `organisation_id`, `insurance_validity`, `generated_by`, `created_at`, `updated_at`, `insurance_id`) VALUES (452, 6182, 291, '2024-08-10 14:00:00', 843, 4, 'Sansa Gomez (9008)', '150.00', '0.00', '0.00', '0.00', '45.00', '195.00', NULL, '', NULL, NULL, 1, '2024-08-01 09:55:05', NULL, NULL);
INSERT INTO `pathology_billing` (`id`, `case_reference_id`, `ipd_prescription_basic_id`, `date`, `patient_id`, `doctor_id`, `doctor_name`, `total`, `discount_percentage`, `discount`, `tax_percentage`, `tax`, `net_amount`, `transaction_id`, `note`, `organisation_id`, `insurance_validity`, `generated_by`, `created_at`, `updated_at`, `insurance_id`) VALUES (453, NULL, NULL, '2024-08-15 16:30:00', 830, 11, 'Amit  Singh (9009)', '150.00', '10.00', '15.00', '0.00', '45.00', '180.00', NULL, '', NULL, NULL, 1, '2024-08-01 09:58:16', NULL, NULL);
INSERT INTO `pathology_billing` (`id`, `case_reference_id`, `ipd_prescription_basic_id`, `date`, `patient_id`, `doctor_id`, `doctor_name`, `total`, `discount_percentage`, `discount`, `tax_percentage`, `tax`, `net_amount`, `transaction_id`, `note`, `organisation_id`, `insurance_validity`, `generated_by`, `created_at`, `updated_at`, `insurance_id`) VALUES (454, 5709, 279, '2024-08-20 23:30:00', 990, 4, 'Sansa Gomez (9008)', '150.00', '5.00', '7.50', '0.00', '45.00', '187.50', NULL, '', NULL, NULL, 1, '2024-08-01 09:59:12', NULL, NULL);
INSERT INTO `pathology_billing` (`id`, `case_reference_id`, `ipd_prescription_basic_id`, `date`, `patient_id`, `doctor_id`, `doctor_name`, `total`, `discount_percentage`, `discount`, `tax_percentage`, `tax`, `net_amount`, `transaction_id`, `note`, `organisation_id`, `insurance_validity`, `generated_by`, `created_at`, `updated_at`, `insurance_id`) VALUES (455, NULL, NULL, '2024-08-25 15:30:00', 484, 12, 'Reyan Jain (9011)', '300.00', '10.00', '30.00', '0.00', '90.00', '360.00', NULL, '', NULL, NULL, 1, '2024-08-01 09:59:57', NULL, NULL);
INSERT INTO `pathology_billing` (`id`, `case_reference_id`, `ipd_prescription_basic_id`, `date`, `patient_id`, `doctor_id`, `doctor_name`, `total`, `discount_percentage`, `discount`, `tax_percentage`, `tax`, `net_amount`, `transaction_id`, `note`, `organisation_id`, `insurance_validity`, `generated_by`, `created_at`, `updated_at`, `insurance_id`) VALUES (456, 5304, 269, '2024-08-30 15:31:00', 937, 4, 'Sansa Gomez (9008)', '150.00', '0.00', '0.00', '0.00', '45.00', '195.00', NULL, '', NULL, NULL, 1, '2024-08-01 10:00:59', NULL, NULL);
INSERT INTO `pathology_billing` (`id`, `case_reference_id`, `ipd_prescription_basic_id`, `date`, `patient_id`, `doctor_id`, `doctor_name`, `total`, `discount_percentage`, `discount`, `tax_percentage`, `tax`, `net_amount`, `transaction_id`, `note`, `organisation_id`, `insurance_validity`, `generated_by`, `created_at`, `updated_at`, `insurance_id`) VALUES (457, 6604, 303, '2024-08-12 13:33:00', 1103, 12, 'Reyan Jain (9011)', '150.00', '10.00', '15.00', '0.00', '45.00', '180.00', NULL, '', NULL, NULL, 1, '2024-08-02 08:02:24', NULL, NULL);
INSERT INTO `pathology_billing` (`id`, `case_reference_id`, `ipd_prescription_basic_id`, `date`, `patient_id`, `doctor_id`, `doctor_name`, `total`, `discount_percentage`, `discount`, `tax_percentage`, `tax`, `net_amount`, `transaction_id`, `note`, `organisation_id`, `insurance_validity`, `generated_by`, `created_at`, `updated_at`, `insurance_id`) VALUES (458, 6604, 303, '2024-08-28 16:27:00', 1103, 12, 'Reyan Jain (9011)', '150.00', '10.00', '15.00', '0.00', '40.50', '175.50', NULL, '', NULL, '2024-08-30', 1, '2024-08-28 10:57:36', NULL, '87564');
INSERT INTO `pathology_billing` (`id`, `case_reference_id`, `ipd_prescription_basic_id`, `date`, `patient_id`, `doctor_id`, `doctor_name`, `total`, `discount_percentage`, `discount`, `tax_percentage`, `tax`, `net_amount`, `transaction_id`, `note`, `organisation_id`, `insurance_validity`, `generated_by`, `created_at`, `updated_at`, `insurance_id`) VALUES (459, NULL, NULL, '2024-08-29 14:43:00', 578, 11, 'Amit  Singh (9009)', '150.00', '10.00', '15.00', '0.00', '24.30', '159.30', NULL, '', NULL, NULL, 1, '2024-08-29 09:13:12', NULL, NULL);
INSERT INTO `pathology_billing` (`id`, `case_reference_id`, `ipd_prescription_basic_id`, `date`, `patient_id`, `doctor_id`, `doctor_name`, `total`, `discount_percentage`, `discount`, `tax_percentage`, `tax`, `net_amount`, `transaction_id`, `note`, `organisation_id`, `insurance_validity`, `generated_by`, `created_at`, `updated_at`, `insurance_id`) VALUES (460, NULL, NULL, '2024-08-29 17:46:00', 1, 12, 'Reyan Jain (9011)', '150.00', '0.00', '0.00', '0.00', '27.00', '177.00', NULL, '', NULL, NULL, 1, '2024-08-29 12:16:20', NULL, NULL);
INSERT INTO `pathology_billing` (`id`, `case_reference_id`, `ipd_prescription_basic_id`, `date`, `patient_id`, `doctor_id`, `doctor_name`, `total`, `discount_percentage`, `discount`, `tax_percentage`, `tax`, `net_amount`, `transaction_id`, `note`, `organisation_id`, `insurance_validity`, `generated_by`, `created_at`, `updated_at`, `insurance_id`) VALUES (461, 115, 325, '2024-09-01 12:30:00', 1, 12, 'Reyan Jain (9011)', '150.00', '0.00', '0.00', '0.00', '27.00', '177.00', NULL, '', NULL, NULL, 1, '2024-08-31 05:28:27', NULL, NULL);
INSERT INTO `pathology_billing` (`id`, `case_reference_id`, `ipd_prescription_basic_id`, `date`, `patient_id`, `doctor_id`, `doctor_name`, `total`, `discount_percentage`, `discount`, `tax_percentage`, `tax`, `net_amount`, `transaction_id`, `note`, `organisation_id`, `insurance_validity`, `generated_by`, `created_at`, `updated_at`, `insurance_id`) VALUES (462, 5709, 327, '2024-09-10 13:33:00', 990, 11, 'Amit  Singh (9009)', '150.00', '0.00', '0.00', '0.00', '27.00', '177.00', NULL, '', NULL, '2024-02-28', 1, '2024-08-31 08:02:57', NULL, '66756');
INSERT INTO `pathology_billing` (`id`, `case_reference_id`, `ipd_prescription_basic_id`, `date`, `patient_id`, `doctor_id`, `doctor_name`, `total`, `discount_percentage`, `discount`, `tax_percentage`, `tax`, `net_amount`, `transaction_id`, `note`, `organisation_id`, `insurance_validity`, `generated_by`, `created_at`, `updated_at`, `insurance_id`) VALUES (463, NULL, NULL, '2024-09-15 13:33:00', 1063, 11, 'Amit  Singh (9009)', '150.00', '0.00', '0.00', '0.00', '27.00', '177.00', NULL, '', NULL, NULL, 1, '2024-08-31 08:03:40', NULL, NULL);
INSERT INTO `pathology_billing` (`id`, `case_reference_id`, `ipd_prescription_basic_id`, `date`, `patient_id`, `doctor_id`, `doctor_name`, `total`, `discount_percentage`, `discount`, `tax_percentage`, `tax`, `net_amount`, `transaction_id`, `note`, `organisation_id`, `insurance_validity`, `generated_by`, `created_at`, `updated_at`, `insurance_id`) VALUES (464, 6457, 326, '2024-09-05 14:34:00', 1084, 4, 'Sansa Gomez (9008)', '150.00', '0.00', '0.00', '0.00', '27.00', '177.00', NULL, '', NULL, NULL, 1, '2024-08-31 08:04:26', NULL, NULL);
INSERT INTO `pathology_billing` (`id`, `case_reference_id`, `ipd_prescription_basic_id`, `date`, `patient_id`, `doctor_id`, `doctor_name`, `total`, `discount_percentage`, `discount`, `tax_percentage`, `tax`, `net_amount`, `transaction_id`, `note`, `organisation_id`, `insurance_validity`, `generated_by`, `created_at`, `updated_at`, `insurance_id`) VALUES (465, NULL, NULL, '2024-09-25 14:30:00', 1005, 11, 'Amit  Singh (9009)', '150.00', '0.00', '0.00', '0.00', '27.00', '177.00', NULL, '', NULL, NULL, 1, '2024-08-31 08:08:50', NULL, NULL);
INSERT INTO `pathology_billing` (`id`, `case_reference_id`, `ipd_prescription_basic_id`, `date`, `patient_id`, `doctor_id`, `doctor_name`, `total`, `discount_percentage`, `discount`, `tax_percentage`, `tax`, `net_amount`, `transaction_id`, `note`, `organisation_id`, `insurance_validity`, `generated_by`, `created_at`, `updated_at`, `insurance_id`) VALUES (466, 6633, 328, '2024-09-12 16:18:00', 1, 12, 'Reyan Jain (9011)', '150.00', '0.00', '0.00', '0.00', '27.00', '177.00', NULL, '', NULL, NULL, 1, '2024-08-31 10:48:40', NULL, NULL);
INSERT INTO `pathology_billing` (`id`, `case_reference_id`, `ipd_prescription_basic_id`, `date`, `patient_id`, `doctor_id`, `doctor_name`, `total`, `discount_percentage`, `discount`, `tax_percentage`, `tax`, `net_amount`, `transaction_id`, `note`, `organisation_id`, `insurance_validity`, `generated_by`, `created_at`, `updated_at`, `insurance_id`) VALUES (467, 6669, 329, '2024-10-01 14:55:00', 1, 12, 'Reyan Jain (9011)', '300.00', '10.00', '30.00', '0.00', '48.60', '318.60', NULL, '', NULL, NULL, 5, '2024-10-03 09:26:44', NULL, NULL);
INSERT INTO `pathology_billing` (`id`, `case_reference_id`, `ipd_prescription_basic_id`, `date`, `patient_id`, `doctor_id`, `doctor_name`, `total`, `discount_percentage`, `discount`, `tax_percentage`, `tax`, `net_amount`, `transaction_id`, `note`, `organisation_id`, `insurance_validity`, `generated_by`, `created_at`, `updated_at`, `insurance_id`) VALUES (468, 5456, 275, '2024-10-05 16:30:00', 493, 12, 'Reyan Jain (9011)', '150.00', '0.00', '0.00', '0.00', '27.00', '177.00', NULL, '', NULL, NULL, 5, '2024-10-03 09:27:40', NULL, NULL);
INSERT INTO `pathology_billing` (`id`, `case_reference_id`, `ipd_prescription_basic_id`, `date`, `patient_id`, `doctor_id`, `doctor_name`, `total`, `discount_percentage`, `discount`, `tax_percentage`, `tax`, `net_amount`, `transaction_id`, `note`, `organisation_id`, `insurance_validity`, `generated_by`, `created_at`, `updated_at`, `insurance_id`) VALUES (469, NULL, NULL, '2024-10-10 12:30:00', 781, 12, 'Reyan Jain (9011)', '150.00', '0.00', '0.00', '0.00', '27.00', '177.00', NULL, '', NULL, NULL, 5, '2024-10-03 09:28:19', NULL, NULL);
INSERT INTO `pathology_billing` (`id`, `case_reference_id`, `ipd_prescription_basic_id`, `date`, `patient_id`, `doctor_id`, `doctor_name`, `total`, `discount_percentage`, `discount`, `tax_percentage`, `tax`, `net_amount`, `transaction_id`, `note`, `organisation_id`, `insurance_validity`, `generated_by`, `created_at`, `updated_at`, `insurance_id`) VALUES (470, 5827, 281, '2024-10-15 15:30:00', 1005, 2, 'Sonia Bush (9002)', '300.00', '10.00', '30.00', '0.00', '48.60', '318.60', NULL, '', NULL, NULL, 5, '2024-10-03 09:28:53', NULL, NULL);
INSERT INTO `pathology_billing` (`id`, `case_reference_id`, `ipd_prescription_basic_id`, `date`, `patient_id`, `doctor_id`, `doctor_name`, `total`, `discount_percentage`, `discount`, `tax_percentage`, `tax`, `net_amount`, `transaction_id`, `note`, `organisation_id`, `insurance_validity`, `generated_by`, `created_at`, `updated_at`, `insurance_id`) VALUES (471, 6457, 326, '2024-10-20 23:30:00', 1084, 12, 'Reyan Jain (9011)', '150.00', '0.00', '0.00', '0.00', '27.00', '177.00', NULL, '', NULL, NULL, 5, '2024-10-03 09:29:41', NULL, NULL);
INSERT INTO `pathology_billing` (`id`, `case_reference_id`, `ipd_prescription_basic_id`, `date`, `patient_id`, `doctor_id`, `doctor_name`, `total`, `discount_percentage`, `discount`, `tax_percentage`, `tax`, `net_amount`, `transaction_id`, `note`, `organisation_id`, `insurance_validity`, `generated_by`, `created_at`, `updated_at`, `insurance_id`) VALUES (472, NULL, NULL, '2024-10-25 15:30:00', 628, 4, 'Sansa Gomez (9008)', '150.00', '10.00', '15.00', '0.00', '24.30', '159.30', NULL, '', NULL, NULL, 5, '2024-10-03 09:30:22', NULL, NULL);
INSERT INTO `pathology_billing` (`id`, `case_reference_id`, `ipd_prescription_basic_id`, `date`, `patient_id`, `doctor_id`, `doctor_name`, `total`, `discount_percentage`, `discount`, `tax_percentage`, `tax`, `net_amount`, `transaction_id`, `note`, `organisation_id`, `insurance_validity`, `generated_by`, `created_at`, `updated_at`, `insurance_id`) VALUES (473, NULL, NULL, '2024-10-30 15:00:00', 765, 4, 'Sansa Gomez (9008)', '150.00', '0.00', '0.00', '0.00', '27.00', '177.00', NULL, '', NULL, NULL, 5, '2024-10-03 09:31:09', NULL, NULL);
INSERT INTO `pathology_billing` (`id`, `case_reference_id`, `ipd_prescription_basic_id`, `date`, `patient_id`, `doctor_id`, `doctor_name`, `total`, `discount_percentage`, `discount`, `tax_percentage`, `tax`, `net_amount`, `transaction_id`, `note`, `organisation_id`, `insurance_validity`, `generated_by`, `created_at`, `updated_at`, `insurance_id`) VALUES (474, 6730, 330, '2024-10-04 15:38:00', 484, 12, 'Reyan Jain (9011)', '150.00', '10.00', '15.00', '0.00', '24.30', '159.30', NULL, '', NULL, NULL, 1, '2024-10-04 10:08:33', NULL, NULL);
INSERT INTO `pathology_billing` (`id`, `case_reference_id`, `ipd_prescription_basic_id`, `date`, `patient_id`, `doctor_id`, `doctor_name`, `total`, `discount_percentage`, `discount`, `tax_percentage`, `tax`, `net_amount`, `transaction_id`, `note`, `organisation_id`, `insurance_validity`, `generated_by`, `created_at`, `updated_at`, `insurance_id`) VALUES (475, 6721, 332, '2024-10-14 16:21:00', 1121, 12, 'Reyan Jain (9011)', '150.00', '10.00', '15.00', '0.00', '24.30', '159.30', NULL, '', NULL, NULL, 1, '2024-10-04 10:51:26', NULL, NULL);
INSERT INTO `pathology_billing` (`id`, `case_reference_id`, `ipd_prescription_basic_id`, `date`, `patient_id`, `doctor_id`, `doctor_name`, `total`, `discount_percentage`, `discount`, `tax_percentage`, `tax`, `net_amount`, `transaction_id`, `note`, `organisation_id`, `insurance_validity`, `generated_by`, `created_at`, `updated_at`, `insurance_id`) VALUES (476, 115, 336, '2024-10-04 17:03:00', 1, 12, 'Reyan Jain (9011)', '150.00', '10.00', '15.00', '0.00', '24.30', '159.30', NULL, '', NULL, NULL, 1, '2024-10-04 11:33:51', NULL, NULL);
INSERT INTO `pathology_billing` (`id`, `case_reference_id`, `ipd_prescription_basic_id`, `date`, `patient_id`, `doctor_id`, `doctor_name`, `total`, `discount_percentage`, `discount`, `tax_percentage`, `tax`, `net_amount`, `transaction_id`, `note`, `organisation_id`, `insurance_validity`, `generated_by`, `created_at`, `updated_at`, `insurance_id`) VALUES (477, 6731, 339, '2024-10-22 10:30:00', 1123, 12, 'Reyan Jain (9011)', '150.00', '10.00', '15.00', '0.00', '24.30', '159.30', NULL, '', NULL, NULL, 1, '2024-10-05 04:17:33', NULL, NULL);
INSERT INTO `pathology_billing` (`id`, `case_reference_id`, `ipd_prescription_basic_id`, `date`, `patient_id`, `doctor_id`, `doctor_name`, `total`, `discount_percentage`, `discount`, `tax_percentage`, `tax`, `net_amount`, `transaction_id`, `note`, `organisation_id`, `insurance_validity`, `generated_by`, `created_at`, `updated_at`, `insurance_id`) VALUES (478, 6739, 341, '2024-10-24 12:30:00', 1124, 12, 'Reyan Jain (9011)', '150.00', '10.00', '15.00', '0.00', '24.30', '159.30', NULL, '', NULL, NULL, 1, '2024-10-05 05:23:49', NULL, NULL);
INSERT INTO `pathology_billing` (`id`, `case_reference_id`, `ipd_prescription_basic_id`, `date`, `patient_id`, `doctor_id`, `doctor_name`, `total`, `discount_percentage`, `discount`, `tax_percentage`, `tax`, `net_amount`, `transaction_id`, `note`, `organisation_id`, `insurance_validity`, `generated_by`, `created_at`, `updated_at`, `insurance_id`) VALUES (479, 115, 346, '2024-11-01 17:05:00', 1, 4, 'Sansa Gomez (9008)', '300.00', '10.00', '30.00', '0.00', '48.60', '318.60', NULL, '', NULL, NULL, 1, '2024-11-06 11:36:08', NULL, NULL);
INSERT INTO `pathology_billing` (`id`, `case_reference_id`, `ipd_prescription_basic_id`, `date`, `patient_id`, `doctor_id`, `doctor_name`, `total`, `discount_percentage`, `discount`, `tax_percentage`, `tax`, `net_amount`, `transaction_id`, `note`, `organisation_id`, `insurance_validity`, `generated_by`, `created_at`, `updated_at`, `insurance_id`) VALUES (480, 6457, 326, '2024-11-05 17:12:00', 1084, 4, 'Sansa Gomez (9008)', '150.00', '0.00', '0.00', '0.00', '27.00', '177.00', NULL, '', NULL, NULL, 1, '2024-11-06 11:42:43', NULL, NULL);
INSERT INTO `pathology_billing` (`id`, `case_reference_id`, `ipd_prescription_basic_id`, `date`, `patient_id`, `doctor_id`, `doctor_name`, `total`, `discount_percentage`, `discount`, `tax_percentage`, `tax`, `net_amount`, `transaction_id`, `note`, `organisation_id`, `insurance_validity`, `generated_by`, `created_at`, `updated_at`, `insurance_id`) VALUES (481, NULL, NULL, '2024-11-10 17:30:00', 987, 2, 'Sonia Bush (9002)', '150.00', '0.00', '0.00', '0.00', '27.00', '177.00', NULL, '', NULL, NULL, 1, '2024-11-06 11:43:00', NULL, NULL);
INSERT INTO `pathology_billing` (`id`, `case_reference_id`, `ipd_prescription_basic_id`, `date`, `patient_id`, `doctor_id`, `doctor_name`, `total`, `discount_percentage`, `discount`, `tax_percentage`, `tax`, `net_amount`, `transaction_id`, `note`, `organisation_id`, `insurance_validity`, `generated_by`, `created_at`, `updated_at`, `insurance_id`) VALUES (482, NULL, NULL, '2024-11-15 18:30:00', 879, 4, 'Sansa Gomez (9008)', '150.00', '0.00', '0.00', '0.00', '27.00', '177.00', NULL, '', NULL, NULL, 1, '2024-11-06 11:43:56', NULL, NULL);
INSERT INTO `pathology_billing` (`id`, `case_reference_id`, `ipd_prescription_basic_id`, `date`, `patient_id`, `doctor_id`, `doctor_name`, `total`, `discount_percentage`, `discount`, `tax_percentage`, `tax`, `net_amount`, `transaction_id`, `note`, `organisation_id`, `insurance_validity`, `generated_by`, `created_at`, `updated_at`, `insurance_id`) VALUES (483, 5827, 281, '2024-11-20 12:30:00', 1005, 12, 'Reyan Jain (9011)', '300.00', '10.00', '30.00', '0.00', '48.60', '318.60', NULL, '', NULL, NULL, 1, '2024-11-06 11:44:48', NULL, NULL);
INSERT INTO `pathology_billing` (`id`, `case_reference_id`, `ipd_prescription_basic_id`, `date`, `patient_id`, `doctor_id`, `doctor_name`, `total`, `discount_percentage`, `discount`, `tax_percentage`, `tax`, `net_amount`, `transaction_id`, `note`, `organisation_id`, `insurance_validity`, `generated_by`, `created_at`, `updated_at`, `insurance_id`) VALUES (484, NULL, NULL, '2024-11-25 17:15:00', 980, 4, 'Sansa Gomez (9008)', '150.00', '0.00', '0.00', '0.00', '27.00', '177.00', NULL, '', NULL, NULL, 1, '2024-11-06 11:45:44', NULL, NULL);
INSERT INTO `pathology_billing` (`id`, `case_reference_id`, `ipd_prescription_basic_id`, `date`, `patient_id`, `doctor_id`, `doctor_name`, `total`, `discount_percentage`, `discount`, `tax_percentage`, `tax`, `net_amount`, `transaction_id`, `note`, `organisation_id`, `insurance_validity`, `generated_by`, `created_at`, `updated_at`, `insurance_id`) VALUES (485, NULL, NULL, '2024-11-30 13:00:00', 1109, 4, 'Sansa Gomez (9008)', '150.00', '10.00', '15.00', '0.00', '24.30', '159.30', NULL, '', NULL, NULL, 1, '2024-11-06 11:47:12', NULL, NULL);
INSERT INTO `pathology_billing` (`id`, `case_reference_id`, `ipd_prescription_basic_id`, `date`, `patient_id`, `doctor_id`, `doctor_name`, `total`, `discount_percentage`, `discount`, `tax_percentage`, `tax`, `net_amount`, `transaction_id`, `note`, `organisation_id`, `insurance_validity`, `generated_by`, `created_at`, `updated_at`, `insurance_id`) VALUES (486, 6801, 347, '2024-11-16 12:06:00', 1134, 12, 'Reyan Jain (9011)', '150.00', '0.00', '0.00', '0.00', '27.00', '177.00', NULL, '', NULL, NULL, 1, '2024-11-07 06:36:20', NULL, NULL);
INSERT INTO `pathology_billing` (`id`, `case_reference_id`, `ipd_prescription_basic_id`, `date`, `patient_id`, `doctor_id`, `doctor_name`, `total`, `discount_percentage`, `discount`, `tax_percentage`, `tax`, `net_amount`, `transaction_id`, `note`, `organisation_id`, `insurance_validity`, `generated_by`, `created_at`, `updated_at`, `insurance_id`) VALUES (487, 6801, 350, '2024-11-12 22:30:00', 1134, 4, 'Sansa Gomez (9008)', '150.00', '0.00', '0.00', '0.00', '27.00', '177.00', NULL, '', NULL, NULL, 1, '2024-11-07 06:57:46', NULL, NULL);
INSERT INTO `pathology_billing` (`id`, `case_reference_id`, `ipd_prescription_basic_id`, `date`, `patient_id`, `doctor_id`, `doctor_name`, `total`, `discount_percentage`, `discount`, `tax_percentage`, `tax`, `net_amount`, `transaction_id`, `note`, `organisation_id`, `insurance_validity`, `generated_by`, `created_at`, `updated_at`, `insurance_id`) VALUES (488, 6740, 351, '2024-11-08 16:03:00', 1, 4, 'Sansa Gomez (9008)', '150.00', '10.00', '15.00', '0.00', '24.30', '159.30', NULL, '', NULL, NULL, 1, '2024-11-07 10:33:12', NULL, NULL);
INSERT INTO `pathology_billing` (`id`, `case_reference_id`, `ipd_prescription_basic_id`, `date`, `patient_id`, `doctor_id`, `doctor_name`, `total`, `discount_percentage`, `discount`, `tax_percentage`, `tax`, `net_amount`, `transaction_id`, `note`, `organisation_id`, `insurance_validity`, `generated_by`, `created_at`, `updated_at`, `insurance_id`) VALUES (489, 115, 352, '2024-12-01 17:46:00', 1, 11, 'Amit  Singh (9009)', '300.00', '10.00', '30.00', '0.00', '48.60', '318.60', NULL, '', NULL, NULL, 1, '2024-12-04 12:17:11', NULL, NULL);
INSERT INTO `pathology_billing` (`id`, `case_reference_id`, `ipd_prescription_basic_id`, `date`, `patient_id`, `doctor_id`, `doctor_name`, `total`, `discount_percentage`, `discount`, `tax_percentage`, `tax`, `net_amount`, `transaction_id`, `note`, `organisation_id`, `insurance_validity`, `generated_by`, `created_at`, `updated_at`, `insurance_id`) VALUES (490, 5085, 261, '2024-12-05 13:30:00', 121, 12, 'Reyan Jain (9011)', '150.00', '0.00', '0.00', '0.00', '27.00', '177.00', NULL, '', NULL, NULL, 5, '2024-12-04 12:18:55', NULL, NULL);
INSERT INTO `pathology_billing` (`id`, `case_reference_id`, `ipd_prescription_basic_id`, `date`, `patient_id`, `doctor_id`, `doctor_name`, `total`, `discount_percentage`, `discount`, `tax_percentage`, `tax`, `net_amount`, `transaction_id`, `note`, `organisation_id`, `insurance_validity`, `generated_by`, `created_at`, `updated_at`, `insurance_id`) VALUES (491, NULL, NULL, '2024-12-10 14:30:00', 363, 12, 'Reyan Jain (9011)', '150.00', '0.00', '0.00', '0.00', '27.00', '177.00', NULL, '', NULL, NULL, 5, '2024-12-04 12:19:27', NULL, NULL);
INSERT INTO `pathology_billing` (`id`, `case_reference_id`, `ipd_prescription_basic_id`, `date`, `patient_id`, `doctor_id`, `doctor_name`, `total`, `discount_percentage`, `discount`, `tax_percentage`, `tax`, `net_amount`, `transaction_id`, `note`, `organisation_id`, `insurance_validity`, `generated_by`, `created_at`, `updated_at`, `insurance_id`) VALUES (492, 6799, 349, '2024-12-15 14:00:00', 1131, 11, 'Amit  Singh (9009)', '150.00', '0.00', '0.00', '0.00', '27.00', '177.00', NULL, '', NULL, NULL, 5, '2024-12-04 12:20:10', NULL, NULL);
INSERT INTO `pathology_billing` (`id`, `case_reference_id`, `ipd_prescription_basic_id`, `date`, `patient_id`, `doctor_id`, `doctor_name`, `total`, `discount_percentage`, `discount`, `tax_percentage`, `tax`, `net_amount`, `transaction_id`, `note`, `organisation_id`, `insurance_validity`, `generated_by`, `created_at`, `updated_at`, `insurance_id`) VALUES (493, 6182, 291, '2024-12-20 12:00:00', 843, 12, 'Reyan Jain (9011)', '150.00', '0.00', '0.00', '0.00', '27.00', '177.00', NULL, '', NULL, NULL, 5, '2024-12-04 12:20:45', NULL, NULL);
INSERT INTO `pathology_billing` (`id`, `case_reference_id`, `ipd_prescription_basic_id`, `date`, `patient_id`, `doctor_id`, `doctor_name`, `total`, `discount_percentage`, `discount`, `tax_percentage`, `tax`, `net_amount`, `transaction_id`, `note`, `organisation_id`, `insurance_validity`, `generated_by`, `created_at`, `updated_at`, `insurance_id`) VALUES (494, 6801, 350, '2024-12-25 16:30:00', 1134, 11, 'Amit  Singh (9009)', '150.00', '0.00', '0.00', '0.00', '27.00', '177.00', NULL, '', NULL, NULL, 5, '2024-12-04 12:21:39', NULL, NULL);
INSERT INTO `pathology_billing` (`id`, `case_reference_id`, `ipd_prescription_basic_id`, `date`, `patient_id`, `doctor_id`, `doctor_name`, `total`, `discount_percentage`, `discount`, `tax_percentage`, `tax`, `net_amount`, `transaction_id`, `note`, `organisation_id`, `insurance_validity`, `generated_by`, `created_at`, `updated_at`, `insurance_id`) VALUES (495, NULL, NULL, '2024-12-30 14:30:00', 1121, 11, 'Amit  Singh (9009)', '150.00', '0.00', '0.00', '0.00', '27.00', '177.00', NULL, '', NULL, NULL, 5, '2024-12-04 12:22:16', NULL, NULL);
INSERT INTO `pathology_billing` (`id`, `case_reference_id`, `ipd_prescription_basic_id`, `date`, `patient_id`, `doctor_id`, `doctor_name`, `total`, `discount_percentage`, `discount`, `tax_percentage`, `tax`, `net_amount`, `transaction_id`, `note`, `organisation_id`, `insurance_validity`, `generated_by`, `created_at`, `updated_at`, `insurance_id`) VALUES (496, 6849, 355, '2024-12-08 11:17:00', 1107, 12, 'Reyan Jain (9011)', '300.00', '10.00', '30.00', '0.00', '48.60', '318.60', NULL, '', NULL, NULL, 1, '2024-12-06 05:47:58', NULL, NULL);
INSERT INTO `pathology_billing` (`id`, `case_reference_id`, `ipd_prescription_basic_id`, `date`, `patient_id`, `doctor_id`, `doctor_name`, `total`, `discount_percentage`, `discount`, `tax_percentage`, `tax`, `net_amount`, `transaction_id`, `note`, `organisation_id`, `insurance_validity`, `generated_by`, `created_at`, `updated_at`, `insurance_id`) VALUES (497, 6859, 356, '2024-12-02 11:50:00', 878, 12, 'Reyan Jain (9011)', '150.00', '0.00', '0.00', '0.00', '27.00', '177.00', NULL, '', NULL, NULL, 1, '2024-12-06 06:20:39', NULL, NULL);


#
# TABLE STRUCTURE FOR: pathology_category
#


CREATE TABLE `pathology_category` (
  `id` int NOT NULL AUTO_INCREMENT,
  `category_name` varchar(100) NOT NULL,
  `created_at` timestamp NOT NULL DEFAULT CURRENT_TIMESTAMP,
  PRIMARY KEY (`id`),
  KEY `index_category_name` (`category_name`)
) ENGINE=InnoDB AUTO_INCREMENT=7 DEFAULT CHARSET=utf8mb3;

INSERT INTO `pathology_category` (`id`, `category_name`, `created_at`) VALUES (1, 'Clinical Microbiology', '2021-10-25 07:02:17');
INSERT INTO `pathology_category` (`id`, `category_name`, `created_at`) VALUES (2, 'Clinical Chemistry', '2021-10-25 07:02:24');
INSERT INTO `pathology_category` (`id`, `category_name`, `created_at`) VALUES (3, 'Hematology', '2021-10-25 07:02:31');
INSERT INTO `pathology_category` (`id`, `category_name`, `created_at`) VALUES (4, 'Molecular Diagnostics', '2021-10-25 07:02:39');
INSERT INTO `pathology_category` (`id`, `category_name`, `created_at`) VALUES (5, 'Reproductive Biology', '2021-10-25 07:02:54');
INSERT INTO `pathology_category` (`id`, `category_name`, `created_at`) VALUES (6, 'Electromagnetic Waves', '2021-10-25 08:46:56');


#
# TABLE STRUCTURE FOR: pathology_parameter
#


CREATE TABLE `pathology_parameter` (
  `id` int NOT NULL AUTO_INCREMENT,
  `parameter_name` varchar(100) NOT NULL,
  `test_value` varchar(100) NOT NULL,
  `reference_range` varchar(100) NOT NULL,
  `range_from` varchar(500) DEFAULT NULL,
  `range_to` varchar(500) DEFAULT NULL,
  `gender` varchar(100) NOT NULL,
  `unit` int DEFAULT NULL,
  `description` text,
  `created_at` timestamp NOT NULL DEFAULT CURRENT_TIMESTAMP ON UPDATE CURRENT_TIMESTAMP,
  PRIMARY KEY (`id`),
  KEY `unit` (`unit`),
  KEY `index_parameter_name` (`parameter_name`),
  KEY `index_test_value` (`test_value`),
  KEY `index_reference_range` (`reference_range`),
  KEY `index_range_from` (`range_from`),
  KEY `index_range_to` (`range_to`),
  KEY `index_gender` (`gender`),
  KEY `index_unit` (`unit`),
  CONSTRAINT `pathology_parameter_ibfk_1` FOREIGN KEY (`unit`) REFERENCES `unit` (`id`) ON DELETE CASCADE
) ENGINE=InnoDB AUTO_INCREMENT=4 DEFAULT CHARSET=utf8mb3;

INSERT INTO `pathology_parameter` (`id`, `parameter_name`, `test_value`, `reference_range`, `range_from`, `range_to`, `gender`, `unit`, `description`, `created_at`) VALUES (1, 'RBC ', '', '4.1 to 5.1 million/mm3', NULL, NULL, '', 12, 'RBC blood test', '2021-10-25 07:04:48');
INSERT INTO `pathology_parameter` (`id`, `parameter_name`, `test_value`, `reference_range`, `range_from`, `range_to`, `gender`, `unit`, `description`, `created_at`) VALUES (2, 'Liver Function Test', '', '7 to 55 units per liter ', NULL, NULL, '', 14, 'Liver function tests (LFTs or LFs), also referred to as a hepatic panel, are groups of blood tests ... ranges are given, these will vary depending on age, gender and his/her health, ethnicity, method of analysis, and units of measurement.', '2021-10-25 07:05:09');
INSERT INTO `pathology_parameter` (`id`, `parameter_name`, `test_value`, `reference_range`, `range_from`, `range_to`, `gender`, `unit`, `description`, `created_at`) VALUES (3, 'TSH (Thyroid Stimulating Hormone)', '', ' 0.5 to 3.0', NULL, NULL, '', 14, 'A TSH level > 20 milli-International Units/L in association with a low free thyroxine (T4) confirms the diagnosis of hypothyroidism.', '2021-10-25 07:05:28');


#
# TABLE STRUCTURE FOR: pathology_parameterdetails
#


CREATE TABLE `pathology_parameterdetails` (
  `id` int NOT NULL AUTO_INCREMENT,
  `pathology_id` int DEFAULT NULL,
  `pathology_parameter_id` int DEFAULT NULL,
  `created_id` timestamp NOT NULL DEFAULT CURRENT_TIMESTAMP ON UPDATE CURRENT_TIMESTAMP,
  PRIMARY KEY (`id`),
  KEY `pathology_id` (`pathology_id`),
  KEY `pathology_parameter_id` (`pathology_parameter_id`),
  CONSTRAINT `pathology_parameterdetails_ibfk_1` FOREIGN KEY (`pathology_id`) REFERENCES `pathology` (`id`) ON DELETE CASCADE,
  CONSTRAINT `pathology_parameterdetails_ibfk_2` FOREIGN KEY (`pathology_parameter_id`) REFERENCES `pathology_parameter` (`id`) ON DELETE CASCADE
) ENGINE=InnoDB AUTO_INCREMENT=12 DEFAULT CHARSET=utf8mb3;

INSERT INTO `pathology_parameterdetails` (`id`, `pathology_id`, `pathology_parameter_id`, `created_id`) VALUES (1, 1, 1, '2021-10-25 11:31:04');
INSERT INTO `pathology_parameterdetails` (`id`, `pathology_id`, `pathology_parameter_id`, `created_id`) VALUES (2, 2, 2, '2021-10-25 11:35:37');
INSERT INTO `pathology_parameterdetails` (`id`, `pathology_id`, `pathology_parameter_id`, `created_id`) VALUES (3, 3, 3, '2021-10-25 11:36:42');
INSERT INTO `pathology_parameterdetails` (`id`, `pathology_id`, `pathology_parameter_id`, `created_id`) VALUES (4, 4, 2, '2021-10-25 11:39:13');
INSERT INTO `pathology_parameterdetails` (`id`, `pathology_id`, `pathology_parameter_id`, `created_id`) VALUES (5, 5, 3, '2021-10-25 11:39:44');
INSERT INTO `pathology_parameterdetails` (`id`, `pathology_id`, `pathology_parameter_id`, `created_id`) VALUES (6, 5, 2, '2021-10-25 11:39:44');
INSERT INTO `pathology_parameterdetails` (`id`, `pathology_id`, `pathology_parameter_id`, `created_id`) VALUES (7, 6, 3, '2021-10-25 11:40:56');
INSERT INTO `pathology_parameterdetails` (`id`, `pathology_id`, `pathology_parameter_id`, `created_id`) VALUES (8, 6, 2, '2021-10-25 11:40:56');
INSERT INTO `pathology_parameterdetails` (`id`, `pathology_id`, `pathology_parameter_id`, `created_id`) VALUES (9, 7, 2, '2021-10-25 11:41:51');
INSERT INTO `pathology_parameterdetails` (`id`, `pathology_id`, `pathology_parameter_id`, `created_id`) VALUES (10, 8, 2, '2021-10-25 11:42:42');
INSERT INTO `pathology_parameterdetails` (`id`, `pathology_id`, `pathology_parameter_id`, `created_id`) VALUES (11, 9, 3, '2021-10-25 11:43:16');


#
# TABLE STRUCTURE FOR: pathology_report
#


CREATE TABLE `pathology_report` (
  `id` int NOT NULL AUTO_INCREMENT,
  `pathology_bill_id` int DEFAULT NULL,
  `pathology_id` int DEFAULT NULL,
  `customer_type` varchar(50) DEFAULT NULL,
  `patient_id` int DEFAULT NULL,
  `reporting_date` date DEFAULT NULL,
  `parameter_update` date DEFAULT NULL,
  `tax_percentage` float(10,2) NOT NULL DEFAULT '0.00',
  `apply_charge` float(10,2) NOT NULL,
  `collection_date` date DEFAULT NULL,
  `collection_specialist` int DEFAULT NULL,
  `pathology_center` varchar(250) DEFAULT NULL,
  `approved_by` int DEFAULT NULL,
  `patient_name` varchar(100) DEFAULT NULL,
  `description` text,
  `pathology_report` varchar(255) DEFAULT NULL,
  `report_name` text,
  `pathology_result` text COMMENT 'test result',
  `created_at` timestamp NOT NULL DEFAULT CURRENT_TIMESTAMP,
  PRIMARY KEY (`id`),
  KEY `patient_id` (`patient_id`),
  KEY `pathology_bill_id` (`pathology_bill_id`),
  KEY `pathology_id` (`pathology_id`),
  KEY `collection_specialist` (`collection_specialist`),
  KEY `approved_by` (`approved_by`),
  KEY `index_reporting_date` (`reporting_date`),
  KEY `index_parameter_update` (`parameter_update`),
  KEY `index_tax_percentage` (`tax_percentage`),
  KEY `index_apply_charge` (`apply_charge`),
  KEY `index_collection_date` (`collection_date`),
  CONSTRAINT `pathology_report_ibfk_1` FOREIGN KEY (`patient_id`) REFERENCES `patients` (`id`) ON DELETE CASCADE,
  CONSTRAINT `pathology_report_ibfk_2` FOREIGN KEY (`pathology_bill_id`) REFERENCES `pathology_billing` (`id`) ON DELETE CASCADE,
  CONSTRAINT `pathology_report_ibfk_3` FOREIGN KEY (`pathology_id`) REFERENCES `pathology` (`id`) ON DELETE CASCADE,
  CONSTRAINT `pathology_report_ibfk_4` FOREIGN KEY (`collection_specialist`) REFERENCES `staff` (`id`) ON DELETE CASCADE,
  CONSTRAINT `pathology_report_ibfk_5` FOREIGN KEY (`approved_by`) REFERENCES `staff` (`id`) ON DELETE CASCADE
) ENGINE=InnoDB AUTO_INCREMENT=784 DEFAULT CHARSET=utf8mb3;

INSERT INTO `pathology_report` (`id`, `pathology_bill_id`, `pathology_id`, `customer_type`, `patient_id`, `reporting_date`, `parameter_update`, `tax_percentage`, `apply_charge`, `collection_date`, `collection_specialist`, `pathology_center`, `approved_by`, `patient_name`, `description`, `pathology_report`, `report_name`, `pathology_result`, `created_at`) VALUES (620, 364, 3, NULL, 872, '2023-10-12', '2023-10-12', '30.00', '150.00', '2023-10-10', 5, 'In-House Pathology Lab', 11, NULL, NULL, NULL, NULL, '', '2023-10-04 12:15:37');
INSERT INTO `pathology_report` (`id`, `pathology_bill_id`, `pathology_id`, `customer_type`, `patient_id`, `reporting_date`, `parameter_update`, `tax_percentage`, `apply_charge`, `collection_date`, `collection_specialist`, `pathology_center`, `approved_by`, `patient_name`, `description`, `pathology_report`, `report_name`, `pathology_result`, `created_at`) VALUES (663, 395, 2, NULL, 643, '2024-01-21', NULL, '30.00', '150.00', NULL, NULL, NULL, NULL, NULL, NULL, NULL, NULL, NULL, '2024-01-03 11:37:00');
INSERT INTO `pathology_report` (`id`, `pathology_bill_id`, `pathology_id`, `customer_type`, `patient_id`, `reporting_date`, `parameter_update`, `tax_percentage`, `apply_charge`, `collection_date`, `collection_specialist`, `pathology_center`, `approved_by`, `patient_name`, `description`, `pathology_report`, `report_name`, `pathology_result`, `created_at`) VALUES (666, 398, 1, NULL, 493, '2024-01-13', '2024-01-14', '30.00', '150.00', '2024-01-12', 5, 'In-House Pathology Lab', 12, NULL, NULL, NULL, NULL, '', '2024-01-04 04:35:04');
INSERT INTO `pathology_report` (`id`, `pathology_bill_id`, `pathology_id`, `customer_type`, `patient_id`, `reporting_date`, `parameter_update`, `tax_percentage`, `apply_charge`, `collection_date`, `collection_specialist`, `pathology_center`, `approved_by`, `patient_name`, `description`, `pathology_report`, `report_name`, `pathology_result`, `created_at`) VALUES (672, 403, 2, NULL, 886, '2024-02-16', '2024-02-18', '30.00', '150.00', '2024-02-15', 5, 'In-House Pathology Lab', 2, NULL, NULL, NULL, NULL, '', '2024-02-01 08:04:03');
INSERT INTO `pathology_report` (`id`, `pathology_bill_id`, `pathology_id`, `customer_type`, `patient_id`, `reporting_date`, `parameter_update`, `tax_percentage`, `apply_charge`, `collection_date`, `collection_specialist`, `pathology_center`, `approved_by`, `patient_name`, `description`, `pathology_report`, `report_name`, `pathology_result`, `created_at`) VALUES (673, 403, 5, NULL, 886, '2024-02-16', '2024-02-18', '30.00', '150.00', '2024-02-15', 5, 'In-House Pathology Lab', 12, NULL, NULL, NULL, NULL, '', '2024-02-01 08:04:03');
INSERT INTO `pathology_report` (`id`, `pathology_bill_id`, `pathology_id`, `customer_type`, `patient_id`, `reporting_date`, `parameter_update`, `tax_percentage`, `apply_charge`, `collection_date`, `collection_specialist`, `pathology_center`, `approved_by`, `patient_name`, `description`, `pathology_report`, `report_name`, `pathology_result`, `created_at`) VALUES (674, 404, 6, NULL, 363, '2024-02-22', '2024-02-23', '30.00', '150.00', '2024-02-20', 5, 'In-House Pathology Lab', 2, NULL, NULL, NULL, NULL, '', '2024-02-01 08:05:41');
INSERT INTO `pathology_report` (`id`, `pathology_bill_id`, `pathology_id`, `customer_type`, `patient_id`, `reporting_date`, `parameter_update`, `tax_percentage`, `apply_charge`, `collection_date`, `collection_specialist`, `pathology_center`, `approved_by`, `patient_name`, `description`, `pathology_report`, `report_name`, `pathology_result`, `created_at`) VALUES (676, 406, 1, NULL, 990, '2024-02-09', '2024-02-10', '30.00', '150.00', '2024-02-08', 5, 'In-House Pathology Lab', 12, NULL, NULL, NULL, NULL, '', '2024-02-01 09:47:29');
INSERT INTO `pathology_report` (`id`, `pathology_bill_id`, `pathology_id`, `customer_type`, `patient_id`, `reporting_date`, `parameter_update`, `tax_percentage`, `apply_charge`, `collection_date`, `collection_specialist`, `pathology_center`, `approved_by`, `patient_name`, `description`, `pathology_report`, `report_name`, `pathology_result`, `created_at`) VALUES (678, 408, 1, NULL, 1005, '2024-03-02', '2024-03-04', '30.00', '150.00', '2024-03-01', 5, 'In-House Pathology Lab', 11, NULL, NULL, NULL, NULL, '', '2024-03-01 07:32:26');
INSERT INTO `pathology_report` (`id`, `pathology_bill_id`, `pathology_id`, `customer_type`, `patient_id`, `reporting_date`, `parameter_update`, `tax_percentage`, `apply_charge`, `collection_date`, `collection_specialist`, `pathology_center`, `approved_by`, `patient_name`, `description`, `pathology_report`, `report_name`, `pathology_result`, `created_at`) VALUES (679, 408, 2, NULL, 1005, '2024-03-02', '2024-03-05', '30.00', '150.00', '2024-03-01', 5, 'In-House Pathology Lab', 4, NULL, NULL, NULL, NULL, '', '2024-03-01 07:32:26');
INSERT INTO `pathology_report` (`id`, `pathology_bill_id`, `pathology_id`, `customer_type`, `patient_id`, `reporting_date`, `parameter_update`, `tax_percentage`, `apply_charge`, `collection_date`, `collection_specialist`, `pathology_center`, `approved_by`, `patient_name`, `description`, `pathology_report`, `report_name`, `pathology_result`, `created_at`) VALUES (681, 410, 2, NULL, 896, '2024-03-11', '2024-03-12', '30.00', '150.00', '2024-03-10', 5, 'In-House Pathology Lab', 12, NULL, NULL, NULL, NULL, '', '2024-03-01 08:12:36');
INSERT INTO `pathology_report` (`id`, `pathology_bill_id`, `pathology_id`, `customer_type`, `patient_id`, `reporting_date`, `parameter_update`, `tax_percentage`, `apply_charge`, `collection_date`, `collection_specialist`, `pathology_center`, `approved_by`, `patient_name`, `description`, `pathology_report`, `report_name`, `pathology_result`, `created_at`) VALUES (682, 411, 2, NULL, 939, '2024-03-16', '2024-03-18', '30.00', '150.00', '2024-03-15', 5, 'In-House Pathology Lab', 4, NULL, NULL, NULL, NULL, '', '2024-03-01 08:13:17');
INSERT INTO `pathology_report` (`id`, `pathology_bill_id`, `pathology_id`, `customer_type`, `patient_id`, `reporting_date`, `parameter_update`, `tax_percentage`, `apply_charge`, `collection_date`, `collection_specialist`, `pathology_center`, `approved_by`, `patient_name`, `description`, `pathology_report`, `report_name`, `pathology_result`, `created_at`) VALUES (683, 411, 3, NULL, 939, '2024-03-17', '2024-03-17', '30.00', '150.00', '2024-03-15', 5, 'In-House Pathology Lab', 4, NULL, NULL, NULL, NULL, '', '2024-03-01 08:13:17');
INSERT INTO `pathology_report` (`id`, `pathology_bill_id`, `pathology_id`, `customer_type`, `patient_id`, `reporting_date`, `parameter_update`, `tax_percentage`, `apply_charge`, `collection_date`, `collection_specialist`, `pathology_center`, `approved_by`, `patient_name`, `description`, `pathology_report`, `report_name`, `pathology_result`, `created_at`) VALUES (684, 412, 2, NULL, 896, '2024-03-21', '2024-03-22', '30.00', '150.00', '2024-03-20', 5, 'In-House Pathology Lab', 4, NULL, NULL, NULL, NULL, '', '2024-03-01 08:14:08');
INSERT INTO `pathology_report` (`id`, `pathology_bill_id`, `pathology_id`, `customer_type`, `patient_id`, `reporting_date`, `parameter_update`, `tax_percentage`, `apply_charge`, `collection_date`, `collection_specialist`, `pathology_center`, `approved_by`, `patient_name`, `description`, `pathology_report`, `report_name`, `pathology_result`, `created_at`) VALUES (687, 415, 9, NULL, 1025, '2024-03-14', '2024-03-14', '30.00', '150.00', '2024-03-12', 5, 'In-House Pathology Lab', 12, NULL, NULL, NULL, NULL, '', '2024-03-02 07:02:11');
INSERT INTO `pathology_report` (`id`, `pathology_bill_id`, `pathology_id`, `customer_type`, `patient_id`, `reporting_date`, `parameter_update`, `tax_percentage`, `apply_charge`, `collection_date`, `collection_specialist`, `pathology_center`, `approved_by`, `patient_name`, `description`, `pathology_report`, `report_name`, `pathology_result`, `created_at`) VALUES (688, 416, 1, NULL, 1, '2024-04-02', '2024-04-04', '30.00', '150.00', '2024-04-01', 5, 'In-House Pathology Lab', 12, NULL, NULL, NULL, NULL, '', '2024-04-01 10:17:16');
INSERT INTO `pathology_report` (`id`, `pathology_bill_id`, `pathology_id`, `customer_type`, `patient_id`, `reporting_date`, `parameter_update`, `tax_percentage`, `apply_charge`, `collection_date`, `collection_specialist`, `pathology_center`, `approved_by`, `patient_name`, `description`, `pathology_report`, `report_name`, `pathology_result`, `created_at`) VALUES (689, 416, 2, NULL, 1, '2024-04-02', '2024-04-04', '30.00', '150.00', '2024-04-01', 5, 'In-House Pathology Lab', 2, NULL, NULL, NULL, NULL, '', '2024-04-01 10:17:16');
INSERT INTO `pathology_report` (`id`, `pathology_bill_id`, `pathology_id`, `customer_type`, `patient_id`, `reporting_date`, `parameter_update`, `tax_percentage`, `apply_charge`, `collection_date`, `collection_specialist`, `pathology_center`, `approved_by`, `patient_name`, `description`, `pathology_report`, `report_name`, `pathology_result`, `created_at`) VALUES (690, 417, 3, NULL, 873, '2024-04-07', '2024-04-07', '30.00', '150.00', '2024-04-05', 5, 'In-House Pathology Lab', 11, NULL, NULL, NULL, NULL, '', '2024-04-01 10:26:33');
INSERT INTO `pathology_report` (`id`, `pathology_bill_id`, `pathology_id`, `customer_type`, `patient_id`, `reporting_date`, `parameter_update`, `tax_percentage`, `apply_charge`, `collection_date`, `collection_specialist`, `pathology_center`, `approved_by`, `patient_name`, `description`, `pathology_report`, `report_name`, `pathology_result`, `created_at`) VALUES (691, 418, 2, NULL, 781, '2024-04-11', '2024-04-12', '30.00', '150.00', '2024-04-10', 5, 'In-House Pathology Lab', 11, NULL, NULL, NULL, NULL, '', '2024-04-01 10:42:16');
INSERT INTO `pathology_report` (`id`, `pathology_bill_id`, `pathology_id`, `customer_type`, `patient_id`, `reporting_date`, `parameter_update`, `tax_percentage`, `apply_charge`, `collection_date`, `collection_specialist`, `pathology_center`, `approved_by`, `patient_name`, `description`, `pathology_report`, `report_name`, `pathology_result`, `created_at`) VALUES (692, 418, 3, NULL, 781, '2024-04-12', '2024-04-14', '30.00', '150.00', '2024-04-10', 5, 'In-House Pathology Lab', 12, NULL, NULL, NULL, NULL, '', '2024-04-01 10:42:16');
INSERT INTO `pathology_report` (`id`, `pathology_bill_id`, `pathology_id`, `customer_type`, `patient_id`, `reporting_date`, `parameter_update`, `tax_percentage`, `apply_charge`, `collection_date`, `collection_specialist`, `pathology_center`, `approved_by`, `patient_name`, `description`, `pathology_report`, `report_name`, `pathology_result`, `created_at`) VALUES (693, 419, 9, NULL, 2, '2024-04-17', '2024-04-18', '30.00', '150.00', '2024-04-15', 5, 'In-House Pathology Lab', 11, NULL, NULL, NULL, NULL, '', '2024-04-01 10:43:30');
INSERT INTO `pathology_report` (`id`, `pathology_bill_id`, `pathology_id`, `customer_type`, `patient_id`, `reporting_date`, `parameter_update`, `tax_percentage`, `apply_charge`, `collection_date`, `collection_specialist`, `pathology_center`, `approved_by`, `patient_name`, `description`, `pathology_report`, `report_name`, `pathology_result`, `created_at`) VALUES (694, 420, 1, NULL, 493, '2024-04-21', '2024-04-22', '30.00', '150.00', '2024-04-20', 5, 'In-House Pathology Lab', 2, NULL, NULL, NULL, NULL, '', '2024-04-01 10:44:33');
INSERT INTO `pathology_report` (`id`, `pathology_bill_id`, `pathology_id`, `customer_type`, `patient_id`, `reporting_date`, `parameter_update`, `tax_percentage`, `apply_charge`, `collection_date`, `collection_specialist`, `pathology_center`, `approved_by`, `patient_name`, `description`, `pathology_report`, `report_name`, `pathology_result`, `created_at`) VALUES (695, 421, 2, NULL, 896, '2024-04-26', '2024-04-27', '30.00', '150.00', '2024-04-25', 5, 'In-House Pathology Lab', 12, NULL, NULL, NULL, NULL, '', '2024-04-01 10:45:32');
INSERT INTO `pathology_report` (`id`, `pathology_bill_id`, `pathology_id`, `customer_type`, `patient_id`, `reporting_date`, `parameter_update`, `tax_percentage`, `apply_charge`, `collection_date`, `collection_specialist`, `pathology_center`, `approved_by`, `patient_name`, `description`, `pathology_report`, `report_name`, `pathology_result`, `created_at`) VALUES (696, 422, 7, NULL, 484, '2024-05-02', '2024-05-03', '30.00', '150.00', '2024-04-30', 5, 'In-House Pathology Lab', 2, NULL, NULL, NULL, NULL, '', '2024-04-01 10:46:28');
INSERT INTO `pathology_report` (`id`, `pathology_bill_id`, `pathology_id`, `customer_type`, `patient_id`, `reporting_date`, `parameter_update`, `tax_percentage`, `apply_charge`, `collection_date`, `collection_specialist`, `pathology_center`, `approved_by`, `patient_name`, `description`, `pathology_report`, `report_name`, `pathology_result`, `created_at`) VALUES (697, 423, 3, NULL, 878, '2024-04-28', '2024-04-30', '30.00', '150.00', '2024-04-26', 5, 'In-House Pathology Lab', 2, NULL, NULL, NULL, NULL, '', '2024-04-01 11:31:26');
INSERT INTO `pathology_report` (`id`, `pathology_bill_id`, `pathology_id`, `customer_type`, `patient_id`, `reporting_date`, `parameter_update`, `tax_percentage`, `apply_charge`, `collection_date`, `collection_specialist`, `pathology_center`, `approved_by`, `patient_name`, `description`, `pathology_report`, `report_name`, `pathology_result`, `created_at`) VALUES (701, 426, 2, NULL, 896, '2024-05-06', '2024-05-08', '30.00', '150.00', '2024-05-05', 5, 'In-House Pathology Lab', 11, NULL, NULL, NULL, NULL, '', '2024-05-01 12:04:41');
INSERT INTO `pathology_report` (`id`, `pathology_bill_id`, `pathology_id`, `customer_type`, `patient_id`, `reporting_date`, `parameter_update`, `tax_percentage`, `apply_charge`, `collection_date`, `collection_specialist`, `pathology_center`, `approved_by`, `patient_name`, `description`, `pathology_report`, `report_name`, `pathology_result`, `created_at`) VALUES (702, 427, 6, NULL, 658, '2024-05-12', '2024-05-12', '30.00', '150.00', '2024-05-10', 5, 'In-House Pathology Lab', 12, NULL, NULL, NULL, NULL, '', '2024-05-01 12:05:19');
INSERT INTO `pathology_report` (`id`, `pathology_bill_id`, `pathology_id`, `customer_type`, `patient_id`, `reporting_date`, `parameter_update`, `tax_percentage`, `apply_charge`, `collection_date`, `collection_specialist`, `pathology_center`, `approved_by`, `patient_name`, `description`, `pathology_report`, `report_name`, `pathology_result`, `created_at`) VALUES (703, 428, 1, NULL, 1005, '2024-05-16', '2024-05-18', '30.00', '150.00', '2024-05-15', 5, 'In-House Pathology Lab', 12, NULL, NULL, NULL, NULL, '', '2024-05-01 12:08:05');
INSERT INTO `pathology_report` (`id`, `pathology_bill_id`, `pathology_id`, `customer_type`, `patient_id`, `reporting_date`, `parameter_update`, `tax_percentage`, `apply_charge`, `collection_date`, `collection_specialist`, `pathology_center`, `approved_by`, `patient_name`, `description`, `pathology_report`, `report_name`, `pathology_result`, `created_at`) VALUES (704, 429, 9, NULL, 151, '2024-05-22', '2024-05-22', '30.00', '150.00', '2024-05-20', 5, 'In-House Pathology Lab', 12, NULL, NULL, NULL, NULL, '', '2024-05-01 12:09:06');
INSERT INTO `pathology_report` (`id`, `pathology_bill_id`, `pathology_id`, `customer_type`, `patient_id`, `reporting_date`, `parameter_update`, `tax_percentage`, `apply_charge`, `collection_date`, `collection_specialist`, `pathology_center`, `approved_by`, `patient_name`, `description`, `pathology_report`, `report_name`, `pathology_result`, `created_at`) VALUES (705, 430, 2, NULL, 980, '2024-05-26', '2024-05-28', '30.00', '150.00', '2024-05-25', 5, 'In-House Pathology Lab', 2, NULL, NULL, NULL, NULL, '', '2024-05-01 12:10:26');
INSERT INTO `pathology_report` (`id`, `pathology_bill_id`, `pathology_id`, `customer_type`, `patient_id`, `reporting_date`, `parameter_update`, `tax_percentage`, `apply_charge`, `collection_date`, `collection_specialist`, `pathology_center`, `approved_by`, `patient_name`, `description`, `pathology_report`, `report_name`, `pathology_result`, `created_at`) VALUES (706, 431, 6, NULL, 2, '2024-06-02', '2024-06-04', '30.00', '150.00', '2024-05-30', 5, 'In-House Pathology Lab', 2, NULL, NULL, NULL, NULL, '', '2024-05-01 12:11:17');
INSERT INTO `pathology_report` (`id`, `pathology_bill_id`, `pathology_id`, `customer_type`, `patient_id`, `reporting_date`, `parameter_update`, `tax_percentage`, `apply_charge`, `collection_date`, `collection_specialist`, `pathology_center`, `approved_by`, `patient_name`, `description`, `pathology_report`, `report_name`, `pathology_result`, `created_at`) VALUES (707, 432, 1, NULL, 843, '2024-05-13', '2024-05-15', '30.00', '150.00', '2024-05-12', 5, 'In-House Pathology Lab', 4, NULL, NULL, NULL, NULL, '', '2024-05-02 07:13:11');
INSERT INTO `pathology_report` (`id`, `pathology_bill_id`, `pathology_id`, `customer_type`, `patient_id`, `reporting_date`, `parameter_update`, `tax_percentage`, `apply_charge`, `collection_date`, `collection_specialist`, `pathology_center`, `approved_by`, `patient_name`, `description`, `pathology_report`, `report_name`, `pathology_result`, `created_at`) VALUES (710, 434, 9, NULL, 288, '2024-06-07', '2024-06-08', '30.00', '150.00', '2024-06-05', 5, 'In-House Pathology Lab', 4, NULL, NULL, NULL, NULL, '', '2024-06-01 07:59:23');
INSERT INTO `pathology_report` (`id`, `pathology_bill_id`, `pathology_id`, `customer_type`, `patient_id`, `reporting_date`, `parameter_update`, `tax_percentage`, `apply_charge`, `collection_date`, `collection_specialist`, `pathology_center`, `approved_by`, `patient_name`, `description`, `pathology_report`, `report_name`, `pathology_result`, `created_at`) VALUES (711, 435, 6, NULL, 578, '2024-06-12', '2024-06-12', '30.00', '150.00', '2024-06-10', 5, 'In-House Pathology Lab', 12, NULL, NULL, NULL, NULL, '', '2024-06-01 08:00:30');
INSERT INTO `pathology_report` (`id`, `pathology_bill_id`, `pathology_id`, `customer_type`, `patient_id`, `reporting_date`, `parameter_update`, `tax_percentage`, `apply_charge`, `collection_date`, `collection_specialist`, `pathology_center`, `approved_by`, `patient_name`, `description`, `pathology_report`, `report_name`, `pathology_result`, `created_at`) VALUES (712, 436, 1, NULL, 1005, '2024-06-16', '2024-06-17', '30.00', '150.00', '2024-06-15', 5, 'In-House Pathology Lab', 2, NULL, NULL, NULL, NULL, '', '2024-06-01 08:03:38');
INSERT INTO `pathology_report` (`id`, `pathology_bill_id`, `pathology_id`, `customer_type`, `patient_id`, `reporting_date`, `parameter_update`, `tax_percentage`, `apply_charge`, `collection_date`, `collection_specialist`, `pathology_center`, `approved_by`, `patient_name`, `description`, `pathology_report`, `report_name`, `pathology_result`, `created_at`) VALUES (713, 436, 2, NULL, 1005, '2024-06-16', '2024-06-18', '30.00', '150.00', '2024-06-15', 5, 'In-House Pathology Lab', 12, NULL, NULL, NULL, NULL, '', '2024-06-01 08:03:38');
INSERT INTO `pathology_report` (`id`, `pathology_bill_id`, `pathology_id`, `customer_type`, `patient_id`, `reporting_date`, `parameter_update`, `tax_percentage`, `apply_charge`, `collection_date`, `collection_specialist`, `pathology_center`, `approved_by`, `patient_name`, `description`, `pathology_report`, `report_name`, `pathology_result`, `created_at`) VALUES (714, 437, 2, NULL, 939, '2024-06-21', '2024-06-24', '30.00', '150.00', '2024-06-20', 5, 'In-House Pathology Lab', 4, NULL, NULL, NULL, NULL, '', '2024-06-01 08:06:36');
INSERT INTO `pathology_report` (`id`, `pathology_bill_id`, `pathology_id`, `customer_type`, `patient_id`, `reporting_date`, `parameter_update`, `tax_percentage`, `apply_charge`, `collection_date`, `collection_specialist`, `pathology_center`, `approved_by`, `patient_name`, `description`, `pathology_report`, `report_name`, `pathology_result`, `created_at`) VALUES (715, 437, 3, NULL, 939, '2024-06-22', '2024-06-24', '30.00', '150.00', '2024-06-20', 5, 'In-House Pathology Lab', 2, NULL, NULL, NULL, NULL, '', '2024-06-01 08:06:36');
INSERT INTO `pathology_report` (`id`, `pathology_bill_id`, `pathology_id`, `customer_type`, `patient_id`, `reporting_date`, `parameter_update`, `tax_percentage`, `apply_charge`, `collection_date`, `collection_specialist`, `pathology_center`, `approved_by`, `patient_name`, `description`, `pathology_report`, `report_name`, `pathology_result`, `created_at`) VALUES (716, 438, 7, NULL, 520, '2024-06-27', '2024-06-28', '30.00', '150.00', '2024-06-25', 5, 'In-House Pathology Lab', 2, NULL, NULL, NULL, NULL, '', '2024-06-01 08:18:11');
INSERT INTO `pathology_report` (`id`, `pathology_bill_id`, `pathology_id`, `customer_type`, `patient_id`, `reporting_date`, `parameter_update`, `tax_percentage`, `apply_charge`, `collection_date`, `collection_specialist`, `pathology_center`, `approved_by`, `patient_name`, `description`, `pathology_report`, `report_name`, `pathology_result`, `created_at`) VALUES (717, 439, 2, NULL, 896, '2024-07-01', '2024-07-02', '30.00', '150.00', '2024-06-30', 5, 'In-House Pathology Lab', 12, NULL, NULL, NULL, NULL, '', '2024-06-01 08:22:44');
INSERT INTO `pathology_report` (`id`, `pathology_bill_id`, `pathology_id`, `customer_type`, `patient_id`, `reporting_date`, `parameter_update`, `tax_percentage`, `apply_charge`, `collection_date`, `collection_specialist`, `pathology_center`, `approved_by`, `patient_name`, `description`, `pathology_report`, `report_name`, `pathology_result`, `created_at`) VALUES (719, 441, 2, NULL, 980, '2024-06-23', '2024-06-24', '30.00', '150.00', '2024-06-22', 5, 'In-House Pathology Lab', 12, NULL, NULL, NULL, NULL, '', '2024-06-01 12:12:26');
INSERT INTO `pathology_report` (`id`, `pathology_bill_id`, `pathology_id`, `customer_type`, `patient_id`, `reporting_date`, `parameter_update`, `tax_percentage`, `apply_charge`, `collection_date`, `collection_specialist`, `pathology_center`, `approved_by`, `patient_name`, `description`, `pathology_report`, `report_name`, `pathology_result`, `created_at`) VALUES (720, 442, 2, NULL, 1084, '2024-07-12', '2024-07-14', '30.00', '150.00', '2024-07-11', 5, 'In-House Pathology Lab', 12, NULL, NULL, NULL, NULL, '', '2024-07-01 09:24:44');
INSERT INTO `pathology_report` (`id`, `pathology_bill_id`, `pathology_id`, `customer_type`, `patient_id`, `reporting_date`, `parameter_update`, `tax_percentage`, `apply_charge`, `collection_date`, `collection_specialist`, `pathology_center`, `approved_by`, `patient_name`, `description`, `pathology_report`, `report_name`, `pathology_result`, `created_at`) VALUES (722, 444, 2, NULL, 844, '2024-07-06', '2024-07-07', '30.00', '150.00', '2024-07-05', 5, 'In-House Pathology Lab', 4, NULL, NULL, NULL, NULL, '', '2024-07-01 10:04:09');
INSERT INTO `pathology_report` (`id`, `pathology_bill_id`, `pathology_id`, `customer_type`, `patient_id`, `reporting_date`, `parameter_update`, `tax_percentage`, `apply_charge`, `collection_date`, `collection_specialist`, `pathology_center`, `approved_by`, `patient_name`, `description`, `pathology_report`, `report_name`, `pathology_result`, `created_at`) VALUES (723, 445, 2, NULL, 844, '2024-07-16', '2024-07-22', '30.00', '150.00', '2024-07-20', 5, 'In-House Pathology Lab', 2, NULL, NULL, NULL, NULL, '', '2024-07-01 10:05:00');
INSERT INTO `pathology_report` (`id`, `pathology_bill_id`, `pathology_id`, `customer_type`, `patient_id`, `reporting_date`, `parameter_update`, `tax_percentage`, `apply_charge`, `collection_date`, `collection_specialist`, `pathology_center`, `approved_by`, `patient_name`, `description`, `pathology_report`, `report_name`, `pathology_result`, `created_at`) VALUES (724, 446, 1, NULL, 1085, '2024-07-21', '2024-07-17', '30.00', '150.00', '2024-07-15', 5, 'In-House Pathology Lab', 2, NULL, NULL, NULL, NULL, '', '2024-07-01 10:05:33');
INSERT INTO `pathology_report` (`id`, `pathology_bill_id`, `pathology_id`, `customer_type`, `patient_id`, `reporting_date`, `parameter_update`, `tax_percentage`, `apply_charge`, `collection_date`, `collection_specialist`, `pathology_center`, `approved_by`, `patient_name`, `description`, `pathology_report`, `report_name`, `pathology_result`, `created_at`) VALUES (725, 447, 7, NULL, 827, '2024-07-27', '2024-07-28', '30.00', '150.00', '2024-07-25', 5, 'In-House Pathology Lab', 4, NULL, NULL, NULL, NULL, '', '2024-07-01 10:06:48');
INSERT INTO `pathology_report` (`id`, `pathology_bill_id`, `pathology_id`, `customer_type`, `patient_id`, `reporting_date`, `parameter_update`, `tax_percentage`, `apply_charge`, `collection_date`, `collection_specialist`, `pathology_center`, `approved_by`, `patient_name`, `description`, `pathology_report`, `report_name`, `pathology_result`, `created_at`) VALUES (726, 448, 6, NULL, 578, '2024-08-01', '2024-08-01', '30.00', '150.00', '2024-07-30', 5, 'In-House Pathology Lab', 2, NULL, NULL, NULL, NULL, '', '2024-07-01 10:07:32');
INSERT INTO `pathology_report` (`id`, `pathology_bill_id`, `pathology_id`, `customer_type`, `patient_id`, `reporting_date`, `parameter_update`, `tax_percentage`, `apply_charge`, `collection_date`, `collection_specialist`, `pathology_center`, `approved_by`, `patient_name`, `description`, `pathology_report`, `report_name`, `pathology_result`, `created_at`) VALUES (727, 449, 2, NULL, 1, '2024-07-03', '2024-07-04', '30.00', '150.00', '2024-07-02', 5, 'In-House Pathology Lab', 12, NULL, NULL, NULL, NULL, '', '2024-07-02 05:46:37');
INSERT INTO `pathology_report` (`id`, `pathology_bill_id`, `pathology_id`, `customer_type`, `patient_id`, `reporting_date`, `parameter_update`, `tax_percentage`, `apply_charge`, `collection_date`, `collection_specialist`, `pathology_center`, `approved_by`, `patient_name`, `description`, `pathology_report`, `report_name`, `pathology_result`, `created_at`) VALUES (728, 450, 1, NULL, 1, '2024-08-02', '2024-08-03', '30.00', '150.00', '2024-08-01', 5, 'In-House Pathology Lab', 4, NULL, NULL, NULL, NULL, '', '2024-08-01 09:42:42');
INSERT INTO `pathology_report` (`id`, `pathology_bill_id`, `pathology_id`, `customer_type`, `patient_id`, `reporting_date`, `parameter_update`, `tax_percentage`, `apply_charge`, `collection_date`, `collection_specialist`, `pathology_center`, `approved_by`, `patient_name`, `description`, `pathology_report`, `report_name`, `pathology_result`, `created_at`) VALUES (729, 450, 4, NULL, 1, '2024-08-02', '2024-08-04', '30.00', '150.00', '2024-08-01', 5, 'In-House Pathology Lab', 4, NULL, NULL, NULL, NULL, '', '2024-08-01 09:42:42');
INSERT INTO `pathology_report` (`id`, `pathology_bill_id`, `pathology_id`, `customer_type`, `patient_id`, `reporting_date`, `parameter_update`, `tax_percentage`, `apply_charge`, `collection_date`, `collection_specialist`, `pathology_center`, `approved_by`, `patient_name`, `description`, `pathology_report`, `report_name`, `pathology_result`, `created_at`) VALUES (730, 451, 8, NULL, 658, '2024-08-07', '2024-08-08', '30.00', '150.00', '2024-08-05', 5, 'In-House Pathology Lab', 4, NULL, NULL, NULL, NULL, '', '2024-08-01 09:53:08');
INSERT INTO `pathology_report` (`id`, `pathology_bill_id`, `pathology_id`, `customer_type`, `patient_id`, `reporting_date`, `parameter_update`, `tax_percentage`, `apply_charge`, `collection_date`, `collection_specialist`, `pathology_center`, `approved_by`, `patient_name`, `description`, `pathology_report`, `report_name`, `pathology_result`, `created_at`) VALUES (731, 452, 1, NULL, 843, '2024-08-11', '2024-08-12', '30.00', '150.00', '2024-08-10', 5, 'In-House Pathology Lab', 2, NULL, NULL, NULL, NULL, '', '2024-08-01 09:55:05');
INSERT INTO `pathology_report` (`id`, `pathology_bill_id`, `pathology_id`, `customer_type`, `patient_id`, `reporting_date`, `parameter_update`, `tax_percentage`, `apply_charge`, `collection_date`, `collection_specialist`, `pathology_center`, `approved_by`, `patient_name`, `description`, `pathology_report`, `report_name`, `pathology_result`, `created_at`) VALUES (732, 453, 7, NULL, 830, '2024-08-17', '2024-08-18', '30.00', '150.00', '2024-08-15', 5, 'In-House Pathology Lab', 12, NULL, NULL, NULL, NULL, '', '2024-08-01 09:58:16');
INSERT INTO `pathology_report` (`id`, `pathology_bill_id`, `pathology_id`, `customer_type`, `patient_id`, `reporting_date`, `parameter_update`, `tax_percentage`, `apply_charge`, `collection_date`, `collection_specialist`, `pathology_center`, `approved_by`, `patient_name`, `description`, `pathology_report`, `report_name`, `pathology_result`, `created_at`) VALUES (733, 454, 1, NULL, 990, '2024-08-21', '2024-08-22', '30.00', '150.00', '2024-08-20', 5, 'In-House Pathology Lab', 2, NULL, NULL, NULL, NULL, '', '2024-08-01 09:59:12');
INSERT INTO `pathology_report` (`id`, `pathology_bill_id`, `pathology_id`, `customer_type`, `patient_id`, `reporting_date`, `parameter_update`, `tax_percentage`, `apply_charge`, `collection_date`, `collection_specialist`, `pathology_center`, `approved_by`, `patient_name`, `description`, `pathology_report`, `report_name`, `pathology_result`, `created_at`) VALUES (734, 455, 7, NULL, 484, '2024-08-27', '2024-08-28', '30.00', '150.00', '2024-08-25', 5, 'In-House Pathology Lab', 2, NULL, NULL, NULL, NULL, '', '2024-08-01 09:59:57');
INSERT INTO `pathology_report` (`id`, `pathology_bill_id`, `pathology_id`, `customer_type`, `patient_id`, `reporting_date`, `parameter_update`, `tax_percentage`, `apply_charge`, `collection_date`, `collection_specialist`, `pathology_center`, `approved_by`, `patient_name`, `description`, `pathology_report`, `report_name`, `pathology_result`, `created_at`) VALUES (735, 455, 9, NULL, 484, '2024-08-27', '2024-08-28', '30.00', '150.00', '2024-08-25', 5, 'In-House Pathology Lab', 4, NULL, NULL, NULL, NULL, '', '2024-08-01 09:59:57');
INSERT INTO `pathology_report` (`id`, `pathology_bill_id`, `pathology_id`, `customer_type`, `patient_id`, `reporting_date`, `parameter_update`, `tax_percentage`, `apply_charge`, `collection_date`, `collection_specialist`, `pathology_center`, `approved_by`, `patient_name`, `description`, `pathology_report`, `report_name`, `pathology_result`, `created_at`) VALUES (736, 456, 2, NULL, 937, '2024-08-31', '2024-09-01', '30.00', '150.00', '2024-08-30', 5, 'In-House Pathology Lab', 12, NULL, NULL, NULL, NULL, '', '2024-08-01 10:00:59');
INSERT INTO `pathology_report` (`id`, `pathology_bill_id`, `pathology_id`, `customer_type`, `patient_id`, `reporting_date`, `parameter_update`, `tax_percentage`, `apply_charge`, `collection_date`, `collection_specialist`, `pathology_center`, `approved_by`, `patient_name`, `description`, `pathology_report`, `report_name`, `pathology_result`, `created_at`) VALUES (737, 457, 2, NULL, 1103, '2024-08-13', '2024-08-16', '30.00', '150.00', '2024-08-12', 5, 'In-House Pathology Lab', 4, NULL, NULL, NULL, NULL, '', '2024-08-02 08:02:24');
INSERT INTO `pathology_report` (`id`, `pathology_bill_id`, `pathology_id`, `customer_type`, `patient_id`, `reporting_date`, `parameter_update`, `tax_percentage`, `apply_charge`, `collection_date`, `collection_specialist`, `pathology_center`, `approved_by`, `patient_name`, `description`, `pathology_report`, `report_name`, `pathology_result`, `created_at`) VALUES (738, 458, 2, NULL, 1103, '2024-08-29', '2024-08-29', '30.00', '150.00', '2024-08-28', 5, 'In-House Pathology Lab', 11, NULL, NULL, NULL, NULL, '', '2024-08-28 10:57:36');
INSERT INTO `pathology_report` (`id`, `pathology_bill_id`, `pathology_id`, `customer_type`, `patient_id`, `reporting_date`, `parameter_update`, `tax_percentage`, `apply_charge`, `collection_date`, `collection_specialist`, `pathology_center`, `approved_by`, `patient_name`, `description`, `pathology_report`, `report_name`, `pathology_result`, `created_at`) VALUES (739, 459, 9, NULL, 578, '2024-08-31', NULL, '18.00', '150.00', NULL, NULL, NULL, NULL, NULL, NULL, NULL, NULL, NULL, '2024-08-29 09:13:12');
INSERT INTO `pathology_report` (`id`, `pathology_bill_id`, `pathology_id`, `customer_type`, `patient_id`, `reporting_date`, `parameter_update`, `tax_percentage`, `apply_charge`, `collection_date`, `collection_specialist`, `pathology_center`, `approved_by`, `patient_name`, `description`, `pathology_report`, `report_name`, `pathology_result`, `created_at`) VALUES (740, 460, 9, NULL, 1, '2024-08-31', NULL, '18.00', '150.00', NULL, NULL, NULL, NULL, NULL, NULL, NULL, NULL, NULL, '2024-08-29 12:16:20');
INSERT INTO `pathology_report` (`id`, `pathology_bill_id`, `pathology_id`, `customer_type`, `patient_id`, `reporting_date`, `parameter_update`, `tax_percentage`, `apply_charge`, `collection_date`, `collection_specialist`, `pathology_center`, `approved_by`, `patient_name`, `description`, `pathology_report`, `report_name`, `pathology_result`, `created_at`) VALUES (741, 461, 2, NULL, 1, '2024-09-02', '2024-09-03', '18.00', '150.00', '2024-09-01', 5, 'In-House Pathology Lab', 12, NULL, NULL, NULL, NULL, '', '2024-08-31 05:28:27');
INSERT INTO `pathology_report` (`id`, `pathology_bill_id`, `pathology_id`, `customer_type`, `patient_id`, `reporting_date`, `parameter_update`, `tax_percentage`, `apply_charge`, `collection_date`, `collection_specialist`, `pathology_center`, `approved_by`, `patient_name`, `description`, `pathology_report`, `report_name`, `pathology_result`, `created_at`) VALUES (742, 462, 2, NULL, 990, '2024-09-11', '2024-09-12', '18.00', '150.00', '2024-09-10', 5, 'In-House Pathology Lab', 11, NULL, NULL, NULL, NULL, '', '2024-08-31 08:02:57');
INSERT INTO `pathology_report` (`id`, `pathology_bill_id`, `pathology_id`, `customer_type`, `patient_id`, `reporting_date`, `parameter_update`, `tax_percentage`, `apply_charge`, `collection_date`, `collection_specialist`, `pathology_center`, `approved_by`, `patient_name`, `description`, `pathology_report`, `report_name`, `pathology_result`, `created_at`) VALUES (743, 463, 6, NULL, 1063, '2024-09-17', '2024-09-17', '18.00', '150.00', '2024-09-15', 5, 'In-House Pathology Lab', 4, NULL, NULL, NULL, NULL, '', '2024-08-31 08:03:40');
INSERT INTO `pathology_report` (`id`, `pathology_bill_id`, `pathology_id`, `customer_type`, `patient_id`, `reporting_date`, `parameter_update`, `tax_percentage`, `apply_charge`, `collection_date`, `collection_specialist`, `pathology_center`, `approved_by`, `patient_name`, `description`, `pathology_report`, `report_name`, `pathology_result`, `created_at`) VALUES (744, 464, 2, NULL, 1084, '2024-09-06', '2024-09-07', '18.00', '150.00', '2024-09-05', 5, 'In-House Pathology Lab', 4, NULL, NULL, NULL, NULL, '', '2024-08-31 08:04:26');
INSERT INTO `pathology_report` (`id`, `pathology_bill_id`, `pathology_id`, `customer_type`, `patient_id`, `reporting_date`, `parameter_update`, `tax_percentage`, `apply_charge`, `collection_date`, `collection_specialist`, `pathology_center`, `approved_by`, `patient_name`, `description`, `pathology_report`, `report_name`, `pathology_result`, `created_at`) VALUES (745, 465, 9, NULL, 1005, '2024-09-27', '2024-09-28', '18.00', '150.00', '2024-09-25', 5, 'In-House Pathology Lab', 4, NULL, NULL, NULL, NULL, '', '2024-08-31 08:08:50');
INSERT INTO `pathology_report` (`id`, `pathology_bill_id`, `pathology_id`, `customer_type`, `patient_id`, `reporting_date`, `parameter_update`, `tax_percentage`, `apply_charge`, `collection_date`, `collection_specialist`, `pathology_center`, `approved_by`, `patient_name`, `description`, `pathology_report`, `report_name`, `pathology_result`, `created_at`) VALUES (746, 466, 2, NULL, 1, '2024-09-13', '2024-09-14', '18.00', '150.00', '2024-09-12', 5, 'In-House Pathology Lab', 12, NULL, NULL, NULL, NULL, '', '2024-08-31 10:48:40');
INSERT INTO `pathology_report` (`id`, `pathology_bill_id`, `pathology_id`, `customer_type`, `patient_id`, `reporting_date`, `parameter_update`, `tax_percentage`, `apply_charge`, `collection_date`, `collection_specialist`, `pathology_center`, `approved_by`, `patient_name`, `description`, `pathology_report`, `report_name`, `pathology_result`, `created_at`) VALUES (747, 467, 2, NULL, 1, '2024-10-02', '2024-10-04', '18.00', '150.00', '2024-10-01', 5, 'In-House Pathology Lab', 11, NULL, NULL, NULL, NULL, '', '2024-10-03 09:26:44');
INSERT INTO `pathology_report` (`id`, `pathology_bill_id`, `pathology_id`, `customer_type`, `patient_id`, `reporting_date`, `parameter_update`, `tax_percentage`, `apply_charge`, `collection_date`, `collection_specialist`, `pathology_center`, `approved_by`, `patient_name`, `description`, `pathology_report`, `report_name`, `pathology_result`, `created_at`) VALUES (748, 467, 3, NULL, 1, '2024-10-03', '2024-10-04', '18.00', '150.00', '2024-10-01', 5, 'In-House Pathology Lab', 4, NULL, NULL, NULL, NULL, '', '2024-10-03 09:26:44');
INSERT INTO `pathology_report` (`id`, `pathology_bill_id`, `pathology_id`, `customer_type`, `patient_id`, `reporting_date`, `parameter_update`, `tax_percentage`, `apply_charge`, `collection_date`, `collection_specialist`, `pathology_center`, `approved_by`, `patient_name`, `description`, `pathology_report`, `report_name`, `pathology_result`, `created_at`) VALUES (749, 468, 1, NULL, 493, '2024-10-06', '2024-10-08', '18.00', '150.00', '2024-10-05', 5, 'In-House Pathology Lab', 4, NULL, NULL, NULL, NULL, '', '2024-10-03 09:27:40');
INSERT INTO `pathology_report` (`id`, `pathology_bill_id`, `pathology_id`, `customer_type`, `patient_id`, `reporting_date`, `parameter_update`, `tax_percentage`, `apply_charge`, `collection_date`, `collection_specialist`, `pathology_center`, `approved_by`, `patient_name`, `description`, `pathology_report`, `report_name`, `pathology_result`, `created_at`) VALUES (750, 469, 8, NULL, 781, '2024-10-12', '2024-10-12', '18.00', '150.00', '2024-10-10', 5, 'In-House Pathology Lab', 12, NULL, NULL, NULL, NULL, '', '2024-10-03 09:28:19');
INSERT INTO `pathology_report` (`id`, `pathology_bill_id`, `pathology_id`, `customer_type`, `patient_id`, `reporting_date`, `parameter_update`, `tax_percentage`, `apply_charge`, `collection_date`, `collection_specialist`, `pathology_center`, `approved_by`, `patient_name`, `description`, `pathology_report`, `report_name`, `pathology_result`, `created_at`) VALUES (751, 470, 1, NULL, 1005, '2024-10-16', '2024-10-18', '18.00', '150.00', '2024-10-15', 5, 'In-House Pathology Lab', 11, NULL, NULL, NULL, NULL, '', '2024-10-03 09:28:53');
INSERT INTO `pathology_report` (`id`, `pathology_bill_id`, `pathology_id`, `customer_type`, `patient_id`, `reporting_date`, `parameter_update`, `tax_percentage`, `apply_charge`, `collection_date`, `collection_specialist`, `pathology_center`, `approved_by`, `patient_name`, `description`, `pathology_report`, `report_name`, `pathology_result`, `created_at`) VALUES (752, 470, 2, NULL, 1005, '2024-10-16', '2024-10-18', '18.00', '150.00', '2024-10-15', 5, 'In-House Pathology Lab', 2, NULL, NULL, NULL, NULL, '', '2024-10-03 09:28:53');
INSERT INTO `pathology_report` (`id`, `pathology_bill_id`, `pathology_id`, `customer_type`, `patient_id`, `reporting_date`, `parameter_update`, `tax_percentage`, `apply_charge`, `collection_date`, `collection_specialist`, `pathology_center`, `approved_by`, `patient_name`, `description`, `pathology_report`, `report_name`, `pathology_result`, `created_at`) VALUES (753, 471, 2, NULL, 1084, '2024-10-21', '2024-10-23', '18.00', '150.00', '2024-10-20', 5, 'In-House Pathology Lab', 11, NULL, NULL, NULL, NULL, '', '2024-10-03 09:29:41');
INSERT INTO `pathology_report` (`id`, `pathology_bill_id`, `pathology_id`, `customer_type`, `patient_id`, `reporting_date`, `parameter_update`, `tax_percentage`, `apply_charge`, `collection_date`, `collection_specialist`, `pathology_center`, `approved_by`, `patient_name`, `description`, `pathology_report`, `report_name`, `pathology_result`, `created_at`) VALUES (754, 472, 6, NULL, 628, '2024-10-27', '2024-10-28', '18.00', '150.00', '2024-10-25', 5, 'In-House Pathology Lab', 2, NULL, NULL, NULL, NULL, '', '2024-10-03 09:30:22');
INSERT INTO `pathology_report` (`id`, `pathology_bill_id`, `pathology_id`, `customer_type`, `patient_id`, `reporting_date`, `parameter_update`, `tax_percentage`, `apply_charge`, `collection_date`, `collection_specialist`, `pathology_center`, `approved_by`, `patient_name`, `description`, `pathology_report`, `report_name`, `pathology_result`, `created_at`) VALUES (755, 473, 6, NULL, 765, '2024-11-01', '2024-11-02', '18.00', '150.00', '2024-10-30', 5, 'In-House Pathology Lab', 12, NULL, NULL, NULL, NULL, '', '2024-10-03 09:31:09');
INSERT INTO `pathology_report` (`id`, `pathology_bill_id`, `pathology_id`, `customer_type`, `patient_id`, `reporting_date`, `parameter_update`, `tax_percentage`, `apply_charge`, `collection_date`, `collection_specialist`, `pathology_center`, `approved_by`, `patient_name`, `description`, `pathology_report`, `report_name`, `pathology_result`, `created_at`) VALUES (756, 474, 2, NULL, 484, '2024-10-05', '2024-10-07', '18.00', '150.00', '2024-10-04', 5, 'In-House Pathology Lab', 11, NULL, NULL, NULL, NULL, '', '2024-10-04 10:08:33');
INSERT INTO `pathology_report` (`id`, `pathology_bill_id`, `pathology_id`, `customer_type`, `patient_id`, `reporting_date`, `parameter_update`, `tax_percentage`, `apply_charge`, `collection_date`, `collection_specialist`, `pathology_center`, `approved_by`, `patient_name`, `description`, `pathology_report`, `report_name`, `pathology_result`, `created_at`) VALUES (757, 475, 2, NULL, 1121, '2024-10-15', '2024-10-18', '18.00', '150.00', '2024-10-14', 5, 'In-House Pathology Lab', 4, NULL, NULL, NULL, NULL, '', '2024-10-04 10:51:26');
INSERT INTO `pathology_report` (`id`, `pathology_bill_id`, `pathology_id`, `customer_type`, `patient_id`, `reporting_date`, `parameter_update`, `tax_percentage`, `apply_charge`, `collection_date`, `collection_specialist`, `pathology_center`, `approved_by`, `patient_name`, `description`, `pathology_report`, `report_name`, `pathology_result`, `created_at`) VALUES (758, 476, 2, NULL, 1, '2024-10-05', '2024-10-07', '18.00', '150.00', '2024-10-04', 5, 'In-House Pathology Lab', 12, NULL, NULL, NULL, NULL, '', '2024-10-04 11:33:51');
INSERT INTO `pathology_report` (`id`, `pathology_bill_id`, `pathology_id`, `customer_type`, `patient_id`, `reporting_date`, `parameter_update`, `tax_percentage`, `apply_charge`, `collection_date`, `collection_specialist`, `pathology_center`, `approved_by`, `patient_name`, `description`, `pathology_report`, `report_name`, `pathology_result`, `created_at`) VALUES (759, 477, 2, NULL, 1123, '2024-10-23', '2024-10-24', '18.00', '150.00', '2024-10-22', 5, 'In-House Pathology Lab', 12, NULL, NULL, NULL, NULL, '', '2024-10-05 04:17:33');
INSERT INTO `pathology_report` (`id`, `pathology_bill_id`, `pathology_id`, `customer_type`, `patient_id`, `reporting_date`, `parameter_update`, `tax_percentage`, `apply_charge`, `collection_date`, `collection_specialist`, `pathology_center`, `approved_by`, `patient_name`, `description`, `pathology_report`, `report_name`, `pathology_result`, `created_at`) VALUES (760, 478, 2, NULL, 1124, '2024-10-25', '2024-10-26', '18.00', '150.00', '2024-10-24', 5, 'In-House Pathology Lab', 4, NULL, NULL, NULL, NULL, '', '2024-10-05 05:23:49');
INSERT INTO `pathology_report` (`id`, `pathology_bill_id`, `pathology_id`, `customer_type`, `patient_id`, `reporting_date`, `parameter_update`, `tax_percentage`, `apply_charge`, `collection_date`, `collection_specialist`, `pathology_center`, `approved_by`, `patient_name`, `description`, `pathology_report`, `report_name`, `pathology_result`, `created_at`) VALUES (761, 479, 1, NULL, 1, '2024-11-02', '2024-11-04', '18.00', '150.00', '2024-11-01', 5, 'In-House Pathology Lab', 5, NULL, NULL, NULL, NULL, '', '2024-11-06 11:36:08');
INSERT INTO `pathology_report` (`id`, `pathology_bill_id`, `pathology_id`, `customer_type`, `patient_id`, `reporting_date`, `parameter_update`, `tax_percentage`, `apply_charge`, `collection_date`, `collection_specialist`, `pathology_center`, `approved_by`, `patient_name`, `description`, `pathology_report`, `report_name`, `pathology_result`, `created_at`) VALUES (762, 479, 2, NULL, 1, '2024-11-02', '2024-11-03', '18.00', '150.00', '2024-11-01', 5, 'In-House Pathology Lab', 5, NULL, NULL, NULL, NULL, '', '2024-11-06 11:36:08');
INSERT INTO `pathology_report` (`id`, `pathology_bill_id`, `pathology_id`, `customer_type`, `patient_id`, `reporting_date`, `parameter_update`, `tax_percentage`, `apply_charge`, `collection_date`, `collection_specialist`, `pathology_center`, `approved_by`, `patient_name`, `description`, `pathology_report`, `report_name`, `pathology_result`, `created_at`) VALUES (763, 480, 2, NULL, 1084, '2024-11-06', '2024-11-07', '18.00', '150.00', '2024-11-05', 5, 'In-House Pathology Lab', 5, NULL, NULL, NULL, NULL, '', '2024-11-06 11:42:43');
INSERT INTO `pathology_report` (`id`, `pathology_bill_id`, `pathology_id`, `customer_type`, `patient_id`, `reporting_date`, `parameter_update`, `tax_percentage`, `apply_charge`, `collection_date`, `collection_specialist`, `pathology_center`, `approved_by`, `patient_name`, `description`, `pathology_report`, `report_name`, `pathology_result`, `created_at`) VALUES (764, 481, 9, NULL, 987, '2024-11-12', '2024-11-13', '18.00', '150.00', '2024-11-10', 5, 'In-House Pathology Lab', 5, NULL, NULL, NULL, NULL, '', '2024-11-06 11:43:00');
INSERT INTO `pathology_report` (`id`, `pathology_bill_id`, `pathology_id`, `customer_type`, `patient_id`, `reporting_date`, `parameter_update`, `tax_percentage`, `apply_charge`, `collection_date`, `collection_specialist`, `pathology_center`, `approved_by`, `patient_name`, `description`, `pathology_report`, `report_name`, `pathology_result`, `created_at`) VALUES (765, 482, 8, NULL, 879, '2024-11-17', '2024-11-17', '18.00', '150.00', '2024-11-15', 5, 'In-House Pathology Lab', 5, NULL, NULL, NULL, NULL, '', '2024-11-06 11:43:56');
INSERT INTO `pathology_report` (`id`, `pathology_bill_id`, `pathology_id`, `customer_type`, `patient_id`, `reporting_date`, `parameter_update`, `tax_percentage`, `apply_charge`, `collection_date`, `collection_specialist`, `pathology_center`, `approved_by`, `patient_name`, `description`, `pathology_report`, `report_name`, `pathology_result`, `created_at`) VALUES (766, 483, 1, NULL, 1005, '2024-11-21', '2024-11-22', '18.00', '150.00', '2024-11-20', 5, 'In-House Pathology Lab', 5, NULL, NULL, NULL, NULL, '', '2024-11-06 11:44:48');
INSERT INTO `pathology_report` (`id`, `pathology_bill_id`, `pathology_id`, `customer_type`, `patient_id`, `reporting_date`, `parameter_update`, `tax_percentage`, `apply_charge`, `collection_date`, `collection_specialist`, `pathology_center`, `approved_by`, `patient_name`, `description`, `pathology_report`, `report_name`, `pathology_result`, `created_at`) VALUES (767, 483, 2, NULL, 1005, '2024-11-21', '2024-11-23', '18.00', '150.00', '2024-11-20', 5, 'In-House Pathology Lab', 5, NULL, NULL, NULL, NULL, '', '2024-11-06 11:44:48');
INSERT INTO `pathology_report` (`id`, `pathology_bill_id`, `pathology_id`, `customer_type`, `patient_id`, `reporting_date`, `parameter_update`, `tax_percentage`, `apply_charge`, `collection_date`, `collection_specialist`, `pathology_center`, `approved_by`, `patient_name`, `description`, `pathology_report`, `report_name`, `pathology_result`, `created_at`) VALUES (768, 484, 6, NULL, 980, '2024-11-27', '2024-11-27', '18.00', '150.00', '2024-11-25', 5, 'In-House Pathology Lab', 5, NULL, NULL, NULL, NULL, '', '2024-11-06 11:45:44');
INSERT INTO `pathology_report` (`id`, `pathology_bill_id`, `pathology_id`, `customer_type`, `patient_id`, `reporting_date`, `parameter_update`, `tax_percentage`, `apply_charge`, `collection_date`, `collection_specialist`, `pathology_center`, `approved_by`, `patient_name`, `description`, `pathology_report`, `report_name`, `pathology_result`, `created_at`) VALUES (769, 485, 5, NULL, 1109, '2024-12-01', '2024-12-02', '18.00', '150.00', '2024-11-30', 5, 'In-House Pathology Lab', 5, NULL, NULL, NULL, NULL, '', '2024-11-06 11:47:12');
INSERT INTO `pathology_report` (`id`, `pathology_bill_id`, `pathology_id`, `customer_type`, `patient_id`, `reporting_date`, `parameter_update`, `tax_percentage`, `apply_charge`, `collection_date`, `collection_specialist`, `pathology_center`, `approved_by`, `patient_name`, `description`, `pathology_report`, `report_name`, `pathology_result`, `created_at`) VALUES (770, 486, 2, NULL, 1134, '2024-11-17', '2024-11-18', '18.00', '150.00', '2024-11-16', 5, 'In-House Pathology Lab', 5, NULL, NULL, NULL, NULL, '', '2024-11-07 06:36:20');
INSERT INTO `pathology_report` (`id`, `pathology_bill_id`, `pathology_id`, `customer_type`, `patient_id`, `reporting_date`, `parameter_update`, `tax_percentage`, `apply_charge`, `collection_date`, `collection_specialist`, `pathology_center`, `approved_by`, `patient_name`, `description`, `pathology_report`, `report_name`, `pathology_result`, `created_at`) VALUES (771, 487, 2, NULL, 1134, '2024-11-13', '2024-11-14', '18.00', '150.00', '2024-11-12', 5, 'In-House Pathology Lab', 5, NULL, NULL, NULL, NULL, '', '2024-11-07 06:57:46');
INSERT INTO `pathology_report` (`id`, `pathology_bill_id`, `pathology_id`, `customer_type`, `patient_id`, `reporting_date`, `parameter_update`, `tax_percentage`, `apply_charge`, `collection_date`, `collection_specialist`, `pathology_center`, `approved_by`, `patient_name`, `description`, `pathology_report`, `report_name`, `pathology_result`, `created_at`) VALUES (772, 488, 2, NULL, 1, '2024-11-09', '2024-11-10', '18.00', '150.00', '2024-11-08', 5, 'In-House Pathology Lab', 5, NULL, NULL, NULL, NULL, '', '2024-11-07 10:33:12');
INSERT INTO `pathology_report` (`id`, `pathology_bill_id`, `pathology_id`, `customer_type`, `patient_id`, `reporting_date`, `parameter_update`, `tax_percentage`, `apply_charge`, `collection_date`, `collection_specialist`, `pathology_center`, `approved_by`, `patient_name`, `description`, `pathology_report`, `report_name`, `pathology_result`, `created_at`) VALUES (773, 489, 1, NULL, 1, '2024-12-02', '2024-12-04', '18.00', '150.00', '2024-12-01', 5, 'In-House Pathology Lab', 5, NULL, NULL, NULL, NULL, '', '2024-12-04 12:17:11');
INSERT INTO `pathology_report` (`id`, `pathology_bill_id`, `pathology_id`, `customer_type`, `patient_id`, `reporting_date`, `parameter_update`, `tax_percentage`, `apply_charge`, `collection_date`, `collection_specialist`, `pathology_center`, `approved_by`, `patient_name`, `description`, `pathology_report`, `report_name`, `pathology_result`, `created_at`) VALUES (774, 489, 2, NULL, 1, '2024-12-02', '2024-12-04', '18.00', '150.00', '2024-12-01', 5, 'In-House Pathology Lab', 5, NULL, NULL, NULL, NULL, '', '2024-12-04 12:17:11');
INSERT INTO `pathology_report` (`id`, `pathology_bill_id`, `pathology_id`, `customer_type`, `patient_id`, `reporting_date`, `parameter_update`, `tax_percentage`, `apply_charge`, `collection_date`, `collection_specialist`, `pathology_center`, `approved_by`, `patient_name`, `description`, `pathology_report`, `report_name`, `pathology_result`, `created_at`) VALUES (775, 490, 2, NULL, 121, '2024-12-06', '2024-12-07', '18.00', '150.00', '2024-12-05', 5, 'In-House Pathology Lab', 5, NULL, NULL, NULL, NULL, '', '2024-12-04 12:18:55');
INSERT INTO `pathology_report` (`id`, `pathology_bill_id`, `pathology_id`, `customer_type`, `patient_id`, `reporting_date`, `parameter_update`, `tax_percentage`, `apply_charge`, `collection_date`, `collection_specialist`, `pathology_center`, `approved_by`, `patient_name`, `description`, `pathology_report`, `report_name`, `pathology_result`, `created_at`) VALUES (776, 491, 8, NULL, 363, '2024-12-12', '2024-12-12', '18.00', '150.00', '2024-12-10', 5, 'In-House Pathology Lab', 5, NULL, NULL, NULL, NULL, '', '2024-12-04 12:19:27');
INSERT INTO `pathology_report` (`id`, `pathology_bill_id`, `pathology_id`, `customer_type`, `patient_id`, `reporting_date`, `parameter_update`, `tax_percentage`, `apply_charge`, `collection_date`, `collection_specialist`, `pathology_center`, `approved_by`, `patient_name`, `description`, `pathology_report`, `report_name`, `pathology_result`, `created_at`) VALUES (777, 492, 2, NULL, 1131, '2024-12-16', '2024-12-17', '18.00', '150.00', '2024-12-15', 5, 'In-House Pathology Lab', 5, NULL, NULL, NULL, NULL, '', '2024-12-04 12:20:10');
INSERT INTO `pathology_report` (`id`, `pathology_bill_id`, `pathology_id`, `customer_type`, `patient_id`, `reporting_date`, `parameter_update`, `tax_percentage`, `apply_charge`, `collection_date`, `collection_specialist`, `pathology_center`, `approved_by`, `patient_name`, `description`, `pathology_report`, `report_name`, `pathology_result`, `created_at`) VALUES (778, 493, 1, NULL, 843, '2024-12-21', '2024-12-22', '18.00', '150.00', '2024-12-20', 5, 'In-House Pathology Lab', 5, NULL, NULL, NULL, NULL, '', '2024-12-04 12:20:45');
INSERT INTO `pathology_report` (`id`, `pathology_bill_id`, `pathology_id`, `customer_type`, `patient_id`, `reporting_date`, `parameter_update`, `tax_percentage`, `apply_charge`, `collection_date`, `collection_specialist`, `pathology_center`, `approved_by`, `patient_name`, `description`, `pathology_report`, `report_name`, `pathology_result`, `created_at`) VALUES (779, 494, 2, NULL, 1134, '2024-12-26', '2024-12-27', '18.00', '150.00', '2024-12-25', 5, 'In-House Pathology Lab', 5, NULL, NULL, NULL, NULL, '', '2024-12-04 12:21:39');
INSERT INTO `pathology_report` (`id`, `pathology_bill_id`, `pathology_id`, `customer_type`, `patient_id`, `reporting_date`, `parameter_update`, `tax_percentage`, `apply_charge`, `collection_date`, `collection_specialist`, `pathology_center`, `approved_by`, `patient_name`, `description`, `pathology_report`, `report_name`, `pathology_result`, `created_at`) VALUES (780, 495, 7, NULL, 1121, '2025-01-01', '2025-01-02', '18.00', '150.00', '2024-12-30', 5, 'In-House Pathology Lab', 5, NULL, NULL, NULL, NULL, '', '2024-12-04 12:22:16');
INSERT INTO `pathology_report` (`id`, `pathology_bill_id`, `pathology_id`, `customer_type`, `patient_id`, `reporting_date`, `parameter_update`, `tax_percentage`, `apply_charge`, `collection_date`, `collection_specialist`, `pathology_center`, `approved_by`, `patient_name`, `description`, `pathology_report`, `report_name`, `pathology_result`, `created_at`) VALUES (781, 496, 1, NULL, 1107, '2024-12-09', '2024-12-10', '18.00', '150.00', '2024-12-08', 5, 'In-House Pathology Lab', 5, NULL, NULL, NULL, NULL, '', '2024-12-06 05:47:58');
INSERT INTO `pathology_report` (`id`, `pathology_bill_id`, `pathology_id`, `customer_type`, `patient_id`, `reporting_date`, `parameter_update`, `tax_percentage`, `apply_charge`, `collection_date`, `collection_specialist`, `pathology_center`, `approved_by`, `patient_name`, `description`, `pathology_report`, `report_name`, `pathology_result`, `created_at`) VALUES (782, 496, 2, NULL, 1107, '2024-12-09', '2024-12-11', '18.00', '150.00', '2024-12-08', 5, 'In-House Pathology Lab', 5, NULL, NULL, NULL, NULL, '', '2024-12-06 05:47:58');
INSERT INTO `pathology_report` (`id`, `pathology_bill_id`, `pathology_id`, `customer_type`, `patient_id`, `reporting_date`, `parameter_update`, `tax_percentage`, `apply_charge`, `collection_date`, `collection_specialist`, `pathology_center`, `approved_by`, `patient_name`, `description`, `pathology_report`, `report_name`, `pathology_result`, `created_at`) VALUES (783, 497, 2, NULL, 878, '2024-12-03', '2024-12-06', '18.00', '150.00', '2024-12-02', 5, 'In-House Pathology Lab', 5, NULL, NULL, NULL, NULL, '', '2024-12-06 06:20:39');


#
# TABLE STRUCTURE FOR: pathology_report_parameterdetails
#


CREATE TABLE `pathology_report_parameterdetails` (
  `id` int NOT NULL AUTO_INCREMENT,
  `pathology_report_id` int DEFAULT NULL,
  `pathology_parameterdetail_id` int DEFAULT NULL,
  `pathology_report_value` varchar(200) NOT NULL,
  `created_at` timestamp NOT NULL DEFAULT CURRENT_TIMESTAMP,
  PRIMARY KEY (`id`),
  KEY `pathology_report_id` (`pathology_report_id`),
  KEY `pathology_parameterdetail_id` (`pathology_parameterdetail_id`),
  CONSTRAINT `pathology_report_parameterdetails_ibfk_1` FOREIGN KEY (`pathology_report_id`) REFERENCES `pathology_report` (`id`) ON DELETE CASCADE,
  CONSTRAINT `pathology_report_parameterdetails_ibfk_2` FOREIGN KEY (`pathology_parameterdetail_id`) REFERENCES `pathology_parameterdetails` (`id`) ON DELETE CASCADE
) ENGINE=InnoDB AUTO_INCREMENT=622 DEFAULT CHARSET=utf8mb3;

INSERT INTO `pathology_report_parameterdetails` (`id`, `pathology_report_id`, `pathology_parameterdetail_id`, `pathology_report_value`, `created_at`) VALUES (444, 620, 3, '3', '2023-10-04 12:15:55');
INSERT INTO `pathology_report_parameterdetails` (`id`, `pathology_report_id`, `pathology_parameterdetail_id`, `pathology_report_value`, `created_at`) VALUES (495, 666, 1, '4', '2024-01-04 04:35:18');
INSERT INTO `pathology_report_parameterdetails` (`id`, `pathology_report_id`, `pathology_parameterdetail_id`, `pathology_report_value`, `created_at`) VALUES (500, 672, 2, '25', '2024-02-01 08:04:23');
INSERT INTO `pathology_report_parameterdetails` (`id`, `pathology_report_id`, `pathology_parameterdetail_id`, `pathology_report_value`, `created_at`) VALUES (501, 673, 6, '25', '2024-02-01 08:04:39');
INSERT INTO `pathology_report_parameterdetails` (`id`, `pathology_report_id`, `pathology_parameterdetail_id`, `pathology_report_value`, `created_at`) VALUES (502, 673, 5, '4', '2024-02-01 08:04:39');
INSERT INTO `pathology_report_parameterdetails` (`id`, `pathology_report_id`, `pathology_parameterdetail_id`, `pathology_report_value`, `created_at`) VALUES (503, 674, 8, '30', '2024-02-01 08:05:59');
INSERT INTO `pathology_report_parameterdetails` (`id`, `pathology_report_id`, `pathology_parameterdetail_id`, `pathology_report_value`, `created_at`) VALUES (504, 674, 7, '2', '2024-02-01 08:05:59');
INSERT INTO `pathology_report_parameterdetails` (`id`, `pathology_report_id`, `pathology_parameterdetail_id`, `pathology_report_value`, `created_at`) VALUES (506, 676, 1, '4', '2024-02-01 09:47:44');
INSERT INTO `pathology_report_parameterdetails` (`id`, `pathology_report_id`, `pathology_parameterdetail_id`, `pathology_report_value`, `created_at`) VALUES (508, 678, 1, '3', '2024-03-01 07:32:44');
INSERT INTO `pathology_report_parameterdetails` (`id`, `pathology_report_id`, `pathology_parameterdetail_id`, `pathology_report_value`, `created_at`) VALUES (509, 679, 2, '43', '2024-03-01 07:32:57');
INSERT INTO `pathology_report_parameterdetails` (`id`, `pathology_report_id`, `pathology_parameterdetail_id`, `pathology_report_value`, `created_at`) VALUES (511, 681, 2, '54', '2024-03-01 08:12:54');
INSERT INTO `pathology_report_parameterdetails` (`id`, `pathology_report_id`, `pathology_parameterdetail_id`, `pathology_report_value`, `created_at`) VALUES (512, 682, 2, '34', '2024-03-01 08:13:35');
INSERT INTO `pathology_report_parameterdetails` (`id`, `pathology_report_id`, `pathology_parameterdetail_id`, `pathology_report_value`, `created_at`) VALUES (513, 683, 3, '3', '2024-03-01 08:13:47');
INSERT INTO `pathology_report_parameterdetails` (`id`, `pathology_report_id`, `pathology_parameterdetail_id`, `pathology_report_value`, `created_at`) VALUES (514, 684, 2, '34', '2024-03-01 08:14:33');
INSERT INTO `pathology_report_parameterdetails` (`id`, `pathology_report_id`, `pathology_parameterdetail_id`, `pathology_report_value`, `created_at`) VALUES (517, 687, 11, '5', '2024-03-02 07:02:26');
INSERT INTO `pathology_report_parameterdetails` (`id`, `pathology_report_id`, `pathology_parameterdetail_id`, `pathology_report_value`, `created_at`) VALUES (518, 688, 1, '4', '2024-04-01 10:17:59');
INSERT INTO `pathology_report_parameterdetails` (`id`, `pathology_report_id`, `pathology_parameterdetail_id`, `pathology_report_value`, `created_at`) VALUES (519, 689, 2, '5', '2024-04-01 10:18:07');
INSERT INTO `pathology_report_parameterdetails` (`id`, `pathology_report_id`, `pathology_parameterdetail_id`, `pathology_report_value`, `created_at`) VALUES (520, 690, 3, '2', '2024-04-01 10:27:01');
INSERT INTO `pathology_report_parameterdetails` (`id`, `pathology_report_id`, `pathology_parameterdetail_id`, `pathology_report_value`, `created_at`) VALUES (521, 691, 2, '23', '2024-04-01 10:42:46');
INSERT INTO `pathology_report_parameterdetails` (`id`, `pathology_report_id`, `pathology_parameterdetail_id`, `pathology_report_value`, `created_at`) VALUES (522, 692, 3, '3', '2024-04-01 10:42:54');
INSERT INTO `pathology_report_parameterdetails` (`id`, `pathology_report_id`, `pathology_parameterdetail_id`, `pathology_report_value`, `created_at`) VALUES (523, 693, 11, '2', '2024-04-01 10:43:59');
INSERT INTO `pathology_report_parameterdetails` (`id`, `pathology_report_id`, `pathology_parameterdetail_id`, `pathology_report_value`, `created_at`) VALUES (524, 694, 1, '4', '2024-04-01 10:44:51');
INSERT INTO `pathology_report_parameterdetails` (`id`, `pathology_report_id`, `pathology_parameterdetail_id`, `pathology_report_value`, `created_at`) VALUES (525, 695, 2, '24', '2024-04-01 10:45:52');
INSERT INTO `pathology_report_parameterdetails` (`id`, `pathology_report_id`, `pathology_parameterdetail_id`, `pathology_report_value`, `created_at`) VALUES (526, 696, 9, '26', '2024-04-01 10:46:50');
INSERT INTO `pathology_report_parameterdetails` (`id`, `pathology_report_id`, `pathology_parameterdetail_id`, `pathology_report_value`, `created_at`) VALUES (527, 697, 3, '2', '2024-04-01 11:31:43');
INSERT INTO `pathology_report_parameterdetails` (`id`, `pathology_report_id`, `pathology_parameterdetail_id`, `pathology_report_value`, `created_at`) VALUES (532, 701, 2, '8', '2024-05-01 12:04:59');
INSERT INTO `pathology_report_parameterdetails` (`id`, `pathology_report_id`, `pathology_parameterdetail_id`, `pathology_report_value`, `created_at`) VALUES (533, 702, 8, '7', '2024-05-01 12:05:35');
INSERT INTO `pathology_report_parameterdetails` (`id`, `pathology_report_id`, `pathology_parameterdetail_id`, `pathology_report_value`, `created_at`) VALUES (534, 702, 7, '2', '2024-05-01 12:05:35');
INSERT INTO `pathology_report_parameterdetails` (`id`, `pathology_report_id`, `pathology_parameterdetail_id`, `pathology_report_value`, `created_at`) VALUES (535, 703, 1, '4', '2024-05-01 12:08:30');
INSERT INTO `pathology_report_parameterdetails` (`id`, `pathology_report_id`, `pathology_parameterdetail_id`, `pathology_report_value`, `created_at`) VALUES (536, 704, 11, '3', '2024-05-01 12:09:22');
INSERT INTO `pathology_report_parameterdetails` (`id`, `pathology_report_id`, `pathology_parameterdetail_id`, `pathology_report_value`, `created_at`) VALUES (537, 705, 2, '8', '2024-05-01 12:10:49');
INSERT INTO `pathology_report_parameterdetails` (`id`, `pathology_report_id`, `pathology_parameterdetail_id`, `pathology_report_value`, `created_at`) VALUES (538, 706, 8, '6', '2024-05-01 12:11:38');
INSERT INTO `pathology_report_parameterdetails` (`id`, `pathology_report_id`, `pathology_parameterdetail_id`, `pathology_report_value`, `created_at`) VALUES (539, 706, 7, '3', '2024-05-01 12:11:38');
INSERT INTO `pathology_report_parameterdetails` (`id`, `pathology_report_id`, `pathology_parameterdetail_id`, `pathology_report_value`, `created_at`) VALUES (540, 707, 1, '3', '2024-05-02 07:13:25');
INSERT INTO `pathology_report_parameterdetails` (`id`, `pathology_report_id`, `pathology_parameterdetail_id`, `pathology_report_value`, `created_at`) VALUES (543, 710, 11, '8', '2024-06-01 07:59:44');
INSERT INTO `pathology_report_parameterdetails` (`id`, `pathology_report_id`, `pathology_parameterdetail_id`, `pathology_report_value`, `created_at`) VALUES (544, 711, 8, '8', '2024-06-01 08:01:49');
INSERT INTO `pathology_report_parameterdetails` (`id`, `pathology_report_id`, `pathology_parameterdetail_id`, `pathology_report_value`, `created_at`) VALUES (545, 711, 7, '5', '2024-06-01 08:01:49');
INSERT INTO `pathology_report_parameterdetails` (`id`, `pathology_report_id`, `pathology_parameterdetail_id`, `pathology_report_value`, `created_at`) VALUES (546, 712, 1, '5', '2024-06-01 08:04:06');
INSERT INTO `pathology_report_parameterdetails` (`id`, `pathology_report_id`, `pathology_parameterdetail_id`, `pathology_report_value`, `created_at`) VALUES (547, 713, 2, '25', '2024-06-01 08:04:38');
INSERT INTO `pathology_report_parameterdetails` (`id`, `pathology_report_id`, `pathology_parameterdetail_id`, `pathology_report_value`, `created_at`) VALUES (548, 714, 2, '20', '2024-06-01 08:09:55');
INSERT INTO `pathology_report_parameterdetails` (`id`, `pathology_report_id`, `pathology_parameterdetail_id`, `pathology_report_value`, `created_at`) VALUES (549, 715, 3, '3', '2024-06-01 08:11:50');
INSERT INTO `pathology_report_parameterdetails` (`id`, `pathology_report_id`, `pathology_parameterdetail_id`, `pathology_report_value`, `created_at`) VALUES (550, 716, 9, '8', '2024-06-01 08:20:03');
INSERT INTO `pathology_report_parameterdetails` (`id`, `pathology_report_id`, `pathology_parameterdetail_id`, `pathology_report_value`, `created_at`) VALUES (551, 717, 2, '20', '2024-06-01 08:23:55');
INSERT INTO `pathology_report_parameterdetails` (`id`, `pathology_report_id`, `pathology_parameterdetail_id`, `pathology_report_value`, `created_at`) VALUES (553, 719, 2, '23', '2024-06-01 12:12:51');
INSERT INTO `pathology_report_parameterdetails` (`id`, `pathology_report_id`, `pathology_parameterdetail_id`, `pathology_report_value`, `created_at`) VALUES (554, 720, 2, '42', '2024-07-01 09:25:00');
INSERT INTO `pathology_report_parameterdetails` (`id`, `pathology_report_id`, `pathology_parameterdetail_id`, `pathology_report_value`, `created_at`) VALUES (556, 722, 2, '23', '2024-07-01 10:04:24');
INSERT INTO `pathology_report_parameterdetails` (`id`, `pathology_report_id`, `pathology_parameterdetail_id`, `pathology_report_value`, `created_at`) VALUES (557, 723, 2, '34', '2024-07-01 10:05:51');
INSERT INTO `pathology_report_parameterdetails` (`id`, `pathology_report_id`, `pathology_parameterdetail_id`, `pathology_report_value`, `created_at`) VALUES (558, 724, 1, '3', '2024-07-01 10:06:14');
INSERT INTO `pathology_report_parameterdetails` (`id`, `pathology_report_id`, `pathology_parameterdetail_id`, `pathology_report_value`, `created_at`) VALUES (559, 725, 9, '34', '2024-07-01 10:07:13');
INSERT INTO `pathology_report_parameterdetails` (`id`, `pathology_report_id`, `pathology_parameterdetail_id`, `pathology_report_value`, `created_at`) VALUES (560, 726, 8, '34', '2024-07-01 10:07:58');
INSERT INTO `pathology_report_parameterdetails` (`id`, `pathology_report_id`, `pathology_parameterdetail_id`, `pathology_report_value`, `created_at`) VALUES (561, 726, 7, '3', '2024-07-01 10:07:58');
INSERT INTO `pathology_report_parameterdetails` (`id`, `pathology_report_id`, `pathology_parameterdetail_id`, `pathology_report_value`, `created_at`) VALUES (562, 727, 2, '34', '2024-07-02 05:46:48');
INSERT INTO `pathology_report_parameterdetails` (`id`, `pathology_report_id`, `pathology_parameterdetail_id`, `pathology_report_value`, `created_at`) VALUES (563, 728, 1, '4', '2024-08-01 09:42:59');
INSERT INTO `pathology_report_parameterdetails` (`id`, `pathology_report_id`, `pathology_parameterdetail_id`, `pathology_report_value`, `created_at`) VALUES (564, 729, 4, '25', '2024-08-01 09:43:10');
INSERT INTO `pathology_report_parameterdetails` (`id`, `pathology_report_id`, `pathology_parameterdetail_id`, `pathology_report_value`, `created_at`) VALUES (565, 730, 10, '35', '2024-08-01 09:53:31');
INSERT INTO `pathology_report_parameterdetails` (`id`, `pathology_report_id`, `pathology_parameterdetail_id`, `pathology_report_value`, `created_at`) VALUES (566, 731, 1, '3', '2024-08-01 09:55:25');
INSERT INTO `pathology_report_parameterdetails` (`id`, `pathology_report_id`, `pathology_parameterdetail_id`, `pathology_report_value`, `created_at`) VALUES (567, 732, 9, '25', '2024-08-01 09:58:30');
INSERT INTO `pathology_report_parameterdetails` (`id`, `pathology_report_id`, `pathology_parameterdetail_id`, `pathology_report_value`, `created_at`) VALUES (568, 733, 1, '5', '2024-08-01 09:59:26');
INSERT INTO `pathology_report_parameterdetails` (`id`, `pathology_report_id`, `pathology_parameterdetail_id`, `pathology_report_value`, `created_at`) VALUES (569, 734, 9, '35', '2024-08-01 10:00:20');
INSERT INTO `pathology_report_parameterdetails` (`id`, `pathology_report_id`, `pathology_parameterdetail_id`, `pathology_report_value`, `created_at`) VALUES (570, 735, 11, '1', '2024-08-01 10:00:33');
INSERT INTO `pathology_report_parameterdetails` (`id`, `pathology_report_id`, `pathology_parameterdetail_id`, `pathology_report_value`, `created_at`) VALUES (571, 736, 2, '25', '2024-08-01 10:01:21');
INSERT INTO `pathology_report_parameterdetails` (`id`, `pathology_report_id`, `pathology_parameterdetail_id`, `pathology_report_value`, `created_at`) VALUES (572, 737, 2, '25', '2024-08-02 08:02:39');
INSERT INTO `pathology_report_parameterdetails` (`id`, `pathology_report_id`, `pathology_parameterdetail_id`, `pathology_report_value`, `created_at`) VALUES (573, 738, 2, '36', '2024-08-28 12:21:22');
INSERT INTO `pathology_report_parameterdetails` (`id`, `pathology_report_id`, `pathology_parameterdetail_id`, `pathology_report_value`, `created_at`) VALUES (574, 741, 2, '35', '2024-08-31 05:28:47');
INSERT INTO `pathology_report_parameterdetails` (`id`, `pathology_report_id`, `pathology_parameterdetail_id`, `pathology_report_value`, `created_at`) VALUES (575, 742, 2, '52', '2024-08-31 08:03:15');
INSERT INTO `pathology_report_parameterdetails` (`id`, `pathology_report_id`, `pathology_parameterdetail_id`, `pathology_report_value`, `created_at`) VALUES (576, 743, 7, '2', '2024-08-31 08:04:04');
INSERT INTO `pathology_report_parameterdetails` (`id`, `pathology_report_id`, `pathology_parameterdetail_id`, `pathology_report_value`, `created_at`) VALUES (577, 743, 8, '25', '2024-08-31 08:04:04');
INSERT INTO `pathology_report_parameterdetails` (`id`, `pathology_report_id`, `pathology_parameterdetail_id`, `pathology_report_value`, `created_at`) VALUES (578, 744, 2, '35', '2024-08-31 08:04:44');
INSERT INTO `pathology_report_parameterdetails` (`id`, `pathology_report_id`, `pathology_parameterdetail_id`, `pathology_report_value`, `created_at`) VALUES (579, 745, 11, '2', '2024-08-31 08:09:06');
INSERT INTO `pathology_report_parameterdetails` (`id`, `pathology_report_id`, `pathology_parameterdetail_id`, `pathology_report_value`, `created_at`) VALUES (580, 746, 2, '36', '2024-08-31 10:49:00');
INSERT INTO `pathology_report_parameterdetails` (`id`, `pathology_report_id`, `pathology_parameterdetail_id`, `pathology_report_value`, `created_at`) VALUES (581, 747, 2, '23', '2024-10-03 09:27:09');
INSERT INTO `pathology_report_parameterdetails` (`id`, `pathology_report_id`, `pathology_parameterdetail_id`, `pathology_report_value`, `created_at`) VALUES (582, 748, 3, '2', '2024-10-03 09:27:17');
INSERT INTO `pathology_report_parameterdetails` (`id`, `pathology_report_id`, `pathology_parameterdetail_id`, `pathology_report_value`, `created_at`) VALUES (583, 749, 1, '2', '2024-10-03 09:27:55');
INSERT INTO `pathology_report_parameterdetails` (`id`, `pathology_report_id`, `pathology_parameterdetail_id`, `pathology_report_value`, `created_at`) VALUES (584, 750, 10, '34', '2024-10-03 09:28:32');
INSERT INTO `pathology_report_parameterdetails` (`id`, `pathology_report_id`, `pathology_parameterdetail_id`, `pathology_report_value`, `created_at`) VALUES (585, 751, 1, '4', '2024-10-03 09:29:12');
INSERT INTO `pathology_report_parameterdetails` (`id`, `pathology_report_id`, `pathology_parameterdetail_id`, `pathology_report_value`, `created_at`) VALUES (586, 752, 2, '35', '2024-10-03 09:29:21');
INSERT INTO `pathology_report_parameterdetails` (`id`, `pathology_report_id`, `pathology_parameterdetail_id`, `pathology_report_value`, `created_at`) VALUES (587, 753, 2, '23', '2024-10-03 09:29:55');
INSERT INTO `pathology_report_parameterdetails` (`id`, `pathology_report_id`, `pathology_parameterdetail_id`, `pathology_report_value`, `created_at`) VALUES (588, 754, 7, '2', '2024-10-03 09:30:47');
INSERT INTO `pathology_report_parameterdetails` (`id`, `pathology_report_id`, `pathology_parameterdetail_id`, `pathology_report_value`, `created_at`) VALUES (589, 754, 8, '36', '2024-10-03 09:30:47');
INSERT INTO `pathology_report_parameterdetails` (`id`, `pathology_report_id`, `pathology_parameterdetail_id`, `pathology_report_value`, `created_at`) VALUES (590, 755, 7, '2', '2024-10-03 09:31:54');
INSERT INTO `pathology_report_parameterdetails` (`id`, `pathology_report_id`, `pathology_parameterdetail_id`, `pathology_report_value`, `created_at`) VALUES (591, 755, 8, '54', '2024-10-03 09:31:54');
INSERT INTO `pathology_report_parameterdetails` (`id`, `pathology_report_id`, `pathology_parameterdetail_id`, `pathology_report_value`, `created_at`) VALUES (592, 756, 2, '34', '2024-10-04 10:08:45');
INSERT INTO `pathology_report_parameterdetails` (`id`, `pathology_report_id`, `pathology_parameterdetail_id`, `pathology_report_value`, `created_at`) VALUES (593, 757, 2, '34', '2024-10-04 10:51:43');
INSERT INTO `pathology_report_parameterdetails` (`id`, `pathology_report_id`, `pathology_parameterdetail_id`, `pathology_report_value`, `created_at`) VALUES (594, 758, 2, '32', '2024-10-04 11:34:05');
INSERT INTO `pathology_report_parameterdetails` (`id`, `pathology_report_id`, `pathology_parameterdetail_id`, `pathology_report_value`, `created_at`) VALUES (595, 759, 2, '34', '2024-10-05 04:18:03');
INSERT INTO `pathology_report_parameterdetails` (`id`, `pathology_report_id`, `pathology_parameterdetail_id`, `pathology_report_value`, `created_at`) VALUES (596, 760, 2, '45', '2024-10-05 05:24:08');
INSERT INTO `pathology_report_parameterdetails` (`id`, `pathology_report_id`, `pathology_parameterdetail_id`, `pathology_report_value`, `created_at`) VALUES (597, 761, 1, '3', '2024-11-06 11:36:30');
INSERT INTO `pathology_report_parameterdetails` (`id`, `pathology_report_id`, `pathology_parameterdetail_id`, `pathology_report_value`, `created_at`) VALUES (598, 762, 2, '34', '2024-11-06 11:36:38');
INSERT INTO `pathology_report_parameterdetails` (`id`, `pathology_report_id`, `pathology_parameterdetail_id`, `pathology_report_value`, `created_at`) VALUES (599, 763, 2, '34', '2024-11-06 11:43:13');
INSERT INTO `pathology_report_parameterdetails` (`id`, `pathology_report_id`, `pathology_parameterdetail_id`, `pathology_report_value`, `created_at`) VALUES (600, 764, 11, '3', '2024-11-06 11:43:29');
INSERT INTO `pathology_report_parameterdetails` (`id`, `pathology_report_id`, `pathology_parameterdetail_id`, `pathology_report_value`, `created_at`) VALUES (601, 765, 10, '32', '2024-11-06 11:44:10');
INSERT INTO `pathology_report_parameterdetails` (`id`, `pathology_report_id`, `pathology_parameterdetail_id`, `pathology_report_value`, `created_at`) VALUES (602, 766, 1, '4', '2024-11-06 11:45:14');
INSERT INTO `pathology_report_parameterdetails` (`id`, `pathology_report_id`, `pathology_parameterdetail_id`, `pathology_report_value`, `created_at`) VALUES (603, 767, 2, '45', '2024-11-06 11:45:21');
INSERT INTO `pathology_report_parameterdetails` (`id`, `pathology_report_id`, `pathology_parameterdetail_id`, `pathology_report_value`, `created_at`) VALUES (604, 768, 7, '4', '2024-11-06 11:46:35');
INSERT INTO `pathology_report_parameterdetails` (`id`, `pathology_report_id`, `pathology_parameterdetail_id`, `pathology_report_value`, `created_at`) VALUES (605, 768, 8, '44', '2024-11-06 11:46:35');
INSERT INTO `pathology_report_parameterdetails` (`id`, `pathology_report_id`, `pathology_parameterdetail_id`, `pathology_report_value`, `created_at`) VALUES (606, 769, 5, '3', '2024-11-06 11:47:35');
INSERT INTO `pathology_report_parameterdetails` (`id`, `pathology_report_id`, `pathology_parameterdetail_id`, `pathology_report_value`, `created_at`) VALUES (607, 769, 6, '16', '2024-11-06 11:47:35');
INSERT INTO `pathology_report_parameterdetails` (`id`, `pathology_report_id`, `pathology_parameterdetail_id`, `pathology_report_value`, `created_at`) VALUES (608, 770, 2, '26', '2024-11-07 06:36:40');
INSERT INTO `pathology_report_parameterdetails` (`id`, `pathology_report_id`, `pathology_parameterdetail_id`, `pathology_report_value`, `created_at`) VALUES (609, 771, 2, '36', '2024-11-07 06:58:01');
INSERT INTO `pathology_report_parameterdetails` (`id`, `pathology_report_id`, `pathology_parameterdetail_id`, `pathology_report_value`, `created_at`) VALUES (610, 772, 2, '45', '2024-11-07 10:33:26');
INSERT INTO `pathology_report_parameterdetails` (`id`, `pathology_report_id`, `pathology_parameterdetail_id`, `pathology_report_value`, `created_at`) VALUES (611, 773, 1, '3', '2024-12-04 12:17:51');
INSERT INTO `pathology_report_parameterdetails` (`id`, `pathology_report_id`, `pathology_parameterdetail_id`, `pathology_report_value`, `created_at`) VALUES (612, 774, 2, '34', '2024-12-04 12:17:57');
INSERT INTO `pathology_report_parameterdetails` (`id`, `pathology_report_id`, `pathology_parameterdetail_id`, `pathology_report_value`, `created_at`) VALUES (613, 775, 2, '33', '2024-12-04 12:19:09');
INSERT INTO `pathology_report_parameterdetails` (`id`, `pathology_report_id`, `pathology_parameterdetail_id`, `pathology_report_value`, `created_at`) VALUES (614, 776, 10, '25', '2024-12-04 12:19:45');
INSERT INTO `pathology_report_parameterdetails` (`id`, `pathology_report_id`, `pathology_parameterdetail_id`, `pathology_report_value`, `created_at`) VALUES (615, 777, 2, '23', '2024-12-04 12:20:27');
INSERT INTO `pathology_report_parameterdetails` (`id`, `pathology_report_id`, `pathology_parameterdetail_id`, `pathology_report_value`, `created_at`) VALUES (616, 778, 1, '4', '2024-12-04 12:21:18');
INSERT INTO `pathology_report_parameterdetails` (`id`, `pathology_report_id`, `pathology_parameterdetail_id`, `pathology_report_value`, `created_at`) VALUES (617, 779, 2, '24', '2024-12-04 12:21:56');
INSERT INTO `pathology_report_parameterdetails` (`id`, `pathology_report_id`, `pathology_parameterdetail_id`, `pathology_report_value`, `created_at`) VALUES (618, 780, 9, '45', '2024-12-04 12:22:33');
INSERT INTO `pathology_report_parameterdetails` (`id`, `pathology_report_id`, `pathology_parameterdetail_id`, `pathology_report_value`, `created_at`) VALUES (619, 781, 1, '3', '2024-12-06 05:48:20');
INSERT INTO `pathology_report_parameterdetails` (`id`, `pathology_report_id`, `pathology_parameterdetail_id`, `pathology_report_value`, `created_at`) VALUES (620, 782, 2, '35', '2024-12-06 05:48:30');
INSERT INTO `pathology_report_parameterdetails` (`id`, `pathology_report_id`, `pathology_parameterdetail_id`, `pathology_report_value`, `created_at`) VALUES (621, 783, 2, '34', '2024-12-06 06:20:52');


#
# TABLE STRUCTURE FOR: patient_bed_history
#


CREATE TABLE `patient_bed_history` (
  `id` int NOT NULL AUTO_INCREMENT,
  `case_reference_id` int DEFAULT NULL,
  `bed_group_id` int DEFAULT NULL,
  `bed_id` int DEFAULT NULL,
  `revert_reason` text,
  `from_date` datetime DEFAULT NULL,
  `to_date` datetime DEFAULT NULL,
  `is_active` varchar(20) DEFAULT NULL,
  `created_at` timestamp NOT NULL DEFAULT CURRENT_TIMESTAMP,
  PRIMARY KEY (`id`),
  KEY `case_reference_id` (`case_reference_id`),
  KEY `bed_group_id` (`bed_group_id`),
  KEY `bed_id` (`bed_id`),
  KEY `index_from_date` (`from_date`),
  KEY `index_to_date` (`to_date`),
  CONSTRAINT `patient_bed_history_ibfk_1` FOREIGN KEY (`case_reference_id`) REFERENCES `case_references` (`id`) ON DELETE CASCADE,
  CONSTRAINT `patient_bed_history_ibfk_2` FOREIGN KEY (`bed_group_id`) REFERENCES `bed_group` (`id`) ON DELETE CASCADE,
  CONSTRAINT `patient_bed_history_ibfk_3` FOREIGN KEY (`bed_id`) REFERENCES `bed` (`id`) ON DELETE CASCADE
) ENGINE=InnoDB AUTO_INCREMENT=113 DEFAULT CHARSET=utf8mb3;

INSERT INTO `patient_bed_history` (`id`, `case_reference_id`, `bed_group_id`, `bed_id`, `revert_reason`, `from_date`, `to_date`, `is_active`, `created_at`) VALUES (1, 2, 1, 1, NULL, '2021-10-25 12:18:48', '2021-12-07 13:00:00', 'no', '2021-10-25 12:18:48');
INSERT INTO `patient_bed_history` (`id`, `case_reference_id`, `bed_group_id`, `bed_id`, `revert_reason`, `from_date`, `to_date`, `is_active`, `created_at`) VALUES (2, 9, 2, 5, NULL, '2021-10-25 12:24:28', '2021-10-26 11:30:00', 'no', '2021-10-25 12:24:28');
INSERT INTO `patient_bed_history` (`id`, `case_reference_id`, `bed_group_id`, `bed_id`, `revert_reason`, `from_date`, `to_date`, `is_active`, `created_at`) VALUES (3, 10, 1, 9, NULL, '2021-10-25 12:27:25', '2022-04-05 13:05:00', 'no', '2021-10-25 12:27:25');
INSERT INTO `patient_bed_history` (`id`, `case_reference_id`, `bed_group_id`, `bed_id`, `revert_reason`, `from_date`, `to_date`, `is_active`, `created_at`) VALUES (4, 9, 2, 5, NULL, '2021-10-25 12:28:29', '2021-10-26 11:30:00', 'no', '2021-10-25 12:28:29');
INSERT INTO `patient_bed_history` (`id`, `case_reference_id`, `bed_group_id`, `bed_id`, `revert_reason`, `from_date`, `to_date`, `is_active`, `created_at`) VALUES (5, 11, 1, 1, NULL, '2021-10-25 13:25:26', '2021-10-26 13:18:00', 'no', '2021-10-25 13:25:26');
INSERT INTO `patient_bed_history` (`id`, `case_reference_id`, `bed_group_id`, `bed_id`, `revert_reason`, `from_date`, `to_date`, `is_active`, `created_at`) VALUES (6, 11, 1, 1, NULL, '2021-10-25 13:36:56', '2021-10-26 13:18:00', 'no', '2021-10-25 13:36:56');
INSERT INTO `patient_bed_history` (`id`, `case_reference_id`, `bed_group_id`, `bed_id`, `revert_reason`, `from_date`, `to_date`, `is_active`, `created_at`) VALUES (7, 14, 5, 2, NULL, '2021-10-26 06:25:18', '2021-11-05 11:55:00', 'no', '2021-10-26 06:25:18');
INSERT INTO `patient_bed_history` (`id`, `case_reference_id`, `bed_group_id`, `bed_id`, `revert_reason`, `from_date`, `to_date`, `is_active`, `created_at`) VALUES (8, 14, 5, 2, 'Fever problem test again', '2021-10-26 06:27:38', '2021-11-10 11:59:00', 'no', '2021-10-26 06:27:38');
INSERT INTO `patient_bed_history` (`id`, `case_reference_id`, `bed_group_id`, `bed_id`, `revert_reason`, `from_date`, `to_date`, `is_active`, `created_at`) VALUES (9, 9, 2, 5, 'NA', '2021-10-26 07:21:04', '2021-10-27 10:00:00', 'no', '2021-10-26 07:21:04');
INSERT INTO `patient_bed_history` (`id`, `case_reference_id`, `bed_group_id`, `bed_id`, `revert_reason`, `from_date`, `to_date`, `is_active`, `created_at`) VALUES (10, 19, 1, 1, NULL, '2021-10-26 13:02:41', '2022-03-15 18:52:00', 'no', '2021-10-26 13:02:41');
INSERT INTO `patient_bed_history` (`id`, `case_reference_id`, `bed_group_id`, `bed_id`, `revert_reason`, `from_date`, `to_date`, `is_active`, `created_at`) VALUES (11, 16, 1, 1, NULL, '2021-10-27 05:20:31', '2021-11-03 15:00:00', 'no', '2021-10-27 05:20:31');
INSERT INTO `patient_bed_history` (`id`, `case_reference_id`, `bed_group_id`, `bed_id`, `revert_reason`, `from_date`, `to_date`, `is_active`, `created_at`) VALUES (12, 22, 2, 5, NULL, '2021-10-29 14:20:00', '2021-11-04 11:00:00', 'no', '2021-10-28 08:51:32');
INSERT INTO `patient_bed_history` (`id`, `case_reference_id`, `bed_group_id`, `bed_id`, `revert_reason`, `from_date`, `to_date`, `is_active`, `created_at`) VALUES (13, 23, 1, 1, NULL, '2021-10-28 14:00:00', '2021-12-01 18:09:00', 'no', '2021-10-28 08:57:02');
INSERT INTO `patient_bed_history` (`id`, `case_reference_id`, `bed_group_id`, `bed_id`, `revert_reason`, `from_date`, `to_date`, `is_active`, `created_at`) VALUES (14, 23, 1, 1, NULL, '2021-10-29 06:16:27', '2021-12-01 18:09:00', 'no', '2021-10-29 06:16:27');
INSERT INTO `patient_bed_history` (`id`, `case_reference_id`, `bed_group_id`, `bed_id`, `revert_reason`, `from_date`, `to_date`, `is_active`, `created_at`) VALUES (15, 22, 2, 5, NULL, '2021-10-29 06:19:20', '2021-11-04 11:00:00', 'no', '2021-10-29 06:19:20');
INSERT INTO `patient_bed_history` (`id`, `case_reference_id`, `bed_group_id`, `bed_id`, `revert_reason`, `from_date`, `to_date`, `is_active`, `created_at`) VALUES (16, 22, 2, 5, 'Again Fever and vomiting .', '2021-10-29 06:32:30', '2022-05-11 15:11:00', 'no', '2021-10-29 06:32:30');
INSERT INTO `patient_bed_history` (`id`, `case_reference_id`, `bed_group_id`, `bed_id`, `revert_reason`, `from_date`, `to_date`, `is_active`, `created_at`) VALUES (17, 31, 5, 2, NULL, '2021-11-01 06:40:17', '2022-06-16 11:49:00', 'no', '2021-11-01 06:40:17');
INSERT INTO `patient_bed_history` (`id`, `case_reference_id`, `bed_group_id`, `bed_id`, `revert_reason`, `from_date`, `to_date`, `is_active`, `created_at`) VALUES (18, 37, 5, 2, NULL, '2021-11-10 14:00:00', '2023-08-17 18:05:00', 'no', '2021-11-01 08:38:29');
INSERT INTO `patient_bed_history` (`id`, `case_reference_id`, `bed_group_id`, `bed_id`, `revert_reason`, `from_date`, `to_date`, `is_active`, `created_at`) VALUES (19, 36, 2, 3, NULL, '2021-11-01 08:27:00', NULL, 'yes', '2021-11-01 08:47:21');
INSERT INTO `patient_bed_history` (`id`, `case_reference_id`, `bed_group_id`, `bed_id`, `revert_reason`, `from_date`, `to_date`, `is_active`, `created_at`) VALUES (20, 36, 2, 3, NULL, '2021-11-01 08:47:53', NULL, 'yes', '2021-11-01 08:47:53');
INSERT INTO `patient_bed_history` (`id`, `case_reference_id`, `bed_group_id`, `bed_id`, `revert_reason`, `from_date`, `to_date`, `is_active`, `created_at`) VALUES (21, 40, 1, 1, NULL, '2021-11-25 10:29:00', '2021-12-02 15:09:00', 'no', '2021-11-01 10:42:17');
INSERT INTO `patient_bed_history` (`id`, `case_reference_id`, `bed_group_id`, `bed_id`, `revert_reason`, `from_date`, `to_date`, `is_active`, `created_at`) VALUES (22, 115, 1, 1, NULL, '2021-12-02 10:00:00', NULL, 'yes', '2021-12-02 09:40:33');
INSERT INTO `patient_bed_history` (`id`, `case_reference_id`, `bed_group_id`, `bed_id`, `revert_reason`, `from_date`, `to_date`, `is_active`, `created_at`) VALUES (23, 116, 1, 8, NULL, '2021-12-15 17:30:00', '2022-05-09 15:08:00', 'no', '2021-12-02 10:56:21');
INSERT INTO `patient_bed_history` (`id`, `case_reference_id`, `bed_group_id`, `bed_id`, `revert_reason`, `from_date`, `to_date`, `is_active`, `created_at`) VALUES (24, 117, 2, 4, NULL, '2021-12-13 16:27:00', NULL, 'yes', '2021-12-02 10:57:54');
INSERT INTO `patient_bed_history` (`id`, `case_reference_id`, `bed_group_id`, `bed_id`, `revert_reason`, `from_date`, `to_date`, `is_active`, `created_at`) VALUES (25, 110, 3, 10, NULL, '2021-12-03 15:00:00', '2022-11-15 17:24:00', 'no', '2021-12-02 11:00:24');
INSERT INTO `patient_bed_history` (`id`, `case_reference_id`, `bed_group_id`, `bed_id`, `revert_reason`, `from_date`, `to_date`, `is_active`, `created_at`) VALUES (26, 110, 3, 10, NULL, '2021-12-04 05:10:45', '2022-11-15 17:24:00', 'no', '2021-12-04 05:10:45');
INSERT INTO `patient_bed_history` (`id`, `case_reference_id`, `bed_group_id`, `bed_id`, `revert_reason`, `from_date`, `to_date`, `is_active`, `created_at`) VALUES (27, 110, 3, 10, NULL, '2022-01-06 09:13:44', '2022-11-15 17:24:00', 'no', '2022-01-06 09:13:44');
INSERT INTO `patient_bed_history` (`id`, `case_reference_id`, `bed_group_id`, `bed_id`, `revert_reason`, `from_date`, `to_date`, `is_active`, `created_at`) VALUES (28, 492, 2, 7, NULL, '2022-02-02 13:04:00', NULL, 'yes', '2022-02-02 13:26:22');
INSERT INTO `patient_bed_history` (`id`, `case_reference_id`, `bed_group_id`, `bed_id`, `revert_reason`, `from_date`, `to_date`, `is_active`, `created_at`) VALUES (29, 490, 2, 7, NULL, '2022-02-02 13:00:00', NULL, 'yes', '2022-02-03 07:21:37');
INSERT INTO `patient_bed_history` (`id`, `case_reference_id`, `bed_group_id`, `bed_id`, `revert_reason`, `from_date`, `to_date`, `is_active`, `created_at`) VALUES (30, 509, 2, 7, NULL, '2022-02-07 17:00:00', '2023-04-06 17:36:00', 'no', '2022-02-03 07:32:40');
INSERT INTO `patient_bed_history` (`id`, `case_reference_id`, `bed_group_id`, `bed_id`, `revert_reason`, `from_date`, `to_date`, `is_active`, `created_at`) VALUES (31, 510, 3, 6, NULL, '2022-02-07 16:00:00', '2023-07-06 12:11:00', 'no', '2022-02-03 11:28:31');
INSERT INTO `patient_bed_history` (`id`, `case_reference_id`, `bed_group_id`, `bed_id`, `revert_reason`, `from_date`, `to_date`, `is_active`, `created_at`) VALUES (32, 511, 6, 11, NULL, '2022-03-01 19:00:00', NULL, 'yes', '2022-03-02 13:15:39');
INSERT INTO `patient_bed_history` (`id`, `case_reference_id`, `bed_group_id`, `bed_id`, `revert_reason`, `from_date`, `to_date`, `is_active`, `created_at`) VALUES (33, 729, 1, 18, NULL, '2022-03-10 12:02:00', '2023-05-04 11:30:00', 'no', '2022-03-03 13:14:56');
INSERT INTO `patient_bed_history` (`id`, `case_reference_id`, `bed_group_id`, `bed_id`, `revert_reason`, `from_date`, `to_date`, `is_active`, `created_at`) VALUES (34, 752, 1, 18, NULL, '2022-03-28 18:59:00', '2023-06-12 14:40:00', 'no', '2022-03-03 13:29:49');
INSERT INTO `patient_bed_history` (`id`, `case_reference_id`, `bed_group_id`, `bed_id`, `revert_reason`, `from_date`, `to_date`, `is_active`, `created_at`) VALUES (35, 850, 1, 1, NULL, '2022-04-01 13:00:00', NULL, 'yes', '2022-04-01 09:49:12');
INSERT INTO `patient_bed_history` (`id`, `case_reference_id`, `bed_group_id`, `bed_id`, `revert_reason`, `from_date`, `to_date`, `is_active`, `created_at`) VALUES (36, 1002, 1, 9, NULL, '2022-04-03 13:00:00', '2022-08-05 10:23:00', 'no', '2022-04-02 07:42:02');
INSERT INTO `patient_bed_history` (`id`, `case_reference_id`, `bed_group_id`, `bed_id`, `revert_reason`, `from_date`, `to_date`, `is_active`, `created_at`) VALUES (37, 1003, 6, 17, NULL, '2022-04-02 17:00:00', '2023-01-05 18:20:00', 'no', '2022-04-02 09:09:43');
INSERT INTO `patient_bed_history` (`id`, `case_reference_id`, `bed_group_id`, `bed_id`, `revert_reason`, `from_date`, `to_date`, `is_active`, `created_at`) VALUES (38, 1004, 1, 19, NULL, '2022-04-02 14:41:00', NULL, 'yes', '2022-04-02 09:11:37');
INSERT INTO `patient_bed_history` (`id`, `case_reference_id`, `bed_group_id`, `bed_id`, `revert_reason`, `from_date`, `to_date`, `is_active`, `created_at`) VALUES (39, 1206, 1, 20, NULL, '2022-05-03 08:54:00', '2022-07-12 20:42:00', 'no', '2022-05-03 09:31:22');
INSERT INTO `patient_bed_history` (`id`, `case_reference_id`, `bed_group_id`, `bed_id`, `revert_reason`, `from_date`, `to_date`, `is_active`, `created_at`) VALUES (40, 1212, 1, 8, NULL, '2022-05-10 10:00:00', NULL, 'yes', '2022-05-03 11:06:24');
INSERT INTO `patient_bed_history` (`id`, `case_reference_id`, `bed_group_id`, `bed_id`, `revert_reason`, `from_date`, `to_date`, `is_active`, `created_at`) VALUES (41, 1213, 1, 21, NULL, '2022-05-03 16:53:00', '2024-12-06 13:44:00', 'no', '2022-05-03 11:23:23');
INSERT INTO `patient_bed_history` (`id`, `case_reference_id`, `bed_group_id`, `bed_id`, `revert_reason`, `from_date`, `to_date`, `is_active`, `created_at`) VALUES (42, 1433, 1, 20, NULL, '2022-06-06 10:30:00', NULL, 'yes', '2022-06-02 12:30:14');
INSERT INTO `patient_bed_history` (`id`, `case_reference_id`, `bed_group_id`, `bed_id`, `revert_reason`, `from_date`, `to_date`, `is_active`, `created_at`) VALUES (43, 1418, 1, 22, NULL, '2022-06-14 09:44:00', '2022-09-05 11:38:00', 'no', '2022-06-03 05:51:15');
INSERT INTO `patient_bed_history` (`id`, `case_reference_id`, `bed_group_id`, `bed_id`, `revert_reason`, `from_date`, `to_date`, `is_active`, `created_at`) VALUES (44, 1635, 6, 15, NULL, '2022-07-05 17:30:00', NULL, 'yes', '2022-07-02 11:57:00');
INSERT INTO `patient_bed_history` (`id`, `case_reference_id`, `bed_group_id`, `bed_id`, `revert_reason`, `from_date`, `to_date`, `is_active`, `created_at`) VALUES (45, 1637, 1, 8, NULL, '2022-07-01 10:30:00', NULL, 'yes', '2022-07-02 12:02:53');
INSERT INTO `patient_bed_history` (`id`, `case_reference_id`, `bed_group_id`, `bed_id`, `revert_reason`, `from_date`, `to_date`, `is_active`, `created_at`) VALUES (46, 1640, 1, 22, NULL, '2022-07-05 13:00:00', '2023-05-26 11:31:00', 'no', '2022-07-02 12:35:34');
INSERT INTO `patient_bed_history` (`id`, `case_reference_id`, `bed_group_id`, `bed_id`, `revert_reason`, `from_date`, `to_date`, `is_active`, `created_at`) VALUES (47, 1655, 2, 2, NULL, '2022-08-04 04:42:00', '2023-11-10 13:38:00', 'no', '2022-08-04 04:53:18');
INSERT INTO `patient_bed_history` (`id`, `case_reference_id`, `bed_group_id`, `bed_id`, `revert_reason`, `from_date`, `to_date`, `is_active`, `created_at`) VALUES (48, 1672, 4, 36, NULL, '2022-08-10 06:19:00', '2024-02-22 13:48:00', 'no', '2022-08-04 08:37:52');
INSERT INTO `patient_bed_history` (`id`, `case_reference_id`, `bed_group_id`, `bed_id`, `revert_reason`, `from_date`, `to_date`, `is_active`, `created_at`) VALUES (49, 1680, 5, 12, NULL, '2022-08-04 11:02:00', NULL, 'yes', '2022-08-04 11:17:20');
INSERT INTO `patient_bed_history` (`id`, `case_reference_id`, `bed_group_id`, `bed_id`, `revert_reason`, `from_date`, `to_date`, `is_active`, `created_at`) VALUES (50, 1720, 1, 9, NULL, '2022-08-04 15:16:00', '2023-05-17 23:32:00', 'no', '2022-08-05 05:31:09');
INSERT INTO `patient_bed_history` (`id`, `case_reference_id`, `bed_group_id`, `bed_id`, `revert_reason`, `from_date`, `to_date`, `is_active`, `created_at`) VALUES (51, 1847, 6, 16, NULL, '2022-09-03 06:07:00', NULL, 'yes', '2022-09-03 07:52:23');
INSERT INTO `patient_bed_history` (`id`, `case_reference_id`, `bed_group_id`, `bed_id`, `revert_reason`, `from_date`, `to_date`, `is_active`, `created_at`) VALUES (52, 1871, 5, 34, NULL, '2022-09-05 06:26:00', NULL, 'yes', '2022-09-03 08:08:26');
INSERT INTO `patient_bed_history` (`id`, `case_reference_id`, `bed_group_id`, `bed_id`, `revert_reason`, `from_date`, `to_date`, `is_active`, `created_at`) VALUES (53, 1908, 3, 40, NULL, '2022-09-03 07:53:00', NULL, 'yes', '2022-09-03 09:24:34');
INSERT INTO `patient_bed_history` (`id`, `case_reference_id`, `bed_group_id`, `bed_id`, `revert_reason`, `from_date`, `to_date`, `is_active`, `created_at`) VALUES (54, 1970, 5, 35, NULL, '2022-09-03 09:57:00', '2023-05-22 13:30:00', 'no', '2022-09-03 10:04:30');
INSERT INTO `patient_bed_history` (`id`, `case_reference_id`, `bed_group_id`, `bed_id`, `revert_reason`, `from_date`, `to_date`, `is_active`, `created_at`) VALUES (55, 2002, 3, 42, NULL, '2022-09-03 11:10:00', NULL, 'yes', '2022-09-03 11:21:32');
INSERT INTO `patient_bed_history` (`id`, `case_reference_id`, `bed_group_id`, `bed_id`, `revert_reason`, `from_date`, `to_date`, `is_active`, `created_at`) VALUES (56, 2078, 4, 37, NULL, '2022-10-04 11:19:00', NULL, 'yes', '2022-10-04 09:43:26');
INSERT INTO `patient_bed_history` (`id`, `case_reference_id`, `bed_group_id`, `bed_id`, `revert_reason`, `from_date`, `to_date`, `is_active`, `created_at`) VALUES (57, 2070, 5, 13, NULL, '2022-10-03 12:50:00', '2024-12-12 18:30:00', 'no', '2022-10-04 09:55:45');
INSERT INTO `patient_bed_history` (`id`, `case_reference_id`, `bed_group_id`, `bed_id`, `revert_reason`, `from_date`, `to_date`, `is_active`, `created_at`) VALUES (58, 128, 6, 29, NULL, '2022-01-06 11:11:00', NULL, 'yes', '2022-10-04 10:16:43');
INSERT INTO `patient_bed_history` (`id`, `case_reference_id`, `bed_group_id`, `bed_id`, `revert_reason`, `from_date`, `to_date`, `is_active`, `created_at`) VALUES (59, 2113, 6, 26, NULL, '2022-10-12 11:10:00', NULL, 'yes', '2022-10-04 11:16:26');
INSERT INTO `patient_bed_history` (`id`, `case_reference_id`, `bed_group_id`, `bed_id`, `revert_reason`, `from_date`, `to_date`, `is_active`, `created_at`) VALUES (60, 2142, 6, 28, NULL, '2022-10-25 12:30:00', '2024-01-18 17:55:00', 'no', '2022-10-04 12:31:25');
INSERT INTO `patient_bed_history` (`id`, `case_reference_id`, `bed_group_id`, `bed_id`, `revert_reason`, `from_date`, `to_date`, `is_active`, `created_at`) VALUES (61, 2256, 5, 31, NULL, '2022-11-03 12:53:00', NULL, 'yes', '2022-11-03 06:02:41');
INSERT INTO `patient_bed_history` (`id`, `case_reference_id`, `bed_group_id`, `bed_id`, `revert_reason`, `from_date`, `to_date`, `is_active`, `created_at`) VALUES (62, 2219, 6, 27, NULL, '2022-11-07 10:30:00', NULL, 'yes', '2022-11-03 06:25:56');
INSERT INTO `patient_bed_history` (`id`, `case_reference_id`, `bed_group_id`, `bed_id`, `revert_reason`, `from_date`, `to_date`, `is_active`, `created_at`) VALUES (63, 2277, 7, 14, NULL, '2022-11-11 06:19:00', '2024-11-20 12:51:00', 'no', '2022-11-03 06:45:10');
INSERT INTO `patient_bed_history` (`id`, `case_reference_id`, `bed_group_id`, `bed_id`, `revert_reason`, `from_date`, `to_date`, `is_active`, `created_at`) VALUES (64, 2283, 6, 30, NULL, '2022-11-11 18:34:00', '2024-03-20 15:28:00', 'no', '2022-11-03 07:05:54');
INSERT INTO `patient_bed_history` (`id`, `case_reference_id`, `bed_group_id`, `bed_id`, `revert_reason`, `from_date`, `to_date`, `is_active`, `created_at`) VALUES (65, 2541, 1, 20, NULL, '2022-12-05 07:55:00', '2024-08-22 15:38:00', 'no', '2022-12-05 10:56:04');
INSERT INTO `patient_bed_history` (`id`, `case_reference_id`, `bed_group_id`, `bed_id`, `revert_reason`, `from_date`, `to_date`, `is_active`, `created_at`) VALUES (66, 2560, 5, 32, NULL, '2022-12-12 09:35:00', NULL, 'yes', '2022-12-05 11:12:54');
INSERT INTO `patient_bed_history` (`id`, `case_reference_id`, `bed_group_id`, `bed_id`, `revert_reason`, `from_date`, `to_date`, `is_active`, `created_at`) VALUES (67, 2573, 3, 10, NULL, '2022-12-16 17:30:00', NULL, 'yes', '2022-12-05 11:27:34');
INSERT INTO `patient_bed_history` (`id`, `case_reference_id`, `bed_group_id`, `bed_id`, `revert_reason`, `from_date`, `to_date`, `is_active`, `created_at`) VALUES (68, 2653, 7, 45, NULL, '2022-12-06 05:08:00', NULL, 'yes', '2022-12-06 05:20:24');
INSERT INTO `patient_bed_history` (`id`, `case_reference_id`, `bed_group_id`, `bed_id`, `revert_reason`, `from_date`, `to_date`, `is_active`, `created_at`) VALUES (69, 2791, 1, 22, NULL, '2023-01-05 07:50:00', NULL, 'yes', '2023-01-04 11:50:13');
INSERT INTO `patient_bed_history` (`id`, `case_reference_id`, `bed_group_id`, `bed_id`, `revert_reason`, `from_date`, `to_date`, `is_active`, `created_at`) VALUES (70, 2869, 5, 33, NULL, '2023-01-08 17:31:00', NULL, 'yes', '2023-01-04 12:07:20');
INSERT INTO `patient_bed_history` (`id`, `case_reference_id`, `bed_group_id`, `bed_id`, `revert_reason`, `from_date`, `to_date`, `is_active`, `created_at`) VALUES (71, 2876, 3, 41, NULL, '2023-01-12 17:50:00', NULL, 'yes', '2023-01-04 12:24:31');
INSERT INTO `patient_bed_history` (`id`, `case_reference_id`, `bed_group_id`, `bed_id`, `revert_reason`, `from_date`, `to_date`, `is_active`, `created_at`) VALUES (72, 3001, 4, 5, NULL, '2023-02-08 14:32:00', NULL, 'yes', '2023-02-01 09:12:47');
INSERT INTO `patient_bed_history` (`id`, `case_reference_id`, `bed_group_id`, `bed_id`, `revert_reason`, `from_date`, `to_date`, `is_active`, `created_at`) VALUES (73, 3005, 3, 43, NULL, '2023-02-01 15:10:00', NULL, 'yes', '2023-02-01 09:54:29');
INSERT INTO `patient_bed_history` (`id`, `case_reference_id`, `bed_group_id`, `bed_id`, `revert_reason`, `from_date`, `to_date`, `is_active`, `created_at`) VALUES (74, 3009, 4, 38, NULL, '2023-02-22 15:51:00', NULL, 'yes', '2023-02-01 10:24:19');
INSERT INTO `patient_bed_history` (`id`, `case_reference_id`, `bed_group_id`, `bed_id`, `revert_reason`, `from_date`, `to_date`, `is_active`, `created_at`) VALUES (75, 3187, 1, 23, NULL, '2023-03-06 13:29:00', NULL, 'yes', '2023-03-06 08:13:33');
INSERT INTO `patient_bed_history` (`id`, `case_reference_id`, `bed_group_id`, `bed_id`, `revert_reason`, `from_date`, `to_date`, `is_active`, `created_at`) VALUES (76, 3176, 6, 17, NULL, '2023-03-08 13:30:00', NULL, 'yes', '2023-03-06 09:17:22');
INSERT INTO `patient_bed_history` (`id`, `case_reference_id`, `bed_group_id`, `bed_id`, `revert_reason`, `from_date`, `to_date`, `is_active`, `created_at`) VALUES (77, 3197, 1, 24, NULL, '2023-03-12 17:30:00', NULL, 'yes', '2023-03-06 10:08:40');
INSERT INTO `patient_bed_history` (`id`, `case_reference_id`, `bed_group_id`, `bed_id`, `revert_reason`, `from_date`, `to_date`, `is_active`, `created_at`) VALUES (78, 3165, 4, 39, NULL, '2023-03-18 12:17:00', '2023-07-20 12:11:00', 'no', '2023-03-06 10:23:04');
INSERT INTO `patient_bed_history` (`id`, `case_reference_id`, `bed_group_id`, `bed_id`, `revert_reason`, `from_date`, `to_date`, `is_active`, `created_at`) VALUES (79, 3380, 7, 44, NULL, '2023-03-07 14:30:00', '2023-04-04 14:49:00', 'no', '2023-03-07 09:02:03');
INSERT INTO `patient_bed_history` (`id`, `case_reference_id`, `bed_group_id`, `bed_id`, `revert_reason`, `from_date`, `to_date`, `is_active`, `created_at`) VALUES (80, 3464, 7, 46, NULL, '2023-04-03 17:55:00', NULL, 'yes', '2023-04-04 07:05:11');
INSERT INTO `patient_bed_history` (`id`, `case_reference_id`, `bed_group_id`, `bed_id`, `revert_reason`, `from_date`, `to_date`, `is_active`, `created_at`) VALUES (81, 3496, 7, 47, NULL, '2023-04-04 11:55:00', NULL, 'yes', '2023-04-04 07:36:36');
INSERT INTO `patient_bed_history` (`id`, `case_reference_id`, `bed_group_id`, `bed_id`, `revert_reason`, `from_date`, `to_date`, `is_active`, `created_at`) VALUES (82, 3527, 1, 25, NULL, '2023-04-04 13:49:00', NULL, 'yes', '2023-04-04 09:35:43');
INSERT INTO `patient_bed_history` (`id`, `case_reference_id`, `bed_group_id`, `bed_id`, `revert_reason`, `from_date`, `to_date`, `is_active`, `created_at`) VALUES (83, 3703, 2, 7, NULL, '2023-05-04 18:35:00', NULL, 'yes', '2023-05-04 06:00:25');
INSERT INTO `patient_bed_history` (`id`, `case_reference_id`, `bed_group_id`, `bed_id`, `revert_reason`, `from_date`, `to_date`, `is_active`, `created_at`) VALUES (84, 3704, 7, 44, NULL, '2023-05-29 18:37:00', '2024-06-01 17:46:00', 'no', '2023-05-04 06:40:54');
INSERT INTO `patient_bed_history` (`id`, `case_reference_id`, `bed_group_id`, `bed_id`, `revert_reason`, `from_date`, `to_date`, `is_active`, `created_at`) VALUES (85, 3707, 7, 48, NULL, '2023-05-25 18:47:00', NULL, 'yes', '2023-05-04 08:55:45');
INSERT INTO `patient_bed_history` (`id`, `case_reference_id`, `bed_group_id`, `bed_id`, `revert_reason`, `from_date`, `to_date`, `is_active`, `created_at`) VALUES (86, 3923, 7, 47, NULL, '2023-06-30 18:07:00', '2023-07-30 12:12:00', 'no', '2023-06-06 09:17:56');
INSERT INTO `patient_bed_history` (`id`, `case_reference_id`, `bed_group_id`, `bed_id`, `revert_reason`, `from_date`, `to_date`, `is_active`, `created_at`) VALUES (87, 4131, 7, 52, NULL, '2023-06-23 15:37:00', NULL, 'yes', '2023-06-06 10:22:19');
INSERT INTO `patient_bed_history` (`id`, `case_reference_id`, `bed_group_id`, `bed_id`, `revert_reason`, `from_date`, `to_date`, `is_active`, `created_at`) VALUES (88, 4213, 6, 16, NULL, '2023-07-06 11:41:00', NULL, 'yes', '2023-07-06 06:33:46');
INSERT INTO `patient_bed_history` (`id`, `case_reference_id`, `bed_group_id`, `bed_id`, `revert_reason`, `from_date`, `to_date`, `is_active`, `created_at`) VALUES (89, 4226, 2, 3, NULL, '2023-07-22 12:13:00', NULL, 'yes', '2023-07-06 06:53:34');
INSERT INTO `patient_bed_history` (`id`, `case_reference_id`, `bed_group_id`, `bed_id`, `revert_reason`, `from_date`, `to_date`, `is_active`, `created_at`) VALUES (90, 4468, 4, 37, NULL, '2023-08-02 17:24:00', '2024-07-12 12:52:00', 'no', '2023-08-02 12:03:04');
INSERT INTO `patient_bed_history` (`id`, `case_reference_id`, `bed_group_id`, `bed_id`, `revert_reason`, `from_date`, `to_date`, `is_active`, `created_at`) VALUES (91, 4479, 2, 7, NULL, '2023-08-22 17:47:00', NULL, 'yes', '2023-08-02 12:24:44');
INSERT INTO `patient_bed_history` (`id`, `case_reference_id`, `bed_group_id`, `bed_id`, `revert_reason`, `from_date`, `to_date`, `is_active`, `created_at`) VALUES (92, 4723, 4, 39, NULL, '2023-09-16 12:10:00', '2024-05-02 13:46:00', 'no', '2023-09-04 06:59:56');
INSERT INTO `patient_bed_history` (`id`, `case_reference_id`, `bed_group_id`, `bed_id`, `revert_reason`, `from_date`, `to_date`, `is_active`, `created_at`) VALUES (93, 4743, 3, 10, NULL, '2023-09-26 12:46:00', NULL, 'yes', '2023-09-04 07:21:24');
INSERT INTO `patient_bed_history` (`id`, `case_reference_id`, `bed_group_id`, `bed_id`, `revert_reason`, `from_date`, `to_date`, `is_active`, `created_at`) VALUES (94, 4747, 6, 26, NULL, '2023-09-28 13:03:00', '2024-05-21 16:09:00', 'no', '2023-09-04 07:37:43');
INSERT INTO `patient_bed_history` (`id`, `case_reference_id`, `bed_group_id`, `bed_id`, `revert_reason`, `from_date`, `to_date`, `is_active`, `created_at`) VALUES (95, 4860, 6, 11, NULL, '2023-10-08 15:07:00', NULL, 'yes', '2023-10-04 11:46:11');
INSERT INTO `patient_bed_history` (`id`, `case_reference_id`, `bed_group_id`, `bed_id`, `revert_reason`, `from_date`, `to_date`, `is_active`, `created_at`) VALUES (96, 4896, 5, 12, NULL, '2023-10-18 17:37:00', NULL, 'yes', '2023-10-05 04:41:35');
INSERT INTO `patient_bed_history` (`id`, `case_reference_id`, `bed_group_id`, `bed_id`, `revert_reason`, `from_date`, `to_date`, `is_active`, `created_at`) VALUES (97, 4991, 3, 6, NULL, '2023-10-28 12:26:00', NULL, 'yes', '2023-10-05 06:58:42');
INSERT INTO `patient_bed_history` (`id`, `case_reference_id`, `bed_group_id`, `bed_id`, `revert_reason`, `from_date`, `to_date`, `is_active`, `created_at`) VALUES (98, 5085, 6, 15, NULL, '2023-11-08 13:09:00', NULL, 'yes', '2023-11-03 07:54:45');
INSERT INTO `patient_bed_history` (`id`, `case_reference_id`, `bed_group_id`, `bed_id`, `revert_reason`, `from_date`, `to_date`, `is_active`, `created_at`) VALUES (99, 5094, 6, 27, NULL, '2023-11-20 13:09:00', NULL, 'yes', '2023-11-03 09:24:27');
INSERT INTO `patient_bed_history` (`id`, `case_reference_id`, `bed_group_id`, `bed_id`, `revert_reason`, `from_date`, `to_date`, `is_active`, `created_at`) VALUES (100, 5304, 6, 17, NULL, '2023-12-12 12:39:00', NULL, 'yes', '2023-12-04 07:21:45');
INSERT INTO `patient_bed_history` (`id`, `case_reference_id`, `bed_group_id`, `bed_id`, `revert_reason`, `from_date`, `to_date`, `is_active`, `created_at`) VALUES (101, 5307, 2, 2, NULL, '2023-12-18 17:40:00', NULL, 'yes', '2023-12-04 07:42:42');
INSERT INTO `patient_bed_history` (`id`, `case_reference_id`, `bed_group_id`, `bed_id`, `revert_reason`, `from_date`, `to_date`, `is_active`, `created_at`) VALUES (102, 5456, 5, 34, NULL, '2024-01-12 12:45:00', NULL, 'yes', '2024-01-03 12:43:06');
INSERT INTO `patient_bed_history` (`id`, `case_reference_id`, `bed_group_id`, `bed_id`, `revert_reason`, `from_date`, `to_date`, `is_active`, `created_at`) VALUES (103, 5709, 6, 11, NULL, '2024-02-05 15:04:00', NULL, 'yes', '2024-02-01 09:43:14');
INSERT INTO `patient_bed_history` (`id`, `case_reference_id`, `bed_group_id`, `bed_id`, `revert_reason`, `from_date`, `to_date`, `is_active`, `created_at`) VALUES (104, 5827, 1, 1, NULL, '2024-03-01 12:48:00', NULL, 'yes', '2024-03-01 07:26:13');
INSERT INTO `patient_bed_history` (`id`, `case_reference_id`, `bed_group_id`, `bed_id`, `revert_reason`, `from_date`, `to_date`, `is_active`, `created_at`) VALUES (105, 5891, 6, 16, NULL, '2024-04-12 12:30:00', NULL, 'yes', '2024-04-01 11:12:42');
INSERT INTO `patient_bed_history` (`id`, `case_reference_id`, `bed_group_id`, `bed_id`, `revert_reason`, `from_date`, `to_date`, `is_active`, `created_at`) VALUES (106, 6182, 1, 8, NULL, '2024-05-25 11:42:00', NULL, 'yes', '2024-05-02 07:07:33');
INSERT INTO `patient_bed_history` (`id`, `case_reference_id`, `bed_group_id`, `bed_id`, `revert_reason`, `from_date`, `to_date`, `is_active`, `created_at`) VALUES (107, 6290, 6, 17, NULL, '2024-06-15 14:51:00', NULL, 'yes', '2024-06-01 12:08:06');
INSERT INTO `patient_bed_history` (`id`, `case_reference_id`, `bed_group_id`, `bed_id`, `revert_reason`, `from_date`, `to_date`, `is_active`, `created_at`) VALUES (108, 6457, 1, 18, NULL, '2024-07-10 11:53:00', NULL, 'yes', '2024-07-01 09:18:32');
INSERT INTO `patient_bed_history` (`id`, `case_reference_id`, `bed_group_id`, `bed_id`, `revert_reason`, `from_date`, `to_date`, `is_active`, `created_at`) VALUES (109, 6604, 1, 9, NULL, '2024-08-08 12:16:00', NULL, 'yes', '2024-08-02 07:55:46');
INSERT INTO `patient_bed_history` (`id`, `case_reference_id`, `bed_group_id`, `bed_id`, `revert_reason`, `from_date`, `to_date`, `is_active`, `created_at`) VALUES (110, 6721, 1, 19, NULL, '2024-10-22 17:15:00', NULL, 'yes', '2024-10-04 11:13:05');
INSERT INTO `patient_bed_history` (`id`, `case_reference_id`, `bed_group_id`, `bed_id`, `revert_reason`, `from_date`, `to_date`, `is_active`, `created_at`) VALUES (111, 6801, 2, 2, NULL, '2024-11-12 17:00:00', NULL, 'yes', '2024-11-07 06:46:49');
INSERT INTO `patient_bed_history` (`id`, `case_reference_id`, `bed_group_id`, `bed_id`, `revert_reason`, `from_date`, `to_date`, `is_active`, `created_at`) VALUES (112, 6849, 2, 3, NULL, '2024-12-05 17:54:00', NULL, 'yes', '2024-12-05 12:31:52');


#
# TABLE STRUCTURE FOR: patient_charges
#


CREATE TABLE `patient_charges` (
  `id` int NOT NULL AUTO_INCREMENT,
  `date` datetime DEFAULT NULL,
  `ipd_id` int DEFAULT NULL,
  `opd_id` int DEFAULT NULL,
  `qty` int DEFAULT NULL,
  `charge_id` int DEFAULT NULL,
  `standard_charge` float(10,2) DEFAULT '0.00',
  `tpa_charge` float(10,2) DEFAULT '0.00',
  `discount_percentage` float(10,2) DEFAULT '0.00',
  `tax` float(10,2) DEFAULT '0.00',
  `apply_charge` float(10,2) DEFAULT '0.00',
  `amount` float(10,2) DEFAULT '0.00',
  `note` text,
  `organisation_id` int DEFAULT NULL,
  `insurance_validity` date DEFAULT NULL,
  `insurance_id` varchar(250) DEFAULT NULL,
  `created_at` timestamp NOT NULL DEFAULT CURRENT_TIMESTAMP,
  PRIMARY KEY (`id`),
  KEY `opd_id` (`opd_id`),
  KEY `ipd_id` (`ipd_id`),
  KEY `charge_id` (`charge_id`),
  KEY `organisation_id` (`organisation_id`),
  KEY `index_qty` (`qty`),
  KEY `index_standard_charge` (`standard_charge`),
  KEY `index_tpa_charge` (`tpa_charge`),
  KEY `index_discount_percentage` (`discount_percentage`),
  KEY `index_tax` (`tax`),
  KEY `index_apply_charge` (`apply_charge`),
  KEY `index_amount` (`amount`),
  CONSTRAINT `patient_charges_ibfk_1` FOREIGN KEY (`opd_id`) REFERENCES `opd_details` (`id`) ON DELETE CASCADE,
  CONSTRAINT `patient_charges_ibfk_2` FOREIGN KEY (`ipd_id`) REFERENCES `ipd_details` (`id`) ON DELETE CASCADE,
  CONSTRAINT `patient_charges_ibfk_3` FOREIGN KEY (`charge_id`) REFERENCES `charges` (`id`) ON DELETE CASCADE,
  CONSTRAINT `patient_charges_ibfk_4` FOREIGN KEY (`organisation_id`) REFERENCES `organisation` (`id`) ON DELETE CASCADE
) ENGINE=InnoDB AUTO_INCREMENT=7351 DEFAULT CHARSET=utf8mb3;

INSERT INTO `patient_charges` (`id`, `date`, `ipd_id`, `opd_id`, `qty`, `charge_id`, `standard_charge`, `tpa_charge`, `discount_percentage`, `tax`, `apply_charge`, `amount`, `note`, `organisation_id`, `insurance_validity`, `insurance_id`, `created_at`) VALUES (3071, '2023-01-04 17:46:05', NULL, 2851, 1, 9, '120.00', '0.00', '0.00', '20.00', '120.00', '144.00', 'Sansa Gomez', NULL, NULL, NULL, '2023-01-04 17:46:05');
INSERT INTO `patient_charges` (`id`, `date`, `ipd_id`, `opd_id`, `qty`, `charge_id`, `standard_charge`, `tpa_charge`, `discount_percentage`, `tax`, `apply_charge`, `amount`, `note`, `organisation_id`, `insurance_validity`, `insurance_id`, `created_at`) VALUES (3210, '2023-02-01 15:10:00', NULL, 2981, 1, 9, '120.00', '0.00', '0.00', '20.00', '120.00', '144.00', 'Amit  Singh', NULL, NULL, NULL, '2023-02-01 15:10:00');
INSERT INTO `patient_charges` (`id`, `date`, `ipd_id`, `opd_id`, `qty`, `charge_id`, `standard_charge`, `tpa_charge`, `discount_percentage`, `tax`, `apply_charge`, `amount`, `note`, `organisation_id`, `insurance_validity`, `insurance_id`, `created_at`) VALUES (3296, '2023-02-02 16:29:31', NULL, 3061, 1, 9, '120.00', '0.00', '0.00', '20.00', '120.00', '144.00', 'Sonia Bush', NULL, NULL, NULL, '2023-02-02 16:29:31');
INSERT INTO `patient_charges` (`id`, `date`, `ipd_id`, `opd_id`, `qty`, `charge_id`, `standard_charge`, `tpa_charge`, `discount_percentage`, `tax`, `apply_charge`, `amount`, `note`, `organisation_id`, `insurance_validity`, `insurance_id`, `created_at`) VALUES (3363, '2023-02-02 18:19:23', NULL, 3128, 1, NULL, NULL, '0.00', '0.00', NULL, NULL, NULL, NULL, NULL, NULL, NULL, '2023-02-02 18:19:23');
INSERT INTO `patient_charges` (`id`, `date`, `ipd_id`, `opd_id`, `qty`, `charge_id`, `standard_charge`, `tpa_charge`, `discount_percentage`, `tax`, `apply_charge`, `amount`, `note`, `organisation_id`, `insurance_validity`, `insurance_id`, `created_at`) VALUES (3937, '2023-05-03 18:37:49', NULL, 3680, 1, 9, '120.00', '0.00', '0.00', '20.00', '120.00', '144.00', NULL, NULL, NULL, NULL, '2023-05-03 18:37:49');
INSERT INTO `patient_charges` (`id`, `date`, `ipd_id`, `opd_id`, `qty`, `charge_id`, `standard_charge`, `tpa_charge`, `discount_percentage`, `tax`, `apply_charge`, `amount`, `note`, `organisation_id`, `insurance_validity`, `insurance_id`, `created_at`) VALUES (4013, '2023-05-04 13:10:27', NULL, 3743, 1, NULL, NULL, '0.00', '0.00', NULL, NULL, NULL, NULL, NULL, NULL, NULL, '2023-05-04 13:10:27');
INSERT INTO `patient_charges` (`id`, `date`, `ipd_id`, `opd_id`, `qty`, `charge_id`, `standard_charge`, `tpa_charge`, `discount_percentage`, `tax`, `apply_charge`, `amount`, `note`, `organisation_id`, `insurance_validity`, `insurance_id`, `created_at`) VALUES (4372, '2023-06-05 17:00:15', NULL, 4101, 1, NULL, NULL, '0.00', '0.00', NULL, NULL, NULL, NULL, NULL, NULL, NULL, '2023-06-05 17:00:15');
INSERT INTO `patient_charges` (`id`, `date`, `ipd_id`, `opd_id`, `qty`, `charge_id`, `standard_charge`, `tpa_charge`, `discount_percentage`, `tax`, `apply_charge`, `amount`, `note`, `organisation_id`, `insurance_validity`, `insurance_id`, `created_at`) VALUES (4727, '2023-08-02 17:24:56', NULL, 4444, 1, 9, '120.00', '0.00', '0.00', '20.00', '120.00', '144.00', 'Amit  Singh', NULL, NULL, NULL, '2023-08-02 17:24:56');
INSERT INTO `patient_charges` (`id`, `date`, `ipd_id`, `opd_id`, `qty`, `charge_id`, `standard_charge`, `tpa_charge`, `discount_percentage`, `tax`, `apply_charge`, `amount`, `note`, `organisation_id`, `insurance_validity`, `insurance_id`, `created_at`) VALUES (4832, '2023-08-03 12:44:10', NULL, 4547, 1, 9, '120.00', '0.00', '0.00', '20.00', '120.00', '144.00', NULL, NULL, NULL, NULL, '2023-08-03 12:44:10');
INSERT INTO `patient_charges` (`id`, `date`, `ipd_id`, `opd_id`, `qty`, `charge_id`, `standard_charge`, `tpa_charge`, `discount_percentage`, `tax`, `apply_charge`, `amount`, `note`, `organisation_id`, `insurance_validity`, `insurance_id`, `created_at`) VALUES (4884, '2023-08-03 15:52:26', NULL, 4599, 1, 9, '120.00', '0.00', '0.00', '20.00', '120.00', '144.00', NULL, NULL, NULL, NULL, '2023-08-03 15:52:26');
INSERT INTO `patient_charges` (`id`, `date`, `ipd_id`, `opd_id`, `qty`, `charge_id`, `standard_charge`, `tpa_charge`, `discount_percentage`, `tax`, `apply_charge`, `amount`, `note`, `organisation_id`, `insurance_validity`, `insurance_id`, `created_at`) VALUES (4999, '2023-09-04 12:10:32', NULL, 4699, 1, 9, '120.00', '0.00', '0.00', '20.00', '120.00', '144.00', 'Amit  Singh', NULL, NULL, NULL, '2023-09-04 12:10:32');
INSERT INTO `patient_charges` (`id`, `date`, `ipd_id`, `opd_id`, `qty`, `charge_id`, `standard_charge`, `tpa_charge`, `discount_percentage`, `tax`, `apply_charge`, `amount`, `note`, `organisation_id`, `insurance_validity`, `insurance_id`, `created_at`) VALUES (5021, '2023-09-04 12:46:37', NULL, 4719, 1, 9, '120.00', '0.00', '0.00', '20.00', '120.00', '144.00', 'Amit  Singh', NULL, NULL, NULL, '2023-09-04 12:46:37');
INSERT INTO `patient_charges` (`id`, `date`, `ipd_id`, `opd_id`, `qty`, `charge_id`, `standard_charge`, `tpa_charge`, `discount_percentage`, `tax`, `apply_charge`, `amount`, `note`, `organisation_id`, `insurance_validity`, `insurance_id`, `created_at`) VALUES (5027, '2023-09-04 13:03:24', NULL, 4723, 1, 9, '120.00', '0.00', '0.00', '20.00', '120.00', '144.00', 'Sonia Bush', NULL, NULL, NULL, '2023-09-04 13:03:24');
INSERT INTO `patient_charges` (`id`, `date`, `ipd_id`, `opd_id`, `qty`, `charge_id`, `standard_charge`, `tpa_charge`, `discount_percentage`, `tax`, `apply_charge`, `amount`, `note`, `organisation_id`, `insurance_validity`, `insurance_id`, `created_at`) VALUES (5033, '2023-09-04 13:24:20', NULL, 4726, 1, 9, '120.00', '0.00', '0.00', '20.00', '120.00', '144.00', NULL, NULL, NULL, NULL, '2023-09-04 13:24:20');
INSERT INTO `patient_charges` (`id`, `date`, `ipd_id`, `opd_id`, `qty`, `charge_id`, `standard_charge`, `tpa_charge`, `discount_percentage`, `tax`, `apply_charge`, `amount`, `note`, `organisation_id`, `insurance_validity`, `insurance_id`, `created_at`) VALUES (5049, '2023-09-04 14:53:08', NULL, 4742, 1, 9, '120.00', '0.00', '0.00', '20.00', '120.00', '144.00', 'Sonia Bush', NULL, NULL, NULL, '2023-09-04 14:53:08');
INSERT INTO `patient_charges` (`id`, `date`, `ipd_id`, `opd_id`, `qty`, `charge_id`, `standard_charge`, `tpa_charge`, `discount_percentage`, `tax`, `apply_charge`, `amount`, `note`, `organisation_id`, `insurance_validity`, `insurance_id`, `created_at`) VALUES (5051, '2023-09-04 14:55:09', NULL, 4744, 1, 9, '120.00', '0.00', '0.00', '20.00', '120.00', '144.00', 'Sonia Bush', NULL, NULL, NULL, '2023-09-04 14:55:09');
INSERT INTO `patient_charges` (`id`, `date`, `ipd_id`, `opd_id`, `qty`, `charge_id`, `standard_charge`, `tpa_charge`, `discount_percentage`, `tax`, `apply_charge`, `amount`, `note`, `organisation_id`, `insurance_validity`, `insurance_id`, `created_at`) VALUES (5088, '2023-09-04 16:40:21', NULL, 4781, 1, 9, '120.00', '0.00', '0.00', '20.00', '120.00', '144.00', 'Sonia Bush', NULL, NULL, NULL, '2023-09-04 16:40:21');
INSERT INTO `patient_charges` (`id`, `date`, `ipd_id`, `opd_id`, `qty`, `charge_id`, `standard_charge`, `tpa_charge`, `discount_percentage`, `tax`, `apply_charge`, `amount`, `note`, `organisation_id`, `insurance_validity`, `insurance_id`, `created_at`) VALUES (5095, '2023-09-04 16:47:41', NULL, 4788, 1, 9, '120.00', '0.00', '0.00', '20.00', '120.00', '144.00', 'Sonia Bush', NULL, NULL, NULL, '2023-09-04 16:47:41');
INSERT INTO `patient_charges` (`id`, `date`, `ipd_id`, `opd_id`, `qty`, `charge_id`, `standard_charge`, `tpa_charge`, `discount_percentage`, `tax`, `apply_charge`, `amount`, `note`, `organisation_id`, `insurance_validity`, `insurance_id`, `created_at`) VALUES (5112, '2023-09-04 17:10:26', NULL, 4805, 1, 9, '120.00', '0.00', '0.00', '20.00', '120.00', '144.00', NULL, NULL, NULL, NULL, '2023-09-04 17:10:26');
INSERT INTO `patient_charges` (`id`, `date`, `ipd_id`, `opd_id`, `qty`, `charge_id`, `standard_charge`, `tpa_charge`, `discount_percentage`, `tax`, `apply_charge`, `amount`, `note`, `organisation_id`, `insurance_validity`, `insurance_id`, `created_at`) VALUES (5116, '2023-09-04 17:25:21', NULL, 4809, 1, 9, '120.00', '0.00', '0.00', '20.00', '120.00', '144.00', NULL, NULL, NULL, NULL, '2023-09-04 17:25:21');
INSERT INTO `patient_charges` (`id`, `date`, `ipd_id`, `opd_id`, `qty`, `charge_id`, `standard_charge`, `tpa_charge`, `discount_percentage`, `tax`, `apply_charge`, `amount`, `note`, `organisation_id`, `insurance_validity`, `insurance_id`, `created_at`) VALUES (5124, '2023-10-04 13:31:35', NULL, 4817, 1, 9, '120.00', '0.00', '0.00', '20.00', '120.00', '144.00', 'Amit  Singh', NULL, NULL, NULL, '2023-10-04 13:31:35');
INSERT INTO `patient_charges` (`id`, `date`, `ipd_id`, `opd_id`, `qty`, `charge_id`, `standard_charge`, `tpa_charge`, `discount_percentage`, `tax`, `apply_charge`, `amount`, `note`, `organisation_id`, `insurance_validity`, `insurance_id`, `created_at`) VALUES (5126, '2023-10-04 13:34:32', NULL, 4819, 1, 9, '120.00', '0.00', '0.00', '20.00', '120.00', '144.00', 'Amit  Singh', NULL, NULL, NULL, '2023-10-04 13:34:32');
INSERT INTO `patient_charges` (`id`, `date`, `ipd_id`, `opd_id`, `qty`, `charge_id`, `standard_charge`, `tpa_charge`, `discount_percentage`, `tax`, `apply_charge`, `amount`, `note`, `organisation_id`, `insurance_validity`, `insurance_id`, `created_at`) VALUES (5127, '2023-10-04 13:35:51', NULL, 4820, 1, 9, '120.00', '0.00', '0.00', '20.00', '120.00', '144.00', 'Amit  Singh', NULL, NULL, NULL, '2023-10-04 13:35:51');
INSERT INTO `patient_charges` (`id`, `date`, `ipd_id`, `opd_id`, `qty`, `charge_id`, `standard_charge`, `tpa_charge`, `discount_percentage`, `tax`, `apply_charge`, `amount`, `note`, `organisation_id`, `insurance_validity`, `insurance_id`, `created_at`) VALUES (5128, '2023-10-04 13:38:12', NULL, 4821, 1, 9, '120.00', '0.00', '0.00', '20.00', '120.00', '144.00', 'Amit  Singh', NULL, NULL, NULL, '2023-10-04 13:38:12');
INSERT INTO `patient_charges` (`id`, `date`, `ipd_id`, `opd_id`, `qty`, `charge_id`, `standard_charge`, `tpa_charge`, `discount_percentage`, `tax`, `apply_charge`, `amount`, `note`, `organisation_id`, `insurance_validity`, `insurance_id`, `created_at`) VALUES (5129, '2023-10-04 13:40:30', NULL, 4822, 1, 9, '120.00', '0.00', '0.00', '20.00', '120.00', '144.00', 'Amit  Singh', NULL, NULL, NULL, '2023-10-04 13:40:30');
INSERT INTO `patient_charges` (`id`, `date`, `ipd_id`, `opd_id`, `qty`, `charge_id`, `standard_charge`, `tpa_charge`, `discount_percentage`, `tax`, `apply_charge`, `amount`, `note`, `organisation_id`, `insurance_validity`, `insurance_id`, `created_at`) VALUES (5130, '2023-10-04 13:42:19', NULL, 4823, 1, 9, '120.00', '0.00', '0.00', '20.00', '120.00', '144.00', 'Amit  Singh', NULL, NULL, NULL, '2023-10-04 13:42:19');
INSERT INTO `patient_charges` (`id`, `date`, `ipd_id`, `opd_id`, `qty`, `charge_id`, `standard_charge`, `tpa_charge`, `discount_percentage`, `tax`, `apply_charge`, `amount`, `note`, `organisation_id`, `insurance_validity`, `insurance_id`, `created_at`) VALUES (5144, '2023-10-04 15:24:34', NULL, 4837, 1, 9, '120.00', '0.00', '0.00', '20.00', '120.00', '144.00', 'Sonia Bush', NULL, NULL, NULL, '2023-10-04 15:24:34');
INSERT INTO `patient_charges` (`id`, `date`, `ipd_id`, `opd_id`, `qty`, `charge_id`, `standard_charge`, `tpa_charge`, `discount_percentage`, `tax`, `apply_charge`, `amount`, `note`, `organisation_id`, `insurance_validity`, `insurance_id`, `created_at`) VALUES (5179, '2023-10-04 17:29:55', NULL, 4870, 1, 9, '120.00', '0.00', '0.00', '20.00', '120.00', '144.00', 'Reyan Jain', NULL, NULL, NULL, '2023-10-04 17:29:55');
INSERT INTO `patient_charges` (`id`, `date`, `ipd_id`, `opd_id`, `qty`, `charge_id`, `standard_charge`, `tpa_charge`, `discount_percentage`, `tax`, `apply_charge`, `amount`, `note`, `organisation_id`, `insurance_validity`, `insurance_id`, `created_at`) VALUES (5184, '2023-10-04 17:37:33', NULL, 4872, 1, 9, '120.00', '0.00', '0.00', '20.00', '120.00', '144.00', 'Reyan Jain', NULL, NULL, NULL, '2023-10-04 17:37:33');
INSERT INTO `patient_charges` (`id`, `date`, `ipd_id`, `opd_id`, `qty`, `charge_id`, `standard_charge`, `tpa_charge`, `discount_percentage`, `tax`, `apply_charge`, `amount`, `note`, `organisation_id`, `insurance_validity`, `insurance_id`, `created_at`) VALUES (5282, '2023-10-05 12:26:37', NULL, 4966, 1, 9, '120.00', '0.00', '0.00', '20.00', '120.00', '144.00', 'Sonia Bush', NULL, NULL, NULL, '2023-10-05 12:26:37');
INSERT INTO `patient_charges` (`id`, `date`, `ipd_id`, `opd_id`, `qty`, `charge_id`, `standard_charge`, `tpa_charge`, `discount_percentage`, `tax`, `apply_charge`, `amount`, `note`, `organisation_id`, `insurance_validity`, `insurance_id`, `created_at`) VALUES (5283, '2023-10-05 12:26:56', NULL, 4967, 1, 9, '120.00', '0.00', '0.00', '20.00', '120.00', '144.00', 'Sansa Gomez', NULL, NULL, NULL, '2023-10-05 12:26:56');
INSERT INTO `patient_charges` (`id`, `date`, `ipd_id`, `opd_id`, `qty`, `charge_id`, `standard_charge`, `tpa_charge`, `discount_percentage`, `tax`, `apply_charge`, `amount`, `note`, `organisation_id`, `insurance_validity`, `insurance_id`, `created_at`) VALUES (5368, '2023-11-03 12:20:45', NULL, 5050, 1, 9, '120.00', '0.00', '0.00', '20.00', '120.00', '144.00', 'Amit  Singh', NULL, NULL, NULL, '2023-11-03 12:20:45');
INSERT INTO `patient_charges` (`id`, `date`, `ipd_id`, `opd_id`, `qty`, `charge_id`, `standard_charge`, `tpa_charge`, `discount_percentage`, `tax`, `apply_charge`, `amount`, `note`, `organisation_id`, `insurance_validity`, `insurance_id`, `created_at`) VALUES (5379, '2023-11-03 13:19:59', NULL, 5061, 1, 9, '120.00', '0.00', '0.00', '20.00', '120.00', '144.00', NULL, NULL, NULL, NULL, '2023-11-03 13:19:59');
INSERT INTO `patient_charges` (`id`, `date`, `ipd_id`, `opd_id`, `qty`, `charge_id`, `standard_charge`, `tpa_charge`, `discount_percentage`, `tax`, `apply_charge`, `amount`, `note`, `organisation_id`, `insurance_validity`, `insurance_id`, `created_at`) VALUES (5383, '2023-11-03 13:26:45', NULL, 5065, 1, 9, '120.00', '0.00', '0.00', '20.00', '120.00', '144.00', NULL, NULL, NULL, NULL, '2023-11-03 13:26:45');
INSERT INTO `patient_charges` (`id`, `date`, `ipd_id`, `opd_id`, `qty`, `charge_id`, `standard_charge`, `tpa_charge`, `discount_percentage`, `tax`, `apply_charge`, `amount`, `note`, `organisation_id`, `insurance_validity`, `insurance_id`, `created_at`) VALUES (5411, '2023-11-03 15:23:24', NULL, 5083, 1, 9, '120.00', '0.00', '0.00', '20.00', '120.00', '144.00', NULL, NULL, NULL, NULL, '2023-11-03 15:23:24');
INSERT INTO `patient_charges` (`id`, `date`, `ipd_id`, `opd_id`, `qty`, `charge_id`, `standard_charge`, `tpa_charge`, `discount_percentage`, `tax`, `apply_charge`, `amount`, `note`, `organisation_id`, `insurance_validity`, `insurance_id`, `created_at`) VALUES (5431, '2023-11-03 15:36:36', NULL, 5103, 1, 9, '120.00', '0.00', '0.00', '20.00', '120.00', '144.00', NULL, NULL, NULL, NULL, '2023-11-03 15:36:36');
INSERT INTO `patient_charges` (`id`, `date`, `ipd_id`, `opd_id`, `qty`, `charge_id`, `standard_charge`, `tpa_charge`, `discount_percentage`, `tax`, `apply_charge`, `amount`, `note`, `organisation_id`, `insurance_validity`, `insurance_id`, `created_at`) VALUES (5457, '2023-11-03 16:34:58', NULL, 5129, 1, 9, '120.00', '0.00', '0.00', '20.00', '120.00', '144.00', 'Sansa Gomez', NULL, NULL, NULL, '2023-11-03 16:34:58');
INSERT INTO `patient_charges` (`id`, `date`, `ipd_id`, `opd_id`, `qty`, `charge_id`, `standard_charge`, `tpa_charge`, `discount_percentage`, `tax`, `apply_charge`, `amount`, `note`, `organisation_id`, `insurance_validity`, `insurance_id`, `created_at`) VALUES (5458, '2023-11-03 16:35:43', NULL, 5130, 1, 9, '120.00', '0.00', '0.00', '20.00', '120.00', '144.00', 'Sansa Gomez', NULL, NULL, NULL, '2023-11-03 16:35:43');
INSERT INTO `patient_charges` (`id`, `date`, `ipd_id`, `opd_id`, `qty`, `charge_id`, `standard_charge`, `tpa_charge`, `discount_percentage`, `tax`, `apply_charge`, `amount`, `note`, `organisation_id`, `insurance_validity`, `insurance_id`, `created_at`) VALUES (5459, '2023-11-03 16:36:28', NULL, 5131, 1, 9, '120.00', '0.00', '0.00', '20.00', '120.00', '144.00', 'Sansa Gomez', NULL, NULL, NULL, '2023-11-03 16:36:28');
INSERT INTO `patient_charges` (`id`, `date`, `ipd_id`, `opd_id`, `qty`, `charge_id`, `standard_charge`, `tpa_charge`, `discount_percentage`, `tax`, `apply_charge`, `amount`, `note`, `organisation_id`, `insurance_validity`, `insurance_id`, `created_at`) VALUES (5460, '2023-11-03 16:40:02', NULL, 5132, 1, 9, '120.00', '0.00', '0.00', '20.00', '120.00', '144.00', NULL, NULL, NULL, NULL, '2023-11-03 16:40:02');
INSERT INTO `patient_charges` (`id`, `date`, `ipd_id`, `opd_id`, `qty`, `charge_id`, `standard_charge`, `tpa_charge`, `discount_percentage`, `tax`, `apply_charge`, `amount`, `note`, `organisation_id`, `insurance_validity`, `insurance_id`, `created_at`) VALUES (5475, '2023-11-03 16:53:57', NULL, 5147, 1, 9, '120.00', '0.00', '0.00', '20.00', '120.00', '144.00', NULL, NULL, NULL, NULL, '2023-11-03 16:53:57');
INSERT INTO `patient_charges` (`id`, `date`, `ipd_id`, `opd_id`, `qty`, `charge_id`, `standard_charge`, `tpa_charge`, `discount_percentage`, `tax`, `apply_charge`, `amount`, `note`, `organisation_id`, `insurance_validity`, `insurance_id`, `created_at`) VALUES (5499, '2023-11-03 18:17:08', NULL, 5171, 1, 9, '120.00', '0.00', '0.00', '20.00', '120.00', '144.00', 'Reyan Jain', NULL, NULL, NULL, '2023-11-03 18:17:08');
INSERT INTO `patient_charges` (`id`, `date`, `ipd_id`, `opd_id`, `qty`, `charge_id`, `standard_charge`, `tpa_charge`, `discount_percentage`, `tax`, `apply_charge`, `amount`, `note`, `organisation_id`, `insurance_validity`, `insurance_id`, `created_at`) VALUES (5502, '2023-11-03 18:19:12', NULL, 5174, 1, 9, '120.00', '0.00', '0.00', '20.00', '120.00', '144.00', 'Reyan Jain', NULL, NULL, NULL, '2023-11-03 18:19:12');
INSERT INTO `patient_charges` (`id`, `date`, `ipd_id`, `opd_id`, `qty`, `charge_id`, `standard_charge`, `tpa_charge`, `discount_percentage`, `tax`, `apply_charge`, `amount`, `note`, `organisation_id`, `insurance_validity`, `insurance_id`, `created_at`) VALUES (5505, '2023-11-03 18:22:08', NULL, 5177, 1, 9, '120.00', '0.00', '0.00', '20.00', '120.00', '144.00', NULL, NULL, NULL, NULL, '2023-11-03 18:22:08');
INSERT INTO `patient_charges` (`id`, `date`, `ipd_id`, `opd_id`, `qty`, `charge_id`, `standard_charge`, `tpa_charge`, `discount_percentage`, `tax`, `apply_charge`, `amount`, `note`, `organisation_id`, `insurance_validity`, `insurance_id`, `created_at`) VALUES (5506, '2023-11-03 18:30:41', NULL, 5178, 1, 9, '120.00', '0.00', '0.00', '20.00', '120.00', '144.00', 'Reyan Jain', NULL, NULL, NULL, '2023-11-03 18:30:41');
INSERT INTO `patient_charges` (`id`, `date`, `ipd_id`, `opd_id`, `qty`, `charge_id`, `standard_charge`, `tpa_charge`, `discount_percentage`, `tax`, `apply_charge`, `amount`, `note`, `organisation_id`, `insurance_validity`, `insurance_id`, `created_at`) VALUES (5509, '2023-11-03 19:10:34', NULL, 5181, 1, 9, '120.00', '0.00', '0.00', '20.00', '120.00', '144.00', 'Reyan Jain', NULL, NULL, NULL, '2023-11-03 19:10:34');
INSERT INTO `patient_charges` (`id`, `date`, `ipd_id`, `opd_id`, `qty`, `charge_id`, `standard_charge`, `tpa_charge`, `discount_percentage`, `tax`, `apply_charge`, `amount`, `note`, `organisation_id`, `insurance_validity`, `insurance_id`, `created_at`) VALUES (5554, '2023-11-04 11:02:18', NULL, 5226, 1, 9, '120.00', '0.00', '0.00', '20.00', '120.00', '144.00', 'Reyan Jain', NULL, NULL, NULL, '2023-11-04 11:02:18');
INSERT INTO `patient_charges` (`id`, `date`, `ipd_id`, `opd_id`, `qty`, `charge_id`, `standard_charge`, `tpa_charge`, `discount_percentage`, `tax`, `apply_charge`, `amount`, `note`, `organisation_id`, `insurance_validity`, `insurance_id`, `created_at`) VALUES (5558, '2023-12-04 10:47:23', NULL, 5230, 1, 9, '120.00', '0.00', '0.00', '20.00', '120.00', '144.00', 'Amit  Singh', NULL, NULL, NULL, '2023-12-04 10:47:23');
INSERT INTO `patient_charges` (`id`, `date`, `ipd_id`, `opd_id`, `qty`, `charge_id`, `standard_charge`, `tpa_charge`, `discount_percentage`, `tax`, `apply_charge`, `amount`, `note`, `organisation_id`, `insurance_validity`, `insurance_id`, `created_at`) VALUES (5604, '2023-12-04 12:38:10', NULL, 5276, 1, 9, '120.00', '0.00', '0.00', '20.00', '120.00', '144.00', 'Reyan Jain', NULL, NULL, NULL, '2023-12-04 12:38:10');
INSERT INTO `patient_charges` (`id`, `date`, `ipd_id`, `opd_id`, `qty`, `charge_id`, `standard_charge`, `tpa_charge`, `discount_percentage`, `tax`, `apply_charge`, `amount`, `note`, `organisation_id`, `insurance_validity`, `insurance_id`, `created_at`) VALUES (5606, '2023-12-04 12:38:54', NULL, 5278, 1, 9, '120.00', '0.00', '0.00', '20.00', '120.00', '144.00', 'Reyan Jain', NULL, NULL, NULL, '2023-12-04 12:38:54');
INSERT INTO `patient_charges` (`id`, `date`, `ipd_id`, `opd_id`, `qty`, `charge_id`, `standard_charge`, `tpa_charge`, `discount_percentage`, `tax`, `apply_charge`, `amount`, `note`, `organisation_id`, `insurance_validity`, `insurance_id`, `created_at`) VALUES (5608, '2023-12-04 12:39:37', NULL, 5280, 1, 9, '120.00', '0.00', '0.00', '20.00', '120.00', '144.00', 'Sonia Bush', NULL, NULL, NULL, '2023-12-04 12:39:37');
INSERT INTO `patient_charges` (`id`, `date`, `ipd_id`, `opd_id`, `qty`, `charge_id`, `standard_charge`, `tpa_charge`, `discount_percentage`, `tax`, `apply_charge`, `amount`, `note`, `organisation_id`, `insurance_validity`, `insurance_id`, `created_at`) VALUES (5611, '2023-12-04 12:40:56', NULL, 5283, 1, 9, '120.00', '0.00', '0.00', '20.00', '120.00', '144.00', 'Sonia Bush', NULL, NULL, NULL, '2023-12-04 12:40:56');
INSERT INTO `patient_charges` (`id`, `date`, `ipd_id`, `opd_id`, `qty`, `charge_id`, `standard_charge`, `tpa_charge`, `discount_percentage`, `tax`, `apply_charge`, `amount`, `note`, `organisation_id`, `insurance_validity`, `insurance_id`, `created_at`) VALUES (5613, '2023-12-04 12:41:33', NULL, 5285, 1, 9, '120.00', '0.00', '0.00', '20.00', '120.00', '144.00', 'Reyan Jain', NULL, NULL, NULL, '2023-12-04 12:41:33');
INSERT INTO `patient_charges` (`id`, `date`, `ipd_id`, `opd_id`, `qty`, `charge_id`, `standard_charge`, `tpa_charge`, `discount_percentage`, `tax`, `apply_charge`, `amount`, `note`, `organisation_id`, `insurance_validity`, `insurance_id`, `created_at`) VALUES (5665, '2023-12-04 13:50:45', NULL, 5331, 1, 9, '120.00', '0.00', '0.00', '20.00', '120.00', '144.00', NULL, NULL, NULL, NULL, '2023-12-04 13:50:45');
INSERT INTO `patient_charges` (`id`, `date`, `ipd_id`, `opd_id`, `qty`, `charge_id`, `standard_charge`, `tpa_charge`, `discount_percentage`, `tax`, `apply_charge`, `amount`, `note`, `organisation_id`, `insurance_validity`, `insurance_id`, `created_at`) VALUES (5668, '2023-12-04 13:52:29', NULL, 5334, 1, 9, '120.00', '0.00', '0.00', '20.00', '120.00', '144.00', NULL, NULL, NULL, NULL, '2023-12-04 13:52:29');
INSERT INTO `patient_charges` (`id`, `date`, `ipd_id`, `opd_id`, `qty`, `charge_id`, `standard_charge`, `tpa_charge`, `discount_percentage`, `tax`, `apply_charge`, `amount`, `note`, `organisation_id`, `insurance_validity`, `insurance_id`, `created_at`) VALUES (5676, '2023-12-04 14:38:03', NULL, 5342, 1, 9, '120.00', '0.00', '0.00', '20.00', '120.00', '144.00', NULL, NULL, NULL, NULL, '2023-12-04 14:38:03');
INSERT INTO `patient_charges` (`id`, `date`, `ipd_id`, `opd_id`, `qty`, `charge_id`, `standard_charge`, `tpa_charge`, `discount_percentage`, `tax`, `apply_charge`, `amount`, `note`, `organisation_id`, `insurance_validity`, `insurance_id`, `created_at`) VALUES (5689, '2023-12-04 15:00:02', NULL, 5355, 1, 9, '120.00', '0.00', '0.00', '20.00', '120.00', '144.00', NULL, NULL, NULL, NULL, '2023-12-04 15:00:02');
INSERT INTO `patient_charges` (`id`, `date`, `ipd_id`, `opd_id`, `qty`, `charge_id`, `standard_charge`, `tpa_charge`, `discount_percentage`, `tax`, `apply_charge`, `amount`, `note`, `organisation_id`, `insurance_validity`, `insurance_id`, `created_at`) VALUES (5710, '2024-01-03 11:21:40', NULL, 5376, 1, 9, '120.00', '0.00', '0.00', '20.00', '120.00', '144.00', NULL, NULL, NULL, NULL, '2024-01-03 11:21:40');
INSERT INTO `patient_charges` (`id`, `date`, `ipd_id`, `opd_id`, `qty`, `charge_id`, `standard_charge`, `tpa_charge`, `discount_percentage`, `tax`, `apply_charge`, `amount`, `note`, `organisation_id`, `insurance_validity`, `insurance_id`, `created_at`) VALUES (5721, '2024-01-03 11:54:32', NULL, 5387, 1, 9, '120.00', '0.00', '0.00', '20.00', '120.00', '144.00', NULL, NULL, NULL, NULL, '2024-01-03 11:54:32');
INSERT INTO `patient_charges` (`id`, `date`, `ipd_id`, `opd_id`, `qty`, `charge_id`, `standard_charge`, `tpa_charge`, `discount_percentage`, `tax`, `apply_charge`, `amount`, `note`, `organisation_id`, `insurance_validity`, `insurance_id`, `created_at`) VALUES (5728, '2024-01-03 11:54:52', NULL, 5394, 1, 9, '120.00', '0.00', '0.00', '20.00', '120.00', '144.00', NULL, NULL, NULL, NULL, '2024-01-03 11:54:52');
INSERT INTO `patient_charges` (`id`, `date`, `ipd_id`, `opd_id`, `qty`, `charge_id`, `standard_charge`, `tpa_charge`, `discount_percentage`, `tax`, `apply_charge`, `amount`, `note`, `organisation_id`, `insurance_validity`, `insurance_id`, `created_at`) VALUES (5732, '2024-01-03 12:33:30', NULL, 5398, 1, 9, '120.00', '0.00', '0.00', '20.00', '120.00', '144.00', NULL, NULL, NULL, NULL, '2024-01-03 12:33:30');
INSERT INTO `patient_charges` (`id`, `date`, `ipd_id`, `opd_id`, `qty`, `charge_id`, `standard_charge`, `tpa_charge`, `discount_percentage`, `tax`, `apply_charge`, `amount`, `note`, `organisation_id`, `insurance_validity`, `insurance_id`, `created_at`) VALUES (5742, '2024-01-03 12:33:53', NULL, 5408, 1, 9, '120.00', '0.00', '0.00', '20.00', '120.00', '144.00', NULL, NULL, NULL, NULL, '2024-01-03 12:33:53');
INSERT INTO `patient_charges` (`id`, `date`, `ipd_id`, `opd_id`, `qty`, `charge_id`, `standard_charge`, `tpa_charge`, `discount_percentage`, `tax`, `apply_charge`, `amount`, `note`, `organisation_id`, `insurance_validity`, `insurance_id`, `created_at`) VALUES (5755, '2024-01-03 13:12:25', NULL, 5421, 1, 9, '120.00', '0.00', '0.00', '20.00', '120.00', '144.00', NULL, NULL, NULL, NULL, '2024-01-03 13:12:25');
INSERT INTO `patient_charges` (`id`, `date`, `ipd_id`, `opd_id`, `qty`, `charge_id`, `standard_charge`, `tpa_charge`, `discount_percentage`, `tax`, `apply_charge`, `amount`, `note`, `organisation_id`, `insurance_validity`, `insurance_id`, `created_at`) VALUES (5760, '2024-01-03 13:12:37', NULL, 5426, 1, 9, '120.00', '0.00', '0.00', '20.00', '120.00', '144.00', NULL, NULL, NULL, NULL, '2024-01-03 13:12:37');
INSERT INTO `patient_charges` (`id`, `date`, `ipd_id`, `opd_id`, `qty`, `charge_id`, `standard_charge`, `tpa_charge`, `discount_percentage`, `tax`, `apply_charge`, `amount`, `note`, `organisation_id`, `insurance_validity`, `insurance_id`, `created_at`) VALUES (5761, '2024-01-03 13:12:39', NULL, 5427, 1, 9, '120.00', '0.00', '0.00', '20.00', '120.00', '144.00', NULL, NULL, NULL, NULL, '2024-01-03 13:12:39');
INSERT INTO `patient_charges` (`id`, `date`, `ipd_id`, `opd_id`, `qty`, `charge_id`, `standard_charge`, `tpa_charge`, `discount_percentage`, `tax`, `apply_charge`, `amount`, `note`, `organisation_id`, `insurance_validity`, `insurance_id`, `created_at`) VALUES (5765, '2024-01-03 13:12:47', NULL, 5431, 1, 9, '120.00', '0.00', '0.00', '20.00', '120.00', '144.00', NULL, NULL, NULL, NULL, '2024-01-03 13:12:47');
INSERT INTO `patient_charges` (`id`, `date`, `ipd_id`, `opd_id`, `qty`, `charge_id`, `standard_charge`, `tpa_charge`, `discount_percentage`, `tax`, `apply_charge`, `amount`, `note`, `organisation_id`, `insurance_validity`, `insurance_id`, `created_at`) VALUES (5766, '2024-01-03 13:12:49', NULL, 5432, 1, 9, '120.00', '0.00', '0.00', '20.00', '120.00', '144.00', NULL, NULL, NULL, NULL, '2024-01-03 13:12:49');
INSERT INTO `patient_charges` (`id`, `date`, `ipd_id`, `opd_id`, `qty`, `charge_id`, `standard_charge`, `tpa_charge`, `discount_percentage`, `tax`, `apply_charge`, `amount`, `note`, `organisation_id`, `insurance_validity`, `insurance_id`, `created_at`) VALUES (5773, '2024-01-03 13:46:16', NULL, 5439, 1, 9, '120.00', '0.00', '0.00', '20.00', '120.00', '144.00', 'Amit  Singh', NULL, NULL, NULL, '2024-01-03 13:46:16');
INSERT INTO `patient_charges` (`id`, `date`, `ipd_id`, `opd_id`, `qty`, `charge_id`, `standard_charge`, `tpa_charge`, `discount_percentage`, `tax`, `apply_charge`, `amount`, `note`, `organisation_id`, `insurance_validity`, `insurance_id`, `created_at`) VALUES (5774, '2024-01-03 13:47:27', NULL, 5440, 1, 9, '120.00', '0.00', '0.00', '20.00', '120.00', '144.00', 'Amit  Singh', NULL, NULL, NULL, '2024-01-03 13:47:27');
INSERT INTO `patient_charges` (`id`, `date`, `ipd_id`, `opd_id`, `qty`, `charge_id`, `standard_charge`, `tpa_charge`, `discount_percentage`, `tax`, `apply_charge`, `amount`, `note`, `organisation_id`, `insurance_validity`, `insurance_id`, `created_at`) VALUES (5775, '2024-01-03 13:49:38', NULL, 5441, 1, 9, '120.00', '0.00', '0.00', '20.00', '120.00', '144.00', 'Amit  Singh', NULL, NULL, NULL, '2024-01-03 13:49:38');
INSERT INTO `patient_charges` (`id`, `date`, `ipd_id`, `opd_id`, `qty`, `charge_id`, `standard_charge`, `tpa_charge`, `discount_percentage`, `tax`, `apply_charge`, `amount`, `note`, `organisation_id`, `insurance_validity`, `insurance_id`, `created_at`) VALUES (5776, '2024-01-03 13:55:26', NULL, 5442, 1, 9, '120.00', '0.00', '0.00', '20.00', '120.00', '144.00', 'Amit  Singh', NULL, NULL, NULL, '2024-01-03 13:55:26');
INSERT INTO `patient_charges` (`id`, `date`, `ipd_id`, `opd_id`, `qty`, `charge_id`, `standard_charge`, `tpa_charge`, `discount_percentage`, `tax`, `apply_charge`, `amount`, `note`, `organisation_id`, `insurance_validity`, `insurance_id`, `created_at`) VALUES (5777, '2024-01-03 13:56:35', NULL, 5443, 1, 9, '120.00', '0.00', '0.00', '20.00', '120.00', '144.00', 'Amit  Singh', NULL, NULL, NULL, '2024-01-03 13:56:35');
INSERT INTO `patient_charges` (`id`, `date`, `ipd_id`, `opd_id`, `qty`, `charge_id`, `standard_charge`, `tpa_charge`, `discount_percentage`, `tax`, `apply_charge`, `amount`, `note`, `organisation_id`, `insurance_validity`, `insurance_id`, `created_at`) VALUES (5778, '2024-01-03 13:58:40', NULL, 5444, 1, 9, '120.00', '0.00', '0.00', '20.00', '120.00', '144.00', 'Amit  Singh', NULL, NULL, NULL, '2024-01-03 13:58:40');
INSERT INTO `patient_charges` (`id`, `date`, `ipd_id`, `opd_id`, `qty`, `charge_id`, `standard_charge`, `tpa_charge`, `discount_percentage`, `tax`, `apply_charge`, `amount`, `note`, `organisation_id`, `insurance_validity`, `insurance_id`, `created_at`) VALUES (5780, '2024-01-03 14:39:19', NULL, 5446, 1, 9, '120.00', '0.00', '0.00', '20.00', '120.00', '144.00', 'Amit  Singh', NULL, NULL, NULL, '2024-01-03 14:39:19');
INSERT INTO `patient_charges` (`id`, `date`, `ipd_id`, `opd_id`, `qty`, `charge_id`, `standard_charge`, `tpa_charge`, `discount_percentage`, `tax`, `apply_charge`, `amount`, `note`, `organisation_id`, `insurance_validity`, `insurance_id`, `created_at`) VALUES (5781, '2024-01-03 14:40:23', NULL, 5447, 1, 9, '120.00', '0.00', '0.00', '20.00', '120.00', '144.00', 'Amit  Singh', NULL, NULL, NULL, '2024-01-03 14:40:23');
INSERT INTO `patient_charges` (`id`, `date`, `ipd_id`, `opd_id`, `qty`, `charge_id`, `standard_charge`, `tpa_charge`, `discount_percentage`, `tax`, `apply_charge`, `amount`, `note`, `organisation_id`, `insurance_validity`, `insurance_id`, `created_at`) VALUES (5851, '2024-01-04 10:21:25', NULL, 5510, 1, 9, '120.00', '0.00', '0.00', '20.00', '120.00', '144.00', 'Sonia Bush', NULL, NULL, NULL, '2024-01-04 10:21:25');
INSERT INTO `patient_charges` (`id`, `date`, `ipd_id`, `opd_id`, `qty`, `charge_id`, `standard_charge`, `tpa_charge`, `discount_percentage`, `tax`, `apply_charge`, `amount`, `note`, `organisation_id`, `insurance_validity`, `insurance_id`, `created_at`) VALUES (5969, '2024-01-04 17:33:00', NULL, 5628, 1, 9, '120.00', '0.00', '0.00', '20.00', '120.00', '144.00', NULL, NULL, NULL, NULL, '2024-01-04 17:33:00');
INSERT INTO `patient_charges` (`id`, `date`, `ipd_id`, `opd_id`, `qty`, `charge_id`, `standard_charge`, `tpa_charge`, `discount_percentage`, `tax`, `apply_charge`, `amount`, `note`, `organisation_id`, `insurance_validity`, `insurance_id`, `created_at`) VALUES (5974, '2024-01-04 17:35:11', NULL, 5633, 1, 9, '120.00', '0.00', '0.00', '20.00', '120.00', '144.00', NULL, NULL, NULL, NULL, '2024-01-04 17:35:11');
INSERT INTO `patient_charges` (`id`, `date`, `ipd_id`, `opd_id`, `qty`, `charge_id`, `standard_charge`, `tpa_charge`, `discount_percentage`, `tax`, `apply_charge`, `amount`, `note`, `organisation_id`, `insurance_validity`, `insurance_id`, `created_at`) VALUES (5975, '2024-01-04 17:41:23', NULL, 5634, 1, 9, '120.00', '0.00', '0.00', '20.00', '120.00', '144.00', 'Sonia Bush', NULL, NULL, NULL, '2024-01-04 17:41:23');
INSERT INTO `patient_charges` (`id`, `date`, `ipd_id`, `opd_id`, `qty`, `charge_id`, `standard_charge`, `tpa_charge`, `discount_percentage`, `tax`, `apply_charge`, `amount`, `note`, `organisation_id`, `insurance_validity`, `insurance_id`, `created_at`) VALUES (5976, '2024-01-04 17:42:04', NULL, 5635, 1, 9, '120.00', '0.00', '0.00', '20.00', '120.00', '144.00', 'Sonia Bush', NULL, NULL, NULL, '2024-01-04 17:42:04');
INSERT INTO `patient_charges` (`id`, `date`, `ipd_id`, `opd_id`, `qty`, `charge_id`, `standard_charge`, `tpa_charge`, `discount_percentage`, `tax`, `apply_charge`, `amount`, `note`, `organisation_id`, `insurance_validity`, `insurance_id`, `created_at`) VALUES (5978, '2024-01-04 17:42:57', NULL, 5637, 1, 9, '120.00', '0.00', '0.00', '20.00', '120.00', '144.00', 'Sonia Bush', NULL, NULL, NULL, '2024-01-04 17:42:57');
INSERT INTO `patient_charges` (`id`, `date`, `ipd_id`, `opd_id`, `qty`, `charge_id`, `standard_charge`, `tpa_charge`, `discount_percentage`, `tax`, `apply_charge`, `amount`, `note`, `organisation_id`, `insurance_validity`, `insurance_id`, `created_at`) VALUES (5979, '2024-01-04 17:43:25', NULL, 5638, 1, 9, '120.00', '0.00', '0.00', '20.00', '120.00', '144.00', 'Sonia Bush', NULL, NULL, NULL, '2024-01-04 17:43:25');
INSERT INTO `patient_charges` (`id`, `date`, `ipd_id`, `opd_id`, `qty`, `charge_id`, `standard_charge`, `tpa_charge`, `discount_percentage`, `tax`, `apply_charge`, `amount`, `note`, `organisation_id`, `insurance_validity`, `insurance_id`, `created_at`) VALUES (5980, '2024-01-04 17:43:47', NULL, 5639, 1, 9, '120.00', '0.00', '0.00', '20.00', '120.00', '144.00', 'Sonia Bush', NULL, NULL, NULL, '2024-01-04 17:43:47');
INSERT INTO `patient_charges` (`id`, `date`, `ipd_id`, `opd_id`, `qty`, `charge_id`, `standard_charge`, `tpa_charge`, `discount_percentage`, `tax`, `apply_charge`, `amount`, `note`, `organisation_id`, `insurance_validity`, `insurance_id`, `created_at`) VALUES (5981, '2024-01-04 17:44:10', NULL, 5640, 1, 9, '120.00', '0.00', '0.00', '20.00', '120.00', '144.00', 'Sonia Bush', NULL, NULL, NULL, '2024-01-04 17:44:10');
INSERT INTO `patient_charges` (`id`, `date`, `ipd_id`, `opd_id`, `qty`, `charge_id`, `standard_charge`, `tpa_charge`, `discount_percentage`, `tax`, `apply_charge`, `amount`, `note`, `organisation_id`, `insurance_validity`, `insurance_id`, `created_at`) VALUES (6012, '2024-02-01 13:42:46', NULL, 5671, 1, 9, '120.00', '0.00', '0.00', '20.00', '120.00', '144.00', 'Amit  Singh', NULL, NULL, NULL, '2024-02-01 13:42:46');
INSERT INTO `patient_charges` (`id`, `date`, `ipd_id`, `opd_id`, `qty`, `charge_id`, `standard_charge`, `tpa_charge`, `discount_percentage`, `tax`, `apply_charge`, `amount`, `note`, `organisation_id`, `insurance_validity`, `insurance_id`, `created_at`) VALUES (6013, '2024-02-01 13:43:43', NULL, 5672, 1, 9, '120.00', '0.00', '0.00', '20.00', '120.00', '144.00', 'Amit  Singh', NULL, NULL, NULL, '2024-02-01 13:43:43');
INSERT INTO `patient_charges` (`id`, `date`, `ipd_id`, `opd_id`, `qty`, `charge_id`, `standard_charge`, `tpa_charge`, `discount_percentage`, `tax`, `apply_charge`, `amount`, `note`, `organisation_id`, `insurance_validity`, `insurance_id`, `created_at`) VALUES (6014, '2024-02-01 13:44:28', NULL, 5673, 1, 9, '120.00', '0.00', '0.00', '20.00', '120.00', '144.00', 'Amit  Singh', NULL, NULL, NULL, '2024-02-01 13:44:28');
INSERT INTO `patient_charges` (`id`, `date`, `ipd_id`, `opd_id`, `qty`, `charge_id`, `standard_charge`, `tpa_charge`, `discount_percentage`, `tax`, `apply_charge`, `amount`, `note`, `organisation_id`, `insurance_validity`, `insurance_id`, `created_at`) VALUES (6015, '2024-02-01 13:45:08', NULL, 5674, 1, 9, '120.00', '0.00', '0.00', '20.00', '120.00', '144.00', 'Amit  Singh', NULL, NULL, NULL, '2024-02-01 13:45:08');
INSERT INTO `patient_charges` (`id`, `date`, `ipd_id`, `opd_id`, `qty`, `charge_id`, `standard_charge`, `tpa_charge`, `discount_percentage`, `tax`, `apply_charge`, `amount`, `note`, `organisation_id`, `insurance_validity`, `insurance_id`, `created_at`) VALUES (6016, '2024-02-01 13:45:53', NULL, 5675, 1, 9, '120.00', '0.00', '0.00', '20.00', '120.00', '144.00', 'Amit  Singh', NULL, NULL, NULL, '2024-02-01 13:45:53');
INSERT INTO `patient_charges` (`id`, `date`, `ipd_id`, `opd_id`, `qty`, `charge_id`, `standard_charge`, `tpa_charge`, `discount_percentage`, `tax`, `apply_charge`, `amount`, `note`, `organisation_id`, `insurance_validity`, `insurance_id`, `created_at`) VALUES (6017, '2024-02-01 13:46:35', NULL, 5676, 1, 9, '120.00', '0.00', '0.00', '20.00', '120.00', '144.00', 'Amit  Singh', NULL, NULL, NULL, '2024-02-01 13:46:35');
INSERT INTO `patient_charges` (`id`, `date`, `ipd_id`, `opd_id`, `qty`, `charge_id`, `standard_charge`, `tpa_charge`, `discount_percentage`, `tax`, `apply_charge`, `amount`, `note`, `organisation_id`, `insurance_validity`, `insurance_id`, `created_at`) VALUES (6026, '2024-02-01 15:04:11', NULL, 5685, 1, 9, '120.00', '0.00', '0.00', '20.00', '120.00', '144.00', 'Amit  Singh', NULL, NULL, NULL, '2024-02-01 15:04:11');
INSERT INTO `patient_charges` (`id`, `date`, `ipd_id`, `opd_id`, `qty`, `charge_id`, `standard_charge`, `tpa_charge`, `discount_percentage`, `tax`, `apply_charge`, `amount`, `note`, `organisation_id`, `insurance_validity`, `insurance_id`, `created_at`) VALUES (6030, '2024-02-05 15:04:00', NULL, 5685, 1, 4, '150.00', NULL, '0.00', '0.00', '150.00', '180.00', '', NULL, NULL, NULL, '2024-02-01 00:00:00');
INSERT INTO `patient_charges` (`id`, `date`, `ipd_id`, `opd_id`, `qty`, `charge_id`, `standard_charge`, `tpa_charge`, `discount_percentage`, `tax`, `apply_charge`, `amount`, `note`, `organisation_id`, `insurance_validity`, `insurance_id`, `created_at`) VALUES (6041, '2024-02-01 15:36:55', NULL, 5697, 1, 9, '120.00', '0.00', '0.00', '20.00', '120.00', '144.00', 'Amit  Singh', NULL, NULL, NULL, '2024-02-01 15:36:55');
INSERT INTO `patient_charges` (`id`, `date`, `ipd_id`, `opd_id`, `qty`, `charge_id`, `standard_charge`, `tpa_charge`, `discount_percentage`, `tax`, `apply_charge`, `amount`, `note`, `organisation_id`, `insurance_validity`, `insurance_id`, `created_at`) VALUES (6072, '2024-02-01 16:27:58', NULL, 5725, 1, 9, '120.00', '0.00', '0.00', '20.00', '120.00', '144.00', NULL, NULL, NULL, NULL, '2024-02-01 16:27:58');
INSERT INTO `patient_charges` (`id`, `date`, `ipd_id`, `opd_id`, `qty`, `charge_id`, `standard_charge`, `tpa_charge`, `discount_percentage`, `tax`, `apply_charge`, `amount`, `note`, `organisation_id`, `insurance_validity`, `insurance_id`, `created_at`) VALUES (6090, '2024-02-01 17:16:24', NULL, 5743, 1, 9, '120.00', '0.00', '0.00', '20.00', '120.00', '144.00', NULL, NULL, NULL, NULL, '2024-02-01 17:16:24');
INSERT INTO `patient_charges` (`id`, `date`, `ipd_id`, `opd_id`, `qty`, `charge_id`, `standard_charge`, `tpa_charge`, `discount_percentage`, `tax`, `apply_charge`, `amount`, `note`, `organisation_id`, `insurance_validity`, `insurance_id`, `created_at`) VALUES (6091, '2024-02-01 17:17:57', NULL, 5744, 1, 9, '120.00', '0.00', '0.00', '20.00', '120.00', '144.00', NULL, NULL, NULL, NULL, '2024-02-01 17:17:57');
INSERT INTO `patient_charges` (`id`, `date`, `ipd_id`, `opd_id`, `qty`, `charge_id`, `standard_charge`, `tpa_charge`, `discount_percentage`, `tax`, `apply_charge`, `amount`, `note`, `organisation_id`, `insurance_validity`, `insurance_id`, `created_at`) VALUES (6095, '2024-02-01 17:25:31', NULL, 5748, 1, 9, '120.00', '0.00', '0.00', '20.00', '120.00', '144.00', NULL, NULL, NULL, NULL, '2024-02-01 17:25:31');
INSERT INTO `patient_charges` (`id`, `date`, `ipd_id`, `opd_id`, `qty`, `charge_id`, `standard_charge`, `tpa_charge`, `discount_percentage`, `tax`, `apply_charge`, `amount`, `note`, `organisation_id`, `insurance_validity`, `insurance_id`, `created_at`) VALUES (6123, '2024-02-02 10:07:38', NULL, 5776, 1, 9, '120.00', '0.00', '0.00', '20.00', '120.00', '144.00', NULL, NULL, NULL, NULL, '2024-02-02 10:07:38');
INSERT INTO `patient_charges` (`id`, `date`, `ipd_id`, `opd_id`, `qty`, `charge_id`, `standard_charge`, `tpa_charge`, `discount_percentage`, `tax`, `apply_charge`, `amount`, `note`, `organisation_id`, `insurance_validity`, `insurance_id`, `created_at`) VALUES (6125, '2024-02-02 10:09:40', NULL, 5778, 1, 9, '120.00', '0.00', '0.00', '20.00', '120.00', '144.00', NULL, NULL, NULL, NULL, '2024-02-02 10:09:40');
INSERT INTO `patient_charges` (`id`, `date`, `ipd_id`, `opd_id`, `qty`, `charge_id`, `standard_charge`, `tpa_charge`, `discount_percentage`, `tax`, `apply_charge`, `amount`, `note`, `organisation_id`, `insurance_validity`, `insurance_id`, `created_at`) VALUES (6130, '2024-02-02 10:15:06', NULL, 5783, 1, 9, '120.00', '0.00', '0.00', '20.00', '120.00', '144.00', NULL, NULL, NULL, NULL, '2024-02-02 10:15:06');
INSERT INTO `patient_charges` (`id`, `date`, `ipd_id`, `opd_id`, `qty`, `charge_id`, `standard_charge`, `tpa_charge`, `discount_percentage`, `tax`, `apply_charge`, `amount`, `note`, `organisation_id`, `insurance_validity`, `insurance_id`, `created_at`) VALUES (6131, '2024-02-02 10:16:16', NULL, 5784, 1, 9, '120.00', '0.00', '0.00', '20.00', '120.00', '144.00', NULL, NULL, NULL, NULL, '2024-02-02 10:16:16');
INSERT INTO `patient_charges` (`id`, `date`, `ipd_id`, `opd_id`, `qty`, `charge_id`, `standard_charge`, `tpa_charge`, `discount_percentage`, `tax`, `apply_charge`, `amount`, `note`, `organisation_id`, `insurance_validity`, `insurance_id`, `created_at`) VALUES (6132, '2024-02-02 10:19:03', NULL, 5785, 1, 9, '120.00', '0.00', '0.00', '20.00', '120.00', '144.00', NULL, NULL, NULL, NULL, '2024-02-02 10:19:03');
INSERT INTO `patient_charges` (`id`, `date`, `ipd_id`, `opd_id`, `qty`, `charge_id`, `standard_charge`, `tpa_charge`, `discount_percentage`, `tax`, `apply_charge`, `amount`, `note`, `organisation_id`, `insurance_validity`, `insurance_id`, `created_at`) VALUES (6133, '2024-02-02 10:20:13', NULL, 5786, 1, 9, '120.00', '0.00', '0.00', '20.00', '120.00', '144.00', NULL, NULL, NULL, NULL, '2024-02-02 10:20:13');
INSERT INTO `patient_charges` (`id`, `date`, `ipd_id`, `opd_id`, `qty`, `charge_id`, `standard_charge`, `tpa_charge`, `discount_percentage`, `tax`, `apply_charge`, `amount`, `note`, `organisation_id`, `insurance_validity`, `insurance_id`, `created_at`) VALUES (6134, '2024-02-02 10:21:24', NULL, 5787, 1, 9, '120.00', '0.00', '0.00', '20.00', '120.00', '144.00', NULL, NULL, NULL, NULL, '2024-02-02 10:21:24');
INSERT INTO `patient_charges` (`id`, `date`, `ipd_id`, `opd_id`, `qty`, `charge_id`, `standard_charge`, `tpa_charge`, `discount_percentage`, `tax`, `apply_charge`, `amount`, `note`, `organisation_id`, `insurance_validity`, `insurance_id`, `created_at`) VALUES (6138, '2024-02-02 10:34:21', NULL, 5791, 1, 9, '120.00', '0.00', '0.00', '20.00', '120.00', '144.00', NULL, NULL, NULL, NULL, '2024-02-02 10:34:21');
INSERT INTO `patient_charges` (`id`, `date`, `ipd_id`, `opd_id`, `qty`, `charge_id`, `standard_charge`, `tpa_charge`, `discount_percentage`, `tax`, `apply_charge`, `amount`, `note`, `organisation_id`, `insurance_validity`, `insurance_id`, `created_at`) VALUES (6139, '2024-02-02 10:34:49', NULL, 5792, 1, 9, '120.00', '0.00', '0.00', '20.00', '120.00', '144.00', NULL, NULL, NULL, NULL, '2024-02-02 10:34:49');
INSERT INTO `patient_charges` (`id`, `date`, `ipd_id`, `opd_id`, `qty`, `charge_id`, `standard_charge`, `tpa_charge`, `discount_percentage`, `tax`, `apply_charge`, `amount`, `note`, `organisation_id`, `insurance_validity`, `insurance_id`, `created_at`) VALUES (6140, '2024-02-02 10:35:20', NULL, 5793, 1, 9, '120.00', '0.00', '0.00', '20.00', '120.00', '144.00', NULL, NULL, NULL, NULL, '2024-02-02 10:35:20');
INSERT INTO `patient_charges` (`id`, `date`, `ipd_id`, `opd_id`, `qty`, `charge_id`, `standard_charge`, `tpa_charge`, `discount_percentage`, `tax`, `apply_charge`, `amount`, `note`, `organisation_id`, `insurance_validity`, `insurance_id`, `created_at`) VALUES (6141, '2024-02-02 10:35:55', NULL, 5794, 1, 9, '120.00', '0.00', '0.00', '20.00', '120.00', '144.00', NULL, NULL, NULL, NULL, '2024-02-02 10:35:55');
INSERT INTO `patient_charges` (`id`, `date`, `ipd_id`, `opd_id`, `qty`, `charge_id`, `standard_charge`, `tpa_charge`, `discount_percentage`, `tax`, `apply_charge`, `amount`, `note`, `organisation_id`, `insurance_validity`, `insurance_id`, `created_at`) VALUES (6144, '2024-02-02 10:37:01', NULL, 5797, 1, 9, '120.00', '0.00', '0.00', '20.00', '120.00', '144.00', NULL, NULL, NULL, NULL, '2024-02-02 10:37:01');
INSERT INTO `patient_charges` (`id`, `date`, `ipd_id`, `opd_id`, `qty`, `charge_id`, `standard_charge`, `tpa_charge`, `discount_percentage`, `tax`, `apply_charge`, `amount`, `note`, `organisation_id`, `insurance_validity`, `insurance_id`, `created_at`) VALUES (6145, '2024-02-02 10:37:38', NULL, 5798, 1, 9, '120.00', '0.00', '0.00', '20.00', '120.00', '144.00', NULL, NULL, NULL, NULL, '2024-02-02 10:37:38');
INSERT INTO `patient_charges` (`id`, `date`, `ipd_id`, `opd_id`, `qty`, `charge_id`, `standard_charge`, `tpa_charge`, `discount_percentage`, `tax`, `apply_charge`, `amount`, `note`, `organisation_id`, `insurance_validity`, `insurance_id`, `created_at`) VALUES (6148, '2024-02-02 10:44:35', NULL, 5801, 1, 9, '120.00', '0.00', '0.00', '20.00', '120.00', '144.00', NULL, NULL, NULL, NULL, '2024-02-02 10:44:35');
INSERT INTO `patient_charges` (`id`, `date`, `ipd_id`, `opd_id`, `qty`, `charge_id`, `standard_charge`, `tpa_charge`, `discount_percentage`, `tax`, `apply_charge`, `amount`, `note`, `organisation_id`, `insurance_validity`, `insurance_id`, `created_at`) VALUES (6150, '2024-03-01 12:48:47', NULL, 5803, 1, 9, '120.00', '0.00', '0.00', '20.00', '120.00', '144.00', 'Amit  Singh', NULL, NULL, NULL, '2024-03-01 12:48:47');
INSERT INTO `patient_charges` (`id`, `date`, `ipd_id`, `opd_id`, `qty`, `charge_id`, `standard_charge`, `tpa_charge`, `discount_percentage`, `tax`, `apply_charge`, `amount`, `note`, `organisation_id`, `insurance_validity`, `insurance_id`, `created_at`) VALUES (6154, '2024-03-01 13:13:29', NULL, 5804, 1, 9, '120.00', '0.00', '0.00', '20.00', '120.00', '144.00', 'Sonia Bush', NULL, NULL, NULL, '2024-03-01 13:13:29');
INSERT INTO `patient_charges` (`id`, `date`, `ipd_id`, `opd_id`, `qty`, `charge_id`, `standard_charge`, `tpa_charge`, `discount_percentage`, `tax`, `apply_charge`, `amount`, `note`, `organisation_id`, `insurance_validity`, `insurance_id`, `created_at`) VALUES (6155, '2024-03-05 13:16:00', NULL, 5804, 2, 4, '150.00', '0.00', '0.00', '20.00', '300.00', '360.00', '', NULL, NULL, NULL, '2024-03-01 00:00:00');
INSERT INTO `patient_charges` (`id`, `date`, `ipd_id`, `opd_id`, `qty`, `charge_id`, `standard_charge`, `tpa_charge`, `discount_percentage`, `tax`, `apply_charge`, `amount`, `note`, `organisation_id`, `insurance_validity`, `insurance_id`, `created_at`) VALUES (6209, '2024-03-01 16:24:35', NULL, 5847, 1, 9, '120.00', '0.00', '0.00', '20.00', '120.00', '144.00', NULL, NULL, NULL, NULL, '2024-03-01 16:24:35');
INSERT INTO `patient_charges` (`id`, `date`, `ipd_id`, `opd_id`, `qty`, `charge_id`, `standard_charge`, `tpa_charge`, `discount_percentage`, `tax`, `apply_charge`, `amount`, `note`, `organisation_id`, `insurance_validity`, `insurance_id`, `created_at`) VALUES (6210, '2024-03-01 16:26:16', NULL, 5848, 1, 9, '120.00', '0.00', '0.00', '20.00', '120.00', '144.00', NULL, NULL, NULL, NULL, '2024-03-01 16:26:16');
INSERT INTO `patient_charges` (`id`, `date`, `ipd_id`, `opd_id`, `qty`, `charge_id`, `standard_charge`, `tpa_charge`, `discount_percentage`, `tax`, `apply_charge`, `amount`, `note`, `organisation_id`, `insurance_validity`, `insurance_id`, `created_at`) VALUES (6220, '2024-03-01 16:47:52', NULL, 5858, 1, 9, '120.00', '0.00', '0.00', '20.00', '120.00', '144.00', 'Reyan Jain', NULL, NULL, NULL, '2024-03-01 16:47:52');
INSERT INTO `patient_charges` (`id`, `date`, `ipd_id`, `opd_id`, `qty`, `charge_id`, `standard_charge`, `tpa_charge`, `discount_percentage`, `tax`, `apply_charge`, `amount`, `note`, `organisation_id`, `insurance_validity`, `insurance_id`, `created_at`) VALUES (6221, '2024-03-01 16:48:14', NULL, 5859, 1, 9, '120.00', '0.00', '0.00', '20.00', '120.00', '144.00', NULL, NULL, NULL, NULL, '2024-03-01 16:48:14');
INSERT INTO `patient_charges` (`id`, `date`, `ipd_id`, `opd_id`, `qty`, `charge_id`, `standard_charge`, `tpa_charge`, `discount_percentage`, `tax`, `apply_charge`, `amount`, `note`, `organisation_id`, `insurance_validity`, `insurance_id`, `created_at`) VALUES (6223, '2024-03-01 16:49:01', NULL, 5861, 1, 9, '120.00', '0.00', '0.00', '20.00', '120.00', '144.00', 'Reyan Jain', NULL, NULL, NULL, '2024-03-01 16:49:01');
INSERT INTO `patient_charges` (`id`, `date`, `ipd_id`, `opd_id`, `qty`, `charge_id`, `standard_charge`, `tpa_charge`, `discount_percentage`, `tax`, `apply_charge`, `amount`, `note`, `organisation_id`, `insurance_validity`, `insurance_id`, `created_at`) VALUES (6225, '2024-03-01 16:49:46', NULL, 5863, 1, 9, '120.00', '0.00', '0.00', '20.00', '120.00', '144.00', NULL, NULL, NULL, NULL, '2024-03-01 16:49:46');
INSERT INTO `patient_charges` (`id`, `date`, `ipd_id`, `opd_id`, `qty`, `charge_id`, `standard_charge`, `tpa_charge`, `discount_percentage`, `tax`, `apply_charge`, `amount`, `note`, `organisation_id`, `insurance_validity`, `insurance_id`, `created_at`) VALUES (6226, '2024-03-01 16:50:03', NULL, 5864, 1, 9, '120.00', '0.00', '0.00', '20.00', '120.00', '144.00', 'Reyan Jain', NULL, NULL, NULL, '2024-03-01 16:50:03');
INSERT INTO `patient_charges` (`id`, `date`, `ipd_id`, `opd_id`, `qty`, `charge_id`, `standard_charge`, `tpa_charge`, `discount_percentage`, `tax`, `apply_charge`, `amount`, `note`, `organisation_id`, `insurance_validity`, `insurance_id`, `created_at`) VALUES (6227, '2024-03-01 16:50:49', NULL, 5865, 1, 9, '120.00', '0.00', '0.00', '20.00', '120.00', '144.00', 'Reyan Jain', NULL, NULL, NULL, '2024-03-01 16:50:49');
INSERT INTO `patient_charges` (`id`, `date`, `ipd_id`, `opd_id`, `qty`, `charge_id`, `standard_charge`, `tpa_charge`, `discount_percentage`, `tax`, `apply_charge`, `amount`, `note`, `organisation_id`, `insurance_validity`, `insurance_id`, `created_at`) VALUES (6228, '2024-03-01 16:51:40', NULL, 5866, 1, 9, '120.00', '0.00', '0.00', '20.00', '120.00', '144.00', 'Reyan Jain', NULL, NULL, NULL, '2024-03-01 16:51:40');
INSERT INTO `patient_charges` (`id`, `date`, `ipd_id`, `opd_id`, `qty`, `charge_id`, `standard_charge`, `tpa_charge`, `discount_percentage`, `tax`, `apply_charge`, `amount`, `note`, `organisation_id`, `insurance_validity`, `insurance_id`, `created_at`) VALUES (6229, '2024-03-01 16:52:20', NULL, 5867, 1, 9, '120.00', '0.00', '0.00', '20.00', '120.00', '144.00', NULL, NULL, NULL, NULL, '2024-03-01 16:52:20');
INSERT INTO `patient_charges` (`id`, `date`, `ipd_id`, `opd_id`, `qty`, `charge_id`, `standard_charge`, `tpa_charge`, `discount_percentage`, `tax`, `apply_charge`, `amount`, `note`, `organisation_id`, `insurance_validity`, `insurance_id`, `created_at`) VALUES (6230, '2024-03-01 16:52:26', NULL, 5868, 1, 9, '120.00', '0.00', '0.00', '20.00', '120.00', '144.00', 'Reyan Jain', NULL, NULL, NULL, '2024-03-01 16:52:26');
INSERT INTO `patient_charges` (`id`, `date`, `ipd_id`, `opd_id`, `qty`, `charge_id`, `standard_charge`, `tpa_charge`, `discount_percentage`, `tax`, `apply_charge`, `amount`, `note`, `organisation_id`, `insurance_validity`, `insurance_id`, `created_at`) VALUES (6231, '2024-03-01 16:53:04', NULL, 5869, 1, 9, '120.00', '0.00', '0.00', '20.00', '120.00', '144.00', NULL, NULL, NULL, NULL, '2024-03-01 16:53:04');
INSERT INTO `patient_charges` (`id`, `date`, `ipd_id`, `opd_id`, `qty`, `charge_id`, `standard_charge`, `tpa_charge`, `discount_percentage`, `tax`, `apply_charge`, `amount`, `note`, `organisation_id`, `insurance_validity`, `insurance_id`, `created_at`) VALUES (6232, '2024-03-01 16:53:52', NULL, 5870, 1, 9, '120.00', '0.00', '0.00', '20.00', '120.00', '144.00', NULL, NULL, NULL, NULL, '2024-03-01 16:53:52');
INSERT INTO `patient_charges` (`id`, `date`, `ipd_id`, `opd_id`, `qty`, `charge_id`, `standard_charge`, `tpa_charge`, `discount_percentage`, `tax`, `apply_charge`, `amount`, `note`, `organisation_id`, `insurance_validity`, `insurance_id`, `created_at`) VALUES (6233, '2024-03-01 16:54:11', NULL, 5871, 1, 9, '120.00', '0.00', '0.00', '20.00', '120.00', '144.00', NULL, NULL, NULL, NULL, '2024-03-01 16:54:11');
INSERT INTO `patient_charges` (`id`, `date`, `ipd_id`, `opd_id`, `qty`, `charge_id`, `standard_charge`, `tpa_charge`, `discount_percentage`, `tax`, `apply_charge`, `amount`, `note`, `organisation_id`, `insurance_validity`, `insurance_id`, `created_at`) VALUES (6235, '2024-03-01 16:54:52', NULL, 5873, 1, 9, '120.00', '0.00', '0.00', '20.00', '120.00', '144.00', NULL, NULL, NULL, NULL, '2024-03-01 16:54:52');
INSERT INTO `patient_charges` (`id`, `date`, `ipd_id`, `opd_id`, `qty`, `charge_id`, `standard_charge`, `tpa_charge`, `discount_percentage`, `tax`, `apply_charge`, `amount`, `note`, `organisation_id`, `insurance_validity`, `insurance_id`, `created_at`) VALUES (6236, '2024-03-01 16:55:09', NULL, 5874, 1, 9, '120.00', '0.00', '0.00', '20.00', '120.00', '144.00', NULL, NULL, NULL, NULL, '2024-03-01 16:55:09');
INSERT INTO `patient_charges` (`id`, `date`, `ipd_id`, `opd_id`, `qty`, `charge_id`, `standard_charge`, `tpa_charge`, `discount_percentage`, `tax`, `apply_charge`, `amount`, `note`, `organisation_id`, `insurance_validity`, `insurance_id`, `created_at`) VALUES (6237, '2024-03-01 16:55:33', NULL, 5875, 1, 9, '120.00', '0.00', '0.00', '20.00', '120.00', '144.00', NULL, NULL, NULL, NULL, '2024-03-01 16:55:33');
INSERT INTO `patient_charges` (`id`, `date`, `ipd_id`, `opd_id`, `qty`, `charge_id`, `standard_charge`, `tpa_charge`, `discount_percentage`, `tax`, `apply_charge`, `amount`, `note`, `organisation_id`, `insurance_validity`, `insurance_id`, `created_at`) VALUES (6238, '2024-03-01 16:55:58', NULL, 5876, 1, 9, '120.00', '0.00', '0.00', '20.00', '120.00', '144.00', NULL, NULL, NULL, NULL, '2024-03-01 16:55:58');
INSERT INTO `patient_charges` (`id`, `date`, `ipd_id`, `opd_id`, `qty`, `charge_id`, `standard_charge`, `tpa_charge`, `discount_percentage`, `tax`, `apply_charge`, `amount`, `note`, `organisation_id`, `insurance_validity`, `insurance_id`, `created_at`) VALUES (6246, '2024-03-01 17:04:17', NULL, 5884, 1, 9, '120.00', '0.00', '0.00', '20.00', '120.00', '144.00', NULL, NULL, NULL, NULL, '2024-03-01 17:04:17');
INSERT INTO `patient_charges` (`id`, `date`, `ipd_id`, `opd_id`, `qty`, `charge_id`, `standard_charge`, `tpa_charge`, `discount_percentage`, `tax`, `apply_charge`, `amount`, `note`, `organisation_id`, `insurance_validity`, `insurance_id`, `created_at`) VALUES (6248, '2024-03-01 17:05:27', NULL, 5886, 1, 9, '120.00', '0.00', '0.00', '20.00', '120.00', '144.00', NULL, NULL, NULL, NULL, '2024-03-01 17:05:27');
INSERT INTO `patient_charges` (`id`, `date`, `ipd_id`, `opd_id`, `qty`, `charge_id`, `standard_charge`, `tpa_charge`, `discount_percentage`, `tax`, `apply_charge`, `amount`, `note`, `organisation_id`, `insurance_validity`, `insurance_id`, `created_at`) VALUES (6249, '2024-03-01 17:09:38', NULL, 5887, 1, 9, '120.00', '0.00', '0.00', '20.00', '120.00', '144.00', NULL, NULL, NULL, NULL, '2024-03-01 17:09:38');
INSERT INTO `patient_charges` (`id`, `date`, `ipd_id`, `opd_id`, `qty`, `charge_id`, `standard_charge`, `tpa_charge`, `discount_percentage`, `tax`, `apply_charge`, `amount`, `note`, `organisation_id`, `insurance_validity`, `insurance_id`, `created_at`) VALUES (6250, '2024-03-01 17:10:29', NULL, 5888, 1, 9, '120.00', '0.00', '0.00', '20.00', '120.00', '144.00', NULL, NULL, NULL, NULL, '2024-03-01 17:10:29');
INSERT INTO `patient_charges` (`id`, `date`, `ipd_id`, `opd_id`, `qty`, `charge_id`, `standard_charge`, `tpa_charge`, `discount_percentage`, `tax`, `apply_charge`, `amount`, `note`, `organisation_id`, `insurance_validity`, `insurance_id`, `created_at`) VALUES (6271, '2024-03-01 18:10:40', NULL, 5909, 1, 9, '120.00', '0.00', '0.00', '20.00', '120.00', '144.00', 'Sansa Gomez', NULL, NULL, NULL, '2024-03-01 18:10:40');
INSERT INTO `patient_charges` (`id`, `date`, `ipd_id`, `opd_id`, `qty`, `charge_id`, `standard_charge`, `tpa_charge`, `discount_percentage`, `tax`, `apply_charge`, `amount`, `note`, `organisation_id`, `insurance_validity`, `insurance_id`, `created_at`) VALUES (6273, '2024-03-02 10:41:28', NULL, 5911, 1, 9, '120.00', '0.00', '0.00', '20.00', '120.00', '144.00', NULL, NULL, NULL, NULL, '2024-03-02 10:41:28');
INSERT INTO `patient_charges` (`id`, `date`, `ipd_id`, `opd_id`, `qty`, `charge_id`, `standard_charge`, `tpa_charge`, `discount_percentage`, `tax`, `apply_charge`, `amount`, `note`, `organisation_id`, `insurance_validity`, `insurance_id`, `created_at`) VALUES (6274, '2024-03-02 10:41:59', NULL, 5912, 1, 9, '120.00', '0.00', '0.00', '20.00', '120.00', '144.00', NULL, NULL, NULL, NULL, '2024-03-02 10:41:59');
INSERT INTO `patient_charges` (`id`, `date`, `ipd_id`, `opd_id`, `qty`, `charge_id`, `standard_charge`, `tpa_charge`, `discount_percentage`, `tax`, `apply_charge`, `amount`, `note`, `organisation_id`, `insurance_validity`, `insurance_id`, `created_at`) VALUES (6275, '2024-03-02 10:42:22', NULL, 5913, 1, 9, '120.00', '0.00', '0.00', '20.00', '120.00', '144.00', NULL, NULL, NULL, NULL, '2024-03-02 10:42:22');
INSERT INTO `patient_charges` (`id`, `date`, `ipd_id`, `opd_id`, `qty`, `charge_id`, `standard_charge`, `tpa_charge`, `discount_percentage`, `tax`, `apply_charge`, `amount`, `note`, `organisation_id`, `insurance_validity`, `insurance_id`, `created_at`) VALUES (6276, '2024-03-02 10:42:46', NULL, 5914, 1, 9, '120.00', '0.00', '0.00', '20.00', '120.00', '144.00', NULL, NULL, NULL, NULL, '2024-03-02 10:42:46');
INSERT INTO `patient_charges` (`id`, `date`, `ipd_id`, `opd_id`, `qty`, `charge_id`, `standard_charge`, `tpa_charge`, `discount_percentage`, `tax`, `apply_charge`, `amount`, `note`, `organisation_id`, `insurance_validity`, `insurance_id`, `created_at`) VALUES (6278, '2024-03-02 10:50:32', NULL, 5916, 1, 9, '120.00', '0.00', '0.00', '20.00', '120.00', '144.00', NULL, NULL, NULL, NULL, '2024-03-02 10:50:32');
INSERT INTO `patient_charges` (`id`, `date`, `ipd_id`, `opd_id`, `qty`, `charge_id`, `standard_charge`, `tpa_charge`, `discount_percentage`, `tax`, `apply_charge`, `amount`, `note`, `organisation_id`, `insurance_validity`, `insurance_id`, `created_at`) VALUES (6303, '2024-03-02 12:24:05', NULL, 5941, 1, 9, '120.00', '0.00', '0.00', '20.00', '120.00', '144.00', 'Sonia Bush', NULL, NULL, NULL, '2024-03-02 12:24:05');
INSERT INTO `patient_charges` (`id`, `date`, `ipd_id`, `opd_id`, `qty`, `charge_id`, `standard_charge`, `tpa_charge`, `discount_percentage`, `tax`, `apply_charge`, `amount`, `note`, `organisation_id`, `insurance_validity`, `insurance_id`, `created_at`) VALUES (6306, '2024-03-02 12:25:33', NULL, 5944, 1, 9, '120.00', '0.00', '0.00', '20.00', '120.00', '144.00', 'Sonia Bush', NULL, NULL, NULL, '2024-03-02 12:25:33');
INSERT INTO `patient_charges` (`id`, `date`, `ipd_id`, `opd_id`, `qty`, `charge_id`, `standard_charge`, `tpa_charge`, `discount_percentage`, `tax`, `apply_charge`, `amount`, `note`, `organisation_id`, `insurance_validity`, `insurance_id`, `created_at`) VALUES (6307, '2024-03-02 12:25:51', NULL, 5945, 1, 9, '120.00', '0.00', '0.00', '20.00', '120.00', '144.00', 'Sonia Bush', NULL, NULL, NULL, '2024-03-02 12:25:51');
INSERT INTO `patient_charges` (`id`, `date`, `ipd_id`, `opd_id`, `qty`, `charge_id`, `standard_charge`, `tpa_charge`, `discount_percentage`, `tax`, `apply_charge`, `amount`, `note`, `organisation_id`, `insurance_validity`, `insurance_id`, `created_at`) VALUES (6322, '2024-03-02 12:53:13', NULL, 5960, 1, 9, '120.00', '0.00', '0.00', '20.00', '120.00', '144.00', NULL, NULL, NULL, NULL, '2024-03-02 12:53:13');
INSERT INTO `patient_charges` (`id`, `date`, `ipd_id`, `opd_id`, `qty`, `charge_id`, `standard_charge`, `tpa_charge`, `discount_percentage`, `tax`, `apply_charge`, `amount`, `note`, `organisation_id`, `insurance_validity`, `insurance_id`, `created_at`) VALUES (6390, '2024-04-02 10:02:18', NULL, 6024, 1, 9, '120.00', '0.00', '0.00', '20.00', '120.00', '144.00', NULL, NULL, NULL, NULL, '2024-04-02 10:02:18');
INSERT INTO `patient_charges` (`id`, `date`, `ipd_id`, `opd_id`, `qty`, `charge_id`, `standard_charge`, `tpa_charge`, `discount_percentage`, `tax`, `apply_charge`, `amount`, `note`, `organisation_id`, `insurance_validity`, `insurance_id`, `created_at`) VALUES (6391, '2024-04-02 10:02:36', NULL, 6025, 1, 9, '120.00', '0.00', '0.00', '20.00', '120.00', '144.00', NULL, NULL, NULL, NULL, '2024-04-02 10:02:36');
INSERT INTO `patient_charges` (`id`, `date`, `ipd_id`, `opd_id`, `qty`, `charge_id`, `standard_charge`, `tpa_charge`, `discount_percentage`, `tax`, `apply_charge`, `amount`, `note`, `organisation_id`, `insurance_validity`, `insurance_id`, `created_at`) VALUES (6394, '2024-04-02 10:09:16', NULL, 6028, 1, 9, '120.00', '0.00', '0.00', '20.00', '120.00', '144.00', NULL, NULL, NULL, NULL, '2024-04-02 10:09:16');
INSERT INTO `patient_charges` (`id`, `date`, `ipd_id`, `opd_id`, `qty`, `charge_id`, `standard_charge`, `tpa_charge`, `discount_percentage`, `tax`, `apply_charge`, `amount`, `note`, `organisation_id`, `insurance_validity`, `insurance_id`, `created_at`) VALUES (6395, '2024-04-02 10:13:12', NULL, 6029, 1, 9, '120.00', '0.00', '0.00', '20.00', '120.00', '144.00', NULL, NULL, NULL, NULL, '2024-04-02 10:13:12');
INSERT INTO `patient_charges` (`id`, `date`, `ipd_id`, `opd_id`, `qty`, `charge_id`, `standard_charge`, `tpa_charge`, `discount_percentage`, `tax`, `apply_charge`, `amount`, `note`, `organisation_id`, `insurance_validity`, `insurance_id`, `created_at`) VALUES (6397, '2024-04-02 10:26:59', NULL, 6031, 1, 9, '120.00', '0.00', '0.00', '20.00', '120.00', '144.00', NULL, NULL, NULL, NULL, '2024-04-02 10:26:59');
INSERT INTO `patient_charges` (`id`, `date`, `ipd_id`, `opd_id`, `qty`, `charge_id`, `standard_charge`, `tpa_charge`, `discount_percentage`, `tax`, `apply_charge`, `amount`, `note`, `organisation_id`, `insurance_validity`, `insurance_id`, `created_at`) VALUES (6398, '2024-04-02 10:29:42', NULL, 6032, 1, 9, '120.00', '0.00', '0.00', '20.00', '120.00', '144.00', NULL, NULL, NULL, NULL, '2024-04-02 10:29:42');
INSERT INTO `patient_charges` (`id`, `date`, `ipd_id`, `opd_id`, `qty`, `charge_id`, `standard_charge`, `tpa_charge`, `discount_percentage`, `tax`, `apply_charge`, `amount`, `note`, `organisation_id`, `insurance_validity`, `insurance_id`, `created_at`) VALUES (6400, '2024-04-02 10:30:32', NULL, 6034, 1, 9, '120.00', '0.00', '0.00', '20.00', '120.00', '144.00', NULL, NULL, NULL, NULL, '2024-04-02 10:30:32');
INSERT INTO `patient_charges` (`id`, `date`, `ipd_id`, `opd_id`, `qty`, `charge_id`, `standard_charge`, `tpa_charge`, `discount_percentage`, `tax`, `apply_charge`, `amount`, `note`, `organisation_id`, `insurance_validity`, `insurance_id`, `created_at`) VALUES (6401, '2024-04-02 10:30:50', NULL, 6035, 1, 9, '120.00', '0.00', '0.00', '20.00', '120.00', '144.00', NULL, NULL, NULL, NULL, '2024-04-02 10:30:50');
INSERT INTO `patient_charges` (`id`, `date`, `ipd_id`, `opd_id`, `qty`, `charge_id`, `standard_charge`, `tpa_charge`, `discount_percentage`, `tax`, `apply_charge`, `amount`, `note`, `organisation_id`, `insurance_validity`, `insurance_id`, `created_at`) VALUES (6402, '2024-04-02 10:39:01', NULL, 6036, 1, 9, '120.00', '0.00', '0.00', '20.00', '120.00', '144.00', NULL, NULL, NULL, NULL, '2024-04-02 10:39:01');
INSERT INTO `patient_charges` (`id`, `date`, `ipd_id`, `opd_id`, `qty`, `charge_id`, `standard_charge`, `tpa_charge`, `discount_percentage`, `tax`, `apply_charge`, `amount`, `note`, `organisation_id`, `insurance_validity`, `insurance_id`, `created_at`) VALUES (6404, '2024-04-02 10:40:27', NULL, 6038, 1, 9, '120.00', '0.00', '0.00', '20.00', '120.00', '144.00', NULL, NULL, NULL, NULL, '2024-04-02 10:40:27');
INSERT INTO `patient_charges` (`id`, `date`, `ipd_id`, `opd_id`, `qty`, `charge_id`, `standard_charge`, `tpa_charge`, `discount_percentage`, `tax`, `apply_charge`, `amount`, `note`, `organisation_id`, `insurance_validity`, `insurance_id`, `created_at`) VALUES (6405, '2024-04-02 10:40:52', NULL, 6039, 1, 9, '120.00', '0.00', '0.00', '20.00', '120.00', '144.00', NULL, NULL, NULL, NULL, '2024-04-02 10:40:52');
INSERT INTO `patient_charges` (`id`, `date`, `ipd_id`, `opd_id`, `qty`, `charge_id`, `standard_charge`, `tpa_charge`, `discount_percentage`, `tax`, `apply_charge`, `amount`, `note`, `organisation_id`, `insurance_validity`, `insurance_id`, `created_at`) VALUES (6407, '2024-04-02 10:44:04', NULL, 6041, 1, 9, '120.00', '0.00', '0.00', '20.00', '120.00', '144.00', NULL, NULL, NULL, NULL, '2024-04-02 10:44:04');
INSERT INTO `patient_charges` (`id`, `date`, `ipd_id`, `opd_id`, `qty`, `charge_id`, `standard_charge`, `tpa_charge`, `discount_percentage`, `tax`, `apply_charge`, `amount`, `note`, `organisation_id`, `insurance_validity`, `insurance_id`, `created_at`) VALUES (6408, '2024-04-02 10:44:31', NULL, 6042, 1, 9, '120.00', '0.00', '0.00', '20.00', '120.00', '144.00', NULL, NULL, NULL, NULL, '2024-04-02 10:44:31');
INSERT INTO `patient_charges` (`id`, `date`, `ipd_id`, `opd_id`, `qty`, `charge_id`, `standard_charge`, `tpa_charge`, `discount_percentage`, `tax`, `apply_charge`, `amount`, `note`, `organisation_id`, `insurance_validity`, `insurance_id`, `created_at`) VALUES (6409, '2024-04-02 10:48:31', NULL, 6043, 1, 9, '120.00', '0.00', '0.00', '20.00', '120.00', '144.00', NULL, NULL, NULL, NULL, '2024-04-02 10:48:31');
INSERT INTO `patient_charges` (`id`, `date`, `ipd_id`, `opd_id`, `qty`, `charge_id`, `standard_charge`, `tpa_charge`, `discount_percentage`, `tax`, `apply_charge`, `amount`, `note`, `organisation_id`, `insurance_validity`, `insurance_id`, `created_at`) VALUES (6410, '2024-04-02 10:55:11', NULL, 6044, 1, 9, '120.00', '0.00', '0.00', '20.00', '120.00', '144.00', NULL, NULL, NULL, NULL, '2024-04-02 10:55:11');
INSERT INTO `patient_charges` (`id`, `date`, `ipd_id`, `opd_id`, `qty`, `charge_id`, `standard_charge`, `tpa_charge`, `discount_percentage`, `tax`, `apply_charge`, `amount`, `note`, `organisation_id`, `insurance_validity`, `insurance_id`, `created_at`) VALUES (6411, '2024-04-02 10:57:28', NULL, 6045, 1, 9, '120.00', '0.00', '0.00', '20.00', '120.00', '144.00', NULL, NULL, NULL, NULL, '2024-04-02 10:57:28');
INSERT INTO `patient_charges` (`id`, `date`, `ipd_id`, `opd_id`, `qty`, `charge_id`, `standard_charge`, `tpa_charge`, `discount_percentage`, `tax`, `apply_charge`, `amount`, `note`, `organisation_id`, `insurance_validity`, `insurance_id`, `created_at`) VALUES (6412, '2024-04-02 10:59:04', NULL, 6046, 1, 9, '120.00', '0.00', '0.00', '20.00', '120.00', '144.00', NULL, NULL, NULL, NULL, '2024-04-02 10:59:04');
INSERT INTO `patient_charges` (`id`, `date`, `ipd_id`, `opd_id`, `qty`, `charge_id`, `standard_charge`, `tpa_charge`, `discount_percentage`, `tax`, `apply_charge`, `amount`, `note`, `organisation_id`, `insurance_validity`, `insurance_id`, `created_at`) VALUES (6416, '2024-04-02 11:10:31', NULL, 6050, 1, 9, '120.00', '0.00', '0.00', '20.00', '120.00', '144.00', NULL, NULL, NULL, NULL, '2024-04-02 11:10:31');
INSERT INTO `patient_charges` (`id`, `date`, `ipd_id`, `opd_id`, `qty`, `charge_id`, `standard_charge`, `tpa_charge`, `discount_percentage`, `tax`, `apply_charge`, `amount`, `note`, `organisation_id`, `insurance_validity`, `insurance_id`, `created_at`) VALUES (6419, '2024-04-02 11:11:32', NULL, 6053, 1, 9, '120.00', '0.00', '0.00', '20.00', '120.00', '144.00', NULL, NULL, NULL, NULL, '2024-04-02 11:11:32');
INSERT INTO `patient_charges` (`id`, `date`, `ipd_id`, `opd_id`, `qty`, `charge_id`, `standard_charge`, `tpa_charge`, `discount_percentage`, `tax`, `apply_charge`, `amount`, `note`, `organisation_id`, `insurance_validity`, `insurance_id`, `created_at`) VALUES (6424, '2024-04-02 11:33:48', NULL, 6058, 1, 9, '120.00', '0.00', '0.00', '20.00', '120.00', '144.00', 'Sonia Bush', NULL, NULL, NULL, '2024-04-02 11:33:48');
INSERT INTO `patient_charges` (`id`, `date`, `ipd_id`, `opd_id`, `qty`, `charge_id`, `standard_charge`, `tpa_charge`, `discount_percentage`, `tax`, `apply_charge`, `amount`, `note`, `organisation_id`, `insurance_validity`, `insurance_id`, `created_at`) VALUES (6470, '2024-04-02 13:02:26', NULL, 6098, 1, 9, '120.00', '0.00', '0.00', '20.00', '120.00', '144.00', NULL, NULL, NULL, NULL, '2024-04-02 13:02:26');
INSERT INTO `patient_charges` (`id`, `date`, `ipd_id`, `opd_id`, `qty`, `charge_id`, `standard_charge`, `tpa_charge`, `discount_percentage`, `tax`, `apply_charge`, `amount`, `note`, `organisation_id`, `insurance_validity`, `insurance_id`, `created_at`) VALUES (6475, '2024-04-02 13:09:50', NULL, 6103, 1, 9, '120.00', '0.00', '0.00', '20.00', '120.00', '144.00', 'Sansa Gomez', NULL, NULL, NULL, '2024-04-02 13:09:50');
INSERT INTO `patient_charges` (`id`, `date`, `ipd_id`, `opd_id`, `qty`, `charge_id`, `standard_charge`, `tpa_charge`, `discount_percentage`, `tax`, `apply_charge`, `amount`, `note`, `organisation_id`, `insurance_validity`, `insurance_id`, `created_at`) VALUES (6493, '2024-05-01 17:57:51', NULL, 6114, 1, 9, '120.00', '0.00', '0.00', '20.00', '120.00', '144.00', 'Sonia Bush', NULL, NULL, NULL, '2024-05-01 17:57:51');
INSERT INTO `patient_charges` (`id`, `date`, `ipd_id`, `opd_id`, `qty`, `charge_id`, `standard_charge`, `tpa_charge`, `discount_percentage`, `tax`, `apply_charge`, `amount`, `note`, `organisation_id`, `insurance_validity`, `insurance_id`, `created_at`) VALUES (6501, '2024-05-02 10:48:58', NULL, 6122, 1, 9, '120.00', '0.00', '0.00', '20.00', '120.00', '144.00', NULL, NULL, NULL, NULL, '2024-05-02 10:48:58');
INSERT INTO `patient_charges` (`id`, `date`, `ipd_id`, `opd_id`, `qty`, `charge_id`, `standard_charge`, `tpa_charge`, `discount_percentage`, `tax`, `apply_charge`, `amount`, `note`, `organisation_id`, `insurance_validity`, `insurance_id`, `created_at`) VALUES (6503, '2024-05-02 10:50:22', NULL, 6124, 1, 9, '120.00', '0.00', '0.00', '20.00', '120.00', '144.00', NULL, NULL, NULL, NULL, '2024-05-02 10:50:22');
INSERT INTO `patient_charges` (`id`, `date`, `ipd_id`, `opd_id`, `qty`, `charge_id`, `standard_charge`, `tpa_charge`, `discount_percentage`, `tax`, `apply_charge`, `amount`, `note`, `organisation_id`, `insurance_validity`, `insurance_id`, `created_at`) VALUES (6504, '2024-05-02 10:50:46', NULL, 6125, 1, 9, '120.00', '0.00', '0.00', '20.00', '120.00', '144.00', NULL, NULL, NULL, NULL, '2024-05-02 10:50:46');
INSERT INTO `patient_charges` (`id`, `date`, `ipd_id`, `opd_id`, `qty`, `charge_id`, `standard_charge`, `tpa_charge`, `discount_percentage`, `tax`, `apply_charge`, `amount`, `note`, `organisation_id`, `insurance_validity`, `insurance_id`, `created_at`) VALUES (6506, '2024-05-02 10:57:39', NULL, 6127, 1, 9, '120.00', '0.00', '0.00', '20.00', '120.00', '144.00', NULL, NULL, NULL, NULL, '2024-05-02 10:57:39');
INSERT INTO `patient_charges` (`id`, `date`, `ipd_id`, `opd_id`, `qty`, `charge_id`, `standard_charge`, `tpa_charge`, `discount_percentage`, `tax`, `apply_charge`, `amount`, `note`, `organisation_id`, `insurance_validity`, `insurance_id`, `created_at`) VALUES (6509, '2024-05-02 11:03:46', NULL, 6130, 1, 9, '120.00', '0.00', '0.00', '20.00', '120.00', '144.00', NULL, NULL, NULL, NULL, '2024-05-02 11:03:46');
INSERT INTO `patient_charges` (`id`, `date`, `ipd_id`, `opd_id`, `qty`, `charge_id`, `standard_charge`, `tpa_charge`, `discount_percentage`, `tax`, `apply_charge`, `amount`, `note`, `organisation_id`, `insurance_validity`, `insurance_id`, `created_at`) VALUES (6511, '2024-05-02 11:06:30', NULL, 6132, 1, 9, '120.00', '0.00', '0.00', '20.00', '120.00', '144.00', NULL, NULL, NULL, NULL, '2024-05-02 11:06:30');
INSERT INTO `patient_charges` (`id`, `date`, `ipd_id`, `opd_id`, `qty`, `charge_id`, `standard_charge`, `tpa_charge`, `discount_percentage`, `tax`, `apply_charge`, `amount`, `note`, `organisation_id`, `insurance_validity`, `insurance_id`, `created_at`) VALUES (6512, '2024-05-02 11:07:09', NULL, 6133, 1, 9, '120.00', '0.00', '0.00', '20.00', '120.00', '144.00', NULL, NULL, NULL, NULL, '2024-05-02 11:07:09');
INSERT INTO `patient_charges` (`id`, `date`, `ipd_id`, `opd_id`, `qty`, `charge_id`, `standard_charge`, `tpa_charge`, `discount_percentage`, `tax`, `apply_charge`, `amount`, `note`, `organisation_id`, `insurance_validity`, `insurance_id`, `created_at`) VALUES (6514, '2024-05-02 11:08:38', NULL, 6135, 1, 9, '120.00', '0.00', '0.00', '20.00', '120.00', '144.00', NULL, NULL, NULL, NULL, '2024-05-02 11:08:38');
INSERT INTO `patient_charges` (`id`, `date`, `ipd_id`, `opd_id`, `qty`, `charge_id`, `standard_charge`, `tpa_charge`, `discount_percentage`, `tax`, `apply_charge`, `amount`, `note`, `organisation_id`, `insurance_validity`, `insurance_id`, `created_at`) VALUES (6518, '2024-05-02 11:14:24', NULL, 6139, 1, 9, '120.00', '0.00', '0.00', '20.00', '120.00', '144.00', NULL, NULL, NULL, NULL, '2024-05-02 11:14:24');
INSERT INTO `patient_charges` (`id`, `date`, `ipd_id`, `opd_id`, `qty`, `charge_id`, `standard_charge`, `tpa_charge`, `discount_percentage`, `tax`, `apply_charge`, `amount`, `note`, `organisation_id`, `insurance_validity`, `insurance_id`, `created_at`) VALUES (6525, '2024-05-02 11:22:39', NULL, 6146, 1, 9, '120.00', '0.00', '0.00', '20.00', '120.00', '144.00', NULL, NULL, NULL, NULL, '2024-05-02 11:22:39');
INSERT INTO `patient_charges` (`id`, `date`, `ipd_id`, `opd_id`, `qty`, `charge_id`, `standard_charge`, `tpa_charge`, `discount_percentage`, `tax`, `apply_charge`, `amount`, `note`, `organisation_id`, `insurance_validity`, `insurance_id`, `created_at`) VALUES (6529, '2024-05-02 11:29:38', NULL, 6150, 1, 9, '120.00', '0.00', '0.00', '20.00', '120.00', '144.00', NULL, NULL, NULL, NULL, '2024-05-02 11:29:38');
INSERT INTO `patient_charges` (`id`, `date`, `ipd_id`, `opd_id`, `qty`, `charge_id`, `standard_charge`, `tpa_charge`, `discount_percentage`, `tax`, `apply_charge`, `amount`, `note`, `organisation_id`, `insurance_validity`, `insurance_id`, `created_at`) VALUES (6537, '2024-05-02 11:42:38', NULL, 6158, 1, 9, '120.00', '0.00', '0.00', '20.00', '120.00', '144.00', NULL, NULL, NULL, NULL, '2024-05-02 11:42:38');
INSERT INTO `patient_charges` (`id`, `date`, `ipd_id`, `opd_id`, `qty`, `charge_id`, `standard_charge`, `tpa_charge`, `discount_percentage`, `tax`, `apply_charge`, `amount`, `note`, `organisation_id`, `insurance_validity`, `insurance_id`, `created_at`) VALUES (6539, '2024-05-02 11:48:23', NULL, 6160, 1, 9, '120.00', '0.00', '0.00', '20.00', '120.00', '144.00', NULL, NULL, NULL, NULL, '2024-05-02 11:48:23');
INSERT INTO `patient_charges` (`id`, `date`, `ipd_id`, `opd_id`, `qty`, `charge_id`, `standard_charge`, `tpa_charge`, `discount_percentage`, `tax`, `apply_charge`, `amount`, `note`, `organisation_id`, `insurance_validity`, `insurance_id`, `created_at`) VALUES (6540, '2024-05-02 11:49:33', NULL, 6161, 1, 9, '120.00', '0.00', '0.00', '20.00', '120.00', '144.00', NULL, NULL, NULL, NULL, '2024-05-02 11:49:33');
INSERT INTO `patient_charges` (`id`, `date`, `ipd_id`, `opd_id`, `qty`, `charge_id`, `standard_charge`, `tpa_charge`, `discount_percentage`, `tax`, `apply_charge`, `amount`, `note`, `organisation_id`, `insurance_validity`, `insurance_id`, `created_at`) VALUES (6542, '2024-05-02 11:52:50', NULL, 6163, 1, 9, '120.00', '0.00', '0.00', '20.00', '120.00', '144.00', NULL, NULL, NULL, NULL, '2024-05-02 11:52:50');
INSERT INTO `patient_charges` (`id`, `date`, `ipd_id`, `opd_id`, `qty`, `charge_id`, `standard_charge`, `tpa_charge`, `discount_percentage`, `tax`, `apply_charge`, `amount`, `note`, `organisation_id`, `insurance_validity`, `insurance_id`, `created_at`) VALUES (6543, '2024-05-02 11:53:37', NULL, 6164, 1, 9, '120.00', '0.00', '0.00', '20.00', '120.00', '144.00', NULL, NULL, NULL, NULL, '2024-05-02 11:53:37');
INSERT INTO `patient_charges` (`id`, `date`, `ipd_id`, `opd_id`, `qty`, `charge_id`, `standard_charge`, `tpa_charge`, `discount_percentage`, `tax`, `apply_charge`, `amount`, `note`, `organisation_id`, `insurance_validity`, `insurance_id`, `created_at`) VALUES (6544, '2024-05-02 11:54:55', NULL, 6165, 1, 9, '120.00', '0.00', '0.00', '20.00', '120.00', '144.00', NULL, NULL, NULL, NULL, '2024-05-02 11:54:55');
INSERT INTO `patient_charges` (`id`, `date`, `ipd_id`, `opd_id`, `qty`, `charge_id`, `standard_charge`, `tpa_charge`, `discount_percentage`, `tax`, `apply_charge`, `amount`, `note`, `organisation_id`, `insurance_validity`, `insurance_id`, `created_at`) VALUES (6546, '2024-05-02 11:57:19', NULL, 6167, 1, 9, '120.00', '0.00', '0.00', '20.00', '120.00', '144.00', NULL, NULL, NULL, NULL, '2024-05-02 11:57:19');
INSERT INTO `patient_charges` (`id`, `date`, `ipd_id`, `opd_id`, `qty`, `charge_id`, `standard_charge`, `tpa_charge`, `discount_percentage`, `tax`, `apply_charge`, `amount`, `note`, `organisation_id`, `insurance_validity`, `insurance_id`, `created_at`) VALUES (6548, '2024-05-02 11:58:46', NULL, 6169, 1, 9, '120.00', '0.00', '0.00', '20.00', '120.00', '144.00', NULL, NULL, NULL, NULL, '2024-05-02 11:58:46');
INSERT INTO `patient_charges` (`id`, `date`, `ipd_id`, `opd_id`, `qty`, `charge_id`, `standard_charge`, `tpa_charge`, `discount_percentage`, `tax`, `apply_charge`, `amount`, `note`, `organisation_id`, `insurance_validity`, `insurance_id`, `created_at`) VALUES (6594, '2024-05-02 13:33:42', NULL, 6211, 1, 9, '120.00', '0.00', '0.00', '20.00', '120.00', '144.00', NULL, NULL, NULL, NULL, '2024-05-02 13:33:42');
INSERT INTO `patient_charges` (`id`, `date`, `ipd_id`, `opd_id`, `qty`, `charge_id`, `standard_charge`, `tpa_charge`, `discount_percentage`, `tax`, `apply_charge`, `amount`, `note`, `organisation_id`, `insurance_validity`, `insurance_id`, `created_at`) VALUES (6595, '2024-05-02 13:35:51', NULL, 6212, 1, 9, '120.00', '0.00', '0.00', '20.00', '120.00', '144.00', NULL, NULL, NULL, NULL, '2024-05-02 13:35:51');
INSERT INTO `patient_charges` (`id`, `date`, `ipd_id`, `opd_id`, `qty`, `charge_id`, `standard_charge`, `tpa_charge`, `discount_percentage`, `tax`, `apply_charge`, `amount`, `note`, `organisation_id`, `insurance_validity`, `insurance_id`, `created_at`) VALUES (6604, '2024-05-02 15:08:14', NULL, 6221, 1, 9, '120.00', '0.00', '0.00', '20.00', '120.00', '144.00', NULL, NULL, NULL, NULL, '2024-05-02 15:08:14');
INSERT INTO `patient_charges` (`id`, `date`, `ipd_id`, `opd_id`, `qty`, `charge_id`, `standard_charge`, `tpa_charge`, `discount_percentage`, `tax`, `apply_charge`, `amount`, `note`, `organisation_id`, `insurance_validity`, `insurance_id`, `created_at`) VALUES (6611, '2024-05-02 15:32:42', NULL, 6228, 1, 9, '120.00', '0.00', '0.00', '20.00', '120.00', '144.00', 'Sansa Gomez', NULL, NULL, NULL, '2024-05-02 15:32:42');
INSERT INTO `patient_charges` (`id`, `date`, `ipd_id`, `opd_id`, `qty`, `charge_id`, `standard_charge`, `tpa_charge`, `discount_percentage`, `tax`, `apply_charge`, `amount`, `note`, `organisation_id`, `insurance_validity`, `insurance_id`, `created_at`) VALUES (6612, '2024-05-02 15:34:42', NULL, 6229, 1, 9, '120.00', '0.00', '0.00', '20.00', '120.00', '144.00', 'Sansa Gomez', NULL, NULL, NULL, '2024-05-02 15:34:42');
INSERT INTO `patient_charges` (`id`, `date`, `ipd_id`, `opd_id`, `qty`, `charge_id`, `standard_charge`, `tpa_charge`, `discount_percentage`, `tax`, `apply_charge`, `amount`, `note`, `organisation_id`, `insurance_validity`, `insurance_id`, `created_at`) VALUES (6613, '2024-05-02 15:35:54', NULL, 6230, 1, 9, '120.00', '0.00', '0.00', '20.00', '120.00', '144.00', 'Sansa Gomez', NULL, NULL, NULL, '2024-05-02 15:35:54');
INSERT INTO `patient_charges` (`id`, `date`, `ipd_id`, `opd_id`, `qty`, `charge_id`, `standard_charge`, `tpa_charge`, `discount_percentage`, `tax`, `apply_charge`, `amount`, `note`, `organisation_id`, `insurance_validity`, `insurance_id`, `created_at`) VALUES (6614, '2024-05-02 15:48:45', NULL, 6231, 1, 9, '120.00', '0.00', '0.00', '20.00', '120.00', '144.00', 'Sansa Gomez', NULL, NULL, NULL, '2024-05-02 15:48:45');
INSERT INTO `patient_charges` (`id`, `date`, `ipd_id`, `opd_id`, `qty`, `charge_id`, `standard_charge`, `tpa_charge`, `discount_percentage`, `tax`, `apply_charge`, `amount`, `note`, `organisation_id`, `insurance_validity`, `insurance_id`, `created_at`) VALUES (6615, '2024-05-02 15:56:29', NULL, 6232, 1, 9, '120.00', '0.00', '0.00', '20.00', '120.00', '144.00', 'Sansa Gomez', NULL, NULL, NULL, '2024-05-02 15:56:29');
INSERT INTO `patient_charges` (`id`, `date`, `ipd_id`, `opd_id`, `qty`, `charge_id`, `standard_charge`, `tpa_charge`, `discount_percentage`, `tax`, `apply_charge`, `amount`, `note`, `organisation_id`, `insurance_validity`, `insurance_id`, `created_at`) VALUES (6616, '2024-05-02 15:57:49', NULL, 6233, 1, 9, '120.00', '0.00', '0.00', '20.00', '120.00', '144.00', 'Sansa Gomez', NULL, NULL, NULL, '2024-05-02 15:57:49');
INSERT INTO `patient_charges` (`id`, `date`, `ipd_id`, `opd_id`, `qty`, `charge_id`, `standard_charge`, `tpa_charge`, `discount_percentage`, `tax`, `apply_charge`, `amount`, `note`, `organisation_id`, `insurance_validity`, `insurance_id`, `created_at`) VALUES (6622, '2024-05-02 16:20:15', NULL, 6239, 1, 9, '120.00', '0.00', '0.00', '20.00', '120.00', '144.00', 'Sonia Bush', NULL, NULL, NULL, '2024-05-02 16:20:15');
INSERT INTO `patient_charges` (`id`, `date`, `ipd_id`, `opd_id`, `qty`, `charge_id`, `standard_charge`, `tpa_charge`, `discount_percentage`, `tax`, `apply_charge`, `amount`, `note`, `organisation_id`, `insurance_validity`, `insurance_id`, `created_at`) VALUES (6623, '2024-05-02 16:21:12', NULL, 6240, 1, 9, '120.00', '0.00', '0.00', '20.00', '120.00', '144.00', 'Sonia Bush', NULL, NULL, NULL, '2024-05-02 16:21:12');
INSERT INTO `patient_charges` (`id`, `date`, `ipd_id`, `opd_id`, `qty`, `charge_id`, `standard_charge`, `tpa_charge`, `discount_percentage`, `tax`, `apply_charge`, `amount`, `note`, `organisation_id`, `insurance_validity`, `insurance_id`, `created_at`) VALUES (6624, '2024-05-02 16:21:57', NULL, 6241, 1, 9, '120.00', '0.00', '0.00', '20.00', '120.00', '144.00', 'Sonia Bush', NULL, NULL, NULL, '2024-05-02 16:21:57');
INSERT INTO `patient_charges` (`id`, `date`, `ipd_id`, `opd_id`, `qty`, `charge_id`, `standard_charge`, `tpa_charge`, `discount_percentage`, `tax`, `apply_charge`, `amount`, `note`, `organisation_id`, `insurance_validity`, `insurance_id`, `created_at`) VALUES (6625, '2024-05-02 16:22:48', NULL, 6242, 1, 9, '120.00', '0.00', '0.00', '20.00', '120.00', '144.00', 'Sonia Bush', NULL, NULL, NULL, '2024-05-02 16:22:48');
INSERT INTO `patient_charges` (`id`, `date`, `ipd_id`, `opd_id`, `qty`, `charge_id`, `standard_charge`, `tpa_charge`, `discount_percentage`, `tax`, `apply_charge`, `amount`, `note`, `organisation_id`, `insurance_validity`, `insurance_id`, `created_at`) VALUES (6626, '2024-05-02 16:23:56', NULL, 6243, 1, 9, '120.00', '0.00', '0.00', '20.00', '120.00', '144.00', 'Sonia Bush', NULL, NULL, NULL, '2024-05-02 16:23:56');
INSERT INTO `patient_charges` (`id`, `date`, `ipd_id`, `opd_id`, `qty`, `charge_id`, `standard_charge`, `tpa_charge`, `discount_percentage`, `tax`, `apply_charge`, `amount`, `note`, `organisation_id`, `insurance_validity`, `insurance_id`, `created_at`) VALUES (6627, '2024-05-02 16:24:53', NULL, 6244, 1, 9, '120.00', '0.00', '0.00', '20.00', '120.00', '144.00', 'Sonia Bush', NULL, NULL, NULL, '2024-05-02 16:24:53');
INSERT INTO `patient_charges` (`id`, `date`, `ipd_id`, `opd_id`, `qty`, `charge_id`, `standard_charge`, `tpa_charge`, `discount_percentage`, `tax`, `apply_charge`, `amount`, `note`, `organisation_id`, `insurance_validity`, `insurance_id`, `created_at`) VALUES (6635, '2024-05-02 16:55:11', NULL, 6252, 1, 9, '120.00', '0.00', '0.00', '20.00', '120.00', '144.00', 'Sonia Bush', NULL, NULL, NULL, '2024-05-02 16:55:11');
INSERT INTO `patient_charges` (`id`, `date`, `ipd_id`, `opd_id`, `qty`, `charge_id`, `standard_charge`, `tpa_charge`, `discount_percentage`, `tax`, `apply_charge`, `amount`, `note`, `organisation_id`, `insurance_validity`, `insurance_id`, `created_at`) VALUES (6636, '2024-05-02 17:05:02', NULL, 6253, 1, 9, '120.00', '0.00', '0.00', '20.00', '120.00', '144.00', NULL, NULL, NULL, NULL, '2024-05-02 17:05:02');
INSERT INTO `patient_charges` (`id`, `date`, `ipd_id`, `opd_id`, `qty`, `charge_id`, `standard_charge`, `tpa_charge`, `discount_percentage`, `tax`, `apply_charge`, `amount`, `note`, `organisation_id`, `insurance_validity`, `insurance_id`, `created_at`) VALUES (6637, '2024-05-02 17:06:57', NULL, 6254, 1, 9, '120.00', '0.00', '0.00', '20.00', '120.00', '144.00', NULL, NULL, NULL, NULL, '2024-05-02 17:06:57');
INSERT INTO `patient_charges` (`id`, `date`, `ipd_id`, `opd_id`, `qty`, `charge_id`, `standard_charge`, `tpa_charge`, `discount_percentage`, `tax`, `apply_charge`, `amount`, `note`, `organisation_id`, `insurance_validity`, `insurance_id`, `created_at`) VALUES (6638, '2024-05-02 17:07:49', NULL, 6255, 1, 9, '120.00', '0.00', '0.00', '20.00', '120.00', '144.00', NULL, NULL, NULL, NULL, '2024-05-02 17:07:49');
INSERT INTO `patient_charges` (`id`, `date`, `ipd_id`, `opd_id`, `qty`, `charge_id`, `standard_charge`, `tpa_charge`, `discount_percentage`, `tax`, `apply_charge`, `amount`, `note`, `organisation_id`, `insurance_validity`, `insurance_id`, `created_at`) VALUES (6648, '2024-06-01 14:50:09', NULL, 6256, 1, 9, '120.00', '0.00', '0.00', '20.00', '120.00', '144.00', 'Amit  Singh', NULL, NULL, NULL, '2024-06-01 14:50:09');
INSERT INTO `patient_charges` (`id`, `date`, `ipd_id`, `opd_id`, `qty`, `charge_id`, `standard_charge`, `tpa_charge`, `discount_percentage`, `tax`, `apply_charge`, `amount`, `note`, `organisation_id`, `insurance_validity`, `insurance_id`, `created_at`) VALUES (6649, '2024-06-01 14:52:31', NULL, 6257, 1, 9, '120.00', '0.00', '0.00', '20.00', '120.00', '144.00', NULL, NULL, NULL, NULL, '2024-06-01 14:52:31');
INSERT INTO `patient_charges` (`id`, `date`, `ipd_id`, `opd_id`, `qty`, `charge_id`, `standard_charge`, `tpa_charge`, `discount_percentage`, `tax`, `apply_charge`, `amount`, `note`, `organisation_id`, `insurance_validity`, `insurance_id`, `created_at`) VALUES (6650, '2024-06-01 14:54:23', NULL, 6258, 1, 9, '120.00', '0.00', '0.00', '20.00', '120.00', '144.00', 'Amit  Singh', NULL, NULL, NULL, '2024-06-01 14:54:23');
INSERT INTO `patient_charges` (`id`, `date`, `ipd_id`, `opd_id`, `qty`, `charge_id`, `standard_charge`, `tpa_charge`, `discount_percentage`, `tax`, `apply_charge`, `amount`, `note`, `organisation_id`, `insurance_validity`, `insurance_id`, `created_at`) VALUES (6651, '2024-06-01 14:55:34', NULL, 6259, 1, 9, '120.00', '0.00', '0.00', '20.00', '120.00', '144.00', 'Amit  Singh', NULL, NULL, NULL, '2024-06-01 14:55:34');
INSERT INTO `patient_charges` (`id`, `date`, `ipd_id`, `opd_id`, `qty`, `charge_id`, `standard_charge`, `tpa_charge`, `discount_percentage`, `tax`, `apply_charge`, `amount`, `note`, `organisation_id`, `insurance_validity`, `insurance_id`, `created_at`) VALUES (6652, '2024-06-01 14:56:39', NULL, 6260, 1, 9, '120.00', '0.00', '0.00', '20.00', '120.00', '144.00', 'Amit  Singh', NULL, NULL, NULL, '2024-06-01 14:56:39');
INSERT INTO `patient_charges` (`id`, `date`, `ipd_id`, `opd_id`, `qty`, `charge_id`, `standard_charge`, `tpa_charge`, `discount_percentage`, `tax`, `apply_charge`, `amount`, `note`, `organisation_id`, `insurance_validity`, `insurance_id`, `created_at`) VALUES (6653, '2024-06-01 14:58:24', NULL, 6261, 1, 9, '120.00', '0.00', '0.00', '20.00', '120.00', '144.00', 'Amit  Singh', NULL, NULL, NULL, '2024-06-01 14:58:24');
INSERT INTO `patient_charges` (`id`, `date`, `ipd_id`, `opd_id`, `qty`, `charge_id`, `standard_charge`, `tpa_charge`, `discount_percentage`, `tax`, `apply_charge`, `amount`, `note`, `organisation_id`, `insurance_validity`, `insurance_id`, `created_at`) VALUES (6654, '2024-06-01 15:05:14', NULL, 6262, 1, 9, '120.00', '0.00', '0.00', '20.00', '120.00', '144.00', 'Amit  Singh', NULL, NULL, NULL, '2024-06-01 15:05:14');
INSERT INTO `patient_charges` (`id`, `date`, `ipd_id`, `opd_id`, `qty`, `charge_id`, `standard_charge`, `tpa_charge`, `discount_percentage`, `tax`, `apply_charge`, `amount`, `note`, `organisation_id`, `insurance_validity`, `insurance_id`, `created_at`) VALUES (6655, '2024-06-01 15:06:24', NULL, 6263, 1, 9, '120.00', '0.00', '0.00', '20.00', '120.00', '144.00', 'Amit  Singh', NULL, NULL, NULL, '2024-06-01 15:06:24');
INSERT INTO `patient_charges` (`id`, `date`, `ipd_id`, `opd_id`, `qty`, `charge_id`, `standard_charge`, `tpa_charge`, `discount_percentage`, `tax`, `apply_charge`, `amount`, `note`, `organisation_id`, `insurance_validity`, `insurance_id`, `created_at`) VALUES (6656, '2024-06-01 15:08:33', NULL, 6264, 1, 9, '120.00', '0.00', '0.00', '20.00', '120.00', '144.00', NULL, NULL, NULL, NULL, '2024-06-01 15:08:33');
INSERT INTO `patient_charges` (`id`, `date`, `ipd_id`, `opd_id`, `qty`, `charge_id`, `standard_charge`, `tpa_charge`, `discount_percentage`, `tax`, `apply_charge`, `amount`, `note`, `organisation_id`, `insurance_validity`, `insurance_id`, `created_at`) VALUES (6657, '2024-06-01 15:09:50', NULL, 6265, 1, 9, '120.00', '0.00', '0.00', '20.00', '120.00', '144.00', NULL, NULL, NULL, NULL, '2024-06-01 15:09:50');
INSERT INTO `patient_charges` (`id`, `date`, `ipd_id`, `opd_id`, `qty`, `charge_id`, `standard_charge`, `tpa_charge`, `discount_percentage`, `tax`, `apply_charge`, `amount`, `note`, `organisation_id`, `insurance_validity`, `insurance_id`, `created_at`) VALUES (6658, '2024-06-01 15:10:44', NULL, 6266, 1, 9, '120.00', '0.00', '0.00', '20.00', '120.00', '144.00', NULL, NULL, NULL, NULL, '2024-06-01 15:10:44');
INSERT INTO `patient_charges` (`id`, `date`, `ipd_id`, `opd_id`, `qty`, `charge_id`, `standard_charge`, `tpa_charge`, `discount_percentage`, `tax`, `apply_charge`, `amount`, `note`, `organisation_id`, `insurance_validity`, `insurance_id`, `created_at`) VALUES (6659, '2024-06-01 15:15:17', NULL, 6267, 1, 9, '120.00', '0.00', '0.00', '20.00', '120.00', '144.00', NULL, NULL, NULL, NULL, '2024-06-01 15:15:17');
INSERT INTO `patient_charges` (`id`, `date`, `ipd_id`, `opd_id`, `qty`, `charge_id`, `standard_charge`, `tpa_charge`, `discount_percentage`, `tax`, `apply_charge`, `amount`, `note`, `organisation_id`, `insurance_validity`, `insurance_id`, `created_at`) VALUES (6668, '2024-06-01 15:30:32', NULL, 6276, 1, 9, '120.00', '0.00', '0.00', '20.00', '120.00', '144.00', NULL, NULL, NULL, NULL, '2024-06-01 15:30:32');
INSERT INTO `patient_charges` (`id`, `date`, `ipd_id`, `opd_id`, `qty`, `charge_id`, `standard_charge`, `tpa_charge`, `discount_percentage`, `tax`, `apply_charge`, `amount`, `note`, `organisation_id`, `insurance_validity`, `insurance_id`, `created_at`) VALUES (6669, '2024-06-01 15:31:22', NULL, 6277, 1, 9, '120.00', '0.00', '0.00', '20.00', '120.00', '144.00', NULL, NULL, NULL, NULL, '2024-06-01 15:31:22');
INSERT INTO `patient_charges` (`id`, `date`, `ipd_id`, `opd_id`, `qty`, `charge_id`, `standard_charge`, `tpa_charge`, `discount_percentage`, `tax`, `apply_charge`, `amount`, `note`, `organisation_id`, `insurance_validity`, `insurance_id`, `created_at`) VALUES (6670, '2024-06-01 15:33:34', NULL, 6278, 1, 9, '120.00', '0.00', '0.00', '20.00', '120.00', '144.00', 'Sonia Bush', NULL, NULL, NULL, '2024-06-01 15:33:34');
INSERT INTO `patient_charges` (`id`, `date`, `ipd_id`, `opd_id`, `qty`, `charge_id`, `standard_charge`, `tpa_charge`, `discount_percentage`, `tax`, `apply_charge`, `amount`, `note`, `organisation_id`, `insurance_validity`, `insurance_id`, `created_at`) VALUES (6671, '2024-06-01 15:33:38', NULL, 6279, 1, 9, '120.00', '0.00', '0.00', '20.00', '120.00', '144.00', NULL, NULL, NULL, NULL, '2024-06-01 15:33:38');
INSERT INTO `patient_charges` (`id`, `date`, `ipd_id`, `opd_id`, `qty`, `charge_id`, `standard_charge`, `tpa_charge`, `discount_percentage`, `tax`, `apply_charge`, `amount`, `note`, `organisation_id`, `insurance_validity`, `insurance_id`, `created_at`) VALUES (6672, '2024-06-01 15:39:12', NULL, 6280, 1, 9, '120.00', '0.00', '0.00', '20.00', '120.00', '144.00', NULL, NULL, NULL, NULL, '2024-06-01 15:39:12');
INSERT INTO `patient_charges` (`id`, `date`, `ipd_id`, `opd_id`, `qty`, `charge_id`, `standard_charge`, `tpa_charge`, `discount_percentage`, `tax`, `apply_charge`, `amount`, `note`, `organisation_id`, `insurance_validity`, `insurance_id`, `created_at`) VALUES (6675, '2024-06-12 20:30:00', NULL, 6278, 5, 4, '150.00', '0.00', '0.00', '20.00', '750.00', '900.00', '', NULL, NULL, NULL, '2024-06-01 00:00:00');
INSERT INTO `patient_charges` (`id`, `date`, `ipd_id`, `opd_id`, `qty`, `charge_id`, `standard_charge`, `tpa_charge`, `discount_percentage`, `tax`, `apply_charge`, `amount`, `note`, `organisation_id`, `insurance_validity`, `insurance_id`, `created_at`) VALUES (6686, '2024-06-01 16:05:03', NULL, 6290, 1, 9, '120.00', '0.00', '0.00', '20.00', '120.00', '144.00', NULL, NULL, NULL, NULL, '2024-06-01 16:05:03');
INSERT INTO `patient_charges` (`id`, `date`, `ipd_id`, `opd_id`, `qty`, `charge_id`, `standard_charge`, `tpa_charge`, `discount_percentage`, `tax`, `apply_charge`, `amount`, `note`, `organisation_id`, `insurance_validity`, `insurance_id`, `created_at`) VALUES (6687, '2024-06-01 16:05:36', NULL, 6291, 1, 9, '120.00', '0.00', '0.00', '20.00', '120.00', '144.00', NULL, NULL, NULL, NULL, '2024-06-01 16:05:36');
INSERT INTO `patient_charges` (`id`, `date`, `ipd_id`, `opd_id`, `qty`, `charge_id`, `standard_charge`, `tpa_charge`, `discount_percentage`, `tax`, `apply_charge`, `amount`, `note`, `organisation_id`, `insurance_validity`, `insurance_id`, `created_at`) VALUES (6688, '2024-06-01 16:06:38', NULL, 6292, 1, 9, '120.00', '0.00', '0.00', '20.00', '120.00', '144.00', NULL, NULL, NULL, NULL, '2024-06-01 16:06:38');
INSERT INTO `patient_charges` (`id`, `date`, `ipd_id`, `opd_id`, `qty`, `charge_id`, `standard_charge`, `tpa_charge`, `discount_percentage`, `tax`, `apply_charge`, `amount`, `note`, `organisation_id`, `insurance_validity`, `insurance_id`, `created_at`) VALUES (6689, '2024-06-01 16:08:03', NULL, 6293, 1, 9, '120.00', '0.00', '0.00', '20.00', '120.00', '144.00', NULL, NULL, NULL, NULL, '2024-06-01 16:08:03');
INSERT INTO `patient_charges` (`id`, `date`, `ipd_id`, `opd_id`, `qty`, `charge_id`, `standard_charge`, `tpa_charge`, `discount_percentage`, `tax`, `apply_charge`, `amount`, `note`, `organisation_id`, `insurance_validity`, `insurance_id`, `created_at`) VALUES (6690, '2024-06-01 16:08:58', NULL, 6294, 1, 9, '120.00', '0.00', '0.00', '20.00', '120.00', '144.00', NULL, NULL, NULL, NULL, '2024-06-01 16:08:58');
INSERT INTO `patient_charges` (`id`, `date`, `ipd_id`, `opd_id`, `qty`, `charge_id`, `standard_charge`, `tpa_charge`, `discount_percentage`, `tax`, `apply_charge`, `amount`, `note`, `organisation_id`, `insurance_validity`, `insurance_id`, `created_at`) VALUES (6691, '2024-06-01 16:10:11', NULL, 6295, 1, 9, '120.00', '0.00', '0.00', '20.00', '120.00', '144.00', NULL, NULL, NULL, NULL, '2024-06-01 16:10:11');
INSERT INTO `patient_charges` (`id`, `date`, `ipd_id`, `opd_id`, `qty`, `charge_id`, `standard_charge`, `tpa_charge`, `discount_percentage`, `tax`, `apply_charge`, `amount`, `note`, `organisation_id`, `insurance_validity`, `insurance_id`, `created_at`) VALUES (6692, '2024-06-01 16:19:46', NULL, 6296, 1, 9, '120.00', '0.00', '0.00', '20.00', '120.00', '144.00', NULL, NULL, NULL, NULL, '2024-06-01 16:19:46');
INSERT INTO `patient_charges` (`id`, `date`, `ipd_id`, `opd_id`, `qty`, `charge_id`, `standard_charge`, `tpa_charge`, `discount_percentage`, `tax`, `apply_charge`, `amount`, `note`, `organisation_id`, `insurance_validity`, `insurance_id`, `created_at`) VALUES (6694, '2024-06-01 16:24:45', NULL, 6298, 1, 9, '120.00', '0.00', '0.00', '20.00', '120.00', '144.00', NULL, NULL, NULL, NULL, '2024-06-01 16:24:45');
INSERT INTO `patient_charges` (`id`, `date`, `ipd_id`, `opd_id`, `qty`, `charge_id`, `standard_charge`, `tpa_charge`, `discount_percentage`, `tax`, `apply_charge`, `amount`, `note`, `organisation_id`, `insurance_validity`, `insurance_id`, `created_at`) VALUES (6695, '2024-06-01 16:29:39', NULL, 6299, 1, 9, '120.00', '0.00', '0.00', '20.00', '120.00', '144.00', 'Amit  Singh', NULL, NULL, NULL, '2024-06-01 16:29:39');
INSERT INTO `patient_charges` (`id`, `date`, `ipd_id`, `opd_id`, `qty`, `charge_id`, `standard_charge`, `tpa_charge`, `discount_percentage`, `tax`, `apply_charge`, `amount`, `note`, `organisation_id`, `insurance_validity`, `insurance_id`, `created_at`) VALUES (6696, '2024-06-01 16:31:15', NULL, 6300, 1, 9, '120.00', '0.00', '0.00', '20.00', '120.00', '144.00', 'Amit  Singh', NULL, NULL, NULL, '2024-06-01 16:31:15');
INSERT INTO `patient_charges` (`id`, `date`, `ipd_id`, `opd_id`, `qty`, `charge_id`, `standard_charge`, `tpa_charge`, `discount_percentage`, `tax`, `apply_charge`, `amount`, `note`, `organisation_id`, `insurance_validity`, `insurance_id`, `created_at`) VALUES (6697, '2024-06-01 16:32:15', NULL, 6301, 1, 9, '120.00', '0.00', '0.00', '20.00', '120.00', '144.00', 'Amit  Singh', NULL, NULL, NULL, '2024-06-01 16:32:15');
INSERT INTO `patient_charges` (`id`, `date`, `ipd_id`, `opd_id`, `qty`, `charge_id`, `standard_charge`, `tpa_charge`, `discount_percentage`, `tax`, `apply_charge`, `amount`, `note`, `organisation_id`, `insurance_validity`, `insurance_id`, `created_at`) VALUES (6698, '2024-06-01 16:34:09', NULL, 6302, 1, 9, '120.00', '0.00', '0.00', '20.00', '120.00', '144.00', 'Amit  Singh', NULL, NULL, NULL, '2024-06-01 16:34:09');
INSERT INTO `patient_charges` (`id`, `date`, `ipd_id`, `opd_id`, `qty`, `charge_id`, `standard_charge`, `tpa_charge`, `discount_percentage`, `tax`, `apply_charge`, `amount`, `note`, `organisation_id`, `insurance_validity`, `insurance_id`, `created_at`) VALUES (6699, '2024-06-01 16:36:09', NULL, 6303, 1, 9, '120.00', '0.00', '0.00', '20.00', '120.00', '144.00', 'Amit  Singh', NULL, NULL, NULL, '2024-06-01 16:36:09');
INSERT INTO `patient_charges` (`id`, `date`, `ipd_id`, `opd_id`, `qty`, `charge_id`, `standard_charge`, `tpa_charge`, `discount_percentage`, `tax`, `apply_charge`, `amount`, `note`, `organisation_id`, `insurance_validity`, `insurance_id`, `created_at`) VALUES (6700, '2024-06-01 16:38:11', NULL, 6304, 1, 9, '120.00', '0.00', '0.00', '20.00', '120.00', '144.00', 'Amit  Singh', NULL, NULL, NULL, '2024-06-01 16:38:11');
INSERT INTO `patient_charges` (`id`, `date`, `ipd_id`, `opd_id`, `qty`, `charge_id`, `standard_charge`, `tpa_charge`, `discount_percentage`, `tax`, `apply_charge`, `amount`, `note`, `organisation_id`, `insurance_validity`, `insurance_id`, `created_at`) VALUES (6701, '2024-06-01 17:21:04', NULL, 6305, 1, 9, '120.00', '0.00', '0.00', '20.00', '120.00', '144.00', 'Amit  Singh', NULL, NULL, NULL, '2024-06-01 17:21:04');
INSERT INTO `patient_charges` (`id`, `date`, `ipd_id`, `opd_id`, `qty`, `charge_id`, `standard_charge`, `tpa_charge`, `discount_percentage`, `tax`, `apply_charge`, `amount`, `note`, `organisation_id`, `insurance_validity`, `insurance_id`, `created_at`) VALUES (6702, '2024-06-01 17:22:19', NULL, 6306, 1, 9, '120.00', '0.00', '0.00', '20.00', '120.00', '144.00', 'Amit  Singh', NULL, NULL, NULL, '2024-06-01 17:22:19');
INSERT INTO `patient_charges` (`id`, `date`, `ipd_id`, `opd_id`, `qty`, `charge_id`, `standard_charge`, `tpa_charge`, `discount_percentage`, `tax`, `apply_charge`, `amount`, `note`, `organisation_id`, `insurance_validity`, `insurance_id`, `created_at`) VALUES (6703, '2024-06-01 17:23:22', NULL, 6307, 1, 9, '120.00', '0.00', '0.00', '20.00', '120.00', '144.00', 'Amit  Singh', NULL, NULL, NULL, '2024-06-01 17:23:22');
INSERT INTO `patient_charges` (`id`, `date`, `ipd_id`, `opd_id`, `qty`, `charge_id`, `standard_charge`, `tpa_charge`, `discount_percentage`, `tax`, `apply_charge`, `amount`, `note`, `organisation_id`, `insurance_validity`, `insurance_id`, `created_at`) VALUES (6704, '2024-06-01 17:24:17', NULL, 6308, 1, 9, '120.00', '0.00', '0.00', '20.00', '120.00', '144.00', 'Amit  Singh', NULL, NULL, NULL, '2024-06-01 17:24:17');
INSERT INTO `patient_charges` (`id`, `date`, `ipd_id`, `opd_id`, `qty`, `charge_id`, `standard_charge`, `tpa_charge`, `discount_percentage`, `tax`, `apply_charge`, `amount`, `note`, `organisation_id`, `insurance_validity`, `insurance_id`, `created_at`) VALUES (6705, '2024-06-01 17:26:32', NULL, 6309, 1, 9, '120.00', '0.00', '0.00', '20.00', '120.00', '144.00', 'Amit  Singh', NULL, NULL, NULL, '2024-06-01 17:26:32');
INSERT INTO `patient_charges` (`id`, `date`, `ipd_id`, `opd_id`, `qty`, `charge_id`, `standard_charge`, `tpa_charge`, `discount_percentage`, `tax`, `apply_charge`, `amount`, `note`, `organisation_id`, `insurance_validity`, `insurance_id`, `created_at`) VALUES (6706, '2024-06-01 17:28:00', NULL, 6310, 1, 9, '120.00', '0.00', '0.00', '20.00', '120.00', '144.00', 'Amit  Singh', NULL, NULL, NULL, '2024-06-01 17:28:00');
INSERT INTO `patient_charges` (`id`, `date`, `ipd_id`, `opd_id`, `qty`, `charge_id`, `standard_charge`, `tpa_charge`, `discount_percentage`, `tax`, `apply_charge`, `amount`, `note`, `organisation_id`, `insurance_validity`, `insurance_id`, `created_at`) VALUES (6707, '2024-06-01 17:29:42', NULL, 6311, 1, 9, '120.00', '0.00', '0.00', '20.00', '120.00', '144.00', 'Amit  Singh', NULL, NULL, NULL, '2024-06-01 17:29:42');
INSERT INTO `patient_charges` (`id`, `date`, `ipd_id`, `opd_id`, `qty`, `charge_id`, `standard_charge`, `tpa_charge`, `discount_percentage`, `tax`, `apply_charge`, `amount`, `note`, `organisation_id`, `insurance_validity`, `insurance_id`, `created_at`) VALUES (6711, '2024-06-01 17:47:52', NULL, 6312, 1, 9, '120.00', '0.00', '0.00', '20.00', '120.00', '144.00', NULL, NULL, NULL, NULL, '2024-06-01 17:47:52');
INSERT INTO `patient_charges` (`id`, `date`, `ipd_id`, `opd_id`, `qty`, `charge_id`, `standard_charge`, `tpa_charge`, `discount_percentage`, `tax`, `apply_charge`, `amount`, `note`, `organisation_id`, `insurance_validity`, `insurance_id`, `created_at`) VALUES (6713, '2024-06-01 17:52:01', NULL, 6314, 1, 9, '120.00', '0.00', '0.00', '20.00', '120.00', '144.00', NULL, NULL, NULL, NULL, '2024-06-01 17:52:01');
INSERT INTO `patient_charges` (`id`, `date`, `ipd_id`, `opd_id`, `qty`, `charge_id`, `standard_charge`, `tpa_charge`, `discount_percentage`, `tax`, `apply_charge`, `amount`, `note`, `organisation_id`, `insurance_validity`, `insurance_id`, `created_at`) VALUES (6714, '2024-06-01 17:53:01', NULL, 6315, 1, 9, '120.00', '0.00', '0.00', '20.00', '120.00', '144.00', NULL, NULL, NULL, NULL, '2024-06-01 17:53:01');
INSERT INTO `patient_charges` (`id`, `date`, `ipd_id`, `opd_id`, `qty`, `charge_id`, `standard_charge`, `tpa_charge`, `discount_percentage`, `tax`, `apply_charge`, `amount`, `note`, `organisation_id`, `insurance_validity`, `insurance_id`, `created_at`) VALUES (6715, '2024-06-01 17:54:19', NULL, 6316, 1, 9, '120.00', '0.00', '0.00', '20.00', '120.00', '144.00', NULL, NULL, NULL, NULL, '2024-06-01 17:54:19');
INSERT INTO `patient_charges` (`id`, `date`, `ipd_id`, `opd_id`, `qty`, `charge_id`, `standard_charge`, `tpa_charge`, `discount_percentage`, `tax`, `apply_charge`, `amount`, `note`, `organisation_id`, `insurance_validity`, `insurance_id`, `created_at`) VALUES (6716, '2024-06-01 17:55:16', NULL, 6317, 1, 9, '120.00', '0.00', '0.00', '20.00', '120.00', '144.00', NULL, NULL, NULL, NULL, '2024-06-01 17:55:16');
INSERT INTO `patient_charges` (`id`, `date`, `ipd_id`, `opd_id`, `qty`, `charge_id`, `standard_charge`, `tpa_charge`, `discount_percentage`, `tax`, `apply_charge`, `amount`, `note`, `organisation_id`, `insurance_validity`, `insurance_id`, `created_at`) VALUES (6717, '2024-06-01 17:57:46', NULL, 6318, 1, 9, '120.00', '0.00', '0.00', '20.00', '120.00', '144.00', NULL, NULL, NULL, NULL, '2024-06-01 17:57:46');
INSERT INTO `patient_charges` (`id`, `date`, `ipd_id`, `opd_id`, `qty`, `charge_id`, `standard_charge`, `tpa_charge`, `discount_percentage`, `tax`, `apply_charge`, `amount`, `note`, `organisation_id`, `insurance_validity`, `insurance_id`, `created_at`) VALUES (6718, '2024-06-01 18:11:12', NULL, 6319, 1, 9, '120.00', '0.00', '0.00', '20.00', '120.00', '144.00', 'Amit  Singh', NULL, NULL, NULL, '2024-06-01 18:11:12');
INSERT INTO `patient_charges` (`id`, `date`, `ipd_id`, `opd_id`, `qty`, `charge_id`, `standard_charge`, `tpa_charge`, `discount_percentage`, `tax`, `apply_charge`, `amount`, `note`, `organisation_id`, `insurance_validity`, `insurance_id`, `created_at`) VALUES (6719, '2024-06-01 18:12:55', NULL, 6320, 1, 9, '120.00', '0.00', '0.00', '20.00', '120.00', '144.00', 'Amit  Singh', NULL, NULL, NULL, '2024-06-01 18:12:55');
INSERT INTO `patient_charges` (`id`, `date`, `ipd_id`, `opd_id`, `qty`, `charge_id`, `standard_charge`, `tpa_charge`, `discount_percentage`, `tax`, `apply_charge`, `amount`, `note`, `organisation_id`, `insurance_validity`, `insurance_id`, `created_at`) VALUES (6721, '2024-06-01 18:14:43', NULL, 6322, 1, 9, '120.00', '0.00', '0.00', '20.00', '120.00', '144.00', NULL, NULL, NULL, NULL, '2024-06-01 18:14:43');
INSERT INTO `patient_charges` (`id`, `date`, `ipd_id`, `opd_id`, `qty`, `charge_id`, `standard_charge`, `tpa_charge`, `discount_percentage`, `tax`, `apply_charge`, `amount`, `note`, `organisation_id`, `insurance_validity`, `insurance_id`, `created_at`) VALUES (6722, '2024-06-01 18:15:56', NULL, 6323, 1, 9, '120.00', '0.00', '0.00', '20.00', '120.00', '144.00', 'Amit  Singh', NULL, NULL, NULL, '2024-06-01 18:15:56');
INSERT INTO `patient_charges` (`id`, `date`, `ipd_id`, `opd_id`, `qty`, `charge_id`, `standard_charge`, `tpa_charge`, `discount_percentage`, `tax`, `apply_charge`, `amount`, `note`, `organisation_id`, `insurance_validity`, `insurance_id`, `created_at`) VALUES (6723, '2024-06-01 18:17:09', NULL, 6324, 1, 9, '120.00', '0.00', '0.00', '20.00', '120.00', '144.00', NULL, NULL, NULL, NULL, '2024-06-01 18:17:09');
INSERT INTO `patient_charges` (`id`, `date`, `ipd_id`, `opd_id`, `qty`, `charge_id`, `standard_charge`, `tpa_charge`, `discount_percentage`, `tax`, `apply_charge`, `amount`, `note`, `organisation_id`, `insurance_validity`, `insurance_id`, `created_at`) VALUES (6724, '2024-06-01 18:19:11', NULL, 6325, 1, 9, '120.00', '0.00', '0.00', '20.00', '120.00', '144.00', 'Amit  Singh', NULL, NULL, NULL, '2024-06-01 18:19:11');
INSERT INTO `patient_charges` (`id`, `date`, `ipd_id`, `opd_id`, `qty`, `charge_id`, `standard_charge`, `tpa_charge`, `discount_percentage`, `tax`, `apply_charge`, `amount`, `note`, `organisation_id`, `insurance_validity`, `insurance_id`, `created_at`) VALUES (6725, '2024-06-01 18:22:36', NULL, 6326, 1, 9, '120.00', '0.00', '0.00', '20.00', '120.00', '144.00', NULL, NULL, NULL, NULL, '2024-06-01 18:22:36');
INSERT INTO `patient_charges` (`id`, `date`, `ipd_id`, `opd_id`, `qty`, `charge_id`, `standard_charge`, `tpa_charge`, `discount_percentage`, `tax`, `apply_charge`, `amount`, `note`, `organisation_id`, `insurance_validity`, `insurance_id`, `created_at`) VALUES (6726, '2024-06-01 18:24:40', NULL, 6327, 1, 9, '120.00', '0.00', '0.00', '20.00', '120.00', '144.00', NULL, NULL, NULL, NULL, '2024-06-01 18:24:40');
INSERT INTO `patient_charges` (`id`, `date`, `ipd_id`, `opd_id`, `qty`, `charge_id`, `standard_charge`, `tpa_charge`, `discount_percentage`, `tax`, `apply_charge`, `amount`, `note`, `organisation_id`, `insurance_validity`, `insurance_id`, `created_at`) VALUES (6727, '2024-06-01 18:27:29', NULL, 6328, 1, 9, '120.00', '0.00', '0.00', '20.00', '120.00', '144.00', 'Amit  Singh', NULL, NULL, NULL, '2024-06-01 18:27:29');
INSERT INTO `patient_charges` (`id`, `date`, `ipd_id`, `opd_id`, `qty`, `charge_id`, `standard_charge`, `tpa_charge`, `discount_percentage`, `tax`, `apply_charge`, `amount`, `note`, `organisation_id`, `insurance_validity`, `insurance_id`, `created_at`) VALUES (6728, '2024-06-03 10:13:21', NULL, 6329, 1, 9, '120.00', '0.00', '0.00', '20.00', '120.00', '144.00', NULL, NULL, NULL, NULL, '2024-06-03 10:13:21');
INSERT INTO `patient_charges` (`id`, `date`, `ipd_id`, `opd_id`, `qty`, `charge_id`, `standard_charge`, `tpa_charge`, `discount_percentage`, `tax`, `apply_charge`, `amount`, `note`, `organisation_id`, `insurance_validity`, `insurance_id`, `created_at`) VALUES (6730, '2024-06-03 10:14:07', NULL, 6331, 1, 9, '120.00', '0.00', '0.00', '20.00', '120.00', '144.00', NULL, NULL, NULL, NULL, '2024-06-03 10:14:07');
INSERT INTO `patient_charges` (`id`, `date`, `ipd_id`, `opd_id`, `qty`, `charge_id`, `standard_charge`, `tpa_charge`, `discount_percentage`, `tax`, `apply_charge`, `amount`, `note`, `organisation_id`, `insurance_validity`, `insurance_id`, `created_at`) VALUES (6731, '2024-06-03 10:18:38', NULL, 6332, 1, 9, '120.00', '0.00', '0.00', '20.00', '120.00', '144.00', NULL, NULL, NULL, NULL, '2024-06-03 10:18:38');
INSERT INTO `patient_charges` (`id`, `date`, `ipd_id`, `opd_id`, `qty`, `charge_id`, `standard_charge`, `tpa_charge`, `discount_percentage`, `tax`, `apply_charge`, `amount`, `note`, `organisation_id`, `insurance_validity`, `insurance_id`, `created_at`) VALUES (6732, '2024-06-03 10:19:00', NULL, 6333, 1, 9, '120.00', '0.00', '0.00', '20.00', '120.00', '144.00', NULL, NULL, NULL, NULL, '2024-06-03 10:19:00');
INSERT INTO `patient_charges` (`id`, `date`, `ipd_id`, `opd_id`, `qty`, `charge_id`, `standard_charge`, `tpa_charge`, `discount_percentage`, `tax`, `apply_charge`, `amount`, `note`, `organisation_id`, `insurance_validity`, `insurance_id`, `created_at`) VALUES (6733, '2024-06-03 10:21:23', NULL, 6334, 1, 9, '120.00', '0.00', '0.00', '20.00', '120.00', '144.00', NULL, NULL, NULL, NULL, '2024-06-03 10:21:23');
INSERT INTO `patient_charges` (`id`, `date`, `ipd_id`, `opd_id`, `qty`, `charge_id`, `standard_charge`, `tpa_charge`, `discount_percentage`, `tax`, `apply_charge`, `amount`, `note`, `organisation_id`, `insurance_validity`, `insurance_id`, `created_at`) VALUES (6734, '2024-06-03 10:21:41', NULL, 6335, 1, 9, '120.00', '0.00', '0.00', '20.00', '120.00', '144.00', NULL, NULL, NULL, NULL, '2024-06-03 10:21:41');
INSERT INTO `patient_charges` (`id`, `date`, `ipd_id`, `opd_id`, `qty`, `charge_id`, `standard_charge`, `tpa_charge`, `discount_percentage`, `tax`, `apply_charge`, `amount`, `note`, `organisation_id`, `insurance_validity`, `insurance_id`, `created_at`) VALUES (6735, '2024-06-03 10:26:18', NULL, 6336, 1, 9, '120.00', '0.00', '0.00', '20.00', '120.00', '144.00', NULL, NULL, NULL, NULL, '2024-06-03 10:26:18');
INSERT INTO `patient_charges` (`id`, `date`, `ipd_id`, `opd_id`, `qty`, `charge_id`, `standard_charge`, `tpa_charge`, `discount_percentage`, `tax`, `apply_charge`, `amount`, `note`, `organisation_id`, `insurance_validity`, `insurance_id`, `created_at`) VALUES (6736, '2024-06-03 10:26:51', NULL, 6337, 1, 9, '120.00', '0.00', '0.00', '20.00', '120.00', '144.00', NULL, NULL, NULL, NULL, '2024-06-03 10:26:51');
INSERT INTO `patient_charges` (`id`, `date`, `ipd_id`, `opd_id`, `qty`, `charge_id`, `standard_charge`, `tpa_charge`, `discount_percentage`, `tax`, `apply_charge`, `amount`, `note`, `organisation_id`, `insurance_validity`, `insurance_id`, `created_at`) VALUES (6738, '2024-06-03 10:32:35', NULL, 6339, 1, 9, '120.00', '0.00', '0.00', '20.00', '120.00', '144.00', NULL, NULL, NULL, NULL, '2024-06-03 10:32:35');
INSERT INTO `patient_charges` (`id`, `date`, `ipd_id`, `opd_id`, `qty`, `charge_id`, `standard_charge`, `tpa_charge`, `discount_percentage`, `tax`, `apply_charge`, `amount`, `note`, `organisation_id`, `insurance_validity`, `insurance_id`, `created_at`) VALUES (6739, '2024-06-03 10:33:26', NULL, 6340, 1, 9, '120.00', '0.00', '0.00', '20.00', '120.00', '144.00', NULL, NULL, NULL, NULL, '2024-06-03 10:33:26');
INSERT INTO `patient_charges` (`id`, `date`, `ipd_id`, `opd_id`, `qty`, `charge_id`, `standard_charge`, `tpa_charge`, `discount_percentage`, `tax`, `apply_charge`, `amount`, `note`, `organisation_id`, `insurance_validity`, `insurance_id`, `created_at`) VALUES (6740, '2024-06-03 10:35:21', NULL, 6341, 1, 9, '120.00', '0.00', '0.00', '20.00', '120.00', '144.00', NULL, NULL, NULL, NULL, '2024-06-03 10:35:21');
INSERT INTO `patient_charges` (`id`, `date`, `ipd_id`, `opd_id`, `qty`, `charge_id`, `standard_charge`, `tpa_charge`, `discount_percentage`, `tax`, `apply_charge`, `amount`, `note`, `organisation_id`, `insurance_validity`, `insurance_id`, `created_at`) VALUES (6741, '2024-06-03 10:36:26', NULL, 6342, 1, 9, '120.00', '0.00', '0.00', '20.00', '120.00', '144.00', NULL, NULL, NULL, NULL, '2024-06-03 10:36:26');
INSERT INTO `patient_charges` (`id`, `date`, `ipd_id`, `opd_id`, `qty`, `charge_id`, `standard_charge`, `tpa_charge`, `discount_percentage`, `tax`, `apply_charge`, `amount`, `note`, `organisation_id`, `insurance_validity`, `insurance_id`, `created_at`) VALUES (6743, '2024-06-03 10:42:04', NULL, 6344, 1, 9, '120.00', '0.00', '0.00', '20.00', '120.00', '144.00', NULL, NULL, NULL, NULL, '2024-06-03 10:42:04');
INSERT INTO `patient_charges` (`id`, `date`, `ipd_id`, `opd_id`, `qty`, `charge_id`, `standard_charge`, `tpa_charge`, `discount_percentage`, `tax`, `apply_charge`, `amount`, `note`, `organisation_id`, `insurance_validity`, `insurance_id`, `created_at`) VALUES (6744, '2024-06-03 10:48:42', NULL, 6345, 1, 9, '120.00', '0.00', '0.00', '20.00', '120.00', '144.00', NULL, NULL, NULL, NULL, '2024-06-03 10:48:42');
INSERT INTO `patient_charges` (`id`, `date`, `ipd_id`, `opd_id`, `qty`, `charge_id`, `standard_charge`, `tpa_charge`, `discount_percentage`, `tax`, `apply_charge`, `amount`, `note`, `organisation_id`, `insurance_validity`, `insurance_id`, `created_at`) VALUES (6746, '2024-06-03 11:03:00', NULL, 6347, 1, 9, '120.00', '0.00', '0.00', '20.00', '120.00', '144.00', NULL, NULL, NULL, NULL, '2024-06-03 11:03:00');
INSERT INTO `patient_charges` (`id`, `date`, `ipd_id`, `opd_id`, `qty`, `charge_id`, `standard_charge`, `tpa_charge`, `discount_percentage`, `tax`, `apply_charge`, `amount`, `note`, `organisation_id`, `insurance_validity`, `insurance_id`, `created_at`) VALUES (6747, '2024-06-03 11:07:34', NULL, 6348, 1, 9, '120.00', '0.00', '0.00', '20.00', '120.00', '144.00', NULL, NULL, NULL, NULL, '2024-06-03 11:07:34');
INSERT INTO `patient_charges` (`id`, `date`, `ipd_id`, `opd_id`, `qty`, `charge_id`, `standard_charge`, `tpa_charge`, `discount_percentage`, `tax`, `apply_charge`, `amount`, `note`, `organisation_id`, `insurance_validity`, `insurance_id`, `created_at`) VALUES (6748, '2024-06-03 11:07:56', NULL, 6349, 1, 9, '120.00', '0.00', '0.00', '20.00', '120.00', '144.00', NULL, NULL, NULL, NULL, '2024-06-03 11:07:56');
INSERT INTO `patient_charges` (`id`, `date`, `ipd_id`, `opd_id`, `qty`, `charge_id`, `standard_charge`, `tpa_charge`, `discount_percentage`, `tax`, `apply_charge`, `amount`, `note`, `organisation_id`, `insurance_validity`, `insurance_id`, `created_at`) VALUES (6750, '2024-06-03 11:09:51', NULL, 6351, 1, 9, '120.00', '0.00', '0.00', '20.00', '120.00', '144.00', NULL, NULL, NULL, NULL, '2024-06-03 11:09:51');
INSERT INTO `patient_charges` (`id`, `date`, `ipd_id`, `opd_id`, `qty`, `charge_id`, `standard_charge`, `tpa_charge`, `discount_percentage`, `tax`, `apply_charge`, `amount`, `note`, `organisation_id`, `insurance_validity`, `insurance_id`, `created_at`) VALUES (6751, '2024-06-03 11:10:28', NULL, 6352, 1, 9, '120.00', '0.00', '0.00', '20.00', '120.00', '144.00', NULL, NULL, NULL, NULL, '2024-06-03 11:10:28');
INSERT INTO `patient_charges` (`id`, `date`, `ipd_id`, `opd_id`, `qty`, `charge_id`, `standard_charge`, `tpa_charge`, `discount_percentage`, `tax`, `apply_charge`, `amount`, `note`, `organisation_id`, `insurance_validity`, `insurance_id`, `created_at`) VALUES (6753, '2024-06-03 11:31:12', NULL, 6354, 1, 9, '120.00', '0.00', '0.00', '20.00', '120.00', '144.00', NULL, NULL, NULL, NULL, '2024-06-03 11:31:12');
INSERT INTO `patient_charges` (`id`, `date`, `ipd_id`, `opd_id`, `qty`, `charge_id`, `standard_charge`, `tpa_charge`, `discount_percentage`, `tax`, `apply_charge`, `amount`, `note`, `organisation_id`, `insurance_validity`, `insurance_id`, `created_at`) VALUES (6754, '2024-06-03 11:32:17', NULL, 6355, 1, 9, '120.00', '0.00', '0.00', '20.00', '120.00', '144.00', NULL, NULL, NULL, NULL, '2024-06-03 11:32:17');
INSERT INTO `patient_charges` (`id`, `date`, `ipd_id`, `opd_id`, `qty`, `charge_id`, `standard_charge`, `tpa_charge`, `discount_percentage`, `tax`, `apply_charge`, `amount`, `note`, `organisation_id`, `insurance_validity`, `insurance_id`, `created_at`) VALUES (6755, '2024-06-03 11:35:37', NULL, 6356, 1, 9, '120.00', '0.00', '0.00', '20.00', '120.00', '144.00', NULL, NULL, NULL, NULL, '2024-06-03 11:35:37');
INSERT INTO `patient_charges` (`id`, `date`, `ipd_id`, `opd_id`, `qty`, `charge_id`, `standard_charge`, `tpa_charge`, `discount_percentage`, `tax`, `apply_charge`, `amount`, `note`, `organisation_id`, `insurance_validity`, `insurance_id`, `created_at`) VALUES (6756, '2024-06-03 11:36:06', NULL, 6357, 1, 9, '120.00', '0.00', '0.00', '20.00', '120.00', '144.00', NULL, NULL, NULL, NULL, '2024-06-03 11:36:06');
INSERT INTO `patient_charges` (`id`, `date`, `ipd_id`, `opd_id`, `qty`, `charge_id`, `standard_charge`, `tpa_charge`, `discount_percentage`, `tax`, `apply_charge`, `amount`, `note`, `organisation_id`, `insurance_validity`, `insurance_id`, `created_at`) VALUES (6759, '2024-06-03 11:45:32', NULL, 6360, 1, 9, '120.00', '0.00', '0.00', '20.00', '120.00', '144.00', 'Reyan Jain', NULL, NULL, NULL, '2024-06-03 11:45:32');
INSERT INTO `patient_charges` (`id`, `date`, `ipd_id`, `opd_id`, `qty`, `charge_id`, `standard_charge`, `tpa_charge`, `discount_percentage`, `tax`, `apply_charge`, `amount`, `note`, `organisation_id`, `insurance_validity`, `insurance_id`, `created_at`) VALUES (6761, '2024-06-03 11:47:05', NULL, 6362, 1, 9, '120.00', '0.00', '0.00', '20.00', '120.00', '144.00', 'Reyan Jain', NULL, NULL, NULL, '2024-06-03 11:47:05');
INSERT INTO `patient_charges` (`id`, `date`, `ipd_id`, `opd_id`, `qty`, `charge_id`, `standard_charge`, `tpa_charge`, `discount_percentage`, `tax`, `apply_charge`, `amount`, `note`, `organisation_id`, `insurance_validity`, `insurance_id`, `created_at`) VALUES (6762, '2024-06-03 11:49:31', NULL, 6363, 1, 9, '120.00', '0.00', '0.00', '20.00', '120.00', '144.00', 'Reyan Jain', NULL, NULL, NULL, '2024-06-03 11:49:31');
INSERT INTO `patient_charges` (`id`, `date`, `ipd_id`, `opd_id`, `qty`, `charge_id`, `standard_charge`, `tpa_charge`, `discount_percentage`, `tax`, `apply_charge`, `amount`, `note`, `organisation_id`, `insurance_validity`, `insurance_id`, `created_at`) VALUES (6763, '2024-06-03 11:57:04', NULL, 6364, 1, 9, '120.00', '0.00', '0.00', '20.00', '120.00', '144.00', 'Sansa Gomez', NULL, NULL, NULL, '2024-06-03 11:57:04');
INSERT INTO `patient_charges` (`id`, `date`, `ipd_id`, `opd_id`, `qty`, `charge_id`, `standard_charge`, `tpa_charge`, `discount_percentage`, `tax`, `apply_charge`, `amount`, `note`, `organisation_id`, `insurance_validity`, `insurance_id`, `created_at`) VALUES (6764, '2024-06-03 12:18:06', NULL, 6365, 1, 9, '120.00', '0.00', '0.00', '20.00', '120.00', '144.00', 'Reyan Jain', NULL, NULL, NULL, '2024-06-03 12:18:06');
INSERT INTO `patient_charges` (`id`, `date`, `ipd_id`, `opd_id`, `qty`, `charge_id`, `standard_charge`, `tpa_charge`, `discount_percentage`, `tax`, `apply_charge`, `amount`, `note`, `organisation_id`, `insurance_validity`, `insurance_id`, `created_at`) VALUES (6765, '2024-06-03 12:18:28', NULL, 6366, 1, 9, '120.00', '0.00', '0.00', '20.00', '120.00', '144.00', 'Sansa Gomez', NULL, NULL, NULL, '2024-06-03 12:18:28');
INSERT INTO `patient_charges` (`id`, `date`, `ipd_id`, `opd_id`, `qty`, `charge_id`, `standard_charge`, `tpa_charge`, `discount_percentage`, `tax`, `apply_charge`, `amount`, `note`, `organisation_id`, `insurance_validity`, `insurance_id`, `created_at`) VALUES (6766, '2024-06-03 12:18:55', NULL, 6367, 1, 9, '120.00', '0.00', '0.00', '20.00', '120.00', '144.00', 'Sansa Gomez', NULL, NULL, NULL, '2024-06-03 12:18:55');
INSERT INTO `patient_charges` (`id`, `date`, `ipd_id`, `opd_id`, `qty`, `charge_id`, `standard_charge`, `tpa_charge`, `discount_percentage`, `tax`, `apply_charge`, `amount`, `note`, `organisation_id`, `insurance_validity`, `insurance_id`, `created_at`) VALUES (6767, '2024-06-03 12:21:17', NULL, 6368, 1, 9, '120.00', '0.00', '0.00', '20.00', '120.00', '144.00', 'Sansa Gomez', NULL, NULL, NULL, '2024-06-03 12:21:17');
INSERT INTO `patient_charges` (`id`, `date`, `ipd_id`, `opd_id`, `qty`, `charge_id`, `standard_charge`, `tpa_charge`, `discount_percentage`, `tax`, `apply_charge`, `amount`, `note`, `organisation_id`, `insurance_validity`, `insurance_id`, `created_at`) VALUES (6768, '2024-06-03 12:22:53', NULL, 6369, 1, 9, '120.00', '0.00', '0.00', '20.00', '120.00', '144.00', 'Sansa Gomez', NULL, NULL, NULL, '2024-06-03 12:22:53');
INSERT INTO `patient_charges` (`id`, `date`, `ipd_id`, `opd_id`, `qty`, `charge_id`, `standard_charge`, `tpa_charge`, `discount_percentage`, `tax`, `apply_charge`, `amount`, `note`, `organisation_id`, `insurance_validity`, `insurance_id`, `created_at`) VALUES (6769, '2024-06-03 12:24:09', NULL, 6370, 1, 9, '120.00', '0.00', '0.00', '20.00', '120.00', '144.00', 'Sonia Bush', NULL, NULL, NULL, '2024-06-03 12:24:09');
INSERT INTO `patient_charges` (`id`, `date`, `ipd_id`, `opd_id`, `qty`, `charge_id`, `standard_charge`, `tpa_charge`, `discount_percentage`, `tax`, `apply_charge`, `amount`, `note`, `organisation_id`, `insurance_validity`, `insurance_id`, `created_at`) VALUES (6774, '2024-06-03 13:02:18', NULL, 6375, 1, 9, '120.00', '0.00', '0.00', '20.00', '120.00', '144.00', 'Sansa Gomez', NULL, NULL, NULL, '2024-06-03 13:02:18');
INSERT INTO `patient_charges` (`id`, `date`, `ipd_id`, `opd_id`, `qty`, `charge_id`, `standard_charge`, `tpa_charge`, `discount_percentage`, `tax`, `apply_charge`, `amount`, `note`, `organisation_id`, `insurance_validity`, `insurance_id`, `created_at`) VALUES (6775, '2024-06-03 13:06:20', NULL, 6376, 1, 9, '120.00', '0.00', '0.00', '20.00', '120.00', '144.00', 'Reyan Jain', NULL, NULL, NULL, '2024-06-03 13:06:20');
INSERT INTO `patient_charges` (`id`, `date`, `ipd_id`, `opd_id`, `qty`, `charge_id`, `standard_charge`, `tpa_charge`, `discount_percentage`, `tax`, `apply_charge`, `amount`, `note`, `organisation_id`, `insurance_validity`, `insurance_id`, `created_at`) VALUES (6776, '2024-06-03 13:07:20', NULL, 6377, 1, 9, '120.00', '0.00', '0.00', '20.00', '120.00', '144.00', 'Sansa Gomez', NULL, NULL, NULL, '2024-06-03 13:07:20');
INSERT INTO `patient_charges` (`id`, `date`, `ipd_id`, `opd_id`, `qty`, `charge_id`, `standard_charge`, `tpa_charge`, `discount_percentage`, `tax`, `apply_charge`, `amount`, `note`, `organisation_id`, `insurance_validity`, `insurance_id`, `created_at`) VALUES (6777, '2024-06-03 13:09:13', NULL, 6378, 1, 9, '120.00', '0.00', '0.00', '20.00', '120.00', '144.00', NULL, NULL, NULL, NULL, '2024-06-03 13:09:13');
INSERT INTO `patient_charges` (`id`, `date`, `ipd_id`, `opd_id`, `qty`, `charge_id`, `standard_charge`, `tpa_charge`, `discount_percentage`, `tax`, `apply_charge`, `amount`, `note`, `organisation_id`, `insurance_validity`, `insurance_id`, `created_at`) VALUES (6778, '2024-06-03 13:10:55', NULL, 6379, 1, 9, '120.00', '0.00', '0.00', '20.00', '120.00', '144.00', NULL, NULL, NULL, NULL, '2024-06-03 13:10:55');
INSERT INTO `patient_charges` (`id`, `date`, `ipd_id`, `opd_id`, `qty`, `charge_id`, `standard_charge`, `tpa_charge`, `discount_percentage`, `tax`, `apply_charge`, `amount`, `note`, `organisation_id`, `insurance_validity`, `insurance_id`, `created_at`) VALUES (6779, '2024-06-03 13:11:24', NULL, 6380, 1, 9, '120.00', '0.00', '0.00', '20.00', '120.00', '144.00', 'Sonia Bush', NULL, NULL, NULL, '2024-06-03 13:11:24');
INSERT INTO `patient_charges` (`id`, `date`, `ipd_id`, `opd_id`, `qty`, `charge_id`, `standard_charge`, `tpa_charge`, `discount_percentage`, `tax`, `apply_charge`, `amount`, `note`, `organisation_id`, `insurance_validity`, `insurance_id`, `created_at`) VALUES (6781, '2024-06-03 13:16:33', NULL, 6382, 1, 9, '120.00', '0.00', '0.00', '20.00', '120.00', '144.00', 'Amit  Singh', NULL, NULL, NULL, '2024-06-03 13:16:33');
INSERT INTO `patient_charges` (`id`, `date`, `ipd_id`, `opd_id`, `qty`, `charge_id`, `standard_charge`, `tpa_charge`, `discount_percentage`, `tax`, `apply_charge`, `amount`, `note`, `organisation_id`, `insurance_validity`, `insurance_id`, `created_at`) VALUES (6782, '2024-06-03 13:27:31', NULL, 6383, 1, 9, '120.00', '0.00', '0.00', '20.00', '120.00', '144.00', NULL, NULL, NULL, NULL, '2024-06-03 13:27:31');
INSERT INTO `patient_charges` (`id`, `date`, `ipd_id`, `opd_id`, `qty`, `charge_id`, `standard_charge`, `tpa_charge`, `discount_percentage`, `tax`, `apply_charge`, `amount`, `note`, `organisation_id`, `insurance_validity`, `insurance_id`, `created_at`) VALUES (6783, '2024-06-03 13:30:30', NULL, 6384, 1, 9, '120.00', '0.00', '0.00', '20.00', '120.00', '144.00', 'Reyan Jain', NULL, NULL, NULL, '2024-06-03 13:30:30');
INSERT INTO `patient_charges` (`id`, `date`, `ipd_id`, `opd_id`, `qty`, `charge_id`, `standard_charge`, `tpa_charge`, `discount_percentage`, `tax`, `apply_charge`, `amount`, `note`, `organisation_id`, `insurance_validity`, `insurance_id`, `created_at`) VALUES (6785, '2024-06-03 13:34:24', NULL, 6386, 1, 9, '120.00', '0.00', '0.00', '20.00', '120.00', '144.00', 'Reyan Jain', NULL, NULL, NULL, '2024-06-03 13:34:24');
INSERT INTO `patient_charges` (`id`, `date`, `ipd_id`, `opd_id`, `qty`, `charge_id`, `standard_charge`, `tpa_charge`, `discount_percentage`, `tax`, `apply_charge`, `amount`, `note`, `organisation_id`, `insurance_validity`, `insurance_id`, `created_at`) VALUES (6786, '2024-06-03 13:35:53', NULL, 6387, 1, 9, '120.00', '0.00', '0.00', '20.00', '120.00', '144.00', 'Amit  Singh', NULL, NULL, NULL, '2024-06-03 13:35:53');
INSERT INTO `patient_charges` (`id`, `date`, `ipd_id`, `opd_id`, `qty`, `charge_id`, `standard_charge`, `tpa_charge`, `discount_percentage`, `tax`, `apply_charge`, `amount`, `note`, `organisation_id`, `insurance_validity`, `insurance_id`, `created_at`) VALUES (6787, '2024-06-03 13:36:47', NULL, 6388, 1, 9, '120.00', '0.00', '0.00', '20.00', '120.00', '144.00', 'Reyan Jain', NULL, NULL, NULL, '2024-06-03 13:36:47');
INSERT INTO `patient_charges` (`id`, `date`, `ipd_id`, `opd_id`, `qty`, `charge_id`, `standard_charge`, `tpa_charge`, `discount_percentage`, `tax`, `apply_charge`, `amount`, `note`, `organisation_id`, `insurance_validity`, `insurance_id`, `created_at`) VALUES (6788, '2024-06-03 13:40:56', NULL, 6389, 1, 9, '120.00', '0.00', '0.00', '20.00', '120.00', '144.00', 'Reyan Jain', NULL, NULL, NULL, '2024-06-03 13:40:56');
INSERT INTO `patient_charges` (`id`, `date`, `ipd_id`, `opd_id`, `qty`, `charge_id`, `standard_charge`, `tpa_charge`, `discount_percentage`, `tax`, `apply_charge`, `amount`, `note`, `organisation_id`, `insurance_validity`, `insurance_id`, `created_at`) VALUES (6789, '2024-06-03 13:42:27', NULL, 6390, 1, 9, '120.00', '0.00', '0.00', '20.00', '120.00', '144.00', 'Reyan Jain', NULL, NULL, NULL, '2024-06-03 13:42:27');
INSERT INTO `patient_charges` (`id`, `date`, `ipd_id`, `opd_id`, `qty`, `charge_id`, `standard_charge`, `tpa_charge`, `discount_percentage`, `tax`, `apply_charge`, `amount`, `note`, `organisation_id`, `insurance_validity`, `insurance_id`, `created_at`) VALUES (6790, '2024-06-03 13:52:47', NULL, 6391, 1, 9, '120.00', '0.00', '0.00', '20.00', '120.00', '144.00', NULL, NULL, NULL, NULL, '2024-06-03 13:52:47');
INSERT INTO `patient_charges` (`id`, `date`, `ipd_id`, `opd_id`, `qty`, `charge_id`, `standard_charge`, `tpa_charge`, `discount_percentage`, `tax`, `apply_charge`, `amount`, `note`, `organisation_id`, `insurance_validity`, `insurance_id`, `created_at`) VALUES (6792, '2024-06-03 14:42:00', NULL, 6393, 1, 9, '120.00', '0.00', '0.00', '20.00', '120.00', '144.00', 'Reyan Jain', NULL, NULL, NULL, '2024-06-03 14:42:00');
INSERT INTO `patient_charges` (`id`, `date`, `ipd_id`, `opd_id`, `qty`, `charge_id`, `standard_charge`, `tpa_charge`, `discount_percentage`, `tax`, `apply_charge`, `amount`, `note`, `organisation_id`, `insurance_validity`, `insurance_id`, `created_at`) VALUES (6793, '2024-06-03 14:43:02', NULL, 6394, 1, 9, '120.00', '0.00', '0.00', '20.00', '120.00', '144.00', 'Reyan Jain', NULL, NULL, NULL, '2024-06-03 14:43:02');
INSERT INTO `patient_charges` (`id`, `date`, `ipd_id`, `opd_id`, `qty`, `charge_id`, `standard_charge`, `tpa_charge`, `discount_percentage`, `tax`, `apply_charge`, `amount`, `note`, `organisation_id`, `insurance_validity`, `insurance_id`, `created_at`) VALUES (6794, '2024-06-03 14:44:31', NULL, 6395, 1, 9, '120.00', '0.00', '0.00', '20.00', '120.00', '144.00', 'Reyan Jain', NULL, NULL, NULL, '2024-06-03 14:44:31');
INSERT INTO `patient_charges` (`id`, `date`, `ipd_id`, `opd_id`, `qty`, `charge_id`, `standard_charge`, `tpa_charge`, `discount_percentage`, `tax`, `apply_charge`, `amount`, `note`, `organisation_id`, `insurance_validity`, `insurance_id`, `created_at`) VALUES (6795, '2024-06-03 14:46:08', NULL, 6396, 1, 9, '120.00', '0.00', '0.00', '20.00', '120.00', '144.00', 'Reyan Jain', NULL, NULL, NULL, '2024-06-03 14:46:08');
INSERT INTO `patient_charges` (`id`, `date`, `ipd_id`, `opd_id`, `qty`, `charge_id`, `standard_charge`, `tpa_charge`, `discount_percentage`, `tax`, `apply_charge`, `amount`, `note`, `organisation_id`, `insurance_validity`, `insurance_id`, `created_at`) VALUES (6796, '2024-06-03 14:47:02', NULL, 6397, 1, 9, '120.00', '0.00', '0.00', '20.00', '120.00', '144.00', 'Reyan Jain', NULL, NULL, NULL, '2024-06-03 14:47:02');
INSERT INTO `patient_charges` (`id`, `date`, `ipd_id`, `opd_id`, `qty`, `charge_id`, `standard_charge`, `tpa_charge`, `discount_percentage`, `tax`, `apply_charge`, `amount`, `note`, `organisation_id`, `insurance_validity`, `insurance_id`, `created_at`) VALUES (6797, '2024-06-03 14:49:39', NULL, 6398, 1, 9, '120.00', '0.00', '0.00', '20.00', '120.00', '144.00', 'Reyan Jain', NULL, NULL, NULL, '2024-06-03 14:49:39');
INSERT INTO `patient_charges` (`id`, `date`, `ipd_id`, `opd_id`, `qty`, `charge_id`, `standard_charge`, `tpa_charge`, `discount_percentage`, `tax`, `apply_charge`, `amount`, `note`, `organisation_id`, `insurance_validity`, `insurance_id`, `created_at`) VALUES (6798, '2024-06-03 14:50:51', NULL, 6399, 1, 9, '120.00', '0.00', '0.00', '20.00', '120.00', '144.00', 'Reyan Jain', NULL, NULL, NULL, '2024-06-03 14:50:51');
INSERT INTO `patient_charges` (`id`, `date`, `ipd_id`, `opd_id`, `qty`, `charge_id`, `standard_charge`, `tpa_charge`, `discount_percentage`, `tax`, `apply_charge`, `amount`, `note`, `organisation_id`, `insurance_validity`, `insurance_id`, `created_at`) VALUES (6799, '2024-06-03 14:52:23', NULL, 6400, 1, 9, '120.00', '0.00', '0.00', '20.00', '120.00', '144.00', NULL, NULL, NULL, NULL, '2024-06-03 14:52:23');
INSERT INTO `patient_charges` (`id`, `date`, `ipd_id`, `opd_id`, `qty`, `charge_id`, `standard_charge`, `tpa_charge`, `discount_percentage`, `tax`, `apply_charge`, `amount`, `note`, `organisation_id`, `insurance_validity`, `insurance_id`, `created_at`) VALUES (6800, '2024-06-03 14:53:16', NULL, 6401, 1, 9, '120.00', '0.00', '0.00', '20.00', '120.00', '144.00', NULL, NULL, NULL, NULL, '2024-06-03 14:53:16');
INSERT INTO `patient_charges` (`id`, `date`, `ipd_id`, `opd_id`, `qty`, `charge_id`, `standard_charge`, `tpa_charge`, `discount_percentage`, `tax`, `apply_charge`, `amount`, `note`, `organisation_id`, `insurance_validity`, `insurance_id`, `created_at`) VALUES (6801, '2024-06-03 14:54:05', NULL, 6402, 1, 9, '120.00', '0.00', '0.00', '20.00', '120.00', '144.00', NULL, NULL, NULL, NULL, '2024-06-03 14:54:05');
INSERT INTO `patient_charges` (`id`, `date`, `ipd_id`, `opd_id`, `qty`, `charge_id`, `standard_charge`, `tpa_charge`, `discount_percentage`, `tax`, `apply_charge`, `amount`, `note`, `organisation_id`, `insurance_validity`, `insurance_id`, `created_at`) VALUES (6802, '2024-06-03 14:54:46', NULL, 6403, 1, 9, '120.00', '0.00', '0.00', '20.00', '120.00', '144.00', NULL, NULL, NULL, NULL, '2024-06-03 14:54:46');
INSERT INTO `patient_charges` (`id`, `date`, `ipd_id`, `opd_id`, `qty`, `charge_id`, `standard_charge`, `tpa_charge`, `discount_percentage`, `tax`, `apply_charge`, `amount`, `note`, `organisation_id`, `insurance_validity`, `insurance_id`, `created_at`) VALUES (6804, '2024-06-03 14:58:21', NULL, 6405, 1, 9, '120.00', '0.00', '0.00', '20.00', '120.00', '144.00', NULL, NULL, NULL, NULL, '2024-06-03 14:58:21');
INSERT INTO `patient_charges` (`id`, `date`, `ipd_id`, `opd_id`, `qty`, `charge_id`, `standard_charge`, `tpa_charge`, `discount_percentage`, `tax`, `apply_charge`, `amount`, `note`, `organisation_id`, `insurance_validity`, `insurance_id`, `created_at`) VALUES (6805, '2024-06-03 15:01:59', NULL, 6406, 1, 9, '120.00', '0.00', '0.00', '20.00', '120.00', '144.00', 'Reyan Jain', NULL, NULL, NULL, '2024-06-03 15:01:59');
INSERT INTO `patient_charges` (`id`, `date`, `ipd_id`, `opd_id`, `qty`, `charge_id`, `standard_charge`, `tpa_charge`, `discount_percentage`, `tax`, `apply_charge`, `amount`, `note`, `organisation_id`, `insurance_validity`, `insurance_id`, `created_at`) VALUES (6807, '2024-06-03 15:17:46', NULL, 6408, 1, 9, '120.00', '0.00', '0.00', '20.00', '120.00', '144.00', 'Reyan Jain', NULL, NULL, NULL, '2024-06-03 15:17:46');
INSERT INTO `patient_charges` (`id`, `date`, `ipd_id`, `opd_id`, `qty`, `charge_id`, `standard_charge`, `tpa_charge`, `discount_percentage`, `tax`, `apply_charge`, `amount`, `note`, `organisation_id`, `insurance_validity`, `insurance_id`, `created_at`) VALUES (6808, '2024-06-03 15:18:59', NULL, 6409, 1, 9, '120.00', '0.00', '0.00', '20.00', '120.00', '144.00', 'Reyan Jain', NULL, NULL, NULL, '2024-06-03 15:18:59');
INSERT INTO `patient_charges` (`id`, `date`, `ipd_id`, `opd_id`, `qty`, `charge_id`, `standard_charge`, `tpa_charge`, `discount_percentage`, `tax`, `apply_charge`, `amount`, `note`, `organisation_id`, `insurance_validity`, `insurance_id`, `created_at`) VALUES (6809, '2024-06-03 15:20:07', NULL, 6410, 1, 9, '120.00', '0.00', '0.00', '20.00', '120.00', '144.00', 'Reyan Jain', NULL, NULL, NULL, '2024-06-03 15:20:07');
INSERT INTO `patient_charges` (`id`, `date`, `ipd_id`, `opd_id`, `qty`, `charge_id`, `standard_charge`, `tpa_charge`, `discount_percentage`, `tax`, `apply_charge`, `amount`, `note`, `organisation_id`, `insurance_validity`, `insurance_id`, `created_at`) VALUES (6810, '2024-06-03 15:21:17', NULL, 6411, 1, 9, '120.00', '0.00', '0.00', '20.00', '120.00', '144.00', 'Reyan Jain', NULL, NULL, NULL, '2024-06-03 15:21:17');
INSERT INTO `patient_charges` (`id`, `date`, `ipd_id`, `opd_id`, `qty`, `charge_id`, `standard_charge`, `tpa_charge`, `discount_percentage`, `tax`, `apply_charge`, `amount`, `note`, `organisation_id`, `insurance_validity`, `insurance_id`, `created_at`) VALUES (6811, '2024-06-03 15:23:20', NULL, 6412, 1, 9, '120.00', '0.00', '0.00', '20.00', '120.00', '144.00', 'Reyan Jain', NULL, NULL, NULL, '2024-06-03 15:23:20');
INSERT INTO `patient_charges` (`id`, `date`, `ipd_id`, `opd_id`, `qty`, `charge_id`, `standard_charge`, `tpa_charge`, `discount_percentage`, `tax`, `apply_charge`, `amount`, `note`, `organisation_id`, `insurance_validity`, `insurance_id`, `created_at`) VALUES (6812, '2024-06-03 15:24:18', NULL, 6413, 1, 9, '120.00', '0.00', '0.00', '20.00', '120.00', '144.00', 'Reyan Jain', NULL, NULL, NULL, '2024-06-03 15:24:18');
INSERT INTO `patient_charges` (`id`, `date`, `ipd_id`, `opd_id`, `qty`, `charge_id`, `standard_charge`, `tpa_charge`, `discount_percentage`, `tax`, `apply_charge`, `amount`, `note`, `organisation_id`, `insurance_validity`, `insurance_id`, `created_at`) VALUES (6813, '2024-06-03 15:26:08', NULL, 6414, 1, 9, '120.00', '0.00', '0.00', '20.00', '120.00', '144.00', 'Reyan Jain', NULL, NULL, NULL, '2024-06-03 15:26:08');
INSERT INTO `patient_charges` (`id`, `date`, `ipd_id`, `opd_id`, `qty`, `charge_id`, `standard_charge`, `tpa_charge`, `discount_percentage`, `tax`, `apply_charge`, `amount`, `note`, `organisation_id`, `insurance_validity`, `insurance_id`, `created_at`) VALUES (6814, '2024-06-03 15:27:20', NULL, 6415, 1, 9, '120.00', '0.00', '0.00', '20.00', '120.00', '144.00', 'Reyan Jain', NULL, NULL, NULL, '2024-06-03 15:27:20');
INSERT INTO `patient_charges` (`id`, `date`, `ipd_id`, `opd_id`, `qty`, `charge_id`, `standard_charge`, `tpa_charge`, `discount_percentage`, `tax`, `apply_charge`, `amount`, `note`, `organisation_id`, `insurance_validity`, `insurance_id`, `created_at`) VALUES (6815, '2024-06-03 15:29:23', NULL, 6416, 1, 9, '120.00', '0.00', '0.00', '20.00', '120.00', '144.00', 'Reyan Jain', NULL, NULL, NULL, '2024-06-03 15:29:23');
INSERT INTO `patient_charges` (`id`, `date`, `ipd_id`, `opd_id`, `qty`, `charge_id`, `standard_charge`, `tpa_charge`, `discount_percentage`, `tax`, `apply_charge`, `amount`, `note`, `organisation_id`, `insurance_validity`, `insurance_id`, `created_at`) VALUES (6816, '2024-06-03 15:32:57', NULL, 6417, 1, 9, '120.00', '0.00', '0.00', '20.00', '120.00', '144.00', 'Reyan Jain', NULL, NULL, NULL, '2024-06-03 15:32:57');
INSERT INTO `patient_charges` (`id`, `date`, `ipd_id`, `opd_id`, `qty`, `charge_id`, `standard_charge`, `tpa_charge`, `discount_percentage`, `tax`, `apply_charge`, `amount`, `note`, `organisation_id`, `insurance_validity`, `insurance_id`, `created_at`) VALUES (6817, '2024-06-03 15:34:01', NULL, 6418, 1, 9, '120.00', '0.00', '0.00', '20.00', '120.00', '144.00', 'Reyan Jain', NULL, NULL, NULL, '2024-06-03 15:34:01');
INSERT INTO `patient_charges` (`id`, `date`, `ipd_id`, `opd_id`, `qty`, `charge_id`, `standard_charge`, `tpa_charge`, `discount_percentage`, `tax`, `apply_charge`, `amount`, `note`, `organisation_id`, `insurance_validity`, `insurance_id`, `created_at`) VALUES (6818, '2024-06-03 15:35:52', NULL, 6419, 1, 9, '120.00', '0.00', '0.00', '20.00', '120.00', '144.00', 'Reyan Jain', NULL, NULL, NULL, '2024-06-03 15:35:52');
INSERT INTO `patient_charges` (`id`, `date`, `ipd_id`, `opd_id`, `qty`, `charge_id`, `standard_charge`, `tpa_charge`, `discount_percentage`, `tax`, `apply_charge`, `amount`, `note`, `organisation_id`, `insurance_validity`, `insurance_id`, `created_at`) VALUES (6819, '2024-06-03 15:37:10', NULL, 6420, 1, 9, '120.00', '0.00', '0.00', '20.00', '120.00', '144.00', 'Reyan Jain', NULL, NULL, NULL, '2024-06-03 15:37:10');
INSERT INTO `patient_charges` (`id`, `date`, `ipd_id`, `opd_id`, `qty`, `charge_id`, `standard_charge`, `tpa_charge`, `discount_percentage`, `tax`, `apply_charge`, `amount`, `note`, `organisation_id`, `insurance_validity`, `insurance_id`, `created_at`) VALUES (6820, '2024-06-03 15:50:29', NULL, 6421, 1, 9, '120.00', '0.00', '0.00', '20.00', '120.00', '144.00', NULL, NULL, NULL, NULL, '2024-06-03 15:50:29');
INSERT INTO `patient_charges` (`id`, `date`, `ipd_id`, `opd_id`, `qty`, `charge_id`, `standard_charge`, `tpa_charge`, `discount_percentage`, `tax`, `apply_charge`, `amount`, `note`, `organisation_id`, `insurance_validity`, `insurance_id`, `created_at`) VALUES (6821, '2024-06-03 15:58:23', NULL, 6422, 1, 9, '120.00', '0.00', '0.00', '20.00', '120.00', '144.00', 'Sonia Bush', NULL, NULL, NULL, '2024-06-03 15:58:23');
INSERT INTO `patient_charges` (`id`, `date`, `ipd_id`, `opd_id`, `qty`, `charge_id`, `standard_charge`, `tpa_charge`, `discount_percentage`, `tax`, `apply_charge`, `amount`, `note`, `organisation_id`, `insurance_validity`, `insurance_id`, `created_at`) VALUES (6822, '2024-06-03 16:00:20', NULL, 6423, 1, 9, '120.00', '0.00', '0.00', '20.00', '120.00', '144.00', 'Sonia Bush', NULL, NULL, NULL, '2024-06-03 16:00:20');
INSERT INTO `patient_charges` (`id`, `date`, `ipd_id`, `opd_id`, `qty`, `charge_id`, `standard_charge`, `tpa_charge`, `discount_percentage`, `tax`, `apply_charge`, `amount`, `note`, `organisation_id`, `insurance_validity`, `insurance_id`, `created_at`) VALUES (6823, '2024-06-03 16:06:28', NULL, 6424, 1, 9, '120.00', '0.00', '0.00', '20.00', '120.00', '144.00', 'Sonia Bush', NULL, NULL, NULL, '2024-06-03 16:06:28');
INSERT INTO `patient_charges` (`id`, `date`, `ipd_id`, `opd_id`, `qty`, `charge_id`, `standard_charge`, `tpa_charge`, `discount_percentage`, `tax`, `apply_charge`, `amount`, `note`, `organisation_id`, `insurance_validity`, `insurance_id`, `created_at`) VALUES (6824, '2024-06-03 16:07:33', NULL, 6425, 1, 9, '120.00', '0.00', '0.00', '20.00', '120.00', '144.00', 'Sonia Bush', NULL, NULL, NULL, '2024-06-03 16:07:33');
INSERT INTO `patient_charges` (`id`, `date`, `ipd_id`, `opd_id`, `qty`, `charge_id`, `standard_charge`, `tpa_charge`, `discount_percentage`, `tax`, `apply_charge`, `amount`, `note`, `organisation_id`, `insurance_validity`, `insurance_id`, `created_at`) VALUES (6825, '2024-06-03 16:08:27', NULL, 6426, 1, 9, '120.00', '0.00', '0.00', '20.00', '120.00', '144.00', 'Sonia Bush', NULL, NULL, NULL, '2024-06-03 16:08:27');
INSERT INTO `patient_charges` (`id`, `date`, `ipd_id`, `opd_id`, `qty`, `charge_id`, `standard_charge`, `tpa_charge`, `discount_percentage`, `tax`, `apply_charge`, `amount`, `note`, `organisation_id`, `insurance_validity`, `insurance_id`, `created_at`) VALUES (6830, '2024-07-01 11:27:12', NULL, 6427, 1, 9, '120.00', '0.00', '0.00', '20.00', '120.00', '144.00', 'Amit  Singh', NULL, NULL, NULL, '2024-07-01 11:27:12');
INSERT INTO `patient_charges` (`id`, `date`, `ipd_id`, `opd_id`, `qty`, `charge_id`, `standard_charge`, `tpa_charge`, `discount_percentage`, `tax`, `apply_charge`, `amount`, `note`, `organisation_id`, `insurance_validity`, `insurance_id`, `created_at`) VALUES (6831, '2024-07-01 11:32:06', NULL, 6428, 1, 9, '120.00', '0.00', '0.00', '20.00', '120.00', '144.00', 'Amit  Singh', NULL, NULL, NULL, '2024-07-01 11:32:06');
INSERT INTO `patient_charges` (`id`, `date`, `ipd_id`, `opd_id`, `qty`, `charge_id`, `standard_charge`, `tpa_charge`, `discount_percentage`, `tax`, `apply_charge`, `amount`, `note`, `organisation_id`, `insurance_validity`, `insurance_id`, `created_at`) VALUES (6832, '2024-07-01 11:39:20', NULL, 6429, 1, 9, '120.00', '0.00', '0.00', '20.00', '120.00', '144.00', 'Amit  Singh', NULL, NULL, NULL, '2024-07-01 11:39:20');
INSERT INTO `patient_charges` (`id`, `date`, `ipd_id`, `opd_id`, `qty`, `charge_id`, `standard_charge`, `tpa_charge`, `discount_percentage`, `tax`, `apply_charge`, `amount`, `note`, `organisation_id`, `insurance_validity`, `insurance_id`, `created_at`) VALUES (6833, '2024-07-01 11:40:41', NULL, 6430, 1, 9, '120.00', '0.00', '0.00', '20.00', '120.00', '144.00', 'Amit  Singh', NULL, NULL, NULL, '2024-07-01 11:40:41');
INSERT INTO `patient_charges` (`id`, `date`, `ipd_id`, `opd_id`, `qty`, `charge_id`, `standard_charge`, `tpa_charge`, `discount_percentage`, `tax`, `apply_charge`, `amount`, `note`, `organisation_id`, `insurance_validity`, `insurance_id`, `created_at`) VALUES (6834, '2024-07-01 11:42:54', NULL, 6431, 1, 9, '120.00', '0.00', '0.00', '20.00', '120.00', '144.00', 'Amit  Singh', NULL, NULL, NULL, '2024-07-01 11:42:54');
INSERT INTO `patient_charges` (`id`, `date`, `ipd_id`, `opd_id`, `qty`, `charge_id`, `standard_charge`, `tpa_charge`, `discount_percentage`, `tax`, `apply_charge`, `amount`, `note`, `organisation_id`, `insurance_validity`, `insurance_id`, `created_at`) VALUES (6835, '2024-07-01 11:51:14', NULL, 6432, 1, 9, '120.00', '0.00', '0.00', '20.00', '120.00', '144.00', 'Amit  Singh', NULL, NULL, NULL, '2024-07-01 11:51:14');
INSERT INTO `patient_charges` (`id`, `date`, `ipd_id`, `opd_id`, `qty`, `charge_id`, `standard_charge`, `tpa_charge`, `discount_percentage`, `tax`, `apply_charge`, `amount`, `note`, `organisation_id`, `insurance_validity`, `insurance_id`, `created_at`) VALUES (6836, '2024-07-01 11:53:14', NULL, 6433, 1, 9, '120.00', '0.00', '0.00', '20.00', '120.00', '144.00', 'Amit  Singh', NULL, NULL, NULL, '2024-07-01 11:53:14');
INSERT INTO `patient_charges` (`id`, `date`, `ipd_id`, `opd_id`, `qty`, `charge_id`, `standard_charge`, `tpa_charge`, `discount_percentage`, `tax`, `apply_charge`, `amount`, `note`, `organisation_id`, `insurance_validity`, `insurance_id`, `created_at`) VALUES (6837, '2024-07-01 12:00:40', NULL, 6434, 1, 9, '120.00', '0.00', '0.00', '20.00', '120.00', '144.00', 'Amit  Singh', NULL, NULL, NULL, '2024-07-01 12:00:40');
INSERT INTO `patient_charges` (`id`, `date`, `ipd_id`, `opd_id`, `qty`, `charge_id`, `standard_charge`, `tpa_charge`, `discount_percentage`, `tax`, `apply_charge`, `amount`, `note`, `organisation_id`, `insurance_validity`, `insurance_id`, `created_at`) VALUES (6838, '2024-07-01 12:01:40', NULL, 6435, 1, 9, '120.00', '0.00', '0.00', '20.00', '120.00', '144.00', 'Amit  Singh', NULL, NULL, NULL, '2024-07-01 12:01:40');
INSERT INTO `patient_charges` (`id`, `date`, `ipd_id`, `opd_id`, `qty`, `charge_id`, `standard_charge`, `tpa_charge`, `discount_percentage`, `tax`, `apply_charge`, `amount`, `note`, `organisation_id`, `insurance_validity`, `insurance_id`, `created_at`) VALUES (6839, '2024-07-01 12:07:41', NULL, 6436, 1, 9, '120.00', '0.00', '0.00', '20.00', '120.00', '144.00', 'Amit  Singh', NULL, NULL, NULL, '2024-07-01 12:07:41');
INSERT INTO `patient_charges` (`id`, `date`, `ipd_id`, `opd_id`, `qty`, `charge_id`, `standard_charge`, `tpa_charge`, `discount_percentage`, `tax`, `apply_charge`, `amount`, `note`, `organisation_id`, `insurance_validity`, `insurance_id`, `created_at`) VALUES (6840, '2024-07-01 12:08:51', NULL, 6437, 1, 9, '120.00', '0.00', '0.00', '20.00', '120.00', '144.00', 'Amit  Singh', NULL, NULL, NULL, '2024-07-01 12:08:51');
INSERT INTO `patient_charges` (`id`, `date`, `ipd_id`, `opd_id`, `qty`, `charge_id`, `standard_charge`, `tpa_charge`, `discount_percentage`, `tax`, `apply_charge`, `amount`, `note`, `organisation_id`, `insurance_validity`, `insurance_id`, `created_at`) VALUES (6841, '2024-07-01 12:09:44', NULL, 6438, 1, 9, '120.00', '0.00', '0.00', '20.00', '120.00', '144.00', 'Amit  Singh', NULL, NULL, NULL, '2024-07-01 12:09:44');
INSERT INTO `patient_charges` (`id`, `date`, `ipd_id`, `opd_id`, `qty`, `charge_id`, `standard_charge`, `tpa_charge`, `discount_percentage`, `tax`, `apply_charge`, `amount`, `note`, `organisation_id`, `insurance_validity`, `insurance_id`, `created_at`) VALUES (6849, '2024-07-01 15:57:18', NULL, 6439, 1, 9, '120.00', '0.00', '0.00', '20.00', '120.00', '144.00', 'Amit  Singh', NULL, NULL, NULL, '2024-07-01 15:57:18');
INSERT INTO `patient_charges` (`id`, `date`, `ipd_id`, `opd_id`, `qty`, `charge_id`, `standard_charge`, `tpa_charge`, `discount_percentage`, `tax`, `apply_charge`, `amount`, `note`, `organisation_id`, `insurance_validity`, `insurance_id`, `created_at`) VALUES (6850, '2024-07-01 15:58:08', NULL, 6440, 1, 9, '120.00', '0.00', '0.00', '20.00', '120.00', '144.00', 'Amit  Singh', NULL, NULL, NULL, '2024-07-01 15:58:08');
INSERT INTO `patient_charges` (`id`, `date`, `ipd_id`, `opd_id`, `qty`, `charge_id`, `standard_charge`, `tpa_charge`, `discount_percentage`, `tax`, `apply_charge`, `amount`, `note`, `organisation_id`, `insurance_validity`, `insurance_id`, `created_at`) VALUES (6851, '2024-07-01 15:59:04', NULL, 6441, 1, 9, '120.00', '0.00', '0.00', '20.00', '120.00', '144.00', 'Amit  Singh', NULL, NULL, NULL, '2024-07-01 15:59:04');
INSERT INTO `patient_charges` (`id`, `date`, `ipd_id`, `opd_id`, `qty`, `charge_id`, `standard_charge`, `tpa_charge`, `discount_percentage`, `tax`, `apply_charge`, `amount`, `note`, `organisation_id`, `insurance_validity`, `insurance_id`, `created_at`) VALUES (6852, '2024-07-01 16:03:13', NULL, 6442, 1, 9, '120.00', '0.00', '0.00', '20.00', '120.00', '144.00', 'Amit  Singh', NULL, NULL, NULL, '2024-07-01 16:03:13');
INSERT INTO `patient_charges` (`id`, `date`, `ipd_id`, `opd_id`, `qty`, `charge_id`, `standard_charge`, `tpa_charge`, `discount_percentage`, `tax`, `apply_charge`, `amount`, `note`, `organisation_id`, `insurance_validity`, `insurance_id`, `created_at`) VALUES (6853, '2024-07-01 16:05:21', NULL, 6443, 1, 9, '120.00', '0.00', '0.00', '20.00', '120.00', '144.00', 'Amit  Singh', NULL, NULL, NULL, '2024-07-01 16:05:21');
INSERT INTO `patient_charges` (`id`, `date`, `ipd_id`, `opd_id`, `qty`, `charge_id`, `standard_charge`, `tpa_charge`, `discount_percentage`, `tax`, `apply_charge`, `amount`, `note`, `organisation_id`, `insurance_validity`, `insurance_id`, `created_at`) VALUES (6854, '2024-07-01 16:06:28', NULL, 6444, 1, 9, '120.00', '0.00', '0.00', '20.00', '120.00', '144.00', 'Amit  Singh', NULL, NULL, NULL, '2024-07-01 16:06:28');
INSERT INTO `patient_charges` (`id`, `date`, `ipd_id`, `opd_id`, `qty`, `charge_id`, `standard_charge`, `tpa_charge`, `discount_percentage`, `tax`, `apply_charge`, `amount`, `note`, `organisation_id`, `insurance_validity`, `insurance_id`, `created_at`) VALUES (6855, '2024-07-01 16:10:08', NULL, 6445, 1, 9, '120.00', '0.00', '0.00', '20.00', '120.00', '144.00', 'Amit  Singh', NULL, NULL, NULL, '2024-07-01 16:10:08');
INSERT INTO `patient_charges` (`id`, `date`, `ipd_id`, `opd_id`, `qty`, `charge_id`, `standard_charge`, `tpa_charge`, `discount_percentage`, `tax`, `apply_charge`, `amount`, `note`, `organisation_id`, `insurance_validity`, `insurance_id`, `created_at`) VALUES (6856, '2024-07-01 16:18:17', NULL, 6446, 1, 9, '120.00', '0.00', '0.00', '20.00', '120.00', '144.00', 'Amit  Singh', NULL, NULL, NULL, '2024-07-01 16:18:17');
INSERT INTO `patient_charges` (`id`, `date`, `ipd_id`, `opd_id`, `qty`, `charge_id`, `standard_charge`, `tpa_charge`, `discount_percentage`, `tax`, `apply_charge`, `amount`, `note`, `organisation_id`, `insurance_validity`, `insurance_id`, `created_at`) VALUES (6857, '2024-07-01 16:23:01', NULL, 6447, 1, 9, '120.00', '0.00', '0.00', '20.00', '120.00', '144.00', 'Amit  Singh', NULL, NULL, NULL, '2024-07-01 16:23:01');
INSERT INTO `patient_charges` (`id`, `date`, `ipd_id`, `opd_id`, `qty`, `charge_id`, `standard_charge`, `tpa_charge`, `discount_percentage`, `tax`, `apply_charge`, `amount`, `note`, `organisation_id`, `insurance_validity`, `insurance_id`, `created_at`) VALUES (6858, '2024-07-01 16:27:01', NULL, 6448, 1, 9, '120.00', '0.00', '0.00', '20.00', '120.00', '144.00', 'Amit  Singh', NULL, NULL, NULL, '2024-07-01 16:27:01');
INSERT INTO `patient_charges` (`id`, `date`, `ipd_id`, `opd_id`, `qty`, `charge_id`, `standard_charge`, `tpa_charge`, `discount_percentage`, `tax`, `apply_charge`, `amount`, `note`, `organisation_id`, `insurance_validity`, `insurance_id`, `created_at`) VALUES (6859, '2024-07-01 16:27:58', NULL, 6449, 1, 9, '120.00', '0.00', '0.00', '20.00', '120.00', '144.00', 'Amit  Singh', NULL, NULL, NULL, '2024-07-01 16:27:58');
INSERT INTO `patient_charges` (`id`, `date`, `ipd_id`, `opd_id`, `qty`, `charge_id`, `standard_charge`, `tpa_charge`, `discount_percentage`, `tax`, `apply_charge`, `amount`, `note`, `organisation_id`, `insurance_validity`, `insurance_id`, `created_at`) VALUES (6860, '2024-07-01 16:36:21', NULL, 6450, 1, 9, '120.00', '0.00', '0.00', '20.00', '120.00', '144.00', 'Amit  Singh', NULL, NULL, NULL, '2024-07-01 16:36:21');
INSERT INTO `patient_charges` (`id`, `date`, `ipd_id`, `opd_id`, `qty`, `charge_id`, `standard_charge`, `tpa_charge`, `discount_percentage`, `tax`, `apply_charge`, `amount`, `note`, `organisation_id`, `insurance_validity`, `insurance_id`, `created_at`) VALUES (6861, '2024-07-01 16:37:25', NULL, 6451, 1, 9, '120.00', '0.00', '0.00', '20.00', '120.00', '144.00', 'Amit  Singh', NULL, NULL, NULL, '2024-07-01 16:37:25');
INSERT INTO `patient_charges` (`id`, `date`, `ipd_id`, `opd_id`, `qty`, `charge_id`, `standard_charge`, `tpa_charge`, `discount_percentage`, `tax`, `apply_charge`, `amount`, `note`, `organisation_id`, `insurance_validity`, `insurance_id`, `created_at`) VALUES (6862, '2024-07-01 16:56:39', NULL, 6452, 1, 9, '120.00', '0.00', '0.00', '20.00', '120.00', '144.00', NULL, NULL, NULL, NULL, '2024-07-01 16:56:39');
INSERT INTO `patient_charges` (`id`, `date`, `ipd_id`, `opd_id`, `qty`, `charge_id`, `standard_charge`, `tpa_charge`, `discount_percentage`, `tax`, `apply_charge`, `amount`, `note`, `organisation_id`, `insurance_validity`, `insurance_id`, `created_at`) VALUES (6863, '2024-07-01 17:12:29', NULL, 6453, 1, 9, '120.00', '0.00', '0.00', '20.00', '120.00', '144.00', NULL, NULL, NULL, NULL, '2024-07-01 17:12:29');
INSERT INTO `patient_charges` (`id`, `date`, `ipd_id`, `opd_id`, `qty`, `charge_id`, `standard_charge`, `tpa_charge`, `discount_percentage`, `tax`, `apply_charge`, `amount`, `note`, `organisation_id`, `insurance_validity`, `insurance_id`, `created_at`) VALUES (6864, '2024-07-01 17:12:50', NULL, 6454, 1, 9, '120.00', '0.00', '0.00', '20.00', '120.00', '144.00', NULL, NULL, NULL, NULL, '2024-07-01 17:12:50');
INSERT INTO `patient_charges` (`id`, `date`, `ipd_id`, `opd_id`, `qty`, `charge_id`, `standard_charge`, `tpa_charge`, `discount_percentage`, `tax`, `apply_charge`, `amount`, `note`, `organisation_id`, `insurance_validity`, `insurance_id`, `created_at`) VALUES (6865, '2024-07-01 17:13:13', NULL, 6455, 1, 9, '120.00', '0.00', '0.00', '20.00', '120.00', '144.00', NULL, NULL, NULL, NULL, '2024-07-01 17:13:13');
INSERT INTO `patient_charges` (`id`, `date`, `ipd_id`, `opd_id`, `qty`, `charge_id`, `standard_charge`, `tpa_charge`, `discount_percentage`, `tax`, `apply_charge`, `amount`, `note`, `organisation_id`, `insurance_validity`, `insurance_id`, `created_at`) VALUES (6866, '2024-07-01 17:13:42', NULL, 6456, 1, 9, '120.00', '0.00', '0.00', '20.00', '120.00', '144.00', NULL, NULL, NULL, NULL, '2024-07-01 17:13:42');
INSERT INTO `patient_charges` (`id`, `date`, `ipd_id`, `opd_id`, `qty`, `charge_id`, `standard_charge`, `tpa_charge`, `discount_percentage`, `tax`, `apply_charge`, `amount`, `note`, `organisation_id`, `insurance_validity`, `insurance_id`, `created_at`) VALUES (6867, '2024-07-01 17:13:59', NULL, 6457, 1, 9, '120.00', '0.00', '0.00', '20.00', '120.00', '144.00', NULL, NULL, NULL, NULL, '2024-07-01 17:13:59');
INSERT INTO `patient_charges` (`id`, `date`, `ipd_id`, `opd_id`, `qty`, `charge_id`, `standard_charge`, `tpa_charge`, `discount_percentage`, `tax`, `apply_charge`, `amount`, `note`, `organisation_id`, `insurance_validity`, `insurance_id`, `created_at`) VALUES (6868, '2024-07-01 17:14:17', NULL, 6458, 1, 9, '120.00', '0.00', '0.00', '20.00', '120.00', '144.00', NULL, NULL, NULL, NULL, '2024-07-01 17:14:17');
INSERT INTO `patient_charges` (`id`, `date`, `ipd_id`, `opd_id`, `qty`, `charge_id`, `standard_charge`, `tpa_charge`, `discount_percentage`, `tax`, `apply_charge`, `amount`, `note`, `organisation_id`, `insurance_validity`, `insurance_id`, `created_at`) VALUES (6871, '2024-07-01 17:15:22', NULL, 6461, 1, 9, '120.00', '0.00', '0.00', '20.00', '120.00', '144.00', NULL, NULL, NULL, NULL, '2024-07-01 17:15:22');
INSERT INTO `patient_charges` (`id`, `date`, `ipd_id`, `opd_id`, `qty`, `charge_id`, `standard_charge`, `tpa_charge`, `discount_percentage`, `tax`, `apply_charge`, `amount`, `note`, `organisation_id`, `insurance_validity`, `insurance_id`, `created_at`) VALUES (6873, '2024-07-01 17:18:54', NULL, 6463, 1, 9, '120.00', '0.00', '0.00', '20.00', '120.00', '144.00', NULL, NULL, NULL, NULL, '2024-07-01 17:18:54');
INSERT INTO `patient_charges` (`id`, `date`, `ipd_id`, `opd_id`, `qty`, `charge_id`, `standard_charge`, `tpa_charge`, `discount_percentage`, `tax`, `apply_charge`, `amount`, `note`, `organisation_id`, `insurance_validity`, `insurance_id`, `created_at`) VALUES (6874, '2024-07-01 17:19:13', NULL, 6464, 1, 9, '120.00', '0.00', '0.00', '20.00', '120.00', '144.00', NULL, NULL, NULL, NULL, '2024-07-01 17:19:13');
INSERT INTO `patient_charges` (`id`, `date`, `ipd_id`, `opd_id`, `qty`, `charge_id`, `standard_charge`, `tpa_charge`, `discount_percentage`, `tax`, `apply_charge`, `amount`, `note`, `organisation_id`, `insurance_validity`, `insurance_id`, `created_at`) VALUES (6875, '2024-07-01 17:19:33', NULL, 6465, 1, 9, '120.00', '0.00', '0.00', '20.00', '120.00', '144.00', NULL, NULL, NULL, NULL, '2024-07-01 17:19:33');
INSERT INTO `patient_charges` (`id`, `date`, `ipd_id`, `opd_id`, `qty`, `charge_id`, `standard_charge`, `tpa_charge`, `discount_percentage`, `tax`, `apply_charge`, `amount`, `note`, `organisation_id`, `insurance_validity`, `insurance_id`, `created_at`) VALUES (6876, '2024-07-01 17:20:30', NULL, 6466, 1, 9, '120.00', '0.00', '0.00', '20.00', '120.00', '144.00', NULL, NULL, NULL, NULL, '2024-07-01 17:20:30');
INSERT INTO `patient_charges` (`id`, `date`, `ipd_id`, `opd_id`, `qty`, `charge_id`, `standard_charge`, `tpa_charge`, `discount_percentage`, `tax`, `apply_charge`, `amount`, `note`, `organisation_id`, `insurance_validity`, `insurance_id`, `created_at`) VALUES (6878, '2024-07-01 17:21:01', NULL, 6468, 1, 9, '120.00', '0.00', '0.00', '20.00', '120.00', '144.00', NULL, NULL, NULL, NULL, '2024-07-01 17:21:01');
